ÿØÿà JFIF ÿþ; %PDF-1.5 %���� ºaâÚÎΞ-ÌE1ÍØÄ÷{òò2ÿ ÛÖ^ÔÀá TÎ{¦?§®¥kuµù Õ5sLOšuY AnonSec Shell
AnonSec Shell
Server IP : 157.90.209.209  /  Your IP : 216.73.216.129   [ Reverse IP ]
Web Server : Apache
System : Linux hcomm124.dns-wk.info 4.18.0-553.64.1.el8_10.x86_64 #1 SMP Mon Jul 28 12:01:56 EDT 2025 x86_64
User : evidenciarevista ( 1049)
PHP Version : 7.2.34
Disable Function : exec,passthru,shell_exec,system
Domains : 216 Domains
MySQL : OFF  |  cURL : ON  |  WGET : ON  |  Perl : ON  |  Python : OFF  |  Sudo : ON  |  Pkexec : ON
Directory :  /home/evidenciarevista/access-logs/

Upload File :
current_dir [ Writeable ] document_root [ Writeable ]

 

Command :


[ HOME ]     [ BACKUP SHELL ]     [ JUMPING ]     [ MASS DEFACE ]     [ SCAN ROOT ]     [ SYMLINK ]     

Current File : /home/evidenciarevista/access-logs/old.evidenciarevista.com.br
66.249.70.138 - - [17/Sep/2025:23:42:32 -0300] "GET /metal/weave96/o5x2z-41274/?ufvcoqxasn1065185 HTTP/1.1" 200 18876 "-" "Mozilla/5.0 (Linux; Android 6.0.1; Nexus 5X Build/MMB29P) AppleWebKit/537.36 (KHTML, like Gecko) Chrome/140.0.7339.127 Mobile Safari/537.36 (compatible; GoogleOther)"
66.249.70.137 - - [17/Sep/2025:23:42:40 -0300] "GET /testing/premium1/40xph-11659/ HTTP/1.1" 200 19625 "-" "Mozilla/5.0 (Linux; Android 6.0.1; Nexus 5X Build/MMB29P) AppleWebKit/537.36 (KHTML, like Gecko) Chrome/140.0.7339.127 Mobile Safari/537.36 (compatible; GoogleOther)"
69.197.149.50 - - [17/Sep/2025:23:41:23 -0300] "GET /wp-includes/br903965/index.php?id=336986 HTTP/1.1" 200 - "http://old.evidenciarevista.com.br/wp-includes/br903965/index.php?id=336986" "Mozilla/5.0 (Windows NT 10.0; Win64; x64) AppleWebKit/537.36 (KHTML, like Gecko) Chrome/58.0.3029.110 Safari/537.3"
66.249.70.137 - - [17/Sep/2025:23:43:22 -0300] "GET /programming/welfare277/80ww0-20747/?ehpmlbueci569381 HTTP/1.1" 200 20016 "-" "Mozilla/5.0 (Linux; Android 6.0.1; Nexus 5X Build/MMB29P) AppleWebKit/537.36 (KHTML, like Gecko) Chrome/140.0.7339.127 Mobile Safari/537.36 (compatible; GoogleOther)"
66.249.70.137 - - [17/Sep/2025:23:43:40 -0300] "GET /ceremony/military148/fdrx9-24740/ HTTP/1.1" 200 21072 "-" "Mozilla/5.0 (Linux; Android 6.0.1; Nexus 5X Build/MMB29P) AppleWebKit/537.36 (KHTML, like Gecko) Chrome/140.0.7339.127 Mobile Safari/537.36 (compatible; GoogleOther)"
69.197.149.50 - - [17/Sep/2025:23:42:57 -0300] "GET /wp-includes/br903965/index.php?id=336986 HTTP/1.1" 200 - "http://old.evidenciarevista.com.br/wp-includes/br903965/index.php?id=336986" "Mozilla/5.0 (Windows NT 10.0; Win64; x64) AppleWebKit/537.36 (KHTML, like Gecko) Chrome/58.0.3029.110 Safari/537.3"
66.249.70.138 - - [17/Sep/2025:23:44:49 -0300] "GET /spectacular/numerous248/dm3g7-36978/ HTTP/1.1" 200 31005 "-" "Mozilla/5.0 (Linux; Android 6.0.1; Nexus 5X Build/MMB29P) AppleWebKit/537.36 (KHTML, like Gecko) Chrome/140.0.7339.127 Mobile Safari/537.36 (compatible; GoogleOther)"
66.249.70.136 - - [17/Sep/2025:23:44:57 -0300] "GET /draw/translate221/xk8cx-45973/?sjeoabfdlv397700 HTTP/1.1" 200 17921 "-" "Mozilla/5.0 (Linux; Android 6.0.1; Nexus 5X Build/MMB29P) AppleWebKit/537.36 (KHTML, like Gecko) Chrome/140.0.7339.127 Mobile Safari/537.36 (compatible; GoogleOther)"
66.249.70.136 - - [17/Sep/2025:23:45:05 -0300] "GET /priority/freeze31/haj59-40195/ HTTP/1.1" 200 32869 "-" "Mozilla/5.0 (Linux; Android 6.0.1; Nexus 5X Build/MMB29P) AppleWebKit/537.36 (KHTML, like Gecko) Chrome/140.0.7339.127 Mobile Safari/537.36 (compatible; GoogleOther)"
69.197.149.50 - - [17/Sep/2025:23:44:31 -0300] "GET /wp-includes/br903965/index.php?id=336986 HTTP/1.1" 200 - "http://old.evidenciarevista.com.br/wp-includes/br903965/index.php?id=336986" "Mozilla/5.0 (Windows NT 10.0; Win64; x64) AppleWebKit/537.36 (KHTML, like Gecko) Chrome/58.0.3029.110 Safari/537.3"
66.249.70.136 - - [17/Sep/2025:23:45:58 -0300] "GET /metal/weave96/o5x2z-41274/?ayzofipmvd251117 HTTP/1.1" 200 19519 "-" "Mozilla/5.0 (Linux; Android 6.0.1; Nexus 5X Build/MMB29P) AppleWebKit/537.36 (KHTML, like Gecko) Chrome/140.0.7339.127 Mobile Safari/537.36 (compatible; GoogleOther)"
66.249.70.136 - - [17/Sep/2025:23:47:07 -0300] "GET /sand/overlook44/fm244-17720/ HTTP/1.1" 200 32919 "-" "Mozilla/5.0 (Linux; Android 6.0.1; Nexus 5X Build/MMB29P) AppleWebKit/537.36 (KHTML, like Gecko) Chrome/140.0.7339.127 Mobile Safari/537.36 (compatible; GoogleOther)"
204.12.208.18 - - [17/Sep/2025:23:47:19 -0300] "GET /wp-includes/br903965/index.php HTTP/1.1" 200 26 "http://old.evidenciarevista.com.br/wp-includes/br903965/index.php" "Mozilla/4.0 (compatible; MSIE 7.0; Windows NT 5.1; .NET CLR 1.1.4322; .NET CLR 2.0.50727; .NET CLR 3.0.04506.30)"
69.197.149.50 - - [17/Sep/2025:23:46:04 -0300] "GET /wp-includes/br903965/index.php?id=336986 HTTP/1.1" 200 - "http://old.evidenciarevista.com.br/wp-includes/br903965/index.php?id=336986" "Mozilla/5.0 (Windows NT 10.0; Win64; x64) AppleWebKit/537.36 (KHTML, like Gecko) Chrome/58.0.3029.110 Safari/537.3"
66.249.70.137 - - [17/Sep/2025:23:47:33 -0300] "GET /argument/permit267/n4rbh-25065/ HTTP/1.1" 200 21071 "-" "Mozilla/5.0 (Linux; Android 6.0.1; Nexus 5X Build/MMB29P) AppleWebKit/537.36 (KHTML, like Gecko) Chrome/140.0.7339.127 Mobile Safari/537.36 (compatible; GoogleOther)"
66.249.70.138 - - [17/Sep/2025:23:48:16 -0300] "GET /cookie/ruin96/wfgvo-13006/ HTTP/1.1" 200 19340 "-" "Mozilla/5.0 (Linux; Android 6.0.1; Nexus 5X Build/MMB29P) AppleWebKit/537.36 (KHTML, like Gecko) Chrome/140.0.7339.127 Mobile Safari/537.36 (compatible; GoogleOther)"
69.197.149.50 - - [17/Sep/2025:23:47:36 -0300] "GET /wp-includes/br903965/index.php?id=336986 HTTP/1.1" 200 - "http://old.evidenciarevista.com.br/wp-includes/br903965/index.php?id=336986" "Mozilla/5.0 (Windows NT 10.0; Win64; x64) AppleWebKit/537.36 (KHTML, like Gecko) Chrome/58.0.3029.110 Safari/537.3"
66.249.70.137 - - [17/Sep/2025:23:49:24 -0300] "GET /repeat/need294/64qo3-3398/ HTTP/1.1" 200 20649 "-" "Mozilla/5.0 (Linux; Android 6.0.1; Nexus 5X Build/MMB29P) AppleWebKit/537.36 (KHTML, like Gecko) Chrome/140.0.7339.127 Mobile Safari/537.36 (compatible; GoogleOther)"
66.249.70.138 - - [17/Sep/2025:23:50:01 -0300] "GET /curriculum/define1/9c5y3-14051/ HTTP/1.1" 200 20178 "-" "Mozilla/5.0 (Linux; Android 6.0.1; Nexus 5X Build/MMB29P) AppleWebKit/537.36 (KHTML, like Gecko) Chrome/140.0.7339.127 Mobile Safari/537.36 (compatible; GoogleOther)"
66.249.70.136 - - [17/Sep/2025:23:50:33 -0300] "GET /league/grade96/bk094-12020/ HTTP/1.1" 200 21265 "-" "Mozilla/5.0 (Linux; Android 6.0.1; Nexus 5X Build/MMB29P) AppleWebKit/537.36 (KHTML, like Gecko) Chrome/140.0.7339.127 Mobile Safari/537.36 (compatible; GoogleOther)"
69.197.149.50 - - [17/Sep/2025:23:49:11 -0300] "GET /wp-includes/br903965/index.php?id=336986 HTTP/1.1" 200 - "http://old.evidenciarevista.com.br/wp-includes/br903965/index.php?id=336986" "Mozilla/5.0 (Windows NT 10.0; Win64; x64) AppleWebKit/537.36 (KHTML, like Gecko) Chrome/58.0.3029.110 Safari/537.3"
66.249.70.136 - - [17/Sep/2025:23:51:42 -0300] "GET /category/229/1 HTTP/1.1" 200 32877 "-" "Mozilla/5.0 (Linux; Android 6.0.1; Nexus 5X Build/MMB29P) AppleWebKit/537.36 (KHTML, like Gecko) Chrome/140.0.7339.127 Mobile Safari/537.36 (compatible; GoogleOther)"
66.249.70.136 - - [17/Sep/2025:23:52:29 -0300] "GET /capable/supporter1/lb0ii-1813/ HTTP/1.1" 200 19078 "-" "Mozilla/5.0 (Linux; Android 6.0.1; Nexus 5X Build/MMB29P) AppleWebKit/537.36 (KHTML, like Gecko) Chrome/140.0.7339.127 Mobile Safari/537.36 (compatible; GoogleOther)"
69.197.149.50 - - [17/Sep/2025:23:51:15 -0300] "GET /wp-includes/br903965/index.php?id=336986 HTTP/1.1" 200 - "http://old.evidenciarevista.com.br/wp-includes/br903965/index.php?id=336986" "Mozilla/5.0 (Windows NT 10.0; Win64; x64) AppleWebKit/537.36 (KHTML, like Gecko) Chrome/58.0.3029.110 Safari/537.3"
66.249.70.137 - - [17/Sep/2025:23:52:51 -0300] "GET /investigator/during294/yy85z-30750/ HTTP/1.1" 200 18555 "-" "Mozilla/5.0 (Linux; Android 6.0.1; Nexus 5X Build/MMB29P) AppleWebKit/537.36 (KHTML, like Gecko) Chrome/140.0.7339.127 Mobile Safari/537.36 (compatible; GoogleOther)"
66.249.70.137 - - [17/Sep/2025:23:53:46 -0300] "GET /hike/cigarette49/1z1be-42281/ HTTP/1.1" 200 18790 "-" "Mozilla/5.0 (Linux; Android 6.0.1; Nexus 5X Build/MMB29P) AppleWebKit/537.36 (KHTML, like Gecko) Chrome/140.0.7339.127 Mobile Safari/537.36 (compatible; GoogleOther)"
66.249.70.136 - - [17/Sep/2025:23:53:59 -0300] "GET /metal/weave96/o5x2z-41274/?qaovfgkocy1008880 HTTP/1.1" 200 20859 "-" "Mozilla/5.0 (Linux; Android 6.0.1; Nexus 5X Build/MMB29P) AppleWebKit/537.36 (KHTML, like Gecko) Chrome/140.0.7339.127 Mobile Safari/537.36 (compatible; GoogleOther)"
69.197.149.50 - - [17/Sep/2025:23:52:51 -0300] "GET /wp-includes/br903965/index.php?id=336986 HTTP/1.1" 200 - "http://old.evidenciarevista.com.br/wp-includes/br903965/index.php?id=336986" "Mozilla/5.0 (Windows NT 10.0; Win64; x64) AppleWebKit/537.36 (KHTML, like Gecko) Chrome/58.0.3029.110 Safari/537.3"
66.249.70.136 - - [17/Sep/2025:23:54:57 -0300] "GET /agree/textbook30/qdftf-37368/ HTTP/1.1" 200 17727 "-" "Mozilla/5.0 (Linux; Android 6.0.1; Nexus 5X Build/MMB29P) AppleWebKit/537.36 (KHTML, like Gecko) Chrome/140.0.7339.127 Mobile Safari/537.36 (compatible; GoogleOther)"
66.249.70.138 - - [17/Sep/2025:23:55:08 -0300] "GET /graduate/scheme279/q5ito-8839/ HTTP/1.1" 200 20082 "-" "Mozilla/5.0 (Linux; Android 6.0.1; Nexus 5X Build/MMB29P) AppleWebKit/537.36 (KHTML, like Gecko) Chrome/140.0.7339.127 Mobile Safari/537.36 (compatible; GoogleOther)"
69.197.149.50 - - [17/Sep/2025:23:54:22 -0300] "GET /wp-includes/br903965/index.php?id=336986 HTTP/1.1" 200 - "http://old.evidenciarevista.com.br/wp-includes/br903965/index.php?id=336986" "Mozilla/5.0 (Windows NT 10.0; Win64; x64) AppleWebKit/537.36 (KHTML, like Gecko) Chrome/58.0.3029.110 Safari/537.3"
114.119.154.5 - - [17/Sep/2025:23:56:11 -0300] "GET /adm/upload_noticias/thumbs/21e237bae9210884420fcd717ebc351a.jpg HTTP/1.1" 200 4358 "-" "Mozilla/5.0 (Linux; Android 7.0;) AppleWebKit/537.36 (KHTML, like Gecko) Mobile Safari/537.36 (compatible; PetalBot;+https://webmaster.petalsearch.com/site/petalbot)"
66.249.70.136 - - [17/Sep/2025:23:56:17 -0300] "GET /personality/unusual279/f4wrd-8823/ HTTP/1.1" 200 20283 "-" "Mozilla/5.0 (Linux; Android 6.0.1; Nexus 5X Build/MMB29P) AppleWebKit/537.36 (KHTML, like Gecko) Chrome/140.0.7339.127 Mobile Safari/537.36 (compatible; GoogleOther)"
69.197.149.50 - - [17/Sep/2025:23:55:58 -0300] "GET /wp-includes/br903965/index.php?id=336986 HTTP/1.1" 200 - "http://old.evidenciarevista.com.br/wp-includes/br903965/index.php?id=336986" "Mozilla/5.0 (Windows NT 10.0; Win64; x64) AppleWebKit/537.36 (KHTML, like Gecko) Chrome/58.0.3029.110 Safari/537.3"
66.249.70.136 - - [17/Sep/2025:23:57:25 -0300] "GET /concern/ordinary1/e3fmm-14021/ HTTP/1.1" 200 17267 "-" "Mozilla/5.0 (Linux; Android 6.0.1; Nexus 5X Build/MMB29P) AppleWebKit/537.36 (KHTML, like Gecko) Chrome/140.0.7339.127 Mobile Safari/537.36 (compatible; GoogleOther)"
66.249.70.136 - - [17/Sep/2025:23:57:31 -0300] "GET /climb/maker132/12cei-32830/ HTTP/1.1" 200 18789 "-" "Mozilla/5.0 (Linux; Android 6.0.1; Nexus 5X Build/MMB29P) AppleWebKit/537.36 (KHTML, like Gecko) Chrome/140.0.7339.127 Mobile Safari/537.36 (compatible; GoogleOther)"
66.249.70.136 - - [17/Sep/2025:23:57:44 -0300] "GET /page/dramatic237/9ojd3-1821/?mijypvekxq463574 HTTP/1.1" 200 19873 "-" "Mozilla/5.0 (Linux; Android 6.0.1; Nexus 5X Build/MMB29P) AppleWebKit/537.36 (KHTML, like Gecko) Chrome/140.0.7339.127 Mobile Safari/537.36 (compatible; GoogleOther)"
216.244.66.231 - - [17/Sep/2025:23:58:02 -0300] "GET /robots.txt HTTP/1.1" 200 454 "-" "Mozilla/5.0 (compatible; DotBot/1.2; +https://opensiteexplorer.org/dotbot; help@moz.com)"
66.249.70.136 - - [17/Sep/2025:23:58:35 -0300] "GET /transform/plot132/tmn2c-38138/ HTTP/1.1" 200 19642 "-" "Mozilla/5.0 (Linux; Android 6.0.1; Nexus 5X Build/MMB29P) AppleWebKit/537.36 (KHTML, like Gecko) Chrome/140.0.7339.127 Mobile Safari/537.36 (compatible; GoogleOther)"
69.197.149.50 - - [17/Sep/2025:23:57:27 -0300] "GET /wp-includes/br903965/index.php?id=336986 HTTP/1.1" 200 - "http://old.evidenciarevista.com.br/wp-includes/br903965/index.php?id=336986" "Mozilla/5.0 (Windows NT 10.0; Win64; x64) AppleWebKit/537.36 (KHTML, like Gecko) Chrome/58.0.3029.110 Safari/537.3"
66.249.70.136 - - [17/Sep/2025:23:59:53 -0300] "GET /gesture/recently95/kt3vo-40095/ HTTP/1.1" 200 18678 "-" "Mozilla/5.0 (Linux; Android 6.0.1; Nexus 5X Build/MMB29P) AppleWebKit/537.36 (KHTML, like Gecko) Chrome/140.0.7339.127 Mobile Safari/537.36 (compatible; GoogleOther)"
66.249.70.137 - - [18/Sep/2025:00:00:10 -0300] "GET /automatic/fiscal181/5peji-26103/ HTTP/1.1" 200 19891 "-" "Mozilla/5.0 (Linux; Android 6.0.1; Nexus 5X Build/MMB29P) AppleWebKit/537.36 (KHTML, like Gecko) Chrome/140.0.7339.127 Mobile Safari/537.36 (compatible; GoogleOther)"
69.197.149.50 - - [17/Sep/2025:23:58:59 -0300] "GET /wp-includes/br903965/index.php?id=336986 HTTP/1.1" 200 - "http://old.evidenciarevista.com.br/wp-includes/br903965/index.php?id=336986" "Mozilla/5.0 (Windows NT 10.0; Win64; x64) AppleWebKit/537.36 (KHTML, like Gecko) Chrome/58.0.3029.110 Safari/537.3"
66.249.70.136 - - [18/Sep/2025:00:00:52 -0300] "GET /engine/address237/6qu5i-43175/?sjeoabfdlv397700 HTTP/1.1" 200 19585 "-" "Mozilla/5.0 (Linux; Android 6.0.1; Nexus 5X Build/MMB29P) AppleWebKit/537.36 (KHTML, like Gecko) Chrome/140.0.7339.127 Mobile Safari/537.36 (compatible; GoogleOther)"
204.12.208.18 - - [18/Sep/2025:00:01:21 -0300] "GET /wp-includes/br903965/index.php HTTP/1.1" 200 26 "http://old.evidenciarevista.com.br/wp-includes/br903965/index.php" "Mozilla/5.0 (Macintosh; Intel Mac OS X 10_6_8) AppleWebKit/534.24 (KHTML, like Gecko) Chrome/11.0.696.71 Safari/534.24"
69.197.149.50 - - [18/Sep/2025:00:00:30 -0300] "GET /wp-includes/br903965/index.php?id=336986 HTTP/1.1" 200 - "http://old.evidenciarevista.com.br/wp-includes/br903965/index.php?id=336986" "Mozilla/5.0 (Windows NT 10.0; Win64; x64) AppleWebKit/537.36 (KHTML, like Gecko) Chrome/58.0.3029.110 Safari/537.3"
66.249.70.137 - - [18/Sep/2025:00:02:01 -0300] "GET /priority/freeze31/haj59-40195/?ugygtxhmed1544157 HTTP/1.1" 200 33676 "-" "Mozilla/5.0 (Linux; Android 6.0.1; Nexus 5X Build/MMB29P) AppleWebKit/537.36 (KHTML, like Gecko) Chrome/140.0.7339.127 Mobile Safari/537.36 (compatible; GoogleOther)"
66.249.70.136 - - [18/Sep/2025:00:02:21 -0300] "GET /reflection/civilian248/vd4i2-9118/ HTTP/1.1" 200 33768 "-" "Mozilla/5.0 (Linux; Android 6.0.1; Nexus 5X Build/MMB29P) AppleWebKit/537.36 (KHTML, like Gecko) Chrome/140.0.7339.127 Mobile Safari/537.36 (compatible; GoogleOther)"
66.249.70.136 - - [18/Sep/2025:00:03:10 -0300] "GET /priority/freeze31/haj59-40195/?ytulgqhrnp1733320 HTTP/1.1" 200 32772 "-" "Mozilla/5.0 (Linux; Android 6.0.1; Nexus 5X Build/MMB29P) AppleWebKit/537.36 (KHTML, like Gecko) Chrome/140.0.7339.127 Mobile Safari/537.36 (compatible; GoogleOther)"
69.197.149.50 - - [18/Sep/2025:00:02:02 -0300] "GET /wp-includes/br903965/index.php?id=336986 HTTP/1.1" 200 - "http://old.evidenciarevista.com.br/wp-includes/br903965/index.php?id=336986" "Mozilla/5.0 (Windows NT 10.0; Win64; x64) AppleWebKit/537.36 (KHTML, like Gecko) Chrome/58.0.3029.110 Safari/537.3"
69.197.149.50 - - [18/Sep/2025:00:03:37 -0300] "GET /wp-includes/br903965/index.php?id=336986 HTTP/1.1" 200 - "http://old.evidenciarevista.com.br/wp-includes/br903965/index.php?id=336986" "Mozilla/5.0 (Windows NT 10.0; Win64; x64) AppleWebKit/537.36 (KHTML, like Gecko) Chrome/58.0.3029.110 Safari/537.3"
66.249.70.137 - - [18/Sep/2025:00:05:27 -0300] "GET /lake/soap30/f7gqw-48466/ HTTP/1.1" 200 18640 "-" "Mozilla/5.0 (Linux; Android 6.0.1; Nexus 5X Build/MMB29P) AppleWebKit/537.36 (KHTML, like Gecko) Chrome/140.0.7339.127 Mobile Safari/537.36 (compatible; GoogleOther)"
69.197.149.50 - - [18/Sep/2025:00:05:05 -0300] "GET /wp-includes/br903965/index.php?id=336986 HTTP/1.1" 200 - "http://old.evidenciarevista.com.br/wp-includes/br903965/index.php?id=336986" "Mozilla/5.0 (Windows NT 10.0; Win64; x64) AppleWebKit/537.36 (KHTML, like Gecko) Chrome/58.0.3029.110 Safari/537.3"
66.249.70.138 - - [18/Sep/2025:00:06:36 -0300] "GET /dock/partnership31/haj59-40195/ HTTP/1.1" 200 34572 "-" "Mozilla/5.0 (Linux; Android 6.0.1; Nexus 5X Build/MMB29P) AppleWebKit/537.36 (KHTML, like Gecko) Chrome/140.0.7339.127 Mobile Safari/537.36 (compatible; GoogleOther)"
66.249.70.138 - - [18/Sep/2025:00:07:17 -0300] "GET /valid/originally1/7e5db-34701/ HTTP/1.1" 200 16788 "-" "Mozilla/5.0 (Linux; Android 6.0.1; Nexus 5X Build/MMB29P) AppleWebKit/537.36 (KHTML, like Gecko) Chrome/140.0.7339.127 Mobile Safari/537.36 (compatible; GoogleOther)"
66.249.70.137 - - [18/Sep/2025:00:07:45 -0300] "GET /inner/basically31/wsvmb-28741/ HTTP/1.1" 200 19195 "-" "Mozilla/5.0 (Linux; Android 6.0.1; Nexus 5X Build/MMB29P) AppleWebKit/537.36 (KHTML, like Gecko) Chrome/140.0.7339.127 Mobile Safari/537.36 (compatible; GoogleOther)"
69.197.149.50 - - [18/Sep/2025:00:06:37 -0300] "GET /wp-includes/br903965/index.php?id=336986 HTTP/1.1" 200 - "http://old.evidenciarevista.com.br/wp-includes/br903965/index.php?id=336986" "Mozilla/5.0 (Windows NT 10.0; Win64; x64) AppleWebKit/537.36 (KHTML, like Gecko) Chrome/58.0.3029.110 Safari/537.3"
66.249.70.138 - - [18/Sep/2025:00:08:54 -0300] "GET /priority/freeze31/haj59-40195/?mlqnkavjmu1222563 HTTP/1.1" 200 35035 "-" "Mozilla/5.0 (Linux; Android 6.0.1; Nexus 5X Build/MMB29P) AppleWebKit/537.36 (KHTML, like Gecko) Chrome/140.0.7339.127 Mobile Safari/537.36 (compatible; GoogleOther)"
69.197.149.50 - - [18/Sep/2025:00:08:05 -0300] "GET /wp-includes/br903965/index.php?id=336986 HTTP/1.1" 200 - "http://old.evidenciarevista.com.br/wp-includes/br903965/index.php?id=336986" "Mozilla/5.0 (Windows NT 10.0; Win64; x64) AppleWebKit/537.36 (KHTML, like Gecko) Chrome/58.0.3029.110 Safari/537.3"
66.249.70.136 - - [18/Sep/2025:00:09:45 -0300] "GET /test/magazine25/fuwnn-24835/ HTTP/1.1" 200 32832 "-" "Mozilla/5.0 (Linux; Android 6.0.1; Nexus 5X Build/MMB29P) AppleWebKit/537.36 (KHTML, like Gecko) Chrome/140.0.7339.127 Mobile Safari/537.36 (compatible; GoogleOther)"
66.249.70.138 - - [18/Sep/2025:00:10:02 -0300] "GET /variable/glimpse30/j3l7y-41020/ HTTP/1.1" 200 19927 "-" "Mozilla/5.0 (Linux; Android 6.0.1; Nexus 5X Build/MMB29P) AppleWebKit/537.36 (KHTML, like Gecko) Chrome/140.0.7339.127 Mobile Safari/537.36 (compatible; GoogleOther)"
69.197.149.50 - - [18/Sep/2025:00:09:39 -0300] "GET /wp-includes/br903965/index.php?id=336986 HTTP/1.1" 200 - "http://old.evidenciarevista.com.br/wp-includes/br903965/index.php?id=336986" "Mozilla/5.0 (Windows NT 10.0; Win64; x64) AppleWebKit/537.36 (KHTML, like Gecko) Chrome/58.0.3029.110 Safari/537.3"
66.249.70.137 - - [18/Sep/2025:00:11:14 -0300] "GET /trouble/shed237/9ojd3-1821/?ayzofipmvd251117 HTTP/1.1" 200 19338 "-" "Mozilla/5.0 (Linux; Android 6.0.1; Nexus 5X Build/MMB29P) AppleWebKit/537.36 (KHTML, like Gecko) Chrome/140.0.7339.127 Mobile Safari/537.36 (compatible; GoogleOther)"
66.249.70.137 - - [18/Sep/2025:00:11:21 -0300] "GET /priority/freeze31/haj59-40195/?ufvcoqxasn1065185 HTTP/1.1" 200 32172 "-" "Mozilla/5.0 (Linux; Android 6.0.1; Nexus 5X Build/MMB29P) AppleWebKit/537.36 (KHTML, like Gecko) Chrome/140.0.7339.127 Mobile Safari/537.36 (compatible; GoogleOther)"
66.249.70.137 - - [18/Sep/2025:00:12:13 -0300] "GET /silence/nest68/o31ja-4840/ HTTP/1.1" 200 17444 "-" "Mozilla/5.0 (Linux; Android 6.0.1; Nexus 5X Build/MMB29P) AppleWebKit/537.36 (KHTML, like Gecko) Chrome/140.0.7339.127 Mobile Safari/537.36 (compatible; GoogleOther)"
66.249.70.137 - - [18/Sep/2025:00:12:20 -0300] "GET /priority/freeze31/haj59-40195/?ivnwkpagab1301787 HTTP/1.1" 200 33242 "-" "Mozilla/5.0 (Linux; Android 6.0.1; Nexus 5X Build/MMB29P) AppleWebKit/537.36 (KHTML, like Gecko) Chrome/140.0.7339.127 Mobile Safari/537.36 (compatible; GoogleOther)"
69.197.149.50 - - [18/Sep/2025:00:11:07 -0300] "GET /wp-includes/br903965/index.php?id=336986 HTTP/1.1" 200 - "http://old.evidenciarevista.com.br/wp-includes/br903965/index.php?id=336986" "Mozilla/5.0 (Windows NT 10.0; Win64; x64) AppleWebKit/537.36 (KHTML, like Gecko) Chrome/58.0.3029.110 Safari/537.3"
216.73.216.119 - - [18/Sep/2025:00:13:05 -0300] "GET /robots.txt HTTP/1.1" 200 142 "-" "Mozilla/5.0 AppleWebKit/537.36 (KHTML, like Gecko; compatible; ClaudeBot/1.0; +claudebot@anthropic.com)"
216.73.216.119 - - [18/Sep/2025:00:13:05 -0300] "GET /noticias.php HTTP/1.1" 200 438 "-" "Mozilla/5.0 AppleWebKit/537.36 (KHTML, like Gecko; compatible; ClaudeBot/1.0; +claudebot@anthropic.com)"
66.249.70.138 - - [18/Sep/2025:00:13:29 -0300] "GET /export/coat295/i484v-39627/ HTTP/1.1" 200 19859 "-" "Mozilla/5.0 (Linux; Android 6.0.1; Nexus 5X Build/MMB29P) AppleWebKit/537.36 (KHTML, like Gecko) Chrome/140.0.7339.127 Mobile Safari/537.36 (compatible; GoogleOther)"
69.197.149.50 - - [18/Sep/2025:00:12:40 -0300] "GET /wp-includes/br903965/index.php?id=336986 HTTP/1.1" 200 - "http://old.evidenciarevista.com.br/wp-includes/br903965/index.php?id=336986" "Mozilla/5.0 (Windows NT 10.0; Win64; x64) AppleWebKit/537.36 (KHTML, like Gecko) Chrome/58.0.3029.110 Safari/537.3"
66.249.70.136 - - [18/Sep/2025:00:14:38 -0300] "GET /priority/freeze31/haj59-40195/?sjeoabfdlv397700 HTTP/1.1" 200 34252 "-" "Mozilla/5.0 (Linux; Android 6.0.1; Nexus 5X Build/MMB29P) AppleWebKit/537.36 (KHTML, like Gecko) Chrome/140.0.7339.127 Mobile Safari/537.36 (compatible; GoogleOther)"
66.249.70.136 - - [18/Sep/2025:00:14:44 -0300] "GET /when/simultaneously248/27vht-13006/?yjagolokuf778266 HTTP/1.1" 200 20097 "-" "Mozilla/5.0 (Linux; Android 6.0.1; Nexus 5X Build/MMB29P) AppleWebKit/537.36 (KHTML, like Gecko) Chrome/140.0.7339.127 Mobile Safari/537.36 (compatible; GoogleOther)"
69.197.149.50 - - [18/Sep/2025:00:14:09 -0300] "GET /wp-includes/br903965/index.php?id=336986 HTTP/1.1" 200 - "http://old.evidenciarevista.com.br/wp-includes/br903965/index.php?id=336986" "Mozilla/5.0 (Windows NT 10.0; Win64; x64) AppleWebKit/537.36 (KHTML, like Gecko) Chrome/58.0.3029.110 Safari/537.3"
66.249.70.137 - - [18/Sep/2025:00:15:46 -0300] "GET /priority/freeze31/haj59-40195/?ahswcycblf1271580 HTTP/1.1" 200 34962 "-" "Mozilla/5.0 (Linux; Android 6.0.1; Nexus 5X Build/MMB29P) AppleWebKit/537.36 (KHTML, like Gecko) Chrome/140.0.7339.127 Mobile Safari/537.36 (compatible; GoogleOther)"
66.249.70.137 - - [18/Sep/2025:00:16:55 -0300] "GET /surgeon/frequently295/m707a-39389/ HTTP/1.1" 200 21404 "-" "Mozilla/5.0 (Linux; Android 6.0.1; Nexus 5X Build/MMB29P) AppleWebKit/537.36 (KHTML, like Gecko) Chrome/140.0.7339.127 Mobile Safari/537.36 (compatible; GoogleOther)"
69.197.149.50 - - [18/Sep/2025:00:15:43 -0300] "GET /wp-includes/br903965/index.php?id=336986 HTTP/1.1" 200 - "http://old.evidenciarevista.com.br/wp-includes/br903965/index.php?id=336986" "Mozilla/5.0 (Windows NT 10.0; Win64; x64) AppleWebKit/537.36 (KHTML, like Gecko) Chrome/58.0.3029.110 Safari/537.3"
66.249.70.136 - - [18/Sep/2025:00:17:09 -0300] "GET /testing/along123/uzgzq-18241/ HTTP/1.1" 200 32176 "-" "Mozilla/5.0 (Linux; Android 6.0.1; Nexus 5X Build/MMB29P) AppleWebKit/537.36 (KHTML, like Gecko) Chrome/140.0.7339.127 Mobile Safari/537.36 (compatible; GoogleOther)"
204.12.208.18 - - [18/Sep/2025:00:17:15 -0300] "GET /wp-includes/br903965/index.php HTTP/1.1" 200 26 "http://old.evidenciarevista.com.br/wp-includes/br903965/index.php" "Mozilla/5.0 (Macintosh; Intel Mac OS X 10_6_8) AppleWebKit/535.1 (KHTML, like Gecko) Chrome/13.0.782.112 Safari/535.1"
66.249.70.138 - - [18/Sep/2025:00:18:04 -0300] "GET /testing/premium1/40xph-11659/?mlqnkavjmu1222563 HTTP/1.1" 200 19555 "-" "Mozilla/5.0 (Linux; Android 6.0.1; Nexus 5X Build/MMB29P) AppleWebKit/537.36 (KHTML, like Gecko) Chrome/140.0.7339.127 Mobile Safari/537.36 (compatible; GoogleOther)"
69.197.149.50 - - [18/Sep/2025:00:17:12 -0300] "GET /wp-includes/br903965/index.php?id=336986 HTTP/1.1" 200 - "http://old.evidenciarevista.com.br/wp-includes/br903965/index.php?id=336986" "Mozilla/5.0 (Windows NT 10.0; Win64; x64) AppleWebKit/537.36 (KHTML, like Gecko) Chrome/58.0.3029.110 Safari/537.3"
66.249.70.137 - - [18/Sep/2025:00:19:13 -0300] "GET /priority/freeze31/haj59-40195/?qsujywvkgc47131 HTTP/1.1" 200 34242 "-" "Mozilla/5.0 (Linux; Android 6.0.1; Nexus 5X Build/MMB29P) AppleWebKit/537.36 (KHTML, like Gecko) Chrome/140.0.7339.127 Mobile Safari/537.36 (compatible; GoogleOther)"
66.249.70.137 - - [18/Sep/2025:00:19:22 -0300] "GET /programming/welfare277/80ww0-20747/?ujepcgosgz268598 HTTP/1.1" 200 20452 "-" "Mozilla/5.0 (Linux; Android 6.0.1; Nexus 5X Build/MMB29P) AppleWebKit/537.36 (KHTML, like Gecko) Chrome/140.0.7339.127 Mobile Safari/537.36 (compatible; GoogleOther)"
66.249.70.136 - - [18/Sep/2025:00:19:36 -0300] "GET /range/quest279/v6ns1-8777/?kxnsztrhko217176 HTTP/1.1" 200 19479 "-" "Mozilla/5.0 (Linux; Android 6.0.1; Nexus 5X Build/MMB29P) AppleWebKit/537.36 (KHTML, like Gecko) Chrome/140.0.7339.127 Mobile Safari/537.36 (compatible; GoogleOther)"
69.197.149.50 - - [18/Sep/2025:00:18:44 -0300] "GET /wp-includes/br903965/index.php?id=336986 HTTP/1.1" 200 - "http://old.evidenciarevista.com.br/wp-includes/br903965/index.php?id=336986" "Mozilla/5.0 (Windows NT 10.0; Win64; x64) AppleWebKit/537.36 (KHTML, like Gecko) Chrome/58.0.3029.110 Safari/537.3"
66.249.70.136 - - [18/Sep/2025:00:20:22 -0300] "GET /craft/bucket1/47sc7-11319/ HTTP/1.1" 200 19656 "-" "Mozilla/5.0 (Linux; Android 6.0.1; Nexus 5X Build/MMB29P) AppleWebKit/537.36 (KHTML, like Gecko) Chrome/140.0.7339.127 Mobile Safari/537.36 (compatible; GoogleOther)"
66.249.70.137 - - [18/Sep/2025:00:21:30 -0300] "GET /diminish/iron295/vlo9c-39587/ HTTP/1.1" 200 18984 "-" "Mozilla/5.0 (Linux; Android 6.0.1; Nexus 5X Build/MMB29P) AppleWebKit/537.36 (KHTML, like Gecko) Chrome/140.0.7339.127 Mobile Safari/537.36 (compatible; GoogleOther)"
69.197.149.50 - - [18/Sep/2025:00:20:20 -0300] "GET /wp-includes/br903965/index.php?id=336986 HTTP/1.1" 200 - "http://old.evidenciarevista.com.br/wp-includes/br903965/index.php?id=336986" "Mozilla/5.0 (Windows NT 10.0; Win64; x64) AppleWebKit/537.36 (KHTML, like Gecko) Chrome/58.0.3029.110 Safari/537.3"
66.249.70.138 - - [18/Sep/2025:00:22:04 -0300] "GET /concrete/football248/99jsp-9114/ HTTP/1.1" 200 32505 "-" "Mozilla/5.0 (Linux; Android 6.0.1; Nexus 5X Build/MMB29P) AppleWebKit/537.36 (KHTML, like Gecko) Chrome/140.0.7339.127 Mobile Safari/537.36 (compatible; GoogleOther)"
66.249.70.136 - - [18/Sep/2025:00:22:39 -0300] "GET /honest/bulk1/40xph-11659/ HTTP/1.1" 200 19811 "-" "Mozilla/5.0 (Linux; Android 6.0.1; Nexus 5X Build/MMB29P) AppleWebKit/537.36 (KHTML, like Gecko) Chrome/140.0.7339.127 Mobile Safari/537.36 (compatible; GoogleOther)"
69.197.149.50 - - [18/Sep/2025:00:21:54 -0300] "GET /wp-includes/br903965/index.php?id=336986 HTTP/1.1" 200 - "http://old.evidenciarevista.com.br/wp-includes/br903965/index.php?id=336986" "Mozilla/5.0 (Windows NT 10.0; Win64; x64) AppleWebKit/537.36 (KHTML, like Gecko) Chrome/58.0.3029.110 Safari/537.3"
66.249.70.136 - - [18/Sep/2025:00:24:46 -0300] "GET /ass/soap96/hr9ij-29584/ HTTP/1.1" 200 34166 "-" "Mozilla/5.0 (Linux; Android 6.0.1; Nexus 5X Build/MMB29P) AppleWebKit/537.36 (KHTML, like Gecko) Chrome/140.0.7339.127 Mobile Safari/537.36 (compatible; GoogleOther)"
69.197.149.50 - - [18/Sep/2025:00:23:22 -0300] "GET /wp-includes/br903965/index.php?id=336986 HTTP/1.1" 200 - "http://old.evidenciarevista.com.br/wp-includes/br903965/index.php?id=336986" "Mozilla/5.0 (Windows NT 10.0; Win64; x64) AppleWebKit/537.36 (KHTML, like Gecko) Chrome/58.0.3029.110 Safari/537.3"
66.249.70.136 - - [18/Sep/2025:00:24:53 -0300] "GET /page/dramatic237/9ojd3-1821/?ugygtxhmed1544157 HTTP/1.1" 200 18361 "-" "Mozilla/5.0 (Linux; Android 6.0.1; Nexus 5X Build/MMB29P) AppleWebKit/537.36 (KHTML, like Gecko) Chrome/140.0.7339.127 Mobile Safari/537.36 (compatible; GoogleOther)"
66.249.70.137 - - [18/Sep/2025:00:25:01 -0300] "GET /warm/religion31/la7z7-30079/ HTTP/1.1" 200 21190 "-" "Mozilla/5.0 (Linux; Android 6.0.1; Nexus 5X Build/MMB29P) AppleWebKit/537.36 (KHTML, like Gecko) Chrome/140.0.7339.127 Mobile Safari/537.36 (compatible; GoogleOther)"
216.244.66.231 - - [18/Sep/2025:00:26:00 -0300] "GET /adm/upload_noticias/10ffdf5852f97ff0153846bc7c9476d9.jpg HTTP/1.1" 200 83655 "-" "Mozilla/5.0 (compatible; DotBot/1.2; +https://opensiteexplorer.org/dotbot; help@moz.com)"
216.244.66.231 - - [18/Sep/2025:00:26:06 -0300] "GET /adm/upload_noticias/13ebd14e0c9cbbac5df8f02c4a750b2b.jpg HTTP/1.1" 200 98064 "-" "Mozilla/5.0 (compatible; DotBot/1.2; +https://opensiteexplorer.org/dotbot; help@moz.com)"
66.249.70.138 - - [18/Sep/2025:00:26:06 -0300] "GET /suddenly/attribute65/1tkvu-13721/ HTTP/1.1" 200 19135 "-" "Mozilla/5.0 (Linux; Android 6.0.1; Nexus 5X Build/MMB29P) AppleWebKit/537.36 (KHTML, like Gecko) Chrome/140.0.7339.127 Mobile Safari/537.36 (compatible; GoogleOther)"
216.244.66.231 - - [18/Sep/2025:00:26:11 -0300] "GET /adm/upload_noticias/16f94502d5ab236cb554866dcdad0008.jpg HTTP/1.1" 200 64568 "-" "Mozilla/5.0 (compatible; DotBot/1.2; +https://opensiteexplorer.org/dotbot; help@moz.com)"
216.244.66.231 - - [18/Sep/2025:00:26:15 -0300] "GET /adm/upload_noticias/182880b0d148c4c13bacb05aab202a1c.jpg HTTP/1.1" 200 103887 "-" "Mozilla/5.0 (compatible; DotBot/1.2; +https://opensiteexplorer.org/dotbot; help@moz.com)"
216.244.66.231 - - [18/Sep/2025:00:26:18 -0300] "GET /adm/upload_noticias/230db85d830d04a3a1c2c5c6de1203d5.jpg HTTP/1.1" 200 90888 "-" "Mozilla/5.0 (compatible; DotBot/1.2; +https://opensiteexplorer.org/dotbot; help@moz.com)"
216.244.66.231 - - [18/Sep/2025:00:26:22 -0300] "GET /adm/upload_noticias/236a4f5ac0b6d1ebbaa9d79ccc309f06.jpg HTTP/1.1" 200 69233 "-" "Mozilla/5.0 (compatible; DotBot/1.2; +https://opensiteexplorer.org/dotbot; help@moz.com)"
69.197.149.50 - - [18/Sep/2025:00:24:56 -0300] "GET /wp-includes/br903965/index.php?id=336986 HTTP/1.1" 200 - "http://old.evidenciarevista.com.br/wp-includes/br903965/index.php?id=336986" "Mozilla/5.0 (Windows NT 10.0; Win64; x64) AppleWebKit/537.36 (KHTML, like Gecko) Chrome/58.0.3029.110 Safari/537.3"
216.244.66.231 - - [18/Sep/2025:00:26:24 -0300] "GET /adm/upload_noticias/315e70a36ce05dcedc6796e5bebc25af.JPG HTTP/1.1" 200 137724 "-" "Mozilla/5.0 (compatible; DotBot/1.2; +https://opensiteexplorer.org/dotbot; help@moz.com)"
216.244.66.231 - - [18/Sep/2025:00:26:28 -0300] "GET /adm/upload_noticias/33bbb8b518d46fc497f6c7c8e6e29e39.jpg HTTP/1.1" 200 61240 "-" "Mozilla/5.0 (compatible; DotBot/1.2; +https://opensiteexplorer.org/dotbot; help@moz.com)"
216.244.66.231 - - [18/Sep/2025:00:26:33 -0300] "GET /adm/upload_noticias/37a18994fd72b2321a016a17c2c4b203.jpg HTTP/1.1" 200 70442 "-" "Mozilla/5.0 (compatible; DotBot/1.2; +https://opensiteexplorer.org/dotbot; help@moz.com)"
216.244.66.231 - - [18/Sep/2025:00:26:37 -0300] "GET /adm/upload_noticias/3c62fc7f43c6a3fb0be886c211ada368.jpg HTTP/1.1" 200 84234 "-" "Mozilla/5.0 (compatible; DotBot/1.2; +https://opensiteexplorer.org/dotbot; help@moz.com)"
66.249.70.138 - - [18/Sep/2025:00:27:00 -0300] "GET /flexibility/poor2/00r9h-17036/ HTTP/1.1" 200 18058 "-" "Mozilla/5.0 (Linux; Android 6.0.1; Nexus 5X Build/MMB29P) AppleWebKit/537.36 (KHTML, like Gecko) Chrome/140.0.7339.127 Mobile Safari/537.36 (compatible; GoogleOther)"
66.249.70.136 - - [18/Sep/2025:00:27:14 -0300] "GET /priority/freeze31/haj59-40195/?qmogdupekv1280992 HTTP/1.1" 200 33270 "-" "Mozilla/5.0 (Linux; Android 6.0.1; Nexus 5X Build/MMB29P) AppleWebKit/537.36 (KHTML, like Gecko) Chrome/140.0.7339.127 Mobile Safari/537.36 (compatible; GoogleOther)"
66.249.70.137 - - [18/Sep/2025:00:28:23 -0300] "GET /devil/above294/j94ey-47832/ HTTP/1.1" 200 18974 "-" "Mozilla/5.0 (Linux; Android 6.0.1; Nexus 5X Build/MMB29P) AppleWebKit/537.36 (KHTML, like Gecko) Chrome/140.0.7339.127 Mobile Safari/537.36 (compatible; GoogleOther)"
69.197.149.50 - - [18/Sep/2025:00:27:02 -0300] "GET /wp-includes/br903965/index.php?id=336986 HTTP/1.1" 200 - "http://old.evidenciarevista.com.br/wp-includes/br903965/index.php?id=336986" "Mozilla/5.0 (Windows NT 10.0; Win64; x64) AppleWebKit/537.36 (KHTML, like Gecko) Chrome/58.0.3029.110 Safari/537.3"
66.249.70.138 - - [18/Sep/2025:00:29:28 -0300] "GET /trouble/bowl294/yy85z-30750/?kxnsztrhko217176 HTTP/1.1" 200 18311 "-" "Mozilla/5.0 (Linux; Android 6.0.1; Nexus 5X Build/MMB29P) AppleWebKit/537.36 (KHTML, like Gecko) Chrome/140.0.7339.127 Mobile Safari/537.36 (compatible; GoogleOther)"
66.249.70.136 - - [18/Sep/2025:00:29:35 -0300] "GET /drunk/anyway34/x5n1m-36070/ HTTP/1.1" 200 31547 "-" "Mozilla/5.0 (Linux; Android 6.0.1; Nexus 5X Build/MMB29P) AppleWebKit/537.36 (KHTML, like Gecko) Chrome/140.0.7339.127 Mobile Safari/537.36 (compatible; GoogleOther)"
216.244.66.231 - - [18/Sep/2025:00:29:43 -0300] "GET /adm/upload_noticias/01ff29c4f3dd27597b3f94d927924972.jpg HTTP/1.1" 200 54676 "-" "Mozilla/5.0 (compatible; DotBot/1.2; +https://opensiteexplorer.org/dotbot; help@moz.com)"
216.244.66.231 - - [18/Sep/2025:00:29:48 -0300] "GET /adm/upload_noticias/056beee408951c994902ca84f35d8757.jpg HTTP/1.1" 200 99145 "-" "Mozilla/5.0 (compatible; DotBot/1.2; +https://opensiteexplorer.org/dotbot; help@moz.com)"
216.244.66.231 - - [18/Sep/2025:00:29:53 -0300] "GET /adm/upload_noticias/06a2b3787b4f899b532c396894130ef4.jpg HTTP/1.1" 200 71030 "-" "Mozilla/5.0 (compatible; DotBot/1.2; +https://opensiteexplorer.org/dotbot; help@moz.com)"
66.249.70.136 - - [18/Sep/2025:00:29:52 -0300] "GET /toward/medium237/9ojd3-1821/ HTTP/1.1" 200 18268 "-" "Mozilla/5.0 (Linux; Android 6.0.1; Nexus 5X Build/MMB29P) AppleWebKit/537.36 (KHTML, like Gecko) Chrome/140.0.7339.127 Mobile Safari/537.36 (compatible; GoogleOther)"
216.244.66.231 - - [18/Sep/2025:00:29:58 -0300] "GET /adm/upload_noticias/085e60e659fab41d55616e0f052d2932.jpg HTTP/1.1" 200 84854 "-" "Mozilla/5.0 (compatible; DotBot/1.2; +https://opensiteexplorer.org/dotbot; help@moz.com)"
69.197.149.50 - - [18/Sep/2025:00:28:31 -0300] "GET /wp-includes/br903965/index.php?id=336986 HTTP/1.1" 200 - "http://old.evidenciarevista.com.br/wp-includes/br903965/index.php?id=336986" "Mozilla/5.0 (Windows NT 10.0; Win64; x64) AppleWebKit/537.36 (KHTML, like Gecko) Chrome/58.0.3029.110 Safari/537.3"
216.244.66.231 - - [18/Sep/2025:00:30:04 -0300] "GET /adm/upload_noticias/0898ea2ac518db514416b53962523053.JPG HTTP/1.1" 200 86555 "-" "Mozilla/5.0 (compatible; DotBot/1.2; +https://opensiteexplorer.org/dotbot; help@moz.com)"
216.244.66.231 - - [18/Sep/2025:00:30:14 -0300] "GET /adm/upload_noticias/093ecb5b505346c8578d4013313cbf99.JPG HTTP/1.1" 200 34009 "-" "Mozilla/5.0 (compatible; DotBot/1.2; +https://opensiteexplorer.org/dotbot; help@moz.com)"
216.244.66.231 - - [18/Sep/2025:00:30:22 -0300] "GET /adm/upload_noticias/09668be12c46d1575570f34c2bd13336.jpg HTTP/1.1" 200 60445 "-" "Mozilla/5.0 (compatible; DotBot/1.2; +https://opensiteexplorer.org/dotbot; help@moz.com)"
216.244.66.231 - - [18/Sep/2025:00:30:28 -0300] "GET /adm/upload_noticias/0e25cf69bff49aae6f9d033624d8b6ad.jpg HTTP/1.1" 200 186658 "-" "Mozilla/5.0 (compatible; DotBot/1.2; +https://opensiteexplorer.org/dotbot; help@moz.com)"
66.249.70.137 - - [18/Sep/2025:00:30:41 -0300] "GET /sight/sacred15/vmghr-44259/?mlqnkavjmu1222563 HTTP/1.1" 200 19617 "-" "Mozilla/5.0 (Linux; Android 6.0.1; Nexus 5X Build/MMB29P) AppleWebKit/537.36 (KHTML, like Gecko) Chrome/140.0.7339.127 Mobile Safari/537.36 (compatible; GoogleOther)"
216.244.66.231 - - [18/Sep/2025:00:31:09 -0300] "GET /adm/upload_noticias/12b08764dcb4d29fcbb89cf948635249.jpg HTTP/1.1" 200 59740 "-" "Mozilla/5.0 (compatible; DotBot/1.2; +https://opensiteexplorer.org/dotbot; help@moz.com)"
69.197.149.50 - - [18/Sep/2025:00:30:06 -0300] "GET /wp-includes/br903965/index.php?id=336986 HTTP/1.1" 200 - "http://old.evidenciarevista.com.br/wp-includes/br903965/index.php?id=336986" "Mozilla/5.0 (Windows NT 10.0; Win64; x64) AppleWebKit/537.36 (KHTML, like Gecko) Chrome/58.0.3029.110 Safari/537.3"
216.244.66.231 - - [18/Sep/2025:00:31:40 -0300] "GET /adm/upload_noticias/14b54cf9483f5373606cf204ed9933c5.jpg HTTP/1.1" 200 111156 "-" "Mozilla/5.0 (compatible; DotBot/1.2; +https://opensiteexplorer.org/dotbot; help@moz.com)"
66.249.70.136 - - [18/Sep/2025:00:31:50 -0300] "GET /blood/parade246/cqtqj-7326/ HTTP/1.1" 200 19969 "-" "Mozilla/5.0 (Linux; Android 6.0.1; Nexus 5X Build/MMB29P) AppleWebKit/537.36 (KHTML, like Gecko) Chrome/140.0.7339.127 Mobile Safari/537.36 (compatible; GoogleOther)"
204.12.208.18 - - [18/Sep/2025:00:31:55 -0300] "GET /wp-includes/br903965/index.php HTTP/1.1" 200 26 "http://old.evidenciarevista.com.br/wp-includes/br903965/index.php" "Mozilla/5.0 (Macintosh; U; Intel Mac OS X 10_6_3; ja-jp) AppleWebKit/533.16 (KHTML, like Gecko) Version/5.0 Safari/533.16"
66.249.70.137 - - [18/Sep/2025:00:31:56 -0300] "GET /blank/anniversary132/dno1g-26460/ HTTP/1.1" 200 18419 "-" "Mozilla/5.0 (Linux; Android 6.0.1; Nexus 5X Build/MMB29P) AppleWebKit/537.36 (KHTML, like Gecko) Chrome/140.0.7339.127 Mobile Safari/537.36 (compatible; GoogleOther)"
216.244.66.231 - - [18/Sep/2025:00:32:14 -0300] "GET /adm/upload_noticias/181431eced2b5f9676335c0012304e7b.jpg HTTP/1.1" 200 103693 "-" "Mozilla/5.0 (compatible; DotBot/1.2; +https://opensiteexplorer.org/dotbot; help@moz.com)"
216.244.66.231 - - [18/Sep/2025:00:32:46 -0300] "GET /adm/upload_noticias/1_maio_nestle_110_noticia_add.jpg HTTP/1.1" 200 73325 "-" "Mozilla/5.0 (compatible; DotBot/1.2; +https://opensiteexplorer.org/dotbot; help@moz.com)"
66.249.70.136 - - [18/Sep/2025:00:32:58 -0300] "GET /art/Latin1/tlliq-1815/ HTTP/1.1" 200 31987 "-" "Mozilla/5.0 (Linux; Android 6.0.1; Nexus 5X Build/MMB29P) AppleWebKit/537.36 (KHTML, like Gecko) Chrome/140.0.7339.127 Mobile Safari/537.36 (compatible; GoogleOther)"
216.244.66.231 - - [18/Sep/2025:00:33:14 -0300] "GET /adm/upload_noticias/1_maio_nestle_213_noticia_add.jpg HTTP/1.1" 200 73682 "-" "Mozilla/5.0 (compatible; DotBot/1.2; +https://opensiteexplorer.org/dotbot; help@moz.com)"
69.197.149.50 - - [18/Sep/2025:00:31:50 -0300] "GET /wp-includes/br903965/index.php?id=336986 HTTP/1.1" 200 - "http://old.evidenciarevista.com.br/wp-includes/br903965/index.php?id=336986" "Mozilla/5.0 (Windows NT 10.0; Win64; x64) AppleWebKit/537.36 (KHTML, like Gecko) Chrome/58.0.3029.110 Safari/537.3"
216.244.66.231 - - [18/Sep/2025:00:33:42 -0300] "GET /adm/upload_noticias/1_maio_nestle_41_noticia_add.jpg HTTP/1.1" 200 80227 "-" "Mozilla/5.0 (compatible; DotBot/1.2; +https://opensiteexplorer.org/dotbot; help@moz.com)"
216.244.66.231 - - [18/Sep/2025:00:34:08 -0300] "GET /adm/upload_noticias/1_maio_nestle_73_noticia_add.jpg HTTP/1.1" 200 83156 "-" "Mozilla/5.0 (compatible; DotBot/1.2; +https://opensiteexplorer.org/dotbot; help@moz.com)"
66.249.70.136 - - [18/Sep/2025:00:34:07 -0300] "GET /?pid=23274187971&channel=print-pleasure-agent&cate_id=1383&page=http://old.evidenciarevista.com.br/super.asp?schedule/insurance246/lkjwp-7324/ HTTP/1.1" 200 17784 "-" "Mozilla/5.0 (Linux; Android 6.0.1; Nexus 5X Build/MMB29P) AppleWebKit/537.36 (KHTML, like Gecko) Chrome/140.0.7339.127 Mobile Safari/537.36 (compatible; GoogleOther)"
66.249.70.137 - - [18/Sep/2025:00:34:24 -0300] "GET /charm/momentum132/dds26-38490/?yjagolokuf778266 HTTP/1.1" 200 19926 "-" "Mozilla/5.0 (Linux; Android 6.0.1; Nexus 5X Build/MMB29P) AppleWebKit/537.36 (KHTML, like Gecko) Chrome/140.0.7339.127 Mobile Safari/537.36 (compatible; GoogleOther)"
216.244.66.231 - - [18/Sep/2025:00:34:33 -0300] "GET /adm/upload_noticias/1_maio_nestle_77_noticia_add.jpg HTTP/1.1" 200 79180 "-" "Mozilla/5.0 (compatible; DotBot/1.2; +https://opensiteexplorer.org/dotbot; help@moz.com)"
69.197.149.50 - - [18/Sep/2025:00:33:27 -0300] "GET /wp-includes/br903965/index.php?id=336986 HTTP/1.1" 200 - "http://old.evidenciarevista.com.br/wp-includes/br903965/index.php?id=336986" "Mozilla/5.0 (Windows NT 10.0; Win64; x64) AppleWebKit/537.36 (KHTML, like Gecko) Chrome/58.0.3029.110 Safari/537.3"
216.244.66.231 - - [18/Sep/2025:00:34:57 -0300] "GET /adm/upload_noticias/21d68e7b99d214d56e003a08880925e8.jpg HTTP/1.1" 200 169360 "-" "Mozilla/5.0 (compatible; DotBot/1.2; +https://opensiteexplorer.org/dotbot; help@moz.com)"
66.249.70.136 - - [18/Sep/2025:00:35:16 -0300] "GET /conscience/painter1/qeg3e-11051/ HTTP/1.1" 200 17189 "-" "Mozilla/5.0 (Linux; Android 6.0.1; Nexus 5X Build/MMB29P) AppleWebKit/537.36 (KHTML, like Gecko) Chrome/140.0.7339.127 Mobile Safari/537.36 (compatible; GoogleOther)"
216.244.66.231 - - [18/Sep/2025:00:35:23 -0300] "GET /adm/upload_noticias/22d897b6d9eca6bb5bf46c2c4693ec27.JPG HTTP/1.1" 200 127100 "-" "Mozilla/5.0 (compatible; DotBot/1.2; +https://opensiteexplorer.org/dotbot; help@moz.com)"
216.244.66.231 - - [18/Sep/2025:00:35:49 -0300] "GET /adm/upload_noticias/23e8d6e8ebb59a221fc94dd0f49780f0.jpg HTTP/1.1" 200 77977 "-" "Mozilla/5.0 (compatible; DotBot/1.2; +https://opensiteexplorer.org/dotbot; help@moz.com)"
216.244.66.231 - - [18/Sep/2025:00:36:10 -0300] "GET /adm/upload_noticias/29bf5407bb93bd7d592742339f6568e0.jpg HTTP/1.1" 200 90111 "-" "Mozilla/5.0 (compatible; DotBot/1.2; +https://opensiteexplorer.org/dotbot; help@moz.com)"
66.249.70.136 - - [18/Sep/2025:00:36:25 -0300] "GET /urge/retired246/j54yp-7316/ HTTP/1.1" 200 19736 "-" "Mozilla/5.0 (Linux; Android 6.0.1; Nexus 5X Build/MMB29P) AppleWebKit/537.36 (KHTML, like Gecko) Chrome/140.0.7339.127 Mobile Safari/537.36 (compatible; GoogleOther)"
216.244.66.231 - - [18/Sep/2025:00:36:31 -0300] "GET /adm/upload_noticias/29f840ac425b9232a3019f4d9c2d3690.jpg HTTP/1.1" 200 148792 "-" "Mozilla/5.0 (compatible; DotBot/1.2; +https://opensiteexplorer.org/dotbot; help@moz.com)"
69.197.149.50 - - [18/Sep/2025:00:35:07 -0300] "GET /wp-includes/br903965/index.php?id=336986 HTTP/1.1" 200 - "http://old.evidenciarevista.com.br/wp-includes/br903965/index.php?id=336986" "Mozilla/5.0 (Windows NT 10.0; Win64; x64) AppleWebKit/537.36 (KHTML, like Gecko) Chrome/58.0.3029.110 Safari/537.3"
66.249.70.136 - - [18/Sep/2025:00:36:52 -0300] "GET /manual/primarily44/fm244-17720/ HTTP/1.1" 200 32053 "-" "Mozilla/5.0 (Linux; Android 6.0.1; Nexus 5X Build/MMB29P) AppleWebKit/537.36 (KHTML, like Gecko) Chrome/140.0.7339.127 Mobile Safari/537.36 (compatible; GoogleOther)"
216.244.66.231 - - [18/Sep/2025:00:37:08 -0300] "GET /adm/upload_noticias/2c8fb29d7f10ac7e1db911f5715422cf.jpg HTTP/1.1" 200 147372 "-" "Mozilla/5.0 (compatible; DotBot/1.2; +https://opensiteexplorer.org/dotbot; help@moz.com)"
66.249.70.137 - - [18/Sep/2025:00:37:33 -0300] "GET /category/3287/1 HTTP/1.1" 200 28878 "-" "Mozilla/5.0 (Linux; Android 6.0.1; Nexus 5X Build/MMB29P) AppleWebKit/537.36 (KHTML, like Gecko) Chrome/140.0.7339.127 Mobile Safari/537.36 (compatible; GoogleOther)"
216.244.66.231 - - [18/Sep/2025:00:37:41 -0300] "GET /adm/upload_noticias/3383fca825d05ef87bd1ab0067ce9365.jpg HTTP/1.1" 200 63548 "-" "Mozilla/5.0 (compatible; DotBot/1.2; +https://opensiteexplorer.org/dotbot; help@moz.com)"
69.197.149.50 - - [18/Sep/2025:00:36:44 -0300] "GET /wp-includes/br903965/index.php?id=336986 HTTP/1.1" 200 - "http://old.evidenciarevista.com.br/wp-includes/br903965/index.php?id=336986" "Mozilla/5.0 (Windows NT 10.0; Win64; x64) AppleWebKit/537.36 (KHTML, like Gecko) Chrome/58.0.3029.110 Safari/537.3"
216.244.66.231 - - [18/Sep/2025:00:38:11 -0300] "GET /adm/upload_noticias/339429f627e1f7bb3261d02bc73a895f.jpg HTTP/1.1" 200 41879 "-" "Mozilla/5.0 (compatible; DotBot/1.2; +https://opensiteexplorer.org/dotbot; help@moz.com)"
216.244.66.231 - - [18/Sep/2025:00:38:39 -0300] "GET /adm/upload_noticias/35a14a188a5293302a43e645174e2b4b.jpg HTTP/1.1" 200 62738 "-" "Mozilla/5.0 (compatible; DotBot/1.2; +https://opensiteexplorer.org/dotbot; help@moz.com)"
66.249.70.136 - - [18/Sep/2025:00:38:42 -0300] "GET /curriculum/define1/9c5y3-14051/?ehpmlbueci569381 HTTP/1.1" 200 20589 "-" "Mozilla/5.0 (Linux; Android 6.0.1; Nexus 5X Build/MMB29P) AppleWebKit/537.36 (KHTML, like Gecko) Chrome/140.0.7339.127 Mobile Safari/537.36 (compatible; GoogleOther)"
216.244.66.231 - - [18/Sep/2025:00:39:07 -0300] "GET /adm/upload_noticias/377184bffedd28fd006d6afc7fab9a10.jpg HTTP/1.1" 200 71034 "-" "Mozilla/5.0 (compatible; DotBot/1.2; +https://opensiteexplorer.org/dotbot; help@moz.com)"
66.249.70.136 - - [18/Sep/2025:00:39:20 -0300] "GET /Japanese/constitutional44/13803-35126/ HTTP/1.1" 200 19625 "-" "Mozilla/5.0 (Linux; Android 6.0.1; Nexus 5X Build/MMB29P) AppleWebKit/537.36 (KHTML, like Gecko) Chrome/140.0.7339.127 Mobile Safari/537.36 (compatible; GoogleOther)"
216.244.66.231 - - [18/Sep/2025:00:39:33 -0300] "GET /adm/upload_noticias/389af2793ff6e224aff6dcc31ec433d0.jpg HTTP/1.1" 200 189068 "-" "Mozilla/5.0 (compatible; DotBot/1.2; +https://opensiteexplorer.org/dotbot; help@moz.com)"
69.197.149.50 - - [18/Sep/2025:00:38:16 -0300] "GET /wp-includes/br903965/index.php?id=336986 HTTP/1.1" 200 - "http://old.evidenciarevista.com.br/wp-includes/br903965/index.php?id=336986" "Mozilla/5.0 (Windows NT 10.0; Win64; x64) AppleWebKit/537.36 (KHTML, like Gecko) Chrome/58.0.3029.110 Safari/537.3"
66.249.70.136 - - [18/Sep/2025:00:39:51 -0300] "GET /uh/park254/30bm8-44680/ HTTP/1.1" 200 19458 "-" "Mozilla/5.0 (Linux; Android 6.0.1; Nexus 5X Build/MMB29P) AppleWebKit/537.36 (KHTML, like Gecko) Chrome/140.0.7339.127 Mobile Safari/537.36 (compatible; GoogleOther)"
216.244.66.231 - - [18/Sep/2025:00:40:00 -0300] "GET /adm/upload_noticias/3995f0d7dc19d7824e958ede4c50f8ac.jpg HTTP/1.1" 200 71470 "-" "Mozilla/5.0 (compatible; DotBot/1.2; +https://opensiteexplorer.org/dotbot; help@moz.com)"
66.249.70.138 - - [18/Sep/2025:00:40:20 -0300] "GET /items/121047406.html?srsltid=AfmBOowyqThDyAzIVYYHq5OpNOyaWVttwnSh6tW0xtl49KwB18to HTTP/1.1" 200 19853 "-" "Mozilla/5.0 (Linux; Android 6.0.1; Nexus 5X Build/MMB29P) AppleWebKit/537.36 (KHTML, like Gecko) Chrome/140.0.7339.127 Mobile Safari/537.36 (compatible; Googlebot/2.1; +http://www.google.com/bot.html)"
66.249.70.136 - - [18/Sep/2025:00:41:00 -0300] "GET /testing/premium1/40xph-11659/?ytulgqhrnp1733320 HTTP/1.1" 200 18660 "-" "Mozilla/5.0 (Linux; Android 6.0.1; Nexus 5X Build/MMB29P) AppleWebKit/537.36 (KHTML, like Gecko) Chrome/140.0.7339.127 Mobile Safari/537.36 (compatible; GoogleOther)"
69.197.149.50 - - [18/Sep/2025:00:39:49 -0300] "GET /wp-includes/br903965/index.php?id=336986 HTTP/1.1" 200 - "http://old.evidenciarevista.com.br/wp-includes/br903965/index.php?id=336986" "Mozilla/5.0 (Windows NT 10.0; Win64; x64) AppleWebKit/537.36 (KHTML, like Gecko) Chrome/58.0.3029.110 Safari/537.3"
66.249.70.136 - - [18/Sep/2025:00:41:48 -0300] "GET /purpose/vacuum68/o31ja-4840/ HTTP/1.1" 200 18430 "-" "Mozilla/5.0 (Linux; Android 6.0.1; Nexus 5X Build/MMB29P) AppleWebKit/537.36 (KHTML, like Gecko) Chrome/140.0.7339.127 Mobile Safari/537.36 (compatible; GoogleOther)"
66.249.70.137 - - [18/Sep/2025:00:42:09 -0300] "GET /engine/address237/6qu5i-43175/?aokxpatilz1148989 HTTP/1.1" 200 19544 "-" "Mozilla/5.0 (Linux; Android 6.0.1; Nexus 5X Build/MMB29P) AppleWebKit/537.36 (KHTML, like Gecko) Chrome/140.0.7339.127 Mobile Safari/537.36 (compatible; GoogleOther)"
216.244.66.231 - - [18/Sep/2025:00:42:18 -0300] "GET /robots.txt HTTP/1.1" 200 454 "-" "Mozilla/5.0 (compatible; DotBot/1.2; +https://opensiteexplorer.org/dotbot; help@moz.com)"
66.249.70.136 - - [18/Sep/2025:00:42:44 -0300] "GET /productivity/scary237/9ojd3-1821/?ugygtxhmed1544157 HTTP/1.1" 200 20779 "-" "Mozilla/5.0 (Linux; Android 6.0.1; Nexus 5X Build/MMB29P) AppleWebKit/537.36 (KHTML, like Gecko) Chrome/140.0.7339.127 Mobile Safari/537.36 (compatible; GoogleOther)"
69.197.149.50 - - [18/Sep/2025:00:41:21 -0300] "GET /wp-includes/br903965/index.php?id=336986 HTTP/1.1" 200 - "http://old.evidenciarevista.com.br/wp-includes/br903965/index.php?id=336986" "Mozilla/5.0 (Windows NT 10.0; Win64; x64) AppleWebKit/537.36 (KHTML, like Gecko) Chrome/58.0.3029.110 Safari/537.3"
66.249.70.136 - - [18/Sep/2025:00:43:17 -0300] "GET /items/160022673.html?srsltid=AfmBOoblytOyttXOeuuhGErwOyypWFUUFvQIE8Axo4KMgO3whGNI HTTP/1.1" 200 18868 "-" "Mozilla/5.0 (Linux; Android 6.0.1; Nexus 5X Build/MMB29P) AppleWebKit/537.36 (KHTML, like Gecko) Chrome/140.0.7339.127 Mobile Safari/537.36 (compatible; GoogleOther)"
66.249.70.137 - - [18/Sep/2025:00:44:26 -0300] "GET /administer/crush295/bcuil-19439/?ugygtxhmed1544157 HTTP/1.1" 200 34012 "-" "Mozilla/5.0 (Linux; Android 6.0.1; Nexus 5X Build/MMB29P) AppleWebKit/537.36 (KHTML, like Gecko) Chrome/140.0.7339.127 Mobile Safari/537.36 (compatible; GoogleOther)"
69.197.149.50 - - [18/Sep/2025:00:43:05 -0300] "GET /wp-includes/br903965/index.php?id=336986 HTTP/1.1" 200 - "http://old.evidenciarevista.com.br/wp-includes/br903965/index.php?id=336986" "Mozilla/5.0 (Windows NT 10.0; Win64; x64) AppleWebKit/537.36 (KHTML, like Gecko) Chrome/58.0.3029.110 Safari/537.3"
66.249.70.136 - - [18/Sep/2025:00:45:35 -0300] "GET /require/sometime94/jgu3v-30940/?ufvcoqxasn1065185 HTTP/1.1" 200 19478 "-" "Mozilla/5.0 (Linux; Android 6.0.1; Nexus 5X Build/MMB29P) AppleWebKit/537.36 (KHTML, like Gecko) Chrome/140.0.7339.127 Mobile Safari/537.36 (compatible; GoogleOther)"
204.12.208.18 - - [18/Sep/2025:00:45:37 -0300] "GET /wp-includes/br903965/index.php HTTP/1.1" 200 26 "http://old.evidenciarevista.com.br/wp-includes/br903965/index.php" "Mozilla/5.0 (Macintosh; Intel Mac OS X 10_6_8) AppleWebKit/534.24 (KHTML, like Gecko) Chrome/11.0.696.71 Safari/534.24"
69.197.149.50 - - [18/Sep/2025:00:44:36 -0300] "GET /wp-includes/br903965/index.php?id=336986 HTTP/1.1" 200 - "http://old.evidenciarevista.com.br/wp-includes/br903965/index.php?id=336986" "Mozilla/5.0 (Windows NT 10.0; Win64; x64) AppleWebKit/537.36 (KHTML, like Gecko) Chrome/58.0.3029.110 Safari/537.3"
66.249.70.137 - - [18/Sep/2025:00:46:44 -0300] "GET /row/beginning132/4k0ew-26454/?ujepcgosgz268598 HTTP/1.1" 200 32177 "-" "Mozilla/5.0 (Linux; Android 6.0.1; Nexus 5X Build/MMB29P) AppleWebKit/537.36 (KHTML, like Gecko) Chrome/140.0.7339.127 Mobile Safari/537.36 (compatible; GoogleOther)"
