66.249.70.136 - - [18/Sep/2025:01:46:57 -0300] "GET /art/Latin1/tlliq-1815/?wfqstjeqlk904612 HTTP/1.1" 200 29690 "-" "Mozilla/5.0 (Linux; Android 6.0.1; Nexus 5X Build/MMB29P) AppleWebKit/537.36 (KHTML, like Gecko) Chrome/140.0.7339.127 Mobile Safari/537.36 (compatible; GoogleOther)"
204.12.208.18 - - [18/Sep/2025:01:45:51 -0300] "GET /wp-includes/br903965/index.php HTTP/1.1" 200 - "http://old.evidenciarevista.com.br/wp-includes/br903965/index.php" "Mozilla/4.0 (compatible; MSIE 7.0; Windows NT 5.1; .NET CLR 1.1.4322; .NET CLR 2.0.50727)"
66.249.70.136 - - [18/Sep/2025:01:47:59 -0300] "GET /afraid/support88/6fnn6-22556/ HTTP/1.1" 200 20098 "-" "Mozilla/5.0 (Linux; Android 6.0.1; Nexus 5X Build/MMB29P) AppleWebKit/537.36 (KHTML, like Gecko) Chrome/140.0.7339.127 Mobile Safari/537.36 (compatible; GoogleOther)"
66.249.70.136 - - [18/Sep/2025:01:48:44 -0300] "GET /art/Latin1/tlliq-1815/?qmogdupekv1280992 HTTP/1.1" 200 30442 "-" "Mozilla/5.0 (Linux; Android 6.0.1; Nexus 5X Build/MMB29P) AppleWebKit/537.36 (KHTML, like Gecko) Chrome/140.0.7339.127 Mobile Safari/537.36 (compatible; GoogleOther)"
66.249.70.138 - - [18/Sep/2025:01:49:15 -0300] "GET /better/exit1/plnw7-31073/?aokxpatilz1148989 HTTP/1.1" 200 18484 "-" "Mozilla/5.0 (Linux; Android 6.0.1; Nexus 5X Build/MMB29P) AppleWebKit/537.36 (KHTML, like Gecko) Chrome/140.0.7339.127 Mobile Safari/537.36 (compatible; GoogleOther)"
69.197.149.50 - - [18/Sep/2025:01:47:56 -0300] "GET /wp-includes/br903965/index.php?id=336986 HTTP/1.1" 200 - "http://old.evidenciarevista.com.br/wp-includes/br903965/index.php?id=336986" "Mozilla/5.0 (Windows NT 10.0; Win64; x64) AppleWebKit/537.36 (KHTML, like Gecko) Chrome/58.0.3029.110 Safari/537.3"
66.249.70.136 - - [18/Sep/2025:01:49:56 -0300] "GET /construct/violate203/pdfef-1407/?kxnsztrhko217176 HTTP/1.1" 200 18404 "-" "Mozilla/5.0 (Linux; Android 6.0.1; Nexus 5X Build/MMB29P) AppleWebKit/537.36 (KHTML, like Gecko) Chrome/140.0.7339.127 Mobile Safari/537.36 (compatible; GoogleOther)"
66.249.70.137 - - [18/Sep/2025:01:50:05 -0300] "GET /meter/desire195/f1u5g-37/ HTTP/1.1" 200 18338 "-" "Mozilla/5.0 (Linux; Android 6.0.1; Nexus 5X Build/MMB29P) AppleWebKit/537.36 (KHTML, like Gecko) Chrome/140.0.7339.127 Mobile Safari/537.36 (compatible; GoogleOther)"
66.249.70.137 - - [18/Sep/2025:01:50:31 -0300] "GET /art/Latin1/tlliq-1815/?yjagolokuf778266 HTTP/1.1" 200 29080 "-" "Mozilla/5.0 (Linux; Android 6.0.1; Nexus 5X Build/MMB29P) AppleWebKit/537.36 (KHTML, like Gecko) Chrome/140.0.7339.127 Mobile Safari/537.36 (compatible; GoogleOther)"
66.249.70.136 - - [18/Sep/2025:01:50:38 -0300] "GET /league/scatter132/zv7p5-32826/ HTTP/1.1" 200 21102 "-" "Mozilla/5.0 (Linux; Android 6.0.1; Nexus 5X Build/MMB29P) AppleWebKit/537.36 (KHTML, like Gecko) Chrome/140.0.7339.127 Mobile Safari/537.36 (compatible; GoogleOther)"
69.197.149.50 - - [18/Sep/2025:01:49:40 -0300] "GET /wp-includes/br903965/index.php?id=336986 HTTP/1.1" 200 - "http://old.evidenciarevista.com.br/wp-includes/br903965/index.php?id=336986" "Mozilla/5.0 (Windows NT 10.0; Win64; x64) AppleWebKit/537.36 (KHTML, like Gecko) Chrome/58.0.3029.110 Safari/537.3"
66.249.70.137 - - [18/Sep/2025:01:52:18 -0300] "GET /art/Latin1/tlliq-1815/?ivnwkpagab1301787 HTTP/1.1" 200 32342 "-" "Mozilla/5.0 (Linux; Android 6.0.1; Nexus 5X Build/MMB29P) AppleWebKit/537.36 (KHTML, like Gecko) Chrome/140.0.7339.127 Mobile Safari/537.36 (compatible; GoogleOther)"
69.197.149.50 - - [18/Sep/2025:01:51:12 -0300] "GET /wp-includes/br903965/index.php?id=336986 HTTP/1.1" 200 - "http://old.evidenciarevista.com.br/wp-includes/br903965/index.php?id=336986" "Mozilla/5.0 (Windows NT 10.0; Win64; x64) AppleWebKit/537.36 (KHTML, like Gecko) Chrome/58.0.3029.110 Safari/537.3"
66.249.70.137 - - [18/Sep/2025:01:52:40 -0300] "GET /construct/violate203/pdfef-1407/?aokxpatilz1148989 HTTP/1.1" 200 17884 "-" "Mozilla/5.0 (Linux; Android 6.0.1; Nexus 5X Build/MMB29P) AppleWebKit/537.36 (KHTML, like Gecko) Chrome/140.0.7339.127 Mobile Safari/537.36 (compatible; GoogleOther)"
66.249.70.136 - - [18/Sep/2025:01:53:46 -0300] "GET /drunk/anyway34/x5n1m-36070/?sjeoabfdlv397700 HTTP/1.1" 200 32932 "-" "Mozilla/5.0 (Linux; Android 6.0.1; Nexus 5X Build/MMB29P) AppleWebKit/537.36 (KHTML, like Gecko) Chrome/140.0.7339.127 Mobile Safari/537.36 (compatible; GoogleOther)"
66.249.70.136 - - [18/Sep/2025:01:54:00 -0300] "GET /export/memory5/drtge-6721/ HTTP/1.1" 200 31645 "-" "Mozilla/5.0 (Linux; Android 6.0.1; Nexus 5X Build/MMB29P) AppleWebKit/537.36 (KHTML, like Gecko) Chrome/140.0.7339.127 Mobile Safari/537.36 (compatible; GoogleOther)"
69.197.149.50 - - [18/Sep/2025:01:52:41 -0300] "GET /wp-includes/br903965/index.php?id=336986 HTTP/1.1" 200 - "http://old.evidenciarevista.com.br/wp-includes/br903965/index.php?id=336986" "Mozilla/5.0 (Windows NT 10.0; Win64; x64) AppleWebKit/537.36 (KHTML, like Gecko) Chrome/58.0.3029.110 Safari/537.3"
66.249.70.136 - - [18/Sep/2025:01:54:08 -0300] "GET /art/Latin1/tlliq-1815/?mlqnkavjmu1222563 HTTP/1.1" 200 31711 "-" "Mozilla/5.0 (Linux; Android 6.0.1; Nexus 5X Build/MMB29P) AppleWebKit/537.36 (KHTML, like Gecko) Chrome/140.0.7339.127 Mobile Safari/537.36 (compatible; GoogleOther)"
66.249.70.136 - - [18/Sep/2025:01:54:16 -0300] "GET /programming/welfare277/80ww0-20747/?ayzofipmvd251117 HTTP/1.1" 200 20439 "-" "Mozilla/5.0 (Linux; Android 6.0.1; Nexus 5X Build/MMB29P) AppleWebKit/537.36 (KHTML, like Gecko) Chrome/140.0.7339.127 Mobile Safari/537.36 (compatible; GoogleOther)"
66.249.70.136 - - [18/Sep/2025:01:54:24 -0300] "GET /items/100034483.html?srsltid=AfmBOoeshsdmwmRAljDFtEmFWMzceomRTHnkAEKzLZt8eaaXQ2Uj HTTP/1.1" 200 18233 "-" "Mozilla/5.0 (Linux; Android 6.0.1; Nexus 5X Build/MMB29P) AppleWebKit/537.36 (KHTML, like Gecko) Chrome/140.0.7339.127 Mobile Safari/537.36 (compatible; GoogleOther)"
66.249.70.138 - - [18/Sep/2025:01:55:35 -0300] "GET /valuable/mad96/4ttbh-15050/ HTTP/1.1" 200 20715 "-" "Mozilla/5.0 (Linux; Android 6.0.1; Nexus 5X Build/MMB29P) AppleWebKit/537.36 (KHTML, like Gecko) Chrome/140.0.7339.127 Mobile Safari/537.36 (compatible; GoogleOther)"
66.249.70.137 - - [18/Sep/2025:01:55:52 -0300] "GET /pulse/class65/fo29j-1825/?mlqnkavjmu1222563 HTTP/1.1" 200 20070 "-" "Mozilla/5.0 (Linux; Android 6.0.1; Nexus 5X Build/MMB29P) AppleWebKit/537.36 (KHTML, like Gecko) Chrome/140.0.7339.127 Mobile Safari/537.36 (compatible; GoogleOther)"
69.197.149.50 - - [18/Sep/2025:01:54:41 -0300] "GET /wp-includes/br903965/index.php?id=336986 HTTP/1.1" 200 - "http://old.evidenciarevista.com.br/wp-includes/br903965/index.php?id=336986" "Mozilla/5.0 (Windows NT 10.0; Win64; x64) AppleWebKit/537.36 (KHTML, like Gecko) Chrome/58.0.3029.110 Safari/537.3"
66.249.70.138 - - [18/Sep/2025:01:56:51 -0300] "GET /items/090019719.html?srsltid=AfmBOobljxMNsUSPHAJy2P0kSwqcGkWQQhFGzdgRMuZHnF8xc3S1 HTTP/1.1" 200 19387 "-" "Mozilla/5.0 (Linux; Android 6.0.1; Nexus 5X Build/MMB29P) AppleWebKit/537.36 (KHTML, like Gecko) Chrome/140.0.7339.127 Mobile Safari/537.36 (compatible; GoogleOther)"
216.244.66.231 - - [18/Sep/2025:01:57:10 -0300] "GET /adm/upload_noticias/013cca71c44aeca5dd53921a21abc557.JPG HTTP/1.1" 200 76625 "-" "Mozilla/5.0 (compatible; DotBot/1.2; +https://opensiteexplorer.org/dotbot; help@moz.com)"
216.244.66.231 - - [18/Sep/2025:01:57:24 -0300] "GET /adm/upload_noticias/1adfe3818b1a378244c5541479568bb2.jpg HTTP/1.1" 200 87167 "-" "Mozilla/5.0 (compatible; DotBot/1.2; +https://opensiteexplorer.org/dotbot; help@moz.com)"
66.249.70.136 - - [18/Sep/2025:01:57:26 -0300] "GET /construct/violate203/pdfef-1407/?ivnwkpagab1301787 HTTP/1.1" 200 17936 "-" "Mozilla/5.0 (Linux; Android 6.0.1; Nexus 5X Build/MMB29P) AppleWebKit/537.36 (KHTML, like Gecko) Chrome/140.0.7339.127 Mobile Safari/537.36 (compatible; GoogleOther)"
216.244.66.231 - - [18/Sep/2025:01:57:36 -0300] "GET /adm/upload_noticias/1ef2e7f4d42f04cf8f216e80e0121733.jpg HTTP/1.1" 200 73754 "-" "Mozilla/5.0 (compatible; DotBot/1.2; +https://opensiteexplorer.org/dotbot; help@moz.com)"
66.249.70.137 - - [18/Sep/2025:01:57:39 -0300] "GET /trouble/shed237/9ojd3-1821/?yjagolokuf778266 HTTP/1.1" 200 20925 "-" "Mozilla/5.0 (Linux; Android 6.0.1; Nexus 5X Build/MMB29P) AppleWebKit/537.36 (KHTML, like Gecko) Chrome/140.0.7339.127 Mobile Safari/537.36 (compatible; GoogleOther)"
69.197.149.50 - - [18/Sep/2025:01:56:13 -0300] "GET /wp-includes/br903965/index.php?id=336986 HTTP/1.1" 200 - "http://old.evidenciarevista.com.br/wp-includes/br903965/index.php?id=336986" "Mozilla/5.0 (Windows NT 10.0; Win64; x64) AppleWebKit/537.36 (KHTML, like Gecko) Chrome/58.0.3029.110 Safari/537.3"
216.244.66.231 - - [18/Sep/2025:01:57:46 -0300] "GET /adm/upload_noticias/254aa2a593fa18d46e89953bd57e6f11.jpg HTTP/1.1" 200 158477 "-" "Mozilla/5.0 (compatible; DotBot/1.2; +https://opensiteexplorer.org/dotbot; help@moz.com)"
66.249.70.136 - - [18/Sep/2025:01:57:55 -0300] "GET /thigh/memory98/bqdvo-32798/ HTTP/1.1" 200 18391 "-" "Mozilla/5.0 (Linux; Android 6.0.1; Nexus 5X Build/MMB29P) AppleWebKit/537.36 (KHTML, like Gecko) Chrome/140.0.7339.127 Mobile Safari/537.36 (compatible; GoogleOther)"
66.249.70.138 - - [18/Sep/2025:01:58:08 -0300] "GET /better/exit1/plnw7-31073/?ayzofipmvd251117 HTTP/1.1" 200 19292 "-" "Mozilla/5.0 (Linux; Android 6.0.1; Nexus 5X Build/MMB29P) AppleWebKit/537.36 (KHTML, like Gecko) Chrome/140.0.7339.127 Mobile Safari/537.36 (compatible; GoogleOther)"
216.244.66.231 - - [18/Sep/2025:01:58:16 -0300] "GET /adm/upload_noticias/2c4a6723edfa0d6f2f7c48d0ad84a47f.jpg HTTP/1.1" 200 76823 "-" "Mozilla/5.0 (compatible; DotBot/1.2; +https://opensiteexplorer.org/dotbot; help@moz.com)"
216.244.66.231 - - [18/Sep/2025:01:58:41 -0300] "GET /adm/upload_noticias/329591dfccef9e44c6ed469969ee4c9e.jpg HTTP/1.1" 200 139008 "-" "Mozilla/5.0 (compatible; DotBot/1.2; +https://opensiteexplorer.org/dotbot; help@moz.com)"
216.244.66.231 - - [18/Sep/2025:01:59:05 -0300] "GET /adm/upload_noticias/34489cf0879af61800501d0f061cc8b2.jpg HTTP/1.1" 200 83091 "-" "Mozilla/5.0 (compatible; DotBot/1.2; +https://opensiteexplorer.org/dotbot; help@moz.com)"
69.197.149.50 - - [18/Sep/2025:01:57:43 -0300] "GET /wp-includes/br903965/index.php?id=336986 HTTP/1.1" 200 - "http://old.evidenciarevista.com.br/wp-includes/br903965/index.php?id=336986" "Mozilla/5.0 (Windows NT 10.0; Win64; x64) AppleWebKit/537.36 (KHTML, like Gecko) Chrome/58.0.3029.110 Safari/537.3"
66.249.70.138 - - [18/Sep/2025:01:59:24 -0300] "GET /better/exit1/plnw7-31073/?ufvcoqxasn1065185 HTTP/1.1" 200 18275 "-" "Mozilla/5.0 (Linux; Android 6.0.1; Nexus 5X Build/MMB29P) AppleWebKit/537.36 (KHTML, like Gecko) Chrome/140.0.7339.127 Mobile Safari/537.36 (compatible; GoogleOther)"
216.244.66.231 - - [18/Sep/2025:01:59:29 -0300] "GET /adm/upload_noticias/3b3fca031c5cec167b16e1807d12eab2.jpg HTTP/1.1" 200 69828 "-" "Mozilla/5.0 (compatible; DotBot/1.2; +https://opensiteexplorer.org/dotbot; help@moz.com)"
66.249.70.137 - - [18/Sep/2025:01:59:30 -0300] "GET /desert/shark237/9ojd3-1821/?ayzofipmvd251117 HTTP/1.1" 200 19128 "-" "Mozilla/5.0 (Linux; Android 6.0.1; Nexus 5X Build/MMB29P) AppleWebKit/537.36 (KHTML, like Gecko) Chrome/140.0.7339.127 Mobile Safari/537.36 (compatible; GoogleOther)"
66.249.70.136 - - [18/Sep/2025:01:59:35 -0300] "GET /sitemap25.xml HTTP/1.1" 200 100511 "-" "Mozilla/5.0 (compatible; Googlebot/2.1; +http://www.google.com/bot.html)"
216.244.66.231 - - [18/Sep/2025:01:59:50 -0300] "GET /adm/upload_noticias/52bac85eb1c75117a562bd44b793fd11.jpg HTTP/1.1" 200 102134 "-" "Mozilla/5.0 (compatible; DotBot/1.2; +https://opensiteexplorer.org/dotbot; help@moz.com)"
204.12.208.18 - - [18/Sep/2025:02:00:19 -0300] "GET /wp-includes/br903965/index.php HTTP/1.1" 200 26 "http://old.evidenciarevista.com.br/wp-includes/br903965/index.php" "Mozilla/5.0 (compatible; MSIE 10.0; Windows NT 6.2; ARM; Trident/6.0)"
216.244.66.231 - - [18/Sep/2025:02:00:35 -0300] "GET /adm/upload_noticias/5e7d373d017126498f5f46b850b78545.jpg HTTP/1.1" 200 71802 "-" "Mozilla/5.0 (compatible; DotBot/1.2; +https://opensiteexplorer.org/dotbot; help@moz.com)"
69.197.149.50 - - [18/Sep/2025:01:59:14 -0300] "GET /wp-includes/br903965/index.php?id=336986 HTTP/1.1" 200 - "http://old.evidenciarevista.com.br/wp-includes/br903965/index.php?id=336986" "Mozilla/5.0 (Windows NT 10.0; Win64; x64) AppleWebKit/537.36 (KHTML, like Gecko) Chrome/58.0.3029.110 Safari/537.3"
66.249.70.138 - - [18/Sep/2025:02:00:40 -0300] "GET /stimulate/immediate88/f68cn-31714/?mlqnkavjmu1222563 HTTP/1.1" 200 19890 "-" "Mozilla/5.0 (Linux; Android 6.0.1; Nexus 5X Build/MMB29P) AppleWebKit/537.36 (KHTML, like Gecko) Chrome/140.0.7339.127 Mobile Safari/537.36 (compatible; GoogleOther)"
216.244.66.231 - - [18/Sep/2025:02:01:08 -0300] "GET /adm/upload_noticias/68fa7a817c5295ad4adf7cfb0962693b.JPG HTTP/1.1" 200 58050 "-" "Mozilla/5.0 (compatible; DotBot/1.2; +https://opensiteexplorer.org/dotbot; help@moz.com)"
66.249.70.137 - - [18/Sep/2025:02:01:13 -0300] "GET /desert/shark237/9ojd3-1821/?kxnsztrhko217176 HTTP/1.1" 200 20352 "-" "Mozilla/5.0 (Linux; Android 6.0.1; Nexus 5X Build/MMB29P) AppleWebKit/537.36 (KHTML, like Gecko) Chrome/140.0.7339.127 Mobile Safari/537.36 (compatible; GoogleOther)"
66.249.70.137 - - [18/Sep/2025:02:01:23 -0300] "GET /balance/coming28/bz1de-29442/ HTTP/1.1" 200 20730 "-" "Mozilla/5.0 (Linux; Android 6.0.1; Nexus 5X Build/MMB29P) AppleWebKit/537.36 (KHTML, like Gecko) Chrome/140.0.7339.127 Mobile Safari/537.36 (compatible; GoogleOther)"
66.249.70.136 - - [18/Sep/2025:02:01:50 -0300] "GET /helpful/seven238/u7rz8-24352/ HTTP/1.1" 200 18393 "-" "Mozilla/5.0 (Linux; Android 6.0.1; Nexus 5X Build/MMB29P) AppleWebKit/537.36 (KHTML, like Gecko) Chrome/140.0.7339.127 Mobile Safari/537.36 (compatible; GoogleOther)"
216.244.66.231 - - [18/Sep/2025:02:01:51 -0300] "GET /adm/upload_noticias/02345d2a6d60cdf06759b7a29db91e88.jpg HTTP/1.1" 200 95861 "-" "Mozilla/5.0 (compatible; DotBot/1.2; +https://opensiteexplorer.org/dotbot; help@moz.com)"
66.249.70.137 - - [18/Sep/2025:02:02:00 -0300] "GET /chaos/gender258/2761a-28692/ HTTP/1.1" 200 19515 "-" "Mozilla/5.0 (Linux; Android 6.0.1; Nexus 5X Build/MMB29P) AppleWebKit/537.36 (KHTML, like Gecko) Chrome/140.0.7339.127 Mobile Safari/537.36 (compatible; GoogleOther)"
216.244.66.231 - - [18/Sep/2025:02:02:20 -0300] "GET /adm/upload_noticias/081e8ee38b8e077bb024a5196997da02.jpg HTTP/1.1" 200 37273 "-" "Mozilla/5.0 (compatible; DotBot/1.2; +https://opensiteexplorer.org/dotbot; help@moz.com)"
69.197.149.50 - - [18/Sep/2025:02:00:58 -0300] "GET /wp-includes/br903965/index.php?id=336986 HTTP/1.1" 200 - "http://old.evidenciarevista.com.br/wp-includes/br903965/index.php?id=336986" "Mozilla/5.0 (Windows NT 10.0; Win64; x64) AppleWebKit/537.36 (KHTML, like Gecko) Chrome/58.0.3029.110 Safari/537.3"
66.249.70.137 - - [18/Sep/2025:02:02:27 -0300] "GET /programming/welfare277/80ww0-20747/?ytulgqhrnp1733320 HTTP/1.1" 200 19707 "-" "Mozilla/5.0 (Linux; Android 6.0.1; Nexus 5X Build/MMB29P) AppleWebKit/537.36 (KHTML, like Gecko) Chrome/140.0.7339.127 Mobile Safari/537.36 (compatible; GoogleOther)"
216.244.66.231 - - [18/Sep/2025:02:02:47 -0300] "GET /adm/upload_noticias/0ccc08e00aa2a140b4f602cd6e7866e5.jpg HTTP/1.1" 200 50001 "-" "Mozilla/5.0 (compatible; DotBot/1.2; +https://opensiteexplorer.org/dotbot; help@moz.com)"
66.249.70.136 - - [18/Sep/2025:02:03:12 -0300] "GET /jewelry/fairly181/nj4dp-13823/ HTTP/1.1" 200 18047 "-" "Mozilla/5.0 (Linux; Android 6.0.1; Nexus 5X Build/MMB29P) AppleWebKit/537.36 (KHTML, like Gecko) Chrome/140.0.7339.127 Mobile Safari/537.36 (compatible; GoogleOther)"
216.244.66.231 - - [18/Sep/2025:02:03:13 -0300] "GET /adm/upload_noticias/0fc640b33af48c8fc951446437840604.jpg HTTP/1.1" 200 96258 "-" "Mozilla/5.0 (compatible; DotBot/1.2; +https://opensiteexplorer.org/dotbot; help@moz.com)"
216.244.66.231 - - [18/Sep/2025:02:03:41 -0300] "GET /adm/upload_noticias/10a5179ba46b00a04f7f2ad546012fc0.jpg HTTP/1.1" 200 180268 "-" "Mozilla/5.0 (compatible; DotBot/1.2; +https://opensiteexplorer.org/dotbot; help@moz.com)"
69.197.149.50 - - [18/Sep/2025:02:02:30 -0300] "GET /wp-includes/br903965/index.php?id=336986 HTTP/1.1" 200 - "http://old.evidenciarevista.com.br/wp-includes/br903965/index.php?id=336986" "Mozilla/5.0 (Windows NT 10.0; Win64; x64) AppleWebKit/537.36 (KHTML, like Gecko) Chrome/58.0.3029.110 Safari/537.3"
216.244.66.231 - - [18/Sep/2025:02:04:23 -0300] "GET /adm/upload_noticias/1121f4f16f5aafdff48e618e70769c35.jpg HTTP/1.1" 200 78884 "-" "Mozilla/5.0 (compatible; DotBot/1.2; +https://opensiteexplorer.org/dotbot; help@moz.com)"
66.249.70.136 - - [18/Sep/2025:02:04:28 -0300] "GET /case/outsider121/oou00-14609/ HTTP/1.1" 200 20450 "-" "Mozilla/5.0 (Linux; Android 6.0.1; Nexus 5X Build/MMB29P) AppleWebKit/537.36 (KHTML, like Gecko) Chrome/140.0.7339.127 Mobile Safari/537.36 (compatible; GoogleOther)"
66.249.70.137 - - [18/Sep/2025:02:04:46 -0300] "GET /trouble/shed237/9ojd3-1821/?kxnsztrhko217176 HTTP/1.1" 200 19402 "-" "Mozilla/5.0 (Linux; Android 6.0.1; Nexus 5X Build/MMB29P) AppleWebKit/537.36 (KHTML, like Gecko) Chrome/140.0.7339.127 Mobile Safari/537.36 (compatible; GoogleOther)"
216.244.66.231 - - [18/Sep/2025:02:04:54 -0300] "GET /adm/upload_noticias/129b76f720cb2999e0c110611b8d99ed.jpg HTTP/1.1" 200 85021 "-" "Mozilla/5.0 (compatible; DotBot/1.2; +https://opensiteexplorer.org/dotbot; help@moz.com)"
66.249.70.136 - - [18/Sep/2025:02:04:56 -0300] "GET /construct/violate203/pdfef-1407/?yjagolokuf778266 HTTP/1.1" 200 18986 "-" "Mozilla/5.0 (Linux; Android 6.0.1; Nexus 5X Build/MMB29P) AppleWebKit/537.36 (KHTML, like Gecko) Chrome/140.0.7339.127 Mobile Safari/537.36 (compatible; GoogleOther)"
69.197.149.50 - - [18/Sep/2025:02:03:58 -0300] "GET /wp-includes/br903965/index.php?id=336986 HTTP/1.1" 200 - "http://old.evidenciarevista.com.br/wp-includes/br903965/index.php?id=336986" "Mozilla/5.0 (Windows NT 10.0; Win64; x64) AppleWebKit/537.36 (KHTML, like Gecko) Chrome/58.0.3029.110 Safari/537.3"
216.244.66.231 - - [18/Sep/2025:02:05:26 -0300] "GET /adm/upload_noticias/14e6ce7d530bd1af173c75008bceafc8.jpg HTTP/1.1" 200 75501 "-" "Mozilla/5.0 (compatible; DotBot/1.2; +https://opensiteexplorer.org/dotbot; help@moz.com)"
66.249.70.138 - - [18/Sep/2025:02:05:44 -0300] "GET /changing/liquid142/dz21o-10686/ HTTP/1.1" 200 18325 "-" "Mozilla/5.0 (Linux; Android 6.0.1; Nexus 5X Build/MMB29P) AppleWebKit/537.36 (KHTML, like Gecko) Chrome/140.0.7339.127 Mobile Safari/537.36 (compatible; GoogleOther)"
216.244.66.231 - - [18/Sep/2025:02:05:54 -0300] "GET /adm/upload_noticias/175b7e08f0b608ac5bbd599b60c8be4e.jpg HTTP/1.1" 200 94786 "-" "Mozilla/5.0 (compatible; DotBot/1.2; +https://opensiteexplorer.org/dotbot; help@moz.com)"
216.244.66.231 - - [18/Sep/2025:02:06:23 -0300] "GET /adm/upload_noticias/1_maio_nestle_297_noticia_add.jpg HTTP/1.1" 200 77143 "-" "Mozilla/5.0 (compatible; DotBot/1.2; +https://opensiteexplorer.org/dotbot; help@moz.com)"
66.249.70.136 - - [18/Sep/2025:02:06:33 -0300] "GET /draw/translate221/xk8cx-45973/?ugygtxhmed1544157 HTTP/1.1" 200 16664 "-" "Mozilla/5.0 (Linux; Android 6.0.1; Nexus 5X Build/MMB29P) AppleWebKit/537.36 (KHTML, like Gecko) Chrome/140.0.7339.127 Mobile Safari/537.36 (compatible; GoogleOther)"
216.244.66.231 - - [18/Sep/2025:02:06:49 -0300] "GET /adm/upload_noticias/1_maio_nestle_314_noticia_add.jpg HTTP/1.1" 200 108530 "-" "Mozilla/5.0 (compatible; DotBot/1.2; +https://opensiteexplorer.org/dotbot; help@moz.com)"
69.197.149.50 - - [18/Sep/2025:02:05:28 -0300] "GET /wp-includes/br903965/index.php?id=336986 HTTP/1.1" 200 - "http://old.evidenciarevista.com.br/wp-includes/br903965/index.php?id=336986" "Mozilla/5.0 (Windows NT 10.0; Win64; x64) AppleWebKit/537.36 (KHTML, like Gecko) Chrome/58.0.3029.110 Safari/537.3"
66.249.70.137 - - [18/Sep/2025:02:07:00 -0300] "GET /corn/slide120/pksex-34556/ HTTP/1.1" 200 18971 "-" "Mozilla/5.0 (Linux; Android 6.0.1; Nexus 5X Build/MMB29P) AppleWebKit/537.36 (KHTML, like Gecko) Chrome/140.0.7339.127 Mobile Safari/537.36 (compatible; GoogleOther)"
216.244.66.231 - - [18/Sep/2025:02:07:15 -0300] "GET /adm/upload_noticias/1_maio_nestle_327_noticia_add.jpg HTTP/1.1" 200 80342 "-" "Mozilla/5.0 (compatible; DotBot/1.2; +https://opensiteexplorer.org/dotbot; help@moz.com)"
216.244.66.231 - - [18/Sep/2025:02:07:40 -0300] "GET /adm/upload_noticias/1bd800b4d62ddb56c2572ea1e7609336.jpg HTTP/1.1" 200 70542 "-" "Mozilla/5.0 (compatible; DotBot/1.2; +https://opensiteexplorer.org/dotbot; help@moz.com)"
216.244.66.231 - - [18/Sep/2025:02:08:03 -0300] "GET /adm/upload_noticias/1c3b967a5f27b7ed9e99a9d2bcf1cec2.jpg HTTP/1.1" 200 134663 "-" "Mozilla/5.0 (compatible; DotBot/1.2; +https://opensiteexplorer.org/dotbot; help@moz.com)"
66.249.70.136 - - [18/Sep/2025:02:08:16 -0300] "GET /glass/cultural161/ksg4k-39795/ HTTP/1.1" 200 20227 "-" "Mozilla/5.0 (Linux; Android 6.0.1; Nexus 5X Build/MMB29P) AppleWebKit/537.36 (KHTML, like Gecko) Chrome/140.0.7339.127 Mobile Safari/537.36 (compatible; GoogleOther)"
216.244.66.231 - - [18/Sep/2025:02:08:26 -0300] "GET /adm/upload_noticias/26e88b8cb49ba71ea5244337871760e8.jpg HTTP/1.1" 200 97083 "-" "Mozilla/5.0 (compatible; DotBot/1.2; +https://opensiteexplorer.org/dotbot; help@moz.com)"
69.197.149.50 - - [18/Sep/2025:02:07:00 -0300] "GET /wp-includes/br903965/index.php?id=336986 HTTP/1.1" 200 - "http://old.evidenciarevista.com.br/wp-includes/br903965/index.php?id=336986" "Mozilla/5.0 (Windows NT 10.0; Win64; x64) AppleWebKit/537.36 (KHTML, like Gecko) Chrome/58.0.3029.110 Safari/537.3"
216.244.66.231 - - [18/Sep/2025:02:08:47 -0300] "GET /adm/upload_noticias/273ccd218bbe7c11af21167af67c8d53.jpg HTTP/1.1" 200 79694 "-" "Mozilla/5.0 (compatible; DotBot/1.2; +https://opensiteexplorer.org/dotbot; help@moz.com)"
66.249.70.136 - - [18/Sep/2025:02:08:52 -0300] "GET /draw/translate221/xk8cx-45973/?ufvcoqxasn1065185 HTTP/1.1" 200 17219 "-" "Mozilla/5.0 (Linux; Android 6.0.1; Nexus 5X Build/MMB29P) AppleWebKit/537.36 (KHTML, like Gecko) Chrome/140.0.7339.127 Mobile Safari/537.36 (compatible; GoogleOther)"
66.249.70.138 - - [18/Sep/2025:02:09:01 -0300] "GET /construct/violate203/pdfef-1407/?ugygtxhmed1544157 HTTP/1.1" 200 17331 "-" "Mozilla/5.0 (Linux; Android 6.0.1; Nexus 5X Build/MMB29P) AppleWebKit/537.36 (KHTML, like Gecko) Chrome/140.0.7339.127 Mobile Safari/537.36 (compatible; GoogleOther)"
66.249.70.136 - - [18/Sep/2025:02:09:32 -0300] "GET /concede/island197/a2318-33861/ HTTP/1.1" 200 18759 "-" "Mozilla/5.0 (Linux; Android 6.0.1; Nexus 5X Build/MMB29P) AppleWebKit/537.36 (KHTML, like Gecko) Chrome/140.0.7339.127 Mobile Safari/537.36 (compatible; GoogleOther)"
66.249.70.136 - - [18/Sep/2025:02:09:40 -0300] "GET /?yjagolokuf778266 HTTP/1.1" 200 33347 "-" "Mozilla/5.0 (Linux; Android 6.0.1; Nexus 5X Build/MMB29P) AppleWebKit/537.36 (KHTML, like Gecko) Chrome/140.0.7339.127 Mobile Safari/537.36 (compatible; GoogleOther)"
101.99.88.90 - - [18/Sep/2025:02:09:52 -0300] "GET / HTTP/1.1" 200 87506 "-" "Mozilla/5.0 (compatible; Googlebot/2.1; +http://www.google.com/bot.html)"
69.197.149.50 - - [18/Sep/2025:02:08:30 -0300] "GET /wp-includes/br903965/index.php?id=336986 HTTP/1.1" 200 - "http://old.evidenciarevista.com.br/wp-includes/br903965/index.php?id=336986" "Mozilla/5.0 (Windows NT 10.0; Win64; x64) AppleWebKit/537.36 (KHTML, like Gecko) Chrome/58.0.3029.110 Safari/537.3"
66.249.70.137 - - [18/Sep/2025:02:10:07 -0300] "GET /desert/shark237/9ojd3-1821/?mijypvekxq463574 HTTP/1.1" 200 19671 "-" "Mozilla/5.0 (Linux; Android 6.0.1; Nexus 5X Build/MMB29P) AppleWebKit/537.36 (KHTML, like Gecko) Chrome/140.0.7339.127 Mobile Safari/537.36 (compatible; GoogleOther)"
66.249.70.136 - - [18/Sep/2025:02:10:38 -0300] "GET /programming/injure202/5uqhw-2620/?sjeoabfdlv397700 HTTP/1.1" 200 18512 "-" "Mozilla/5.0 (Linux; Android 6.0.1; Nexus 5X Build/MMB29P) AppleWebKit/537.36 (KHTML, like Gecko) Chrome/140.0.7339.127 Mobile Safari/537.36 (compatible; GoogleOther)"
66.249.70.136 - - [18/Sep/2025:02:10:48 -0300] "GET /fit/shooting172/whjwq-42950/ HTTP/1.1" 200 31794 "-" "Mozilla/5.0 (Linux; Android 6.0.1; Nexus 5X Build/MMB29P) AppleWebKit/537.36 (KHTML, like Gecko) Chrome/140.0.7339.127 Mobile Safari/537.36 (compatible; GoogleOther)"
216.244.66.231 - - [18/Sep/2025:02:10:59 -0300] "GET /robots.txt HTTP/1.1" 200 454 "-" "Mozilla/5.0 (compatible; DotBot/1.2; +https://opensiteexplorer.org/dotbot; help@moz.com)"
69.197.149.50 - - [18/Sep/2025:02:09:59 -0300] "GET /wp-includes/br903965/index.php?id=336986 HTTP/1.1" 200 - "http://old.evidenciarevista.com.br/wp-includes/br903965/index.php?id=336986" "Mozilla/5.0 (Windows NT 10.0; Win64; x64) AppleWebKit/537.36 (KHTML, like Gecko) Chrome/58.0.3029.110 Safari/537.3"
66.249.70.138 - - [18/Sep/2025:02:11:54 -0300] "GET /desert/shark237/9ojd3-1821/?ehpmlbueci569381 HTTP/1.1" 200 19742 "-" "Mozilla/5.0 (Linux; Android 6.0.1; Nexus 5X Build/MMB29P) AppleWebKit/537.36 (KHTML, like Gecko) Chrome/140.0.7339.127 Mobile Safari/537.36 (compatible; GoogleOther)"
66.249.70.137 - - [18/Sep/2025:02:12:04 -0300] "GET /fiber/usually277/wgo19-22871/ HTTP/1.1" 200 34083 "-" "Mozilla/5.0 (Linux; Android 6.0.1; Nexus 5X Build/MMB29P) AppleWebKit/537.36 (KHTML, like Gecko) Chrome/140.0.7339.127 Mobile Safari/537.36 (compatible; GoogleOther)"
66.249.70.138 - - [18/Sep/2025:02:13:20 -0300] "GET /remarkable/marriage97/0k77w-13161/ HTTP/1.1" 200 18867 "-" "Mozilla/5.0 (Linux; Android 6.0.1; Nexus 5X Build/MMB29P) AppleWebKit/537.36 (KHTML, like Gecko) Chrome/140.0.7339.127 Mobile Safari/537.36 (compatible; GoogleOther)"
69.197.149.50 - - [18/Sep/2025:02:12:00 -0300] "GET /wp-includes/br903965/index.php?id=336986 HTTP/1.1" 200 - "http://old.evidenciarevista.com.br/wp-includes/br903965/index.php?id=336986" "Mozilla/5.0 (Windows NT 10.0; Win64; x64) AppleWebKit/537.36 (KHTML, like Gecko) Chrome/58.0.3029.110 Safari/537.3"
66.249.70.137 - - [18/Sep/2025:02:13:34 -0300] "GET /familiar/middle91/hbq3q-16377/ HTTP/1.1" 200 20169 "-" "Mozilla/5.0 (Linux; Android 6.0.1; Nexus 5X Build/MMB29P) AppleWebKit/537.36 (KHTML, like Gecko) Chrome/140.0.7339.127 Mobile Safari/537.36 (compatible; GoogleOther)"
66.249.70.136 - - [18/Sep/2025:02:13:45 -0300] "GET /suburb/former237/9ojd3-1821/?ahswcycblf1271580 HTTP/1.1" 200 19281 "-" "Mozilla/5.0 (Linux; Android 6.0.1; Nexus 5X Build/MMB29P) AppleWebKit/537.36 (KHTML, like Gecko) Chrome/140.0.7339.127 Mobile Safari/537.36 (compatible; GoogleOther)"
66.249.70.137 - - [18/Sep/2025:02:14:36 -0300] "GET /eliminate/developmental20/s644c-572/ HTTP/1.1" 200 19766 "-" "Mozilla/5.0 (Linux; Android 6.0.1; Nexus 5X Build/MMB29P) AppleWebKit/537.36 (KHTML, like Gecko) Chrome/140.0.7339.127 Mobile Safari/537.36 (compatible; GoogleOther)"
69.197.149.50 - - [18/Sep/2025:02:13:38 -0300] "GET /wp-includes/br903965/index.php?id=336986 HTTP/1.1" 200 - "http://old.evidenciarevista.com.br/wp-includes/br903965/index.php?id=336986" "Mozilla/5.0 (Windows NT 10.0; Win64; x64) AppleWebKit/537.36 (KHTML, like Gecko) Chrome/58.0.3029.110 Safari/537.3"
66.249.70.137 - - [18/Sep/2025:02:15:28 -0300] "GET /trouble/shed237/9ojd3-1821/?ahswcycblf1271580 HTTP/1.1" 200 18521 "-" "Mozilla/5.0 (Linux; Android 6.0.1; Nexus 5X Build/MMB29P) AppleWebKit/537.36 (KHTML, like Gecko) Chrome/140.0.7339.127 Mobile Safari/537.36 (compatible; GoogleOther)"
66.249.70.137 - - [18/Sep/2025:02:15:52 -0300] "GET /hell/challenge3/fit9o-20759/ HTTP/1.1" 200 33969 "-" "Mozilla/5.0 (Linux; Android 6.0.1; Nexus 5X Build/MMB29P) AppleWebKit/537.36 (KHTML, like Gecko) Chrome/140.0.7339.127 Mobile Safari/537.36 (compatible; GoogleOther)"
69.197.149.50 - - [18/Sep/2025:02:15:08 -0300] "GET /wp-includes/br903965/index.php?id=336986 HTTP/1.1" 200 - "http://old.evidenciarevista.com.br/wp-includes/br903965/index.php?id=336986" "Mozilla/5.0 (Windows NT 10.0; Win64; x64) AppleWebKit/537.36 (KHTML, like Gecko) Chrome/58.0.3029.110 Safari/537.3"
204.12.208.18 - - [18/Sep/2025:02:16:45 -0300] "GET /wp-includes/br903965/index.php HTTP/1.1" 200 26 "http://old.evidenciarevista.com.br/wp-includes/br903965/index.php" "Mozilla/4.0 (compatible; MSIE 7.0; Windows NT 5.1)"
66.249.70.138 - - [18/Sep/2025:02:17:08 -0300] "GET /constitute/stimulus2/oxk1i-22044/ HTTP/1.1" 200 19136 "-" "Mozilla/5.0 (Linux; Android 6.0.1; Nexus 5X Build/MMB29P) AppleWebKit/537.36 (KHTML, like Gecko) Chrome/140.0.7339.127 Mobile Safari/537.36 (compatible; GoogleOther)"
66.249.70.136 - - [18/Sep/2025:02:17:29 -0300] "GET /term/enact281/z1fqw-49081/ HTTP/1.1" 200 18989 "-" "Mozilla/5.0 (Linux; Android 6.0.1; Nexus 5X Build/MMB29P) AppleWebKit/537.36 (KHTML, like Gecko) Chrome/140.0.7339.127 Mobile Safari/537.36 (compatible; GoogleOther)"
69.197.149.50 - - [18/Sep/2025:02:16:39 -0300] "GET /wp-includes/br903965/index.php?id=336986 HTTP/1.1" 200 - "http://old.evidenciarevista.com.br/wp-includes/br903965/index.php?id=336986" "Mozilla/5.0 (Windows NT 10.0; Win64; x64) AppleWebKit/537.36 (KHTML, like Gecko) Chrome/58.0.3029.110 Safari/537.3"
66.249.70.138 - - [18/Sep/2025:02:18:24 -0300] "GET /extensive/invasion173/jycsz-9005/ HTTP/1.1" 200 16762 "-" "Mozilla/5.0 (Linux; Android 6.0.1; Nexus 5X Build/MMB29P) AppleWebKit/537.36 (KHTML, like Gecko) Chrome/140.0.7339.127 Mobile Safari/537.36 (compatible; GoogleOther)"
66.249.70.137 - - [18/Sep/2025:02:18:49 -0300] "GET /programming/welfare277/80ww0-20747/?qpvsunmiuj1264299 HTTP/1.1" 200 20576 "-" "Mozilla/5.0 (Linux; Android 6.0.1; Nexus 5X Build/MMB29P) AppleWebKit/537.36 (KHTML, like Gecko) Chrome/140.0.7339.127 Mobile Safari/537.36 (compatible; GoogleOther)"
66.249.70.136 - - [18/Sep/2025:02:19:25 -0300] "GET /sitemap11.xml HTTP/1.1" 200 101227 "-" "Mozilla/5.0 (compatible; Googlebot/2.1; +http://www.google.com/bot.html)"
69.197.149.50 - - [18/Sep/2025:02:18:07 -0300] "GET /wp-includes/br903965/index.php?id=336986 HTTP/1.1" 200 - "http://old.evidenciarevista.com.br/wp-includes/br903965/index.php?id=336986" "Mozilla/5.0 (Windows NT 10.0; Win64; x64) AppleWebKit/537.36 (KHTML, like Gecko) Chrome/58.0.3029.110 Safari/537.3"
66.249.70.136 - - [18/Sep/2025:02:19:40 -0300] "GET /poem/agricultural268/i4yji-27954/ HTTP/1.1" 200 19289 "-" "Mozilla/5.0 (Linux; Android 6.0.1; Nexus 5X Build/MMB29P) AppleWebKit/537.36 (KHTML, like Gecko) Chrome/140.0.7339.127 Mobile Safari/537.36 (compatible; GoogleOther)"
66.249.70.136 - - [18/Sep/2025:02:19:56 -0300] "GET /construct/violate203/pdfef-1407/?qaovfgkocy1008880 HTTP/1.1" 200 18382 "-" "Mozilla/5.0 (Linux; Android 6.0.1; Nexus 5X Build/MMB29P) AppleWebKit/537.36 (KHTML, like Gecko) Chrome/140.0.7339.127 Mobile Safari/537.36 (compatible; GoogleOther)"
66.249.70.138 - - [18/Sep/2025:02:20:49 -0300] "GET /draw/translate221/xk8cx-45973/?cmagnijdlv940886 HTTP/1.1" 200 16895 "-" "Mozilla/5.0 (Linux; Android 6.0.1; Nexus 5X Build/MMB29P) AppleWebKit/537.36 (KHTML, like Gecko) Chrome/140.0.7339.127 Mobile Safari/537.36 (compatible; GoogleOther)"
204.12.208.18 - - [18/Sep/2025:02:20:56 -0300] "GET /wp-includes/br903965/index.php HTTP/1.1" 200 26 "http://old.evidenciarevista.com.br/wp-includes/br903965/index.php" "Opera/9.80 (Windows NT 6.1; U; ja) Presto/2.10.229 Version/11.60"
66.249.70.136 - - [18/Sep/2025:02:20:57 -0300] "GET /coach/pickup76/3oykb-42806/ HTTP/1.1" 200 19323 "-" "Mozilla/5.0 (Linux; Android 6.0.1; Nexus 5X Build/MMB29P) AppleWebKit/537.36 (KHTML, like Gecko) Chrome/140.0.7339.127 Mobile Safari/537.36 (compatible; GoogleOther)"
69.197.149.50 - - [18/Sep/2025:02:19:38 -0300] "GET /wp-includes/br903965/index.php?id=336986 HTTP/1.1" 200 - "http://old.evidenciarevista.com.br/wp-includes/br903965/index.php?id=336986" "Mozilla/5.0 (Windows NT 10.0; Win64; x64) AppleWebKit/537.36 (KHTML, like Gecko) Chrome/58.0.3029.110 Safari/537.3"
66.249.70.136 - - [18/Sep/2025:02:21:24 -0300] "GET /closed/end117/gmlqv-14849/ HTTP/1.1" 200 20486 "-" "Mozilla/5.0 (Linux; Android 6.0.1; Nexus 5X Build/MMB29P) AppleWebKit/537.36 (KHTML, like Gecko) Chrome/140.0.7339.127 Mobile Safari/537.36 (compatible; GoogleOther)"
66.249.70.138 - - [18/Sep/2025:02:22:13 -0300] "GET /appreciation/portrait280/pqwr3-35936/ HTTP/1.1" 200 18360 "-" "Mozilla/5.0 (Linux; Android 6.0.1; Nexus 5X Build/MMB29P) AppleWebKit/537.36 (KHTML, like Gecko) Chrome/140.0.7339.127 Mobile Safari/537.36 (compatible; GoogleOther)"
69.197.149.50 - - [18/Sep/2025:02:21:07 -0300] "GET /wp-includes/br903965/index.php?id=336986 HTTP/1.1" 200 - "http://old.evidenciarevista.com.br/wp-includes/br903965/index.php?id=336986" "Mozilla/5.0 (Windows NT 10.0; Win64; x64) AppleWebKit/537.36 (KHTML, like Gecko) Chrome/58.0.3029.110 Safari/537.3"
66.249.70.137 - - [18/Sep/2025:02:22:36 -0300] "GET /pulse/class65/fo29j-1825/?qpvsunmiuj1264299 HTTP/1.1" 200 21145 "-" "Mozilla/5.0 (Linux; Android 6.0.1; Nexus 5X Build/MMB29P) AppleWebKit/537.36 (KHTML, like Gecko) Chrome/140.0.7339.127 Mobile Safari/537.36 (compatible; GoogleOther)"
66.249.70.138 - - [18/Sep/2025:02:23:29 -0300] "GET /energy/radar90/2arba-46506/ HTTP/1.1" 200 18301 "-" "Mozilla/5.0 (Linux; Android 6.0.1; Nexus 5X Build/MMB29P) AppleWebKit/537.36 (KHTML, like Gecko) Chrome/140.0.7339.127 Mobile Safari/537.36 (compatible; GoogleOther)"
69.197.149.50 - - [18/Sep/2025:02:22:40 -0300] "GET /wp-includes/br903965/index.php?id=336986 HTTP/1.1" 200 - "http://old.evidenciarevista.com.br/wp-includes/br903965/index.php?id=336986" "Mozilla/5.0 (Windows NT 10.0; Win64; x64) AppleWebKit/537.36 (KHTML, like Gecko) Chrome/58.0.3029.110 Safari/537.3"
66.249.70.138 - - [18/Sep/2025:02:24:23 -0300] "GET /trouble/shed237/9ojd3-1821/?mlqnkavjmu1222563 HTTP/1.1" 200 20185 "-" "Mozilla/5.0 (Linux; Android 6.0.1; Nexus 5X Build/MMB29P) AppleWebKit/537.36 (KHTML, like Gecko) Chrome/140.0.7339.127 Mobile Safari/537.36 (compatible; GoogleOther)"
66.249.70.136 - - [18/Sep/2025:02:24:45 -0300] "GET /brain/sneak86/8lxhc-27452/ HTTP/1.1" 200 17761 "-" "Mozilla/5.0 (Linux; Android 6.0.1; Nexus 5X Build/MMB29P) AppleWebKit/537.36 (KHTML, like Gecko) Chrome/140.0.7339.127 Mobile Safari/537.36 (compatible; GoogleOther)"
66.249.70.136 - - [18/Sep/2025:02:25:18 -0300] "GET /understand/memory22/zm3g6-37546/ HTTP/1.1" 200 31242 "-" "Mozilla/5.0 (Linux; Android 6.0.1; Nexus 5X Build/MMB29P) AppleWebKit/537.36 (KHTML, like Gecko) Chrome/140.0.7339.127 Mobile Safari/537.36 (compatible; GoogleOther)"
66.249.70.136 - - [18/Sep/2025:02:25:26 -0300] "GET /wagon/smoke203/pdfef-1407/ HTTP/1.1" 200 18569 "-" "Mozilla/5.0 (Linux; Android 6.0.1; Nexus 5X Build/MMB29P) AppleWebKit/537.36 (KHTML, like Gecko) Chrome/140.0.7339.127 Mobile Safari/537.36 (compatible; GoogleOther)"
69.197.149.50 - - [18/Sep/2025:02:24:09 -0300] "GET /wp-includes/br903965/index.php?id=336986 HTTP/1.1" 200 - "http://old.evidenciarevista.com.br/wp-includes/br903965/index.php?id=336986" "Mozilla/5.0 (Windows NT 10.0; Win64; x64) AppleWebKit/537.36 (KHTML, like Gecko) Chrome/58.0.3029.110 Safari/537.3"
66.249.70.138 - - [18/Sep/2025:02:26:01 -0300] "GET /snow/dessert24/tycjo-44772/ HTTP/1.1" 200 19147 "-" "Mozilla/5.0 (Linux; Android 6.0.1; Nexus 5X Build/MMB29P) AppleWebKit/537.36 (KHTML, like Gecko) Chrome/140.0.7339.127 Mobile Safari/537.36 (compatible; GoogleOther)"
66.249.70.138 - - [18/Sep/2025:02:27:00 -0300] "GET /programming/injure202/5uqhw-2620/?ivnwkpagab1301787 HTTP/1.1" 200 18696 "-" "Mozilla/5.0 (Linux; Android 6.0.1; Nexus 5X Build/MMB29P) AppleWebKit/537.36 (KHTML, like Gecko) Chrome/140.0.7339.127 Mobile Safari/537.36 (compatible; GoogleOther)"
69.197.149.50 - - [18/Sep/2025:02:25:44 -0300] "GET /wp-includes/br903965/index.php?id=336986 HTTP/1.1" 200 - "http://old.evidenciarevista.com.br/wp-includes/br903965/index.php?id=336986" "Mozilla/5.0 (Windows NT 10.0; Win64; x64) AppleWebKit/537.36 (KHTML, like Gecko) Chrome/58.0.3029.110 Safari/537.3"
66.249.70.137 - - [18/Sep/2025:02:27:17 -0300] "GET /grandfather/rice273/juhb1-27635/ HTTP/1.1" 200 19466 "-" "Mozilla/5.0 (Linux; Android 6.0.1; Nexus 5X Build/MMB29P) AppleWebKit/537.36 (KHTML, like Gecko) Chrome/140.0.7339.127 Mobile Safari/537.36 (compatible; GoogleOther)"
66.249.70.137 - - [18/Sep/2025:02:28:33 -0300] "GET /jail/rate189/m232x-13247/ HTTP/1.1" 200 31426 "-" "Mozilla/5.0 (Linux; Android 6.0.1; Nexus 5X Build/MMB29P) AppleWebKit/537.36 (KHTML, like Gecko) Chrome/140.0.7339.127 Mobile Safari/537.36 (compatible; GoogleOther)"
69.197.149.50 - - [18/Sep/2025:02:27:29 -0300] "GET /wp-includes/br903965/index.php?id=336986 HTTP/1.1" 200 - "http://old.evidenciarevista.com.br/wp-includes/br903965/index.php?id=336986" "Mozilla/5.0 (Windows NT 10.0; Win64; x64) AppleWebKit/537.36 (KHTML, like Gecko) Chrome/58.0.3029.110 Safari/537.3"
66.249.70.138 - - [18/Sep/2025:02:29:13 -0300] "GET /potential/sensitivity184/dufdu-28168/?ahswcycblf1271580 HTTP/1.1" 200 16529 "-" "Mozilla/5.0 (Linux; Android 6.0.1; Nexus 5X Build/MMB29P) AppleWebKit/537.36 (KHTML, like Gecko) Chrome/140.0.7339.127 Mobile Safari/537.36 (compatible; GoogleOther)"
66.249.70.136 - - [18/Sep/2025:02:29:44 -0300] "GET /suburb/former237/9ojd3-1821/?wfqstjeqlk904612 HTTP/1.1" 200 20024 "-" "Mozilla/5.0 (Linux; Android 6.0.1; Nexus 5X Build/MMB29P) AppleWebKit/537.36 (KHTML, like Gecko) Chrome/140.0.7339.127 Mobile Safari/537.36 (compatible; GoogleOther)"
66.249.70.136 - - [18/Sep/2025:02:29:51 -0300] "GET /productivity/basket196/pc8qx-37682/ HTTP/1.1" 200 20108 "-" "Mozilla/5.0 (Linux; Android 6.0.1; Nexus 5X Build/MMB29P) AppleWebKit/537.36 (KHTML, like Gecko) Chrome/140.0.7339.127 Mobile Safari/537.36 (compatible; GoogleOther)"
69.197.149.50 - - [18/Sep/2025:02:28:59 -0300] "GET /wp-includes/br903965/index.php?id=336986 HTTP/1.1" 200 - "http://old.evidenciarevista.com.br/wp-includes/br903965/index.php?id=336986" "Mozilla/5.0 (Windows NT 10.0; Win64; x64) AppleWebKit/537.36 (KHTML, like Gecko) Chrome/58.0.3029.110 Safari/537.3"
66.249.70.136 - - [18/Sep/2025:02:31:05 -0300] "GET /empire/physical47/59scn-21359/ HTTP/1.1" 200 18612 "-" "Mozilla/5.0 (Linux; Android 6.0.1; Nexus 5X Build/MMB29P) AppleWebKit/537.36 (KHTML, like Gecko) Chrome/140.0.7339.127 Mobile Safari/537.36 (compatible; GoogleOther)"
66.249.70.136 - - [18/Sep/2025:02:31:18 -0300] "GET /after/biology201/5bt4m-42927/ HTTP/1.1" 200 20271 "-" "Mozilla/5.0 (Linux; Android 6.0.1; Nexus 5X Build/MMB29P) AppleWebKit/537.36 (KHTML, like Gecko) Chrome/140.0.7339.127 Mobile Safari/537.36 (compatible; GoogleOther)"
66.249.70.136 - - [18/Sep/2025:02:31:25 -0300] "GET /curiosity/immigrant57/j2sk9-25545/ HTTP/1.1" 200 19792 "-" "Mozilla/5.0 (Linux; Android 6.0.1; Nexus 5X Build/MMB29P) AppleWebKit/537.36 (KHTML, like Gecko) Chrome/140.0.7339.127 Mobile Safari/537.36 (compatible; GoogleOther)"
204.12.208.18 - - [18/Sep/2025:02:31:25 -0300] "GET /wp-includes/br903965/index.php HTTP/1.1" 200 26 "http://old.evidenciarevista.com.br/wp-includes/br903965/index.php" "Mozilla/5.0 (Macintosh; Intel Mac OS X 10_6_8) AppleWebKit/534.24 (KHTML, like Gecko) Iron/11.0.700.2 Chrome/11.0.700.2 Safari/534.24"
66.249.70.136 - - [18/Sep/2025:02:31:32 -0300] "GET /exhibition/resident271/30nw3-15471/ HTTP/1.1" 200 19770 "-" "Mozilla/5.0 (Linux; Android 6.0.1; Nexus 5X Build/MMB29P) AppleWebKit/537.36 (KHTML, like Gecko) Chrome/140.0.7339.127 Mobile Safari/537.36 (compatible; GoogleOther)"
69.197.149.50 - - [18/Sep/2025:02:30:28 -0300] "GET /wp-includes/br903965/index.php?id=336986 HTTP/1.1" 200 - "http://old.evidenciarevista.com.br/wp-includes/br903965/index.php?id=336986" "Mozilla/5.0 (Windows NT 10.0; Win64; x64) AppleWebKit/537.36 (KHTML, like Gecko) Chrome/58.0.3029.110 Safari/537.3"
66.249.70.138 - - [18/Sep/2025:02:32:21 -0300] "GET /compliance/out191/c8hw0-33391/ HTTP/1.1" 200 20060 "-" "Mozilla/5.0 (Linux; Android 6.0.1; Nexus 5X Build/MMB29P) AppleWebKit/537.36 (KHTML, like Gecko) Chrome/140.0.7339.127 Mobile Safari/537.36 (compatible; GoogleOther)"
66.249.70.137 - - [18/Sep/2025:02:33:08 -0300] "GET /practical/transfer269/ya1lz-33047/ HTTP/1.1" 200 18877 "-" "Mozilla/5.0 (Linux; Android 6.0.1; Nexus 5X Build/MMB29P) AppleWebKit/537.36 (KHTML, like Gecko) Chrome/140.0.7339.127 Mobile Safari/537.36 (compatible; GoogleOther)"
66.249.70.136 - - [18/Sep/2025:02:33:37 -0300] "GET /interpret/sibling98/p3wzl-27270/ HTTP/1.1" 200 19124 "-" "Mozilla/5.0 (Linux; Android 6.0.1; Nexus 5X Build/MMB29P) AppleWebKit/537.36 (KHTML, like Gecko) Chrome/140.0.7339.127 Mobile Safari/537.36 (compatible; GoogleOther)"
69.197.149.50 - - [18/Sep/2025:02:32:13 -0300] "GET /wp-includes/br903965/index.php?id=336986 HTTP/1.1" 200 - "http://old.evidenciarevista.com.br/wp-includes/br903965/index.php?id=336986" "Mozilla/5.0 (Windows NT 10.0; Win64; x64) AppleWebKit/537.36 (KHTML, like Gecko) Chrome/58.0.3029.110 Safari/537.3"
66.249.70.137 - - [18/Sep/2025:02:34:53 -0300] "GET /age/racial211/u6cs4-13687/ HTTP/1.1" 200 31915 "-" "Mozilla/5.0 (Linux; Android 6.0.1; Nexus 5X Build/MMB29P) AppleWebKit/537.36 (KHTML, like Gecko) Chrome/140.0.7339.127 Mobile Safari/537.36 (compatible; GoogleOther)"
66.249.70.136 - - [18/Sep/2025:02:35:01 -0300] "GET /construct/violate203/pdfef-1407/?ujepcgosgz268598 HTTP/1.1" 200 18948 "-" "Mozilla/5.0 (Linux; Android 6.0.1; Nexus 5X Build/MMB29P) AppleWebKit/537.36 (KHTML, like Gecko) Chrome/140.0.7339.127 Mobile Safari/537.36 (compatible; GoogleOther)"
69.197.149.50 - - [18/Sep/2025:02:33:42 -0300] "GET /wp-includes/br903965/index.php?id=336986 HTTP/1.1" 200 - "http://old.evidenciarevista.com.br/wp-includes/br903965/index.php?id=336986" "Mozilla/5.0 (Windows NT 10.0; Win64; x64) AppleWebKit/537.36 (KHTML, like Gecko) Chrome/58.0.3029.110 Safari/537.3"
66.249.70.136 - - [18/Sep/2025:02:35:09 -0300] "GET /pulse/class65/fo29j-1825/?ehpmlbueci569381 HTTP/1.1" 200 17742 "-" "Mozilla/5.0 (Linux; Android 6.0.1; Nexus 5X Build/MMB29P) AppleWebKit/537.36 (KHTML, like Gecko) Chrome/140.0.7339.127 Mobile Safari/537.36 (compatible; GoogleOther)"
66.249.70.136 - - [18/Sep/2025:02:35:16 -0300] "GET /?pid=23274187971&channel=programming-together-crash&cate_id=1383&page=http://old.evidenciarevista.com.br/super.asp?products/migration4/4ptxk-31346/ HTTP/1.1" 200 32288 "-" "Mozilla/5.0 (Linux; Android 6.0.1; Nexus 5X Build/MMB29P) AppleWebKit/537.36 (KHTML, like Gecko) Chrome/140.0.7339.127 Mobile Safari/537.36 (compatible; GoogleOther)"
66.249.70.136 - - [18/Sep/2025:02:36:09 -0300] "GET /future/payment103/8eri3-27305/ HTTP/1.1" 200 18362 "-" "Mozilla/5.0 (Linux; Android 6.0.1; Nexus 5X Build/MMB29P) AppleWebKit/537.36 (KHTML, like Gecko) Chrome/140.0.7339.127 Mobile Safari/537.36 (compatible; GoogleOther)"
66.249.70.138 - - [18/Sep/2025:02:37:23 -0300] "GET /attention/baby237/9ojd3-1821/?ivnwkpagab1301787 HTTP/1.1" 200 19316 "-" "Mozilla/5.0 (Linux; Android 6.0.1; Nexus 5X Build/MMB29P) AppleWebKit/537.36 (KHTML, like Gecko) Chrome/140.0.7339.127 Mobile Safari/537.36 (compatible; GoogleOther)"
66.249.70.137 - - [18/Sep/2025:02:37:30 -0300] "GET /formal/mental96/ze791-36076/ HTTP/1.1" 200 19790 "-" "Mozilla/5.0 (Linux; Android 6.0.1; Nexus 5X Build/MMB29P) AppleWebKit/537.36 (KHTML, like Gecko) Chrome/140.0.7339.127 Mobile Safari/537.36 (compatible; GoogleOther)"
66.249.70.136 - - [18/Sep/2025:02:37:37 -0300] "GET /sheer/refuge280/dpolh-42506/ HTTP/1.1" 200 17943 "-" "Mozilla/5.0 (Linux; Android 6.0.1; Nexus 5X Build/MMB29P) AppleWebKit/537.36 (KHTML, like Gecko) Chrome/140.0.7339.127 Mobile Safari/537.36 (compatible; GoogleOther)"
216.244.66.231 - - [18/Sep/2025:02:38:49 -0300] "GET /adm/upload_noticias/020bb89feba17d8c45ef5f6ed6d3cb7f.jpg HTTP/1.1" 200 74418 "-" "Mozilla/5.0 (compatible; DotBot/1.2; +https://opensiteexplorer.org/dotbot; help@moz.com)"
216.244.66.231 - - [18/Sep/2025:02:38:54 -0300] "GET /adm/upload_noticias/07c38be5bf82a8b54477f689c6c09adc.jpg HTTP/1.1" 200 84118 "-" "Mozilla/5.0 (compatible; DotBot/1.2; +https://opensiteexplorer.org/dotbot; help@moz.com)"
216.244.66.231 - - [18/Sep/2025:02:38:58 -0300] "GET /adm/upload_noticias/14552a39c1c918ddc1f3c9bfdadb66dc.jpg HTTP/1.1" 200 47804 "-" "Mozilla/5.0 (compatible; DotBot/1.2; +https://opensiteexplorer.org/dotbot; help@moz.com)"
216.244.66.231 - - [18/Sep/2025:02:39:02 -0300] "GET /adm/upload_noticias/1679427ba5be4b8b2ad41be916d5d9f5.jpg HTTP/1.1" 200 79419 "-" "Mozilla/5.0 (compatible; DotBot/1.2; +https://opensiteexplorer.org/dotbot; help@moz.com)"
216.244.66.231 - - [18/Sep/2025:02:39:06 -0300] "GET /adm/upload_noticias/1ac362abebc8c9c3428f36aa6318332c.jpg HTTP/1.1" 200 119182 "-" "Mozilla/5.0 (compatible; DotBot/1.2; +https://opensiteexplorer.org/dotbot; help@moz.com)"
66.249.70.137 - - [18/Sep/2025:02:39:10 -0300] "GET /approval/nerve1/lb0ii-1813/ HTTP/1.1" 200 18249 "-" "Mozilla/5.0 (Linux; Android 6.0.1; Nexus 5X Build/MMB29P) AppleWebKit/537.36 (KHTML, like Gecko) Chrome/140.0.7339.127 Mobile Safari/537.36 (compatible; GoogleOther)"
216.244.66.231 - - [18/Sep/2025:02:39:13 -0300] "GET /adm/upload_noticias/24c49159b0492ce901c8eaac3e4714b3.jpg HTTP/1.1" 200 63480 "-" "Mozilla/5.0 (compatible; DotBot/1.2; +https://opensiteexplorer.org/dotbot; help@moz.com)"
66.249.70.136 - - [18/Sep/2025:02:39:17 -0300] "GET /sheer/electronic8/nmc26-14072/ HTTP/1.1" 200 19992 "-" "Mozilla/5.0 (Linux; Android 6.0.1; Nexus 5X Build/MMB29P) AppleWebKit/537.36 (KHTML, like Gecko) Chrome/140.0.7339.127 Mobile Safari/537.36 (compatible; GoogleOther)"
216.244.66.231 - - [18/Sep/2025:02:39:18 -0300] "GET /adm/upload_noticias/2dc4589dc338c101d1ae360c07d461bc.jpg HTTP/1.1" 200 61448 "-" "Mozilla/5.0 (compatible; DotBot/1.2; +https://opensiteexplorer.org/dotbot; help@moz.com)"
216.244.66.231 - - [18/Sep/2025:02:39:23 -0300] "GET /adm/upload_noticias/2e9f3dde879a3da1e34b63a298177ee2.jpg HTTP/1.1" 200 73150 "-" "Mozilla/5.0 (compatible; DotBot/1.2; +https://opensiteexplorer.org/dotbot; help@moz.com)"
216.244.66.231 - - [18/Sep/2025:02:39:28 -0300] "GET /adm/upload_noticias/364b20dd9d566af7126fc7e72085dab8.jpg HTTP/1.1" 200 99723 "-" "Mozilla/5.0 (compatible; DotBot/1.2; +https://opensiteexplorer.org/dotbot; help@moz.com)"
216.244.66.231 - - [18/Sep/2025:02:39:37 -0300] "GET /adm/upload_noticias/36d8da26fa09f9eeae87de1e9e38aa69.jpg HTTP/1.1" 200 90717 "-" "Mozilla/5.0 (compatible; DotBot/1.2; +https://opensiteexplorer.org/dotbot; help@moz.com)"
216.244.66.231 - - [18/Sep/2025:02:39:43 -0300] "GET /adm/upload_noticias/37862e3c0191918c5584c631fd79daa3.jpg HTTP/1.1" 200 48204 "-" "Mozilla/5.0 (compatible; DotBot/1.2; +https://opensiteexplorer.org/dotbot; help@moz.com)"
216.244.66.231 - - [18/Sep/2025:02:39:49 -0300] "GET /adm/upload_noticias/37ba4116bd14020a1a143093100a9137.JPG HTTP/1.1" 200 61685 "-" "Mozilla/5.0 (compatible; DotBot/1.2; +https://opensiteexplorer.org/dotbot; help@moz.com)"
216.244.66.231 - - [18/Sep/2025:02:39:53 -0300] "GET /adm/upload_noticias/3d810504417ed92e189c4fcb22bcf465.jpg HTTP/1.1" 200 73661 "-" "Mozilla/5.0 (compatible; DotBot/1.2; +https://opensiteexplorer.org/dotbot; help@moz.com)"
216.244.66.231 - - [18/Sep/2025:02:39:57 -0300] "GET /adm/upload_noticias/437eb696ff6bb4f4f5df2fe91b4e3fae.JPG HTTP/1.1" 200 79605 "-" "Mozilla/5.0 (compatible; DotBot/1.2; +https://opensiteexplorer.org/dotbot; help@moz.com)"
66.249.70.136 - - [18/Sep/2025:02:39:57 -0300] "GET /blend/German229/ec00e-24853/ HTTP/1.1" 200 18486 "-" "Mozilla/5.0 (Linux; Android 6.0.1; Nexus 5X Build/MMB29P) AppleWebKit/537.36 (KHTML, like Gecko) Chrome/140.0.7339.127 Mobile Safari/537.36 (compatible; GoogleOther)"
216.244.66.231 - - [18/Sep/2025:02:40:08 -0300] "GET /adm/upload_noticias/4b6af06837861cf88cf52d30364f5403.jpg HTTP/1.1" 200 37923 "-" "Mozilla/5.0 (compatible; DotBot/1.2; +https://opensiteexplorer.org/dotbot; help@moz.com)"
216.244.66.231 - - [18/Sep/2025:02:40:14 -0300] "GET /adm/upload_noticias/4e9a439e0cabe727b9b35517c582d0e2.jpg HTTP/1.1" 200 100255 "-" "Mozilla/5.0 (compatible; DotBot/1.2; +https://opensiteexplorer.org/dotbot; help@moz.com)"
216.244.66.231 - - [18/Sep/2025:02:40:22 -0300] "GET /adm/upload_noticias/4f5ccb4c68bf6c35a75475e3993737e7.JPG HTTP/1.1" 200 49360 "-" "Mozilla/5.0 (compatible; DotBot/1.2; +https://opensiteexplorer.org/dotbot; help@moz.com)"
216.244.66.231 - - [18/Sep/2025:02:40:27 -0300] "GET /adm/upload_noticias/64f6f20286a7deb74dcf4b5538fcdf99.jpg HTTP/1.1" 200 112113 "-" "Mozilla/5.0 (compatible; DotBot/1.2; +https://opensiteexplorer.org/dotbot; help@moz.com)"
216.244.66.231 - - [18/Sep/2025:02:40:33 -0300] "GET /adm/upload_noticias/6ccc9b387a5fb310018b9594e5ec356c.jpg HTTP/1.1" 200 63472 "-" "Mozilla/5.0 (compatible; DotBot/1.2; +https://opensiteexplorer.org/dotbot; help@moz.com)"
66.249.70.138 - - [18/Sep/2025:02:40:57 -0300] "GET /trouble/shed237/9ojd3-1821/?sjeoabfdlv397700 HTTP/1.1" 200 19827 "-" "Mozilla/5.0 (Linux; Android 6.0.1; Nexus 5X Build/MMB29P) AppleWebKit/537.36 (KHTML, like Gecko) Chrome/140.0.7339.127 Mobile Safari/537.36 (compatible; GoogleOther)"
66.249.70.137 - - [18/Sep/2025:02:41:03 -0300] "GET /talk/summer76/79k75-38706/ HTTP/1.1" 200 17865 "-" "Mozilla/5.0 (Linux; Android 6.0.1; Nexus 5X Build/MMB29P) AppleWebKit/537.36 (KHTML, like Gecko) Chrome/140.0.7339.127 Mobile Safari/537.36 (compatible; GoogleOther)"
66.249.70.136 - - [18/Sep/2025:02:41:13 -0300] "GET /architect/people92/2atwc-12446/ HTTP/1.1" 200 30913 "-" "Mozilla/5.0 (Linux; Android 6.0.1; Nexus 5X Build/MMB29P) AppleWebKit/537.36 (KHTML, like Gecko) Chrome/140.0.7339.127 Mobile Safari/537.36 (compatible; GoogleOther)"
66.249.70.136 - - [18/Sep/2025:02:41:45 -0300] "GET /construct/violate203/pdfef-1407/?ayzofipmvd251117 HTTP/1.1" 200 18667 "-" "Mozilla/5.0 (Linux; Android 6.0.1; Nexus 5X Build/MMB29P) AppleWebKit/537.36 (KHTML, like Gecko) Chrome/140.0.7339.127 Mobile Safari/537.36 (compatible; GoogleOther)"
66.249.70.137 - - [18/Sep/2025:02:42:12 -0300] "GET /suburb/former237/9ojd3-1821/?ufvcoqxasn1065185 HTTP/1.1" 200 19087 "-" "Mozilla/5.0 (Linux; Android 6.0.1; Nexus 5X Build/MMB29P) AppleWebKit/537.36 (KHTML, like Gecko) Chrome/140.0.7339.127 Mobile Safari/537.36 (compatible; GoogleOther)"
66.249.70.136 - - [18/Sep/2025:02:42:29 -0300] "GET /Japanese/general126/qyqvd-25890/ HTTP/1.1" 200 18471 "-" "Mozilla/5.0 (Linux; Android 6.0.1; Nexus 5X Build/MMB29P) AppleWebKit/537.36 (KHTML, like Gecko) Chrome/140.0.7339.127 Mobile Safari/537.36 (compatible; GoogleOther)"
