66.249.70.136 - - [18/Sep/2025:00:46:51 -0300] "GET /reliability/array44/bncmg-35128/ HTTP/1.1" 200 18939 "-" "Mozilla/5.0 (Linux; Android 6.0.1; Nexus 5X Build/MMB29P) AppleWebKit/537.36 (KHTML, like Gecko) Chrome/140.0.7339.127 Mobile Safari/537.36 (compatible; GoogleOther)"
69.197.149.50 - - [18/Sep/2025:00:46:13 -0300] "GET /wp-includes/br903965/index.php?id=336986 HTTP/1.1" 200 - "http://old.evidenciarevista.com.br/wp-includes/br903965/index.php?id=336986" "Mozilla/5.0 (Windows NT 10.0; Win64; x64) AppleWebKit/537.36 (KHTML, like Gecko) Chrome/58.0.3029.110 Safari/537.3"
66.249.70.138 - - [18/Sep/2025:00:49:01 -0300] "GET /items/247032504.html?srsltid=AfmBOoetvwkdXokoIBIrhkiOYvFYFidiQa9qj7hAvlw6a8rwsvY3 HTTP/1.1" 200 18871 "-" "Mozilla/5.0 (Linux; Android 6.0.1; Nexus 5X Build/MMB29P) AppleWebKit/537.36 (KHTML, like Gecko) Chrome/140.0.7339.127 Mobile Safari/537.36 (compatible; GoogleOther)"
69.197.149.50 - - [18/Sep/2025:00:47:42 -0300] "GET /wp-includes/br903965/index.php?id=336986 HTTP/1.1" 200 - "http://old.evidenciarevista.com.br/wp-includes/br903965/index.php?id=336986" "Mozilla/5.0 (Windows NT 10.0; Win64; x64) AppleWebKit/537.36 (KHTML, like Gecko) Chrome/58.0.3029.110 Safari/537.3"
66.249.70.136 - - [18/Sep/2025:00:49:16 -0300] "GET /blend/perspective96/y7fsv-12018/?yjagolokuf778266 HTTP/1.1" 200 19339 "-" "Mozilla/5.0 (Linux; Android 6.0.1; Nexus 5X Build/MMB29P) AppleWebKit/537.36 (KHTML, like Gecko) Chrome/140.0.7339.127 Mobile Safari/537.36 (compatible; GoogleOther)"
66.249.70.137 - - [18/Sep/2025:00:50:10 -0300] "GET /justice/brush279/0p7rp-8817/ HTTP/1.1" 200 20509 "-" "Mozilla/5.0 (Linux; Android 6.0.1; Nexus 5X Build/MMB29P) AppleWebKit/537.36 (KHTML, like Gecko) Chrome/140.0.7339.127 Mobile Safari/537.36 (compatible; GoogleOther)"
69.197.149.50 - - [18/Sep/2025:00:49:14 -0300] "GET /wp-includes/br903965/index.php?id=336986 HTTP/1.1" 200 - "http://old.evidenciarevista.com.br/wp-includes/br903965/index.php?id=336986" "Mozilla/5.0 (Windows NT 10.0; Win64; x64) AppleWebKit/537.36 (KHTML, like Gecko) Chrome/58.0.3029.110 Safari/537.3"
66.249.70.137 - - [18/Sep/2025:00:51:19 -0300] "GET /investigator/so174/fc61e-28298/?mlqnkavjmu1222563 HTTP/1.1" 200 21110 "-" "Mozilla/5.0 (Linux; Android 6.0.1; Nexus 5X Build/MMB29P) AppleWebKit/537.36 (KHTML, like Gecko) Chrome/140.0.7339.127 Mobile Safari/537.36 (compatible; GoogleOther)"
66.249.70.136 - - [18/Sep/2025:00:51:40 -0300] "GET /teacher/scientist267/e8d92-18267/ HTTP/1.1" 200 17867 "-" "Mozilla/5.0 (Linux; Android 6.0.1; Nexus 5X Build/MMB29P) AppleWebKit/537.36 (KHTML, like Gecko) Chrome/140.0.7339.127 Mobile Safari/537.36 (compatible; GoogleOther)"
69.197.149.50 - - [18/Sep/2025:00:50:43 -0300] "GET /wp-includes/br903965/index.php?id=336986 HTTP/1.1" 200 - "http://old.evidenciarevista.com.br/wp-includes/br903965/index.php?id=336986" "Mozilla/5.0 (Windows NT 10.0; Win64; x64) AppleWebKit/537.36 (KHTML, like Gecko) Chrome/58.0.3029.110 Safari/537.3"
66.249.70.137 - - [18/Sep/2025:00:52:28 -0300] "GET /mathematics/fare6/kc09n-4890/?ujepcgosgz268598 HTTP/1.1" 200 19989 "-" "Mozilla/5.0 (Linux; Android 6.0.1; Nexus 5X Build/MMB29P) AppleWebKit/537.36 (KHTML, like Gecko) Chrome/140.0.7339.127 Mobile Safari/537.36 (compatible; GoogleOther)"
69.197.149.50 - - [18/Sep/2025:00:52:11 -0300] "GET /wp-includes/br903965/index.php?id=336986 HTTP/1.1" 200 - "http://old.evidenciarevista.com.br/wp-includes/br903965/index.php?id=336986" "Mozilla/5.0 (Windows NT 10.0; Win64; x64) AppleWebKit/537.36 (KHTML, like Gecko) Chrome/58.0.3029.110 Safari/537.3"
66.249.70.138 - - [18/Sep/2025:00:53:37 -0300] "GET /mixed/grip274/bg2sl-9612/?ugygtxhmed1544157 HTTP/1.1" 200 19903 "-" "Mozilla/5.0 (Linux; Android 6.0.1; Nexus 5X Build/MMB29P) AppleWebKit/537.36 (KHTML, like Gecko) Chrome/140.0.7339.127 Mobile Safari/537.36 (compatible; GoogleOther)"
66.249.70.136 - - [18/Sep/2025:00:53:46 -0300] "GET /boundary/father65/9k33q-13079/ HTTP/1.1" 200 19725 "-" "Mozilla/5.0 (Linux; Android 6.0.1; Nexus 5X Build/MMB29P) AppleWebKit/537.36 (KHTML, like Gecko) Chrome/140.0.7339.127 Mobile Safari/537.36 (compatible; GoogleOther)"
66.249.70.137 - - [18/Sep/2025:00:54:08 -0300] "GET /limitation/candle96/bk094-12020/ HTTP/1.1" 200 21333 "-" "Mozilla/5.0 (Linux; Android 6.0.1; Nexus 5X Build/MMB29P) AppleWebKit/537.36 (KHTML, like Gecko) Chrome/140.0.7339.127 Mobile Safari/537.36 (compatible; GoogleOther)"
66.249.70.137 - - [18/Sep/2025:00:54:23 -0300] "GET /items/054031583.html?ivnwkpagab1301787 HTTP/1.1" 200 19740 "-" "Mozilla/5.0 (Linux; Android 6.0.1; Nexus 5X Build/MMB29P) AppleWebKit/537.36 (KHTML, like Gecko) Chrome/140.0.7339.127 Mobile Safari/537.36 (compatible; Googlebot/2.1; +http://www.google.com/bot.html)"
66.249.70.136 - - [18/Sep/2025:00:54:24 -0300] "GET /?pid=23274187971&channel=teaching-southwest-practically&cate_id=1383&page=http://old.evidenciarevista.com.br/super.asp?rental/tip127/4v0xz-18369/ HTTP/1.1" 200 31184 "-" "Mozilla/5.0 (Linux; Android 6.0.1; Nexus 5X Build/MMB29P) AppleWebKit/537.36 (KHTML, like Gecko) Chrome/140.0.7339.127 Mobile Safari/537.36 (compatible; Googlebot/2.1; +http://www.google.com/bot.html)"
66.249.70.136 - - [18/Sep/2025:00:54:45 -0300] "GET /items/040029733.html?srsltid=AfmBOofwepaFalqdEypJKxTQPGwHpCZbLUSymTYDGWrEp5zP17Cw HTTP/1.1" 200 19044 "-" "Mozilla/5.0 (Linux; Android 6.0.1; Nexus 5X Build/MMB29P) AppleWebKit/537.36 (KHTML, like Gecko) Chrome/140.0.7339.127 Mobile Safari/537.36 (compatible; GoogleOther)"
69.197.149.50 - - [18/Sep/2025:00:53:42 -0300] "GET /wp-includes/br903965/index.php?id=336986 HTTP/1.1" 200 - "http://old.evidenciarevista.com.br/wp-includes/br903965/index.php?id=336986" "Mozilla/5.0 (Windows NT 10.0; Win64; x64) AppleWebKit/537.36 (KHTML, like Gecko) Chrome/58.0.3029.110 Safari/537.3"
66.249.70.138 - - [18/Sep/2025:00:55:22 -0300] "GET /programming/welfare277/80ww0-20747/?mijypvekxq463574 HTTP/1.1" 200 21342 "-" "Mozilla/5.0 (Linux; Android 6.0.1; Nexus 5X Build/MMB29P) AppleWebKit/537.36 (KHTML, like Gecko) Chrome/140.0.7339.127 Mobile Safari/537.36 (compatible; GoogleOther)"
66.249.70.136 - - [18/Sep/2025:00:55:35 -0300] "GET /cheek/rhetoric237/9ojd3-1821/?qsujywvkgc47131 HTTP/1.1" 200 18662 "-" "Mozilla/5.0 (Linux; Android 6.0.1; Nexus 5X Build/MMB29P) AppleWebKit/537.36 (KHTML, like Gecko) Chrome/140.0.7339.127 Mobile Safari/537.36 (compatible; GoogleOther)"
66.249.70.136 - - [18/Sep/2025:00:55:54 -0300] "GET /statistical/satisfy68/bc4nr-2634/?ehpmlbueci569381 HTTP/1.1" 200 17702 "-" "Mozilla/5.0 (Linux; Android 6.0.1; Nexus 5X Build/MMB29P) AppleWebKit/537.36 (KHTML, like Gecko) Chrome/140.0.7339.127 Mobile Safari/537.36 (compatible; GoogleOther)"
66.249.70.137 - - [18/Sep/2025:00:56:36 -0300] "GET /deposit/problem123/fee4z-17915/ HTTP/1.1" 200 18564 "-" "Mozilla/5.0 (Linux; Android 6.0.1; Nexus 5X Build/MMB29P) AppleWebKit/537.36 (KHTML, like Gecko) Chrome/140.0.7339.127 Mobile Safari/537.36 (compatible; GoogleOther)"
66.249.70.138 - - [18/Sep/2025:00:57:03 -0300] "GET /items/193027562.html?srsltid=AfmBOokmkxFiqFFLRKhiRev1ZQmmnJlgkup6AOroETgueYvwnVhN HTTP/1.1" 200 18828 "-" "Mozilla/5.0 (Linux; Android 6.0.1; Nexus 5X Build/MMB29P) AppleWebKit/537.36 (KHTML, like Gecko) Chrome/140.0.7339.127 Mobile Safari/537.36 (compatible; GoogleOther)"
66.249.70.137 - - [18/Sep/2025:00:58:12 -0300] "GET /plenty/biography169/6qtlj-22915/ HTTP/1.1" 200 18720 "-" "Mozilla/5.0 (Linux; Android 6.0.1; Nexus 5X Build/MMB29P) AppleWebKit/537.36 (KHTML, like Gecko) Chrome/140.0.7339.127 Mobile Safari/537.36 (compatible; GoogleOther)"
66.249.70.137 - - [18/Sep/2025:00:58:25 -0300] "GET /fraction/package25/mrsfn-23931/ HTTP/1.1" 200 19325 "-" "Mozilla/5.0 (Linux; Android 6.0.1; Nexus 5X Build/MMB29P) AppleWebKit/537.36 (KHTML, like Gecko) Chrome/140.0.7339.127 Mobile Safari/537.36 (compatible; GoogleOther)"
66.249.70.137 - - [18/Sep/2025:00:59:04 -0300] "GET /better/exit1/plnw7-31073/ HTTP/1.1" 200 18005 "-" "Mozilla/5.0 (Linux; Android 6.0.1; Nexus 5X Build/MMB29P) AppleWebKit/537.36 (KHTML, like Gecko) Chrome/140.0.7339.127 Mobile Safari/537.36 (compatible; GoogleOther)"
204.12.208.18 - - [18/Sep/2025:01:00:27 -0300] "GET /wp-includes/br903965/index.php HTTP/1.1" 200 26 "http://old.evidenciarevista.com.br/wp-includes/br903965/index.php" "Mozilla/5.0 (Macintosh; Intel Mac OS X 10_7_2) AppleWebKit/535.2 (KHTML, like Gecko) Chrome/15.0.874.106 Safari/535.2"
66.249.70.136 - - [18/Sep/2025:01:00:29 -0300] "GET /potential/cow149/s5qmc-8427/ HTTP/1.1" 200 30110 "-" "Mozilla/5.0 (Linux; Android 6.0.1; Nexus 5X Build/MMB29P) AppleWebKit/537.36 (KHTML, like Gecko) Chrome/140.0.7339.127 Mobile Safari/537.36 (compatible; GoogleOther)"
204.12.208.18 - - [18/Sep/2025:01:00:07 -0300] "GET /wp-includes/br903965/index.php HTTP/1.1" 200 - "http://old.evidenciarevista.com.br/wp-includes/br903965/index.php" "Mozilla/5.0 (Macintosh; Intel Mac OS X 10.6; rv:6.0.2) Gecko/20100101 Firefox/6.0.2"
66.249.70.137 - - [18/Sep/2025:01:01:30 -0300] "GET /sitemap7.xml HTTP/1.1" 200 101312 "-" "Mozilla/5.0 (compatible; Googlebot/2.1; +http://www.google.com/bot.html)"
66.249.70.136 - - [18/Sep/2025:01:01:36 -0300] "GET /preserve/pattern151/f2lkv-36503/?kxnsztrhko217176 HTTP/1.1" 200 20443 "-" "Mozilla/5.0 (Linux; Android 6.0.1; Nexus 5X Build/MMB29P) AppleWebKit/537.36 (KHTML, like Gecko) Chrome/140.0.7339.127 Mobile Safari/537.36 (compatible; GoogleOther)"
66.249.70.136 - - [18/Sep/2025:01:01:43 -0300] "GET /fact/earthquake136/12wyz-6628/ HTTP/1.1" 200 20902 "-" "Mozilla/5.0 (Linux; Android 6.0.1; Nexus 5X Build/MMB29P) AppleWebKit/537.36 (KHTML, like Gecko) Chrome/140.0.7339.127 Mobile Safari/537.36 (compatible; GoogleOther)"
66.249.70.136 - - [18/Sep/2025:01:02:47 -0300] "GET /bone/justify53/yibb7-39585/ HTTP/1.1" 200 17304 "-" "Mozilla/5.0 (Linux; Android 6.0.1; Nexus 5X Build/MMB29P) AppleWebKit/537.36 (KHTML, like Gecko) Chrome/140.0.7339.127 Mobile Safari/537.36 (compatible; GoogleOther)"
69.197.149.50 - - [18/Sep/2025:01:01:40 -0300] "GET /wp-includes/br903965/index.php?id=336986 HTTP/1.1" 200 - "http://old.evidenciarevista.com.br/wp-includes/br903965/index.php?id=336986" "Mozilla/5.0 (Windows NT 10.0; Win64; x64) AppleWebKit/537.36 (KHTML, like Gecko) Chrome/58.0.3029.110 Safari/537.3"
66.249.70.138 - - [18/Sep/2025:01:03:56 -0300] "GET /counterpart/govern123/p6nlw-12909/ HTTP/1.1" 200 30816 "-" "Mozilla/5.0 (Linux; Android 6.0.1; Nexus 5X Build/MMB29P) AppleWebKit/537.36 (KHTML, like Gecko) Chrome/140.0.7339.127 Mobile Safari/537.36 (compatible; GoogleOther)"
66.249.70.136 - - [18/Sep/2025:01:04:22 -0300] "GET /prosecutor/use95/zl6rz-24957/ HTTP/1.1" 200 20341 "-" "Mozilla/5.0 (Linux; Android 6.0.1; Nexus 5X Build/MMB29P) AppleWebKit/537.36 (KHTML, like Gecko) Chrome/140.0.7339.127 Mobile Safari/537.36 (compatible; Googlebot/2.1; +http://www.google.com/bot.html)"
69.197.149.50 - - [18/Sep/2025:01:03:25 -0300] "GET /wp-includes/br903965/index.php?id=336986 HTTP/1.1" 200 - "http://old.evidenciarevista.com.br/wp-includes/br903965/index.php?id=336986" "Mozilla/5.0 (Windows NT 10.0; Win64; x64) AppleWebKit/537.36 (KHTML, like Gecko) Chrome/58.0.3029.110 Safari/537.3"
66.249.70.136 - - [18/Sep/2025:01:05:04 -0300] "GET /rubber/peanut44/l98uh-13096/ HTTP/1.1" 200 19257 "-" "Mozilla/5.0 (Linux; Android 6.0.1; Nexus 5X Build/MMB29P) AppleWebKit/537.36 (KHTML, like Gecko) Chrome/140.0.7339.127 Mobile Safari/537.36 (compatible; GoogleOther)"
66.249.70.136 - - [18/Sep/2025:01:06:13 -0300] "GET /enjoy/hero44/lkwha-12454/ HTTP/1.1" 200 20314 "-" "Mozilla/5.0 (Linux; Android 6.0.1; Nexus 5X Build/MMB29P) AppleWebKit/537.36 (KHTML, like Gecko) Chrome/140.0.7339.127 Mobile Safari/537.36 (compatible; GoogleOther)"
69.197.149.50 - - [18/Sep/2025:01:04:58 -0300] "GET /wp-includes/br903965/index.php?id=336986 HTTP/1.1" 200 - "http://old.evidenciarevista.com.br/wp-includes/br903965/index.php?id=336986" "Mozilla/5.0 (Windows NT 10.0; Win64; x64) AppleWebKit/537.36 (KHTML, like Gecko) Chrome/58.0.3029.110 Safari/537.3"
66.249.70.136 - - [18/Sep/2025:01:06:27 -0300] "GET /preserve/pattern151/f2lkv-36503/?qmogdupekv1280992 HTTP/1.1" 200 20106 "-" "Mozilla/5.0 (Linux; Android 6.0.1; Nexus 5X Build/MMB29P) AppleWebKit/537.36 (KHTML, like Gecko) Chrome/140.0.7339.127 Mobile Safari/537.36 (compatible; GoogleOther)"
66.249.70.137 - - [18/Sep/2025:01:07:22 -0300] "GET /classroom/donate222/v0s95-23728/?ehpmlbueci569381 HTTP/1.1" 200 31293 "-" "Mozilla/5.0 (Linux; Android 6.0.1; Nexus 5X Build/MMB29P) AppleWebKit/537.36 (KHTML, like Gecko) Chrome/140.0.7339.127 Mobile Safari/537.36 (compatible; GoogleOther)"
69.197.149.50 - - [18/Sep/2025:01:06:27 -0300] "GET /wp-includes/br903965/index.php?id=336986 HTTP/1.1" 200 - "http://old.evidenciarevista.com.br/wp-includes/br903965/index.php?id=336986" "Mozilla/5.0 (Windows NT 10.0; Win64; x64) AppleWebKit/537.36 (KHTML, like Gecko) Chrome/58.0.3029.110 Safari/537.3"
66.249.70.137 - - [18/Sep/2025:01:08:27 -0300] "GET /desert/shark237/9ojd3-1821/?ufvcoqxasn1065185 HTTP/1.1" 200 19684 "-" "Mozilla/5.0 (Linux; Android 6.0.1; Nexus 5X Build/MMB29P) AppleWebKit/537.36 (KHTML, like Gecko) Chrome/140.0.7339.127 Mobile Safari/537.36 (compatible; GoogleOther)"
66.249.70.136 - - [18/Sep/2025:01:08:34 -0300] "GET /corridor/affect222/jupcl-20530/ HTTP/1.1" 200 21108 "-" "Mozilla/5.0 (Linux; Android 6.0.1; Nexus 5X Build/MMB29P) AppleWebKit/537.36 (KHTML, like Gecko) Chrome/140.0.7339.127 Mobile Safari/537.36 (compatible; GoogleOther)"
69.197.149.50 - - [18/Sep/2025:01:07:59 -0300] "GET /wp-includes/br903965/index.php?id=336986 HTTP/1.1" 200 - "http://old.evidenciarevista.com.br/wp-includes/br903965/index.php?id=336986" "Mozilla/5.0 (Windows NT 10.0; Win64; x64) AppleWebKit/537.36 (KHTML, like Gecko) Chrome/58.0.3029.110 Safari/537.3"
66.249.70.138 - - [18/Sep/2025:01:09:40 -0300] "GET /classroom/donate222/v0s95-23728/?ujepcgosgz268598 HTTP/1.1" 200 30735 "-" "Mozilla/5.0 (Linux; Android 6.0.1; Nexus 5X Build/MMB29P) AppleWebKit/537.36 (KHTML, like Gecko) Chrome/140.0.7339.127 Mobile Safari/537.36 (compatible; GoogleOther)"
66.249.70.138 - - [18/Sep/2025:01:10:48 -0300] "GET /preach/beautiful123/njnnl-14249/ HTTP/1.1" 200 20993 "-" "Mozilla/5.0 (Linux; Android 6.0.1; Nexus 5X Build/MMB29P) AppleWebKit/537.36 (KHTML, like Gecko) Chrome/140.0.7339.127 Mobile Safari/537.36 (compatible; GoogleOther)"
69.197.149.50 - - [18/Sep/2025:01:09:28 -0300] "GET /wp-includes/br903965/index.php?id=336986 HTTP/1.1" 200 - "http://old.evidenciarevista.com.br/wp-includes/br903965/index.php?id=336986" "Mozilla/5.0 (Windows NT 10.0; Win64; x64) AppleWebKit/537.36 (KHTML, like Gecko) Chrome/58.0.3029.110 Safari/537.3"
66.249.70.137 - - [18/Sep/2025:01:11:13 -0300] "GET /sitemap21.xml HTTP/1.1" 200 101627 "-" "Mozilla/5.0 (compatible; Googlebot/2.1; +http://www.google.com/bot.html)"
66.249.70.136 - - [18/Sep/2025:01:11:57 -0300] "GET /realm/flip222/fit9o-20540/ HTTP/1.1" 200 20426 "-" "Mozilla/5.0 (Linux; Android 6.0.1; Nexus 5X Build/MMB29P) AppleWebKit/537.36 (KHTML, like Gecko) Chrome/140.0.7339.127 Mobile Safari/537.36 (compatible; GoogleOther)"
216.244.66.231 - - [18/Sep/2025:01:12:16 -0300] "GET /adm/upload_noticias/0e5200d2e58ef3b19a1985439777a028.jpg HTTP/1.1" 200 130693 "-" "Mozilla/5.0 (compatible; DotBot/1.2; +https://opensiteexplorer.org/dotbot; help@moz.com)"
69.197.149.50 - - [18/Sep/2025:01:11:04 -0300] "GET /wp-includes/br903965/index.php?id=336986 HTTP/1.1" 200 - "http://old.evidenciarevista.com.br/wp-includes/br903965/index.php?id=336986" "Mozilla/5.0 (Windows NT 10.0; Win64; x64) AppleWebKit/537.36 (KHTML, like Gecko) Chrome/58.0.3029.110 Safari/537.3"
216.244.66.231 - - [18/Sep/2025:01:12:44 -0300] "GET /adm/upload_noticias/1d6e2656a234fb54a9e746cc3f585283.jpg HTTP/1.1" 200 134037 "-" "Mozilla/5.0 (compatible; DotBot/1.2; +https://opensiteexplorer.org/dotbot; help@moz.com)"
66.249.70.138 - - [18/Sep/2025:01:13:06 -0300] "GET /special/northern123/lsajq-12913/ HTTP/1.1" 200 32990 "-" "Mozilla/5.0 (Linux; Android 6.0.1; Nexus 5X Build/MMB29P) AppleWebKit/537.36 (KHTML, like Gecko) Chrome/140.0.7339.127 Mobile Safari/537.36 (compatible; GoogleOther)"
216.244.66.231 - - [18/Sep/2025:01:13:11 -0300] "GET /adm/upload_noticias/27c3a5aa3bf5924d6dd1f112ccc3d187.jpg HTTP/1.1" 200 65445 "-" "Mozilla/5.0 (compatible; DotBot/1.2; +https://opensiteexplorer.org/dotbot; help@moz.com)"
216.244.66.231 - - [18/Sep/2025:01:13:37 -0300] "GET /adm/upload_noticias/29f1c69fcfce4515c8e7403e2855d8ee.jpg HTTP/1.1" 200 73411 "-" "Mozilla/5.0 (compatible; DotBot/1.2; +https://opensiteexplorer.org/dotbot; help@moz.com)"
66.249.70.136 - - [18/Sep/2025:01:13:51 -0300] "GET /preserve/pattern151/f2lkv-36503/?wfqstjeqlk904612 HTTP/1.1" 200 20213 "-" "Mozilla/5.0 (Linux; Android 6.0.1; Nexus 5X Build/MMB29P) AppleWebKit/537.36 (KHTML, like Gecko) Chrome/140.0.7339.127 Mobile Safari/537.36 (compatible; GoogleOther)"
69.197.149.50 - - [18/Sep/2025:01:12:32 -0300] "GET /wp-includes/br903965/index.php?id=336986 HTTP/1.1" 200 - "http://old.evidenciarevista.com.br/wp-includes/br903965/index.php?id=336986" "Mozilla/5.0 (Windows NT 10.0; Win64; x64) AppleWebKit/537.36 (KHTML, like Gecko) Chrome/58.0.3029.110 Safari/537.3"
216.244.66.231 - - [18/Sep/2025:01:14:01 -0300] "GET /adm/upload_noticias/2f49a4158fb61522b5a4e9efea07ee49.jpg HTTP/1.1" 200 91403 "-" "Mozilla/5.0 (compatible; DotBot/1.2; +https://opensiteexplorer.org/dotbot; help@moz.com)"
66.249.70.136 - - [18/Sep/2025:01:14:15 -0300] "GET /empty/collect224/wmbam-42094/ HTTP/1.1" 200 18936 "-" "Mozilla/5.0 (Linux; Android 6.0.1; Nexus 5X Build/MMB29P) AppleWebKit/537.36 (KHTML, like Gecko) Chrome/140.0.7339.127 Mobile Safari/537.36 (compatible; GoogleOther)"
216.244.66.231 - - [18/Sep/2025:01:14:23 -0300] "GET /adm/upload_noticias/3c41237a38ae561938b5f8fe9e575392.jpg HTTP/1.1" 200 45061 "-" "Mozilla/5.0 (compatible; DotBot/1.2; +https://opensiteexplorer.org/dotbot; help@moz.com)"
216.244.66.231 - - [18/Sep/2025:01:14:44 -0300] "GET /adm/upload_noticias/3d2f43687b2f395d89481fac356b17b7.jpg HTTP/1.1" 200 101828 "-" "Mozilla/5.0 (compatible; DotBot/1.2; +https://opensiteexplorer.org/dotbot; help@moz.com)"
66.249.70.136 - - [18/Sep/2025:01:14:52 -0300] "GET /cheek/rhetoric237/9ojd3-1821/?qmogdupekv1280992 HTTP/1.1" 200 19167 "-" "Mozilla/5.0 (Linux; Android 6.0.1; Nexus 5X Build/MMB29P) AppleWebKit/537.36 (KHTML, like Gecko) Chrome/140.0.7339.127 Mobile Safari/537.36 (compatible; GoogleOther)"
216.244.66.231 - - [18/Sep/2025:01:15:04 -0300] "GET /adm/upload_noticias/4fdb8aee1068395552d0bc9fde3608e4.jpg HTTP/1.1" 200 50221 "-" "Mozilla/5.0 (compatible; DotBot/1.2; +https://opensiteexplorer.org/dotbot; help@moz.com)"
216.244.66.231 - - [18/Sep/2025:01:15:23 -0300] "GET /adm/upload_noticias/6581dcee06cdba5c1ba2e30fcd3d2a37.JPG HTTP/1.1" 200 99994 "-" "Mozilla/5.0 (compatible; DotBot/1.2; +https://opensiteexplorer.org/dotbot; help@moz.com)"
66.249.70.138 - - [18/Sep/2025:01:15:23 -0300] "GET /items/261019682.html?srsltid=AfmBOoscjAHaOCWsBqZe9JtcINrlmUdbsB7iGGjL9OXAIUgfdLzS HTTP/1.1" 200 18944 "-" "Mozilla/5.0 (Linux; Android 6.0.1; Nexus 5X Build/MMB29P) AppleWebKit/537.36 (KHTML, like Gecko) Chrome/140.0.7339.127 Mobile Safari/537.36 (compatible; GoogleOther)"
69.197.149.50 - - [18/Sep/2025:01:14:08 -0300] "GET /wp-includes/br903965/index.php?id=336986 HTTP/1.1" 200 - "http://old.evidenciarevista.com.br/wp-includes/br903965/index.php?id=336986" "Mozilla/5.0 (Windows NT 10.0; Win64; x64) AppleWebKit/537.36 (KHTML, like Gecko) Chrome/58.0.3029.110 Safari/537.3"
69.197.149.50 - - [18/Sep/2025:01:15:36 -0300] "GET /wp-includes/br903965/index.php?id=336986 HTTP/1.1" 200 26 "http://old.evidenciarevista.com.br/wp-includes/br903965/index.php?id=336986" "Mozilla/5.0 (Windows NT 10.0; Win64; x64) AppleWebKit/537.36 (KHTML, like Gecko) Chrome/58.0.3029.110 Safari/537.3"
216.244.66.231 - - [18/Sep/2025:01:15:41 -0300] "GET /adm/upload_noticias/72ec3affbe6046b0e5160035bec7e34c.jpg HTTP/1.1" 200 63889 "-" "Mozilla/5.0 (compatible; DotBot/1.2; +https://opensiteexplorer.org/dotbot; help@moz.com)"
204.12.208.18 - - [18/Sep/2025:01:15:55 -0300] "GET /wp-includes/br903965/index.php HTTP/1.1" 200 26 "http://old.evidenciarevista.com.br/wp-includes/br903965/index.php" "Mozilla/5.0 (Macintosh; Intel Mac OS X 10_6_8) AppleWebKit/534.24 (KHTML, like Gecko) Chrome/11.0.696.71 Safari/534.24"
216.244.66.231 - - [18/Sep/2025:01:15:58 -0300] "GET /adm/upload_noticias/75e489b94fd2b0b296d3bc78115a0c68.jpg HTTP/1.1" 200 6035 "-" "Mozilla/5.0 (compatible; DotBot/1.2; +https://opensiteexplorer.org/dotbot; help@moz.com)"
216.244.66.231 - - [18/Sep/2025:01:16:13 -0300] "GET /adm/upload_noticias/7eef3bb78f0ccbb3df61c6e3e7b3abbe.jpg HTTP/1.1" 200 66344 "-" "Mozilla/5.0 (compatible; DotBot/1.2; +https://opensiteexplorer.org/dotbot; help@moz.com)"
216.244.66.231 - - [18/Sep/2025:01:16:29 -0300] "GET /adm/upload_noticias/9533d4058439476646248332dfc474ca.jpg HTTP/1.1" 200 75135 "-" "Mozilla/5.0 (compatible; DotBot/1.2; +https://opensiteexplorer.org/dotbot; help@moz.com)"
66.249.70.137 - - [18/Sep/2025:01:16:32 -0300] "GET /twin/staff44/8zzpl-13092/ HTTP/1.1" 200 20962 "-" "Mozilla/5.0 (Linux; Android 6.0.1; Nexus 5X Build/MMB29P) AppleWebKit/537.36 (KHTML, like Gecko) Chrome/140.0.7339.127 Mobile Safari/537.36 (compatible; GoogleOther)"
216.244.66.231 - - [18/Sep/2025:01:16:45 -0300] "GET /adm/upload_noticias/Carola_5_noticia_add.jpg HTTP/1.1" 200 84864 "-" "Mozilla/5.0 (compatible; DotBot/1.2; +https://opensiteexplorer.org/dotbot; help@moz.com)"
216.244.66.231 - - [18/Sep/2025:01:16:58 -0300] "GET /adm/upload_noticias/DESTAQUE_noticia_add_11.jpg HTTP/1.1" 200 64796 "-" "Mozilla/5.0 (compatible; DotBot/1.2; +https://opensiteexplorer.org/dotbot; help@moz.com)"
204.12.208.18 - - [18/Sep/2025:01:15:35 -0300] "GET /wp-includes/br903965/index.php HTTP/1.1" 200 - "http://old.evidenciarevista.com.br/wp-includes/br903965/index.php" "Mozilla/5.0 (Macintosh; U; PPC Mac OS X; ja-jp) AppleWebKit/523.12.2 (KHTML, like Gecko) Version/3.0.4 Safari/523.12.2"
216.244.66.231 - - [18/Sep/2025:01:17:10 -0300] "GET /adm/upload_noticias/DESTAQUE_noticia_add_17.jpg HTTP/1.1" 200 82034 "-" "Mozilla/5.0 (compatible; DotBot/1.2; +https://opensiteexplorer.org/dotbot; help@moz.com)"
216.244.66.231 - - [18/Sep/2025:01:17:24 -0300] "GET /adm/upload_noticias/012ed4397c2027d3d7c6afbc3e7aa49b.jpg HTTP/1.1" 200 81911 "-" "Mozilla/5.0 (compatible; DotBot/1.2; +https://opensiteexplorer.org/dotbot; help@moz.com)"
216.244.66.231 - - [18/Sep/2025:01:17:34 -0300] "GET /adm/upload_noticias/02ad37a88d05740db0cc39f6414123af.jpg HTTP/1.1" 200 76945 "-" "Mozilla/5.0 (compatible; DotBot/1.2; +https://opensiteexplorer.org/dotbot; help@moz.com)"
66.249.70.138 - - [18/Sep/2025:01:17:41 -0300] "GET /disclose/fail123/dqkof-12907/ HTTP/1.1" 200 20130 "-" "Mozilla/5.0 (Linux; Android 6.0.1; Nexus 5X Build/MMB29P) AppleWebKit/537.36 (KHTML, like Gecko) Chrome/140.0.7339.127 Mobile Safari/537.36 (compatible; GoogleOther)"
216.244.66.231 - - [18/Sep/2025:01:17:44 -0300] "GET /adm/upload_noticias/044082d5b59b67d80e1a19290835a4cd.jpg HTTP/1.1" 200 58463 "-" "Mozilla/5.0 (compatible; DotBot/1.2; +https://opensiteexplorer.org/dotbot; help@moz.com)"
216.244.66.231 - - [18/Sep/2025:01:17:52 -0300] "GET /adm/upload_noticias/052a660ca285ad4a0a21635baddacd59.jpg HTTP/1.1" 200 79951 "-" "Mozilla/5.0 (compatible; DotBot/1.2; +https://opensiteexplorer.org/dotbot; help@moz.com)"
216.244.66.231 - - [18/Sep/2025:01:18:00 -0300] "GET /adm/upload_noticias/08b4ea2c8fb39f16402a94c96b432eec.jpg HTTP/1.1" 200 68788 "-" "Mozilla/5.0 (compatible; DotBot/1.2; +https://opensiteexplorer.org/dotbot; help@moz.com)"
216.244.66.231 - - [18/Sep/2025:01:18:06 -0300] "GET /adm/upload_noticias/09c2a5e5d7b63ea2a15010a51f2553e3.jpg HTTP/1.1" 200 95205 "-" "Mozilla/5.0 (compatible; DotBot/1.2; +https://opensiteexplorer.org/dotbot; help@moz.com)"
216.244.66.231 - - [18/Sep/2025:01:18:11 -0300] "GET /adm/upload_noticias/0ed5b28b4c616d928e9fb0ef2093f640.jpg HTTP/1.1" 200 97649 "-" "Mozilla/5.0 (compatible; DotBot/1.2; +https://opensiteexplorer.org/dotbot; help@moz.com)"
216.244.66.231 - - [18/Sep/2025:01:18:21 -0300] "GET /adm/upload_noticias/103de1df0aa0443d091d3cea99720c7c.jpg HTTP/1.1" 200 65794 "-" "Mozilla/5.0 (compatible; DotBot/1.2; +https://opensiteexplorer.org/dotbot; help@moz.com)"
216.244.66.231 - - [18/Sep/2025:01:18:29 -0300] "GET /adm/upload_noticias/11c5a964c6c1f1dc1484f45eac850441.jpg HTTP/1.1" 200 77488 "-" "Mozilla/5.0 (compatible; DotBot/1.2; +https://opensiteexplorer.org/dotbot; help@moz.com)"
216.244.66.231 - - [18/Sep/2025:01:18:35 -0300] "GET /adm/upload_noticias/124468b990afaf56a73a9f4066153a14.jpg HTTP/1.1" 200 85515 "-" "Mozilla/5.0 (compatible; DotBot/1.2; +https://opensiteexplorer.org/dotbot; help@moz.com)"
69.197.149.50 - - [18/Sep/2025:01:17:09 -0300] "GET /wp-includes/br903965/index.php?id=336986 HTTP/1.1" 200 - "http://old.evidenciarevista.com.br/wp-includes/br903965/index.php?id=336986" "Mozilla/5.0 (Windows NT 10.0; Win64; x64) AppleWebKit/537.36 (KHTML, like Gecko) Chrome/58.0.3029.110 Safari/537.3"
66.249.70.137 - - [18/Sep/2025:01:18:47 -0300] "GET /surround/suspicious205/iaox9-8201/ HTTP/1.1" 200 20067 "-" "Mozilla/5.0 (Linux; Android 6.0.1; Nexus 5X Build/MMB29P) AppleWebKit/537.36 (KHTML, like Gecko) Chrome/140.0.7339.127 Mobile Safari/537.36 (compatible; GoogleOther)"
216.244.66.231 - - [18/Sep/2025:01:18:49 -0300] "GET /adm/upload_noticias/19166844a14e0e8fcabeb95a1f837414.jpg HTTP/1.1" 200 54350 "-" "Mozilla/5.0 (compatible; DotBot/1.2; +https://opensiteexplorer.org/dotbot; help@moz.com)"
66.249.70.137 - - [18/Sep/2025:01:18:54 -0300] "GET /items/093036764.html?srsltid=AfmBOozxzbymopJiWfvxKx1vNeoXwcMY3FxZUnKcfcXb4YG8jasl HTTP/1.1" 200 34608 "-" "Mozilla/5.0 (Linux; Android 6.0.1; Nexus 5X Build/MMB29P) AppleWebKit/537.36 (KHTML, like Gecko) Chrome/140.0.7339.127 Mobile Safari/537.36 (compatible; GoogleOther)"
216.244.66.231 - - [18/Sep/2025:01:19:00 -0300] "GET /adm/upload_noticias/1_maio_nestle_181_noticia_add.jpg HTTP/1.1" 200 90728 "-" "Mozilla/5.0 (compatible; DotBot/1.2; +https://opensiteexplorer.org/dotbot; help@moz.com)"
216.244.66.231 - - [18/Sep/2025:01:19:14 -0300] "GET /adm/upload_noticias/1_maio_nestle_221_noticia_add.jpg HTTP/1.1" 200 102854 "-" "Mozilla/5.0 (compatible; DotBot/1.2; +https://opensiteexplorer.org/dotbot; help@moz.com)"
216.244.66.231 - - [18/Sep/2025:01:19:29 -0300] "GET /adm/upload_noticias/1_maio_nestle_36_noticia_add.jpg HTTP/1.1" 200 78872 "-" "Mozilla/5.0 (compatible; DotBot/1.2; +https://opensiteexplorer.org/dotbot; help@moz.com)"
216.244.66.231 - - [18/Sep/2025:01:19:43 -0300] "GET /adm/upload_noticias/1_maio_nestle_8_noticia_add.jpg HTTP/1.1" 200 111542 "-" "Mozilla/5.0 (compatible; DotBot/1.2; +https://opensiteexplorer.org/dotbot; help@moz.com)"
66.249.70.138 - - [18/Sep/2025:01:19:56 -0300] "GET /surround/suspicious205/iaox9-8201/ HTTP/1.1" 200 18489 "-" "Mozilla/5.0 (Linux; Android 6.0.1; Nexus 5X Build/MMB29P) AppleWebKit/537.36 (KHTML, like Gecko) Chrome/140.0.7339.127 Mobile Safari/537.36 (compatible; GoogleOther)"
216.244.66.231 - - [18/Sep/2025:01:19:56 -0300] "GET /adm/upload_noticias/279293b6d246082105c37187b9889591.jpg HTTP/1.1" 200 145362 "-" "Mozilla/5.0 (compatible; DotBot/1.2; +https://opensiteexplorer.org/dotbot; help@moz.com)"
66.249.70.136 - - [18/Sep/2025:01:20:03 -0300] "GET /insect/softly20/tyry8-15754/ HTTP/1.1" 200 20294 "-" "Mozilla/5.0 (Linux; Android 6.0.1; Nexus 5X Build/MMB29P) AppleWebKit/537.36 (KHTML, like Gecko) Chrome/140.0.7339.127 Mobile Safari/537.36 (compatible; GoogleOther)"
69.197.149.50 - - [18/Sep/2025:01:18:40 -0300] "GET /wp-includes/br903965/index.php?id=336986 HTTP/1.1" 200 - "http://old.evidenciarevista.com.br/wp-includes/br903965/index.php?id=336986" "Mozilla/5.0 (Windows NT 10.0; Win64; x64) AppleWebKit/537.36 (KHTML, like Gecko) Chrome/58.0.3029.110 Safari/537.3"
216.244.66.231 - - [18/Sep/2025:01:20:10 -0300] "GET /adm/upload_noticias/29cc7d4b425bb473f093c4f49b0593df.jpg HTTP/1.1" 200 54947 "-" "Mozilla/5.0 (compatible; DotBot/1.2; +https://opensiteexplorer.org/dotbot; help@moz.com)"
66.249.70.136 - - [18/Sep/2025:01:20:10 -0300] "GET /construct/violate203/pdfef-1407/?sjeoabfdlv397700 HTTP/1.1" 200 19397 "-" "Mozilla/5.0 (Linux; Android 6.0.1; Nexus 5X Build/MMB29P) AppleWebKit/537.36 (KHTML, like Gecko) Chrome/140.0.7339.127 Mobile Safari/537.36 (compatible; GoogleOther)"
66.249.70.136 - - [18/Sep/2025:01:20:17 -0300] "GET /construct/violate203/pdfef-1407/?ufvcoqxasn1065185 HTTP/1.1" 200 18671 "-" "Mozilla/5.0 (Linux; Android 6.0.1; Nexus 5X Build/MMB29P) AppleWebKit/537.36 (KHTML, like Gecko) Chrome/140.0.7339.127 Mobile Safari/537.36 (compatible; GoogleOther)"
216.244.66.231 - - [18/Sep/2025:01:20:20 -0300] "GET /adm/upload_noticias/2b2702354f568de85a5d6cc43cf8ba9e.jpg HTTP/1.1" 200 62608 "-" "Mozilla/5.0 (compatible; DotBot/1.2; +https://opensiteexplorer.org/dotbot; help@moz.com)"
66.249.70.136 - - [18/Sep/2025:01:20:25 -0300] "GET /habit/romance239/a8zyv-31453/ HTTP/1.1" 200 18031 "-" "Mozilla/5.0 (Linux; Android 6.0.1; Nexus 5X Build/MMB29P) AppleWebKit/537.36 (KHTML, like Gecko) Chrome/140.0.7339.127 Mobile Safari/537.36 (compatible; GoogleOther)"
216.244.66.231 - - [18/Sep/2025:01:20:28 -0300] "GET /adm/upload_noticias/2da7f5bdb55c806d32bb189e72d9b888.jpg HTTP/1.1" 200 97067 "-" "Mozilla/5.0 (compatible; DotBot/1.2; +https://opensiteexplorer.org/dotbot; help@moz.com)"
66.249.70.136 - - [18/Sep/2025:01:20:39 -0300] "GET /classroom/donate222/v0s95-23728/?qaovfgkocy1008880 HTTP/1.1" 200 30973 "-" "Mozilla/5.0 (Linux; Android 6.0.1; Nexus 5X Build/MMB29P) AppleWebKit/537.36 (KHTML, like Gecko) Chrome/140.0.7339.127 Mobile Safari/537.36 (compatible; GoogleOther)"
216.244.66.231 - - [18/Sep/2025:01:20:44 -0300] "GET /adm/upload_noticias/3008f3fc507870a47cf7feb4d4db702e.jpg HTTP/1.1" 200 181442 "-" "Mozilla/5.0 (compatible; DotBot/1.2; +https://opensiteexplorer.org/dotbot; help@moz.com)"
216.244.66.231 - - [18/Sep/2025:01:21:12 -0300] "GET /adm/upload_noticias/3237238c8097b5cda40a79e71747cad8.jpg HTTP/1.1" 200 66308 "-" "Mozilla/5.0 (compatible; DotBot/1.2; +https://opensiteexplorer.org/dotbot; help@moz.com)"
66.249.70.136 - - [18/Sep/2025:01:21:22 -0300] "GET /classroom/donate222/v0s95-23728/?qsujywvkgc47131 HTTP/1.1" 200 31914 "-" "Mozilla/5.0 (Linux; Android 6.0.1; Nexus 5X Build/MMB29P) AppleWebKit/537.36 (KHTML, like Gecko) Chrome/140.0.7339.127 Mobile Safari/537.36 (compatible; GoogleOther)"
216.244.66.231 - - [18/Sep/2025:01:21:34 -0300] "GET /adm/upload_noticias/339df8b0456c2b73f0de0f6063809cb0.jpg HTTP/1.1" 200 98789 "-" "Mozilla/5.0 (compatible; DotBot/1.2; +https://opensiteexplorer.org/dotbot; help@moz.com)"
66.249.70.136 - - [18/Sep/2025:01:21:33 -0300] "GET /programming/welfare277/80ww0-20747/?ivnwkpagab1301787 HTTP/1.1" 200 19711 "-" "Mozilla/5.0 (Linux; Android 6.0.1; Nexus 5X Build/MMB29P) AppleWebKit/537.36 (KHTML, like Gecko) Chrome/140.0.7339.127 Mobile Safari/537.36 (compatible; GoogleOther)"
69.197.149.50 - - [18/Sep/2025:01:20:14 -0300] "GET /wp-includes/br903965/index.php?id=336986 HTTP/1.1" 200 - "http://old.evidenciarevista.com.br/wp-includes/br903965/index.php?id=336986" "Mozilla/5.0 (Windows NT 10.0; Win64; x64) AppleWebKit/537.36 (KHTML, like Gecko) Chrome/58.0.3029.110 Safari/537.3"
66.249.70.136 - - [18/Sep/2025:01:21:51 -0300] "GET /page/dramatic237/9ojd3-1821/?cmagnijdlv940886 HTTP/1.1" 200 19717 "-" "Mozilla/5.0 (Linux; Android 6.0.1; Nexus 5X Build/MMB29P) AppleWebKit/537.36 (KHTML, like Gecko) Chrome/140.0.7339.127 Mobile Safari/537.36 (compatible; GoogleOther)"
216.244.66.231 - - [18/Sep/2025:01:21:55 -0300] "GET /adm/upload_noticias/3610cc899667f333367185c60f5680ce.jpg HTTP/1.1" 200 99712 "-" "Mozilla/5.0 (compatible; DotBot/1.2; +https://opensiteexplorer.org/dotbot; help@moz.com)"
216.244.66.231 - - [18/Sep/2025:01:22:17 -0300] "GET /adm/upload_noticias/3a256d6861fdbe35eae33e6d81c656c3.jpg HTTP/1.1" 200 84986 "-" "Mozilla/5.0 (compatible; DotBot/1.2; +https://opensiteexplorer.org/dotbot; help@moz.com)"
216.244.66.231 - - [18/Sep/2025:01:22:36 -0300] "GET /adm/upload_noticias/3adea811243d0efbd21bb427b6ad236a.jpg HTTP/1.1" 200 94068 "-" "Mozilla/5.0 (compatible; DotBot/1.2; +https://opensiteexplorer.org/dotbot; help@moz.com)"
66.249.70.137 - - [18/Sep/2025:01:22:38 -0300] "GET /mouse/hostage123/o8qs4-12911/ HTTP/1.1" 200 18288 "-" "Mozilla/5.0 (Linux; Android 6.0.1; Nexus 5X Build/MMB29P) AppleWebKit/537.36 (KHTML, like Gecko) Chrome/140.0.7339.127 Mobile Safari/537.36 (compatible; GoogleOther)"
216.244.66.231 - - [18/Sep/2025:01:22:53 -0300] "GET /adm/upload_noticias/431f1f9b0dee423261ff326c5daa296b.jpg HTTP/1.1" 200 76184 "-" "Mozilla/5.0 (compatible; DotBot/1.2; +https://opensiteexplorer.org/dotbot; help@moz.com)"
66.249.70.136 - - [18/Sep/2025:01:22:53 -0300] "GET /cheek/rhetoric237/9ojd3-1821/?kxnsztrhko217176 HTTP/1.1" 200 20189 "-" "Mozilla/5.0 (Linux; Android 6.0.1; Nexus 5X Build/MMB29P) AppleWebKit/537.36 (KHTML, like Gecko) Chrome/140.0.7339.127 Mobile Safari/537.36 (compatible; GoogleOther)"
188.166.236.44 - - [18/Sep/2025:01:23:06 -0300] "HEAD / HTTP/1.1" 200 - "-" "Mozilla/5.0 (Windows NT 10.0; Win64; x64; rv:110.0) Gecko/20100101 Firefox/110.0"
188.166.236.44 - - [18/Sep/2025:01:23:06 -0300] "GET / HTTP/1.1" 200 79 "-" "Mozilla/5.0 (Windows NT 10.0; Win64; x64; rv:110.0) Gecko/20100101 Firefox/110.0"
216.244.66.231 - - [18/Sep/2025:01:23:10 -0300] "GET /adm/upload_noticias/4488edc6f9c4445622321160e9c5e907.jpg HTTP/1.1" 200 103839 "-" "Mozilla/5.0 (compatible; DotBot/1.2; +https://opensiteexplorer.org/dotbot; help@moz.com)"
69.197.149.50 - - [18/Sep/2025:01:21:58 -0300] "GET /wp-includes/br903965/index.php?id=336986 HTTP/1.1" 200 - "http://old.evidenciarevista.com.br/wp-includes/br903965/index.php?id=336986" "Mozilla/5.0 (Windows NT 10.0; Win64; x64) AppleWebKit/537.36 (KHTML, like Gecko) Chrome/58.0.3029.110 Safari/537.3"
216.244.66.231 - - [18/Sep/2025:01:23:28 -0300] "GET /adm/upload_noticias/4727a1a7622484941407cfffed0ee085.jpg HTTP/1.1" 200 88478 "-" "Mozilla/5.0 (compatible; DotBot/1.2; +https://opensiteexplorer.org/dotbot; help@moz.com)"
216.244.66.231 - - [18/Sep/2025:01:23:42 -0300] "GET /adm/upload_noticias/47636d0346040c120a75d30140f060c1.JPG HTTP/1.1" 200 99678 "-" "Mozilla/5.0 (compatible; DotBot/1.2; +https://opensiteexplorer.org/dotbot; help@moz.com)"
216.244.66.231 - - [18/Sep/2025:01:23:58 -0300] "GET /adm/upload_noticias/5626ddd63124eaaf7680f6be19279133.jpg HTTP/1.1" 200 70355 "-" "Mozilla/5.0 (compatible; DotBot/1.2; +https://opensiteexplorer.org/dotbot; help@moz.com)"
216.244.66.231 - - [18/Sep/2025:01:24:11 -0300] "GET /adm/upload_noticias/5685b2e1897ae87fec124024ccd6afc0.jpg HTTP/1.1" 200 85202 "-" "Mozilla/5.0 (compatible; DotBot/1.2; +https://opensiteexplorer.org/dotbot; help@moz.com)"
216.244.66.231 - - [18/Sep/2025:01:24:22 -0300] "GET /adm/upload_noticias/5d2d9a92becaabef185607cda66d185e.jpg HTTP/1.1" 200 83385 "-" "Mozilla/5.0 (compatible; DotBot/1.2; +https://opensiteexplorer.org/dotbot; help@moz.com)"
216.244.66.231 - - [18/Sep/2025:01:24:33 -0300] "GET /adm/upload_noticias/65874871774948b291bf50b09815fc1a.jpg HTTP/1.1" 200 63455 "-" "Mozilla/5.0 (compatible; DotBot/1.2; +https://opensiteexplorer.org/dotbot; help@moz.com)"
216.244.66.231 - - [18/Sep/2025:01:24:43 -0300] "GET /adm/upload_noticias/66fb863d6ccb973e351e1ef295e0fddd.jpg HTTP/1.1" 200 57798 "-" "Mozilla/5.0 (compatible; DotBot/1.2; +https://opensiteexplorer.org/dotbot; help@moz.com)"
66.249.70.136 - - [18/Sep/2025:01:24:51 -0300] "GET /page/dramatic237/9ojd3-1821/?qpvsunmiuj1264299 HTTP/1.1" 200 20327 "-" "Mozilla/5.0 (Linux; Android 6.0.1; Nexus 5X Build/MMB29P) AppleWebKit/537.36 (KHTML, like Gecko) Chrome/140.0.7339.127 Mobile Safari/537.36 (compatible; GoogleOther)"
69.197.149.50 - - [18/Sep/2025:01:23:42 -0300] "GET /wp-includes/br903965/index.php?id=336986 HTTP/1.1" 200 - "http://old.evidenciarevista.com.br/wp-includes/br903965/index.php?id=336986" "Mozilla/5.0 (Windows NT 10.0; Win64; x64) AppleWebKit/537.36 (KHTML, like Gecko) Chrome/58.0.3029.110 Safari/537.3"
66.249.70.136 - - [18/Sep/2025:01:25:10 -0300] "GET /historian/cake44/3w4d1-18962/ HTTP/1.1" 200 33654 "-" "Mozilla/5.0 (Linux; Android 6.0.1; Nexus 5X Build/MMB29P) AppleWebKit/537.36 (KHTML, like Gecko) Chrome/140.0.7339.127 Mobile Safari/537.36 (compatible; GoogleOther)"
66.249.70.136 - - [18/Sep/2025:01:25:45 -0300] "GET /cheek/rhetoric237/9ojd3-1821/?ehpmlbueci569381 HTTP/1.1" 200 18663 "-" "Mozilla/5.0 (Linux; Android 6.0.1; Nexus 5X Build/MMB29P) AppleWebKit/537.36 (KHTML, like Gecko) Chrome/140.0.7339.127 Mobile Safari/537.36 (compatible; GoogleOther)"
66.249.70.138 - - [18/Sep/2025:01:26:26 -0300] "GET /category/1307/1 HTTP/1.1" 200 32103 "-" "Mozilla/5.0 (Linux; Android 6.0.1; Nexus 5X Build/MMB29P) AppleWebKit/537.36 (KHTML, like Gecko) Chrome/140.0.7339.127 Mobile Safari/537.36 (compatible; GoogleOther)"
69.197.149.50 - - [18/Sep/2025:01:25:12 -0300] "GET /wp-includes/br903965/index.php?id=336986 HTTP/1.1" 200 - "http://old.evidenciarevista.com.br/wp-includes/br903965/index.php?id=336986" "Mozilla/5.0 (Windows NT 10.0; Win64; x64) AppleWebKit/537.36 (KHTML, like Gecko) Chrome/58.0.3029.110 Safari/537.3"
216.244.66.231 - - [18/Sep/2025:01:26:56 -0300] "GET /robots.txt HTTP/1.1" 200 454 "-" "Mozilla/5.0 (compatible; DotBot/1.2; +https://opensiteexplorer.org/dotbot; help@moz.com)"
66.249.70.136 - - [18/Sep/2025:01:27:29 -0300] "GET /construct/violate203/pdfef-1407/?qpvsunmiuj1264299 HTTP/1.1" 200 19216 "-" "Mozilla/5.0 (Linux; Android 6.0.1; Nexus 5X Build/MMB29P) AppleWebKit/537.36 (KHTML, like Gecko) Chrome/140.0.7339.127 Mobile Safari/537.36 (compatible; GoogleOther)"
66.249.70.136 - - [18/Sep/2025:01:27:42 -0300] "GET /classroom/donate222/v0s95-23728/?ufvcoqxasn1065185 HTTP/1.1" 200 34095 "-" "Mozilla/5.0 (Linux; Android 6.0.1; Nexus 5X Build/MMB29P) AppleWebKit/537.36 (KHTML, like Gecko) Chrome/140.0.7339.127 Mobile Safari/537.36 (compatible; GoogleOther)"
69.197.149.50 - - [18/Sep/2025:01:26:40 -0300] "GET /wp-includes/br903965/index.php?id=336986 HTTP/1.1" 200 - "http://old.evidenciarevista.com.br/wp-includes/br903965/index.php?id=336986" "Mozilla/5.0 (Windows NT 10.0; Win64; x64) AppleWebKit/537.36 (KHTML, like Gecko) Chrome/58.0.3029.110 Safari/537.3"
66.249.70.137 - - [18/Sep/2025:01:28:58 -0300] "GET /?pid=23274187971&channel=airline-northeast-business&cate_id=1383&page=http://old.evidenciarevista.com.br/super.asp?wild/nation248/27vht-13006/ HTTP/1.1" 200 18368 "-" "Mozilla/5.0 (Linux; Android 6.0.1; Nexus 5X Build/MMB29P) AppleWebKit/537.36 (KHTML, like Gecko) Chrome/140.0.7339.127 Mobile Safari/537.36 (compatible; GoogleOther)"
66.249.70.137 - - [18/Sep/2025:01:29:08 -0300] "GET /cheek/rhetoric237/9ojd3-1821/?mlqnkavjmu1222563 HTTP/1.1" 200 20381 "-" "Mozilla/5.0 (Linux; Android 6.0.1; Nexus 5X Build/MMB29P) AppleWebKit/537.36 (KHTML, like Gecko) Chrome/140.0.7339.127 Mobile Safari/537.36 (compatible; GoogleOther)"
69.197.149.50 - - [18/Sep/2025:01:28:12 -0300] "GET /wp-includes/br903965/index.php?id=336986 HTTP/1.1" 200 - "http://old.evidenciarevista.com.br/wp-includes/br903965/index.php?id=336986" "Mozilla/5.0 (Windows NT 10.0; Win64; x64) AppleWebKit/537.36 (KHTML, like Gecko) Chrome/58.0.3029.110 Safari/537.3"
66.249.70.136 - - [18/Sep/2025:01:29:38 -0300] "GET /sitemap79.xml HTTP/1.1" 200 100655 "-" "Mozilla/5.0 (compatible; Googlebot/2.1; +http://www.google.com/bot.html)"
66.249.70.136 - - [18/Sep/2025:01:29:44 -0300] "GET /development/comprehensive295/llhf6-5675/?ehpmlbueci569381 HTTP/1.1" 200 19118 "-" "Mozilla/5.0 (Linux; Android 6.0.1; Nexus 5X Build/MMB29P) AppleWebKit/537.36 (KHTML, like Gecko) Chrome/140.0.7339.127 Mobile Safari/537.36 (compatible; GoogleOther)"
66.249.70.137 - - [18/Sep/2025:01:30:14 -0300] "GET /metal/weave96/o5x2z-41274/?ujepcgosgz268598 HTTP/1.1" 200 19164 "-" "Mozilla/5.0 (Linux; Android 6.0.1; Nexus 5X Build/MMB29P) AppleWebKit/537.36 (KHTML, like Gecko) Chrome/140.0.7339.127 Mobile Safari/537.36 (compatible; GoogleOther)"
66.249.70.136 - - [18/Sep/2025:01:30:55 -0300] "GET /page/dramatic237/9ojd3-1821/?ahswcycblf1271580 HTTP/1.1" 200 18861 "-" "Mozilla/5.0 (Linux; Android 6.0.1; Nexus 5X Build/MMB29P) AppleWebKit/537.36 (KHTML, like Gecko) Chrome/140.0.7339.127 Mobile Safari/537.36 (compatible; GoogleOther)"
204.12.208.18 - - [18/Sep/2025:01:31:07 -0300] "GET /wp-includes/br903965/index.php HTTP/1.1" 200 26 "http://old.evidenciarevista.com.br/wp-includes/br903965/index.php" "Mozilla/5.0 (Macintosh; U; Intel Mac OS X 10_6_2; ja-jp) AppleWebKit/531.21.8 (KHTML, like Gecko) Version/4.0.4 Safari/531.21.10"
69.197.149.50 - - [18/Sep/2025:01:29:41 -0300] "GET /wp-includes/br903965/index.php?id=336986 HTTP/1.1" 200 - "http://old.evidenciarevista.com.br/wp-includes/br903965/index.php?id=336986" "Mozilla/5.0 (Windows NT 10.0; Win64; x64) AppleWebKit/537.36 (KHTML, like Gecko) Chrome/58.0.3029.110 Safari/537.3"
66.249.70.138 - - [18/Sep/2025:01:31:30 -0300] "GET /senior/re88/9o1uu-22930/ HTTP/1.1" 200 18215 "-" "Mozilla/5.0 (Linux; Android 6.0.1; Nexus 5X Build/MMB29P) AppleWebKit/537.36 (KHTML, like Gecko) Chrome/140.0.7339.127 Mobile Safari/537.36 (compatible; GoogleOther)"
69.197.149.50 - - [18/Sep/2025:01:31:10 -0300] "GET /wp-includes/br903965/index.php?id=336986 HTTP/1.1" 200 - "http://old.evidenciarevista.com.br/wp-includes/br903965/index.php?id=336986" "Mozilla/5.0 (Windows NT 10.0; Win64; x64) AppleWebKit/537.36 (KHTML, like Gecko) Chrome/58.0.3029.110 Safari/537.3"
66.249.70.138 - - [18/Sep/2025:01:32:42 -0300] "GET /art/Latin1/tlliq-1815/?ufvcoqxasn1065185 HTTP/1.1" 200 33281 "-" "Mozilla/5.0 (Linux; Android 6.0.1; Nexus 5X Build/MMB29P) AppleWebKit/537.36 (KHTML, like Gecko) Chrome/140.0.7339.127 Mobile Safari/537.36 (compatible; GoogleOther)"
66.249.70.138 - - [18/Sep/2025:01:34:03 -0300] "GET /recognition/drift132/1l62l-27282/ HTTP/1.1" 200 20582 "-" "Mozilla/5.0 (Linux; Android 6.0.1; Nexus 5X Build/MMB29P) AppleWebKit/537.36 (KHTML, like Gecko) Chrome/140.0.7339.127 Mobile Safari/537.36 (compatible; GoogleOther)"
69.197.149.50 - - [18/Sep/2025:01:32:46 -0300] "GET /wp-includes/br903965/index.php?id=336986 HTTP/1.1" 200 - "http://old.evidenciarevista.com.br/wp-includes/br903965/index.php?id=336986" "Mozilla/5.0 (Windows NT 10.0; Win64; x64) AppleWebKit/537.36 (KHTML, like Gecko) Chrome/58.0.3029.110 Safari/537.3"
66.249.70.137 - - [18/Sep/2025:01:34:26 -0300] "GET /precisely/else132/dds26-38490/ HTTP/1.1" 200 20713 "-" "Mozilla/5.0 (Linux; Android 6.0.1; Nexus 5X Build/MMB29P) AppleWebKit/537.36 (KHTML, like Gecko) Chrome/140.0.7339.127 Mobile Safari/537.36 (compatible; GoogleOther)"
66.249.70.136 - - [18/Sep/2025:01:34:34 -0300] "GET /art/Latin1/tlliq-1815/?qpvsunmiuj1264299 HTTP/1.1" 200 30517 "-" "Mozilla/5.0 (Linux; Android 6.0.1; Nexus 5X Build/MMB29P) AppleWebKit/537.36 (KHTML, like Gecko) Chrome/140.0.7339.127 Mobile Safari/537.36 (compatible; GoogleOther)"
66.249.70.136 - - [18/Sep/2025:01:34:56 -0300] "GET /construct/violate203/pdfef-1407/?wfqstjeqlk904612 HTTP/1.1" 200 17151 "-" "Mozilla/5.0 (Linux; Android 6.0.1; Nexus 5X Build/MMB29P) AppleWebKit/537.36 (KHTML, like Gecko) Chrome/140.0.7339.127 Mobile Safari/537.36 (compatible; GoogleOther)"
66.249.70.136 - - [18/Sep/2025:01:35:19 -0300] "GET /behind/aggression132/uok34-45322/ HTTP/1.1" 200 21179 "-" "Mozilla/5.0 (Linux; Android 6.0.1; Nexus 5X Build/MMB29P) AppleWebKit/537.36 (KHTML, like Gecko) Chrome/140.0.7339.127 Mobile Safari/537.36 (compatible; GoogleOther)"
69.197.149.50 - - [18/Sep/2025:01:34:14 -0300] "GET /wp-includes/br903965/index.php?id=336986 HTTP/1.1" 200 - "http://old.evidenciarevista.com.br/wp-includes/br903965/index.php?id=336986" "Mozilla/5.0 (Windows NT 10.0; Win64; x64) AppleWebKit/537.36 (KHTML, like Gecko) Chrome/58.0.3029.110 Safari/537.3"
66.249.70.137 - - [18/Sep/2025:01:36:16 -0300] "GET /art/Latin1/tlliq-1815/?ugygtxhmed1544157 HTTP/1.1" 200 32692 "-" "Mozilla/5.0 (Linux; Android 6.0.1; Nexus 5X Build/MMB29P) AppleWebKit/537.36 (KHTML, like Gecko) Chrome/140.0.7339.127 Mobile Safari/537.36 (compatible; GoogleOther)"
66.249.70.136 - - [18/Sep/2025:01:36:22 -0300] "GET /construct/violate203/pdfef-1407/?ahswcycblf1271580 HTTP/1.1" 200 18240 "-" "Mozilla/5.0 (Linux; Android 6.0.1; Nexus 5X Build/MMB29P) AppleWebKit/537.36 (KHTML, like Gecko) Chrome/140.0.7339.127 Mobile Safari/537.36 (compatible; GoogleOther)"
66.249.70.136 - - [18/Sep/2025:01:36:35 -0300] "GET /company/naval123/ezdn2-27373/ HTTP/1.1" 200 18040 "-" "Mozilla/5.0 (Linux; Android 6.0.1; Nexus 5X Build/MMB29P) AppleWebKit/537.36 (KHTML, like Gecko) Chrome/140.0.7339.127 Mobile Safari/537.36 (compatible; GoogleOther)"
66.249.70.136 - - [18/Sep/2025:01:37:58 -0300] "GET /exceed/timing1/qeg3e-11051/ HTTP/1.1" 200 18671 "-" "Mozilla/5.0 (Linux; Android 6.0.1; Nexus 5X Build/MMB29P) AppleWebKit/537.36 (KHTML, like Gecko) Chrome/140.0.7339.127 Mobile Safari/537.36 (compatible; GoogleOther)"
66.249.70.136 - - [18/Sep/2025:01:38:05 -0300] "GET /art/Latin1/tlliq-1815/?aokxpatilz1148989 HTTP/1.1" 200 31652 "-" "Mozilla/5.0 (Linux; Android 6.0.1; Nexus 5X Build/MMB29P) AppleWebKit/537.36 (KHTML, like Gecko) Chrome/140.0.7339.127 Mobile Safari/537.36 (compatible; GoogleOther)"
66.249.70.138 - - [18/Sep/2025:01:39:07 -0300] "GET /items/145020806.html?srsltid=AfmBOozeqZPcECjTfbvZapaPPqOtswBiJA1T3dLRSmdwOqjalPlo HTTP/1.1" 200 33911 "-" "Mozilla/5.0 (Linux; Android 6.0.1; Nexus 5X Build/MMB29P) AppleWebKit/537.36 (KHTML, like Gecko) Chrome/140.0.7339.127 Mobile Safari/537.36 (compatible; GoogleOther)"
66.249.70.136 - - [18/Sep/2025:01:39:49 -0300] "GET /art/Latin1/tlliq-1815/?ujepcgosgz268598 HTTP/1.1" 200 29677 "-" "Mozilla/5.0 (Linux; Android 6.0.1; Nexus 5X Build/MMB29P) AppleWebKit/537.36 (KHTML, like Gecko) Chrome/140.0.7339.127 Mobile Safari/537.36 (compatible; GoogleOther)"
66.249.70.137 - - [18/Sep/2025:01:40:23 -0300] "GET /random/impressive1/ohtd3-48497/ HTTP/1.1" 200 28563 "-" "Mozilla/5.0 (Linux; Android 6.0.1; Nexus 5X Build/MMB29P) AppleWebKit/537.36 (KHTML, like Gecko) Chrome/140.0.7339.127 Mobile Safari/537.36 (compatible; GoogleOther)"
66.249.70.136 - - [18/Sep/2025:01:41:36 -0300] "GET /art/Latin1/tlliq-1815/?ayzofipmvd251117 HTTP/1.1" 200 32540 "-" "Mozilla/5.0 (Linux; Android 6.0.1; Nexus 5X Build/MMB29P) AppleWebKit/537.36 (KHTML, like Gecko) Chrome/140.0.7339.127 Mobile Safari/537.36 (compatible; GoogleOther)"
66.249.70.136 - - [18/Sep/2025:01:41:43 -0300] "GET /from/opt132/dds26-38490/ HTTP/1.1" 200 18544 "-" "Mozilla/5.0 (Linux; Android 6.0.1; Nexus 5X Build/MMB29P) AppleWebKit/537.36 (KHTML, like Gecko) Chrome/140.0.7339.127 Mobile Safari/537.36 (compatible; GoogleOther)"
66.249.70.138 - - [18/Sep/2025:01:42:16 -0300] "GET /guide/ethics132/kmy1u-26456/ HTTP/1.1" 200 21106 "-" "Mozilla/5.0 (Linux; Android 6.0.1; Nexus 5X Build/MMB29P) AppleWebKit/537.36 (KHTML, like Gecko) Chrome/140.0.7339.127 Mobile Safari/537.36 (compatible; GoogleOther)"
66.249.70.136 - - [18/Sep/2025:01:42:26 -0300] "GET /construct/violate203/pdfef-1407/?qmogdupekv1280992 HTTP/1.1" 200 18968 "-" "Mozilla/5.0 (Linux; Android 6.0.1; Nexus 5X Build/MMB29P) AppleWebKit/537.36 (KHTML, like Gecko) Chrome/140.0.7339.127 Mobile Safari/537.36 (compatible; GoogleOther)"
66.249.70.136 - - [18/Sep/2025:01:42:55 -0300] "GET /better/exit1/plnw7-31073/?mlqnkavjmu1222563 HTTP/1.1" 200 17898 "-" "Mozilla/5.0 (Linux; Android 6.0.1; Nexus 5X Build/MMB29P) AppleWebKit/537.36 (KHTML, like Gecko) Chrome/140.0.7339.127 Mobile Safari/537.36 (compatible; GoogleOther)"
66.249.70.138 - - [18/Sep/2025:01:43:23 -0300] "GET /art/Latin1/tlliq-1815/?qsujywvkgc47131 HTTP/1.1" 200 31583 "-" "Mozilla/5.0 (Linux; Android 6.0.1; Nexus 5X Build/MMB29P) AppleWebKit/537.36 (KHTML, like Gecko) Chrome/140.0.7339.127 Mobile Safari/537.36 (compatible; GoogleOther)"
66.249.70.138 - - [18/Sep/2025:01:44:11 -0300] "GET /?pid=23274187971&channel=disease-teacher-brush&cate_id=1383&page=http://old.evidenciarevista.com.br/super.asp?ban/softly132/99ktp-38136/ HTTP/1.1" 200 19867 "-" "Mozilla/5.0 (Linux; Android 6.0.1; Nexus 5X Build/MMB29P) AppleWebKit/537.36 (KHTML, like Gecko) Chrome/140.0.7339.127 Mobile Safari/537.36 (compatible; GoogleOther)"
66.249.70.137 - - [18/Sep/2025:01:45:10 -0300] "GET /art/Latin1/tlliq-1815/?ehpmlbueci569381 HTTP/1.1" 200 33710 "-" "Mozilla/5.0 (Linux; Android 6.0.1; Nexus 5X Build/MMB29P) AppleWebKit/537.36 (KHTML, like Gecko) Chrome/140.0.7339.127 Mobile Safari/537.36 (compatible; GoogleOther)"
66.249.70.137 - - [18/Sep/2025:01:45:27 -0300] "GET /politically/undergo190/j1xj5-47136/ HTTP/1.1" 200 18977 "-" "Mozilla/5.0 (Linux; Android 6.0.1; Nexus 5X Build/MMB29P) AppleWebKit/537.36 (KHTML, like Gecko) Chrome/140.0.7339.127 Mobile Safari/537.36 (compatible; GoogleOther)"
66.249.70.138 - - [18/Sep/2025:01:46:05 -0300] "GET /sweep/significantly213/51ztu-26453/ HTTP/1.1" 200 19667 "-" "Mozilla/5.0 (Linux; Android 6.0.1; Nexus 5X Build/MMB29P) AppleWebKit/537.36 (KHTML, like Gecko) Chrome/140.0.7339.127 Mobile Safari/537.36 (compatible; GoogleOther)"
204.12.208.18 - - [18/Sep/2025:01:46:11 -0300] "GET /wp-includes/br903965/index.php HTTP/1.1" 200 26 "http://old.evidenciarevista.com.br/wp-includes/br903965/index.php" "Mozilla/5.0 (compatible; MSIE 10.0; Windows NT 6.1; Trident/6.0)"
66.249.70.136 - - [18/Sep/2025:01:46:12 -0300] "GET /camp/release274/lhdg9-5718/ HTTP/1.1" 200 32789 "-" "Mozilla/5.0 (Linux; Android 6.0.1; Nexus 5X Build/MMB29P) AppleWebKit/537.36 (KHTML, like Gecko) Chrome/140.0.7339.127 Mobile Safari/537.36 (compatible; GoogleOther)"
66.249.70.136 - - [18/Sep/2025:01:46:43 -0300] "GET /items/283042712.html?srsltid=AfmBOojtpbpSbuCtlpoAiXcmFbghYzSNSHBkedBnURYuYtlR9H6x HTTP/1.1" 200 20675 "-" "Mozilla/5.0 (Linux; Android 6.0.1; Nexus 5X Build/MMB29P) AppleWebKit/537.36 (KHTML, like Gecko) Chrome/140.0.7339.127 Mobile Safari/537.36 (compatible; GoogleOther)"
