216.244.66.231 - - [18/Sep/2025:02:42:47 -0300] "GET /adm/upload_noticias/00e6c149c84ebbddcb88f8d52d2ca015.jpg HTTP/1.1" 200 91936 "-" "Mozilla/5.0 (compatible; DotBot/1.2; +https://opensiteexplorer.org/dotbot; help@moz.com)"
216.244.66.231 - - [18/Sep/2025:02:42:54 -0300] "GET /adm/upload_noticias/024a93e229ba21de3b9cfed1beeace01.jpg HTTP/1.1" 200 73894 "-" "Mozilla/5.0 (compatible; DotBot/1.2; +https://opensiteexplorer.org/dotbot; help@moz.com)"
216.244.66.231 - - [18/Sep/2025:02:43:01 -0300] "GET /adm/upload_noticias/0882043914df88215dc755d5f551a86a.jpg HTTP/1.1" 200 76858 "-" "Mozilla/5.0 (compatible; DotBot/1.2; +https://opensiteexplorer.org/dotbot; help@moz.com)"
216.244.66.231 - - [18/Sep/2025:02:43:06 -0300] "GET /adm/upload_noticias/0a1df8028ae7f65442ea489858f5cc36.JPG HTTP/1.1" 200 76813 "-" "Mozilla/5.0 (compatible; DotBot/1.2; +https://opensiteexplorer.org/dotbot; help@moz.com)"
216.244.66.231 - - [18/Sep/2025:02:43:11 -0300] "GET /adm/upload_noticias/109d46ac0eb16d1746bfe9876264f5cc.jpg HTTP/1.1" 200 79820 "-" "Mozilla/5.0 (compatible; DotBot/1.2; +https://opensiteexplorer.org/dotbot; help@moz.com)"
216.244.66.231 - - [18/Sep/2025:02:43:17 -0300] "GET /adm/upload_noticias/13bc175242f36fc1efe047680f1c8afc.jpg HTTP/1.1" 200 44200 "-" "Mozilla/5.0 (compatible; DotBot/1.2; +https://opensiteexplorer.org/dotbot; help@moz.com)"
66.249.70.136 - - [18/Sep/2025:02:43:22 -0300] "GET /framework/diverse126/ohxns-1388/ HTTP/1.1" 200 18829 "-" "Mozilla/5.0 (Linux; Android 6.0.1; Nexus 5X Build/MMB29P) AppleWebKit/537.36 (KHTML, like Gecko) Chrome/140.0.7339.127 Mobile Safari/537.36 (compatible; GoogleOther)"
216.244.66.231 - - [18/Sep/2025:02:43:23 -0300] "GET /adm/upload_noticias/194bb56a347af14cffc29f8dd841c355.jpg HTTP/1.1" 200 73146 "-" "Mozilla/5.0 (compatible; DotBot/1.2; +https://opensiteexplorer.org/dotbot; help@moz.com)"
216.244.66.231 - - [18/Sep/2025:02:43:31 -0300] "GET /adm/upload_noticias/1_maio_nestle_117_noticia_add.jpg HTTP/1.1" 200 93368 "-" "Mozilla/5.0 (compatible; DotBot/1.2; +https://opensiteexplorer.org/dotbot; help@moz.com)"
216.244.66.231 - - [18/Sep/2025:02:43:37 -0300] "GET /adm/upload_noticias/1_maio_nestle_243_noticia_add.jpg HTTP/1.1" 200 74867 "-" "Mozilla/5.0 (compatible; DotBot/1.2; +https://opensiteexplorer.org/dotbot; help@moz.com)"
216.244.66.231 - - [18/Sep/2025:02:43:44 -0300] "GET /adm/upload_noticias/1_maio_nestle_261_noticia_add.jpg HTTP/1.1" 200 82068 "-" "Mozilla/5.0 (compatible; DotBot/1.2; +https://opensiteexplorer.org/dotbot; help@moz.com)"
66.249.70.137 - - [18/Sep/2025:02:43:46 -0300] "GET /defend/confrontation198/snsb6-41608/ HTTP/1.1" 200 19500 "-" "Mozilla/5.0 (Linux; Android 6.0.1; Nexus 5X Build/MMB29P) AppleWebKit/537.36 (KHTML, like Gecko) Chrome/140.0.7339.127 Mobile Safari/537.36 (compatible; GoogleOther)"
216.244.66.231 - - [18/Sep/2025:02:43:51 -0300] "GET /adm/upload_noticias/1f3a039d4f2fdcc863133f33916b2c4a.jpg HTTP/1.1" 200 65866 "-" "Mozilla/5.0 (compatible; DotBot/1.2; +https://opensiteexplorer.org/dotbot; help@moz.com)"
216.244.66.231 - - [18/Sep/2025:02:43:55 -0300] "GET /adm/upload_noticias/1f89a49ddbe7a4dd6e04dbfda59d9520.jpg HTTP/1.1" 200 91185 "-" "Mozilla/5.0 (compatible; DotBot/1.2; +https://opensiteexplorer.org/dotbot; help@moz.com)"
216.244.66.231 - - [18/Sep/2025:02:44:04 -0300] "GET /adm/upload_noticias/1fda0412c885a538e4b4f3cd6e438e20.jpg HTTP/1.1" 200 71735 "-" "Mozilla/5.0 (compatible; DotBot/1.2; +https://opensiteexplorer.org/dotbot; help@moz.com)"
216.244.66.231 - - [18/Sep/2025:02:44:10 -0300] "GET /adm/upload_noticias/21649038cdf33e184997de438f17329a.jpg HTTP/1.1" 200 77976 "-" "Mozilla/5.0 (compatible; DotBot/1.2; +https://opensiteexplorer.org/dotbot; help@moz.com)"
216.244.66.231 - - [18/Sep/2025:02:44:16 -0300] "GET /adm/upload_noticias/2196c4061836a7a76325da211a1675f6.jpg HTTP/1.1" 200 70684 "-" "Mozilla/5.0 (compatible; DotBot/1.2; +https://opensiteexplorer.org/dotbot; help@moz.com)"
216.244.66.231 - - [18/Sep/2025:02:44:20 -0300] "GET /adm/upload_noticias/250165c7b6b0c3a7f93f64d9276d4f31.jpg HTTP/1.1" 200 70921 "-" "Mozilla/5.0 (compatible; DotBot/1.2; +https://opensiteexplorer.org/dotbot; help@moz.com)"
216.244.66.231 - - [18/Sep/2025:02:44:25 -0300] "GET /adm/upload_noticias/271f4ffa5ee027d644d2ac45ca212029.jpg HTTP/1.1" 200 92381 "-" "Mozilla/5.0 (compatible; DotBot/1.2; +https://opensiteexplorer.org/dotbot; help@moz.com)"
216.244.66.231 - - [18/Sep/2025:02:44:42 -0300] "GET /adm/upload_noticias/2870ff233976f509020fb6eaeabb8c08.jpg HTTP/1.1" 200 53499 "-" "Mozilla/5.0 (compatible; DotBot/1.2; +https://opensiteexplorer.org/dotbot; help@moz.com)"
66.249.70.136 - - [18/Sep/2025:02:44:52 -0300] "GET /condition/bond101/xm3jo-38441/ HTTP/1.1" 200 19547 "-" "Mozilla/5.0 (Linux; Android 6.0.1; Nexus 5X Build/MMB29P) AppleWebKit/537.36 (KHTML, like Gecko) Chrome/140.0.7339.127 Mobile Safari/537.36 (compatible; GoogleOther)"
216.244.66.231 - - [18/Sep/2025:02:44:57 -0300] "GET /adm/upload_noticias/2f510c1f33ef6d0011710925a0dc66d0.jpg HTTP/1.1" 200 86991 "-" "Mozilla/5.0 (compatible; DotBot/1.2; +https://opensiteexplorer.org/dotbot; help@moz.com)"
66.249.70.137 - - [18/Sep/2025:02:45:02 -0300] "GET /consent/foreigner278/7opot-6744/ HTTP/1.1" 200 20001 "-" "Mozilla/5.0 (Linux; Android 6.0.1; Nexus 5X Build/MMB29P) AppleWebKit/537.36 (KHTML, like Gecko) Chrome/140.0.7339.127 Mobile Safari/537.36 (compatible; GoogleOther)"
216.244.66.231 - - [18/Sep/2025:02:45:37 -0300] "GET /adm/upload_noticias/30f6a5b6a0ee6e2331f5b22ea980df64.jpg HTTP/1.1" 200 120074 "-" "Mozilla/5.0 (compatible; DotBot/1.2; +https://opensiteexplorer.org/dotbot; help@moz.com)"
204.12.208.18 - - [18/Sep/2025:02:46:10 -0300] "GET /wp-includes/br903965/index.php HTTP/1.1" 200 26 "http://old.evidenciarevista.com.br/wp-includes/br903965/index.php" "Mozilla/5.0 (Macintosh; U; Intel Mac OS X; ja-jp) AppleWebKit/523.10.3 (KHTML, like Gecko) Version/3.0.4 Safari/523.10"
216.244.66.231 - - [18/Sep/2025:02:46:11 -0300] "GET /adm/upload_noticias/31d3c9e6e69f1e05ff7ce77512e238f7.jpg HTTP/1.1" 200 82809 "-" "Mozilla/5.0 (compatible; DotBot/1.2; +https://opensiteexplorer.org/dotbot; help@moz.com)"
66.249.70.136 - - [18/Sep/2025:02:46:18 -0300] "GET /correspondent/wise172/500uf-40922/ HTTP/1.1" 200 20845 "-" "Mozilla/5.0 (Linux; Android 6.0.1; Nexus 5X Build/MMB29P) AppleWebKit/537.36 (KHTML, like Gecko) Chrome/140.0.7339.127 Mobile Safari/537.36 (compatible; GoogleOther)"
216.244.66.231 - - [18/Sep/2025:02:46:42 -0300] "GET /adm/upload_noticias/3305f9f41586f15e9baca426c78891be.jpg HTTP/1.1" 200 75606 "-" "Mozilla/5.0 (compatible; DotBot/1.2; +https://opensiteexplorer.org/dotbot; help@moz.com)"
216.244.66.231 - - [18/Sep/2025:02:47:11 -0300] "GET /adm/upload_noticias/38eae5615f685e1d1ffd0bd6fd60f3d1.jpg HTTP/1.1" 200 99848 "-" "Mozilla/5.0 (compatible; DotBot/1.2; +https://opensiteexplorer.org/dotbot; help@moz.com)"
204.12.208.18 - - [18/Sep/2025:02:45:49 -0300] "GET /wp-includes/br903965/index.php HTTP/1.1" 200 - "http://old.evidenciarevista.com.br/wp-includes/br903965/index.php" "Mozilla/5.0 (Macintosh; Intel Mac OS X 10_6_8) AppleWebKit/535.1 (KHTML, like Gecko) Chrome/13.0.782.220 Safari/535.1"
216.244.66.231 - - [18/Sep/2025:02:47:43 -0300] "GET /adm/upload_noticias/397350c7bf5d55352a6b8512a10acc13.jpg HTTP/1.1" 200 54197 "-" "Mozilla/5.0 (compatible; DotBot/1.2; +https://opensiteexplorer.org/dotbot; help@moz.com)"
66.249.70.137 - - [18/Sep/2025:02:47:42 -0300] "GET /shooting/last130/poywi-11604/ HTTP/1.1" 200 18115 "-" "Mozilla/5.0 (Linux; Android 6.0.1; Nexus 5X Build/MMB29P) AppleWebKit/537.36 (KHTML, like Gecko) Chrome/140.0.7339.127 Mobile Safari/537.36 (compatible; GoogleOther)"
216.244.66.231 - - [18/Sep/2025:02:48:10 -0300] "GET /adm/upload_noticias/3bcb6c86742a918447773205af3b96e7.jpg HTTP/1.1" 200 66505 "-" "Mozilla/5.0 (compatible; DotBot/1.2; +https://opensiteexplorer.org/dotbot; help@moz.com)"
216.244.66.231 - - [18/Sep/2025:02:48:36 -0300] "GET /adm/upload_noticias/3dab9364d596cc7eeac522a93c30bc69.jpg HTTP/1.1" 200 87757 "-" "Mozilla/5.0 (compatible; DotBot/1.2; +https://opensiteexplorer.org/dotbot; help@moz.com)"
66.249.70.138 - - [18/Sep/2025:02:48:47 -0300] "GET /subsidy/basket278/nevj9-3756/ HTTP/1.1" 200 20735 "-" "Mozilla/5.0 (Linux; Android 6.0.1; Nexus 5X Build/MMB29P) AppleWebKit/537.36 (KHTML, like Gecko) Chrome/140.0.7339.127 Mobile Safari/537.36 (compatible; GoogleOther)"
66.249.70.136 - - [18/Sep/2025:02:48:56 -0300] "GET /peaceful/extraordinary146/2qghw-30946/ HTTP/1.1" 200 20361 "-" "Mozilla/5.0 (Linux; Android 6.0.1; Nexus 5X Build/MMB29P) AppleWebKit/537.36 (KHTML, like Gecko) Chrome/140.0.7339.127 Mobile Safari/537.36 (compatible; GoogleOther)"
69.197.149.50 - - [18/Sep/2025:02:47:34 -0300] "GET /wp-includes/br903965/index.php?id=336986 HTTP/1.1" 200 - "http://old.evidenciarevista.com.br/wp-includes/br903965/index.php?id=336986" "Mozilla/5.0 (Windows NT 10.0; Win64; x64) AppleWebKit/537.36 (KHTML, like Gecko) Chrome/58.0.3029.110 Safari/537.3"
216.244.66.231 - - [18/Sep/2025:02:49:02 -0300] "GET /adm/upload_noticias/4ab5b9a792f3cc91ccf7db47c09733df.jpg HTTP/1.1" 200 75541 "-" "Mozilla/5.0 (compatible; DotBot/1.2; +https://opensiteexplorer.org/dotbot; help@moz.com)"
66.249.70.138 - - [18/Sep/2025:02:49:20 -0300] "GET /art/Latin1/tlliq-1815/?kxnsztrhko217176 HTTP/1.1" 200 31528 "-" "Mozilla/5.0 (Linux; Android 6.0.1; Nexus 5X Build/MMB29P) AppleWebKit/537.36 (KHTML, like Gecko) Chrome/140.0.7339.127 Mobile Safari/537.36 (compatible; GoogleOther)"
216.244.66.231 - - [18/Sep/2025:02:49:25 -0300] "GET /adm/upload_noticias/4f8120e397eb846e3bd77d75e6e8c9e6.jpg HTTP/1.1" 200 70643 "-" "Mozilla/5.0 (compatible; DotBot/1.2; +https://opensiteexplorer.org/dotbot; help@moz.com)"
216.244.66.231 - - [18/Sep/2025:02:49:47 -0300] "GET /adm/upload_noticias/50662e9c9e096ac6d4ab1cc190a2dbf6.jpg HTTP/1.1" 200 47583 "-" "Mozilla/5.0 (compatible; DotBot/1.2; +https://opensiteexplorer.org/dotbot; help@moz.com)"
66.249.70.136 - - [18/Sep/2025:02:50:04 -0300] "GET /Greek/refuse159/eqdnp-5661/ HTTP/1.1" 200 21274 "-" "Mozilla/5.0 (Linux; Android 6.0.1; Nexus 5X Build/MMB29P) AppleWebKit/537.36 (KHTML, like Gecko) Chrome/140.0.7339.127 Mobile Safari/537.36 (compatible; GoogleOther)"
216.244.66.231 - - [18/Sep/2025:02:50:08 -0300] "GET /adm/upload_noticias/5084ea0a8f04b6b5b6e83fa813bbf1e3.jpg HTTP/1.1" 200 76543 "-" "Mozilla/5.0 (compatible; DotBot/1.2; +https://opensiteexplorer.org/dotbot; help@moz.com)"
66.249.70.137 - - [18/Sep/2025:02:50:13 -0300] "GET /drug/heat198/apber-17874/ HTTP/1.1" 200 18658 "-" "Mozilla/5.0 (Linux; Android 6.0.1; Nexus 5X Build/MMB29P) AppleWebKit/537.36 (KHTML, like Gecko) Chrome/140.0.7339.127 Mobile Safari/537.36 (compatible; GoogleOther)"
216.244.66.231 - - [18/Sep/2025:02:50:29 -0300] "GET /adm/upload_noticias/59716698e6fd6ff0aa117cdd2be2fc8d.jpg HTTP/1.1" 200 88596 "-" "Mozilla/5.0 (compatible; DotBot/1.2; +https://opensiteexplorer.org/dotbot; help@moz.com)"
69.197.149.50 - - [18/Sep/2025:02:49:05 -0300] "GET /wp-includes/br903965/index.php?id=336986 HTTP/1.1" 200 - "http://old.evidenciarevista.com.br/wp-includes/br903965/index.php?id=336986" "Mozilla/5.0 (Windows NT 10.0; Win64; x64) AppleWebKit/537.36 (KHTML, like Gecko) Chrome/58.0.3029.110 Safari/537.3"
216.244.66.231 - - [18/Sep/2025:02:50:48 -0300] "GET /adm/upload_noticias/5e801c7076151180db3a72e9fe74cbd2.jpg HTTP/1.1" 200 108589 "-" "Mozilla/5.0 (compatible; DotBot/1.2; +https://opensiteexplorer.org/dotbot; help@moz.com)"
216.244.66.231 - - [18/Sep/2025:02:51:07 -0300] "GET /adm/upload_noticias/60153e3046ea895ac53109e78d1a943d.jpg HTTP/1.1" 200 91981 "-" "Mozilla/5.0 (compatible; DotBot/1.2; +https://opensiteexplorer.org/dotbot; help@moz.com)"
66.249.70.138 - - [18/Sep/2025:02:51:07 -0300] "GET /subsidy/bare237/9ojd3-1821/ HTTP/1.1" 200 18222 "-" "Mozilla/5.0 (Linux; Android 6.0.1; Nexus 5X Build/MMB29P) AppleWebKit/537.36 (KHTML, like Gecko) Chrome/140.0.7339.127 Mobile Safari/537.36 (compatible; GoogleOther)"
66.249.70.136 - - [18/Sep/2025:02:51:22 -0300] "GET /alive/hold247/i5mo7-21963/ HTTP/1.1" 200 20584 "-" "Mozilla/5.0 (Linux; Android 6.0.1; Nexus 5X Build/MMB29P) AppleWebKit/537.36 (KHTML, like Gecko) Chrome/140.0.7339.127 Mobile Safari/537.36 (compatible; GoogleOther)"
216.244.66.231 - - [18/Sep/2025:02:51:25 -0300] "GET /adm/upload_noticias/628f9b80412d193505a7591627aa3005.jpg HTTP/1.1" 200 58396 "-" "Mozilla/5.0 (compatible; DotBot/1.2; +https://opensiteexplorer.org/dotbot; help@moz.com)"
66.249.70.136 - - [18/Sep/2025:02:51:33 -0300] "GET /exceed/timing1/qeg3e-11051/?ahswcycblf1271580 HTTP/1.1" 200 17190 "-" "Mozilla/5.0 (Linux; Android 6.0.1; Nexus 5X Build/MMB29P) AppleWebKit/537.36 (KHTML, like Gecko) Chrome/140.0.7339.127 Mobile Safari/537.36 (compatible; GoogleOther)"
216.244.66.231 - - [18/Sep/2025:02:51:41 -0300] "GET /adm/upload_noticias/63aa087116c5ec5cf0839e9d315b1e22.jpg HTTP/1.1" 200 57000 "-" "Mozilla/5.0 (compatible; DotBot/1.2; +https://opensiteexplorer.org/dotbot; help@moz.com)"
216.244.66.231 - - [18/Sep/2025:02:51:57 -0300] "GET /adm/upload_noticias/688409826158a2e6b04d97602aa94726.jpg HTTP/1.1" 200 111769 "-" "Mozilla/5.0 (compatible; DotBot/1.2; +https://opensiteexplorer.org/dotbot; help@moz.com)"
69.197.149.50 - - [18/Sep/2025:02:50:41 -0300] "GET /wp-includes/br903965/index.php?id=336986 HTTP/1.1" 200 - "http://old.evidenciarevista.com.br/wp-includes/br903965/index.php?id=336986" "Mozilla/5.0 (Windows NT 10.0; Win64; x64) AppleWebKit/537.36 (KHTML, like Gecko) Chrome/58.0.3029.110 Safari/537.3"
216.244.66.231 - - [18/Sep/2025:02:52:12 -0300] "GET /adm/upload_noticias/6b60f78c0686325dbd3b018a944dcd01.jpg HTTP/1.1" 200 68741 "-" "Mozilla/5.0 (compatible; DotBot/1.2; +https://opensiteexplorer.org/dotbot; help@moz.com)"
66.249.70.138 - - [18/Sep/2025:02:52:20 -0300] "GET /items/076024897.html?srsltid=AfmBOohqmbftPXtHxLsa9BNzCjUXaqdoNnPLfVc2HMFLZAMqCZnv HTTP/1.1" 200 17376 "-" "Mozilla/5.0 (Linux; Android 6.0.1; Nexus 5X Build/MMB29P) AppleWebKit/537.36 (KHTML, like Gecko) Chrome/140.0.7339.127 Mobile Safari/537.36 (compatible; GoogleOther)"
216.244.66.231 - - [18/Sep/2025:02:52:25 -0300] "GET /adm/upload_noticias/6d3f01619a0411f151f84352260cf9a4.jpg HTTP/1.1" 200 97126 "-" "Mozilla/5.0 (compatible; DotBot/1.2; +https://opensiteexplorer.org/dotbot; help@moz.com)"
216.244.66.231 - - [18/Sep/2025:02:52:38 -0300] "GET /adm/upload_noticias/70163558abcdb96d658740e8e58a3d7a.jpg HTTP/1.1" 200 42118 "-" "Mozilla/5.0 (compatible; DotBot/1.2; +https://opensiteexplorer.org/dotbot; help@moz.com)"
66.249.70.137 - - [18/Sep/2025:02:52:38 -0300] "GET /screw/shelf277/l6kej-13355/ HTTP/1.1" 200 19684 "-" "Mozilla/5.0 (Linux; Android 6.0.1; Nexus 5X Build/MMB29P) AppleWebKit/537.36 (KHTML, like Gecko) Chrome/140.0.7339.127 Mobile Safari/537.36 (compatible; GoogleOther)"
66.249.70.136 - - [18/Sep/2025:02:52:46 -0300] "GET /politician/organ229/r8634-28149/ HTTP/1.1" 200 19751 "-" "Mozilla/5.0 (Linux; Android 6.0.1; Nexus 5X Build/MMB29P) AppleWebKit/537.36 (KHTML, like Gecko) Chrome/140.0.7339.127 Mobile Safari/537.36 (compatible; GoogleOther)"
216.244.66.231 - - [18/Sep/2025:02:52:49 -0300] "GET /adm/upload_noticias/71e458b35495bb84f69e89e9a8b96cb5.jpg HTTP/1.1" 200 67770 "-" "Mozilla/5.0 (compatible; DotBot/1.2; +https://opensiteexplorer.org/dotbot; help@moz.com)"
216.244.66.231 - - [18/Sep/2025:02:52:59 -0300] "GET /adm/upload_noticias/74efd17e1626b747c0a789bebf757d94.jpg HTTP/1.1" 200 85723 "-" "Mozilla/5.0 (compatible; DotBot/1.2; +https://opensiteexplorer.org/dotbot; help@moz.com)"
69.197.149.50 - - [18/Sep/2025:02:52:10 -0300] "GET /wp-includes/br903965/index.php?id=336986 HTTP/1.1" 200 - "http://old.evidenciarevista.com.br/wp-includes/br903965/index.php?id=336986" "Mozilla/5.0 (Windows NT 10.0; Win64; x64) AppleWebKit/537.36 (KHTML, like Gecko) Chrome/58.0.3029.110 Safari/537.3"
66.249.70.138 - - [18/Sep/2025:02:53:46 -0300] "GET /living/middle-class280/9zfiz-20018/ HTTP/1.1" 200 18334 "-" "Mozilla/5.0 (Linux; Android 6.0.1; Nexus 5X Build/MMB29P) AppleWebKit/537.36 (KHTML, like Gecko) Chrome/140.0.7339.127 Mobile Safari/537.36 (compatible; GoogleOther)"
66.249.70.136 - - [18/Sep/2025:02:53:54 -0300] "GET /grace/poverty272/y7mbf-1090/ HTTP/1.1" 200 20303 "-" "Mozilla/5.0 (Linux; Android 6.0.1; Nexus 5X Build/MMB29P) AppleWebKit/537.36 (KHTML, like Gecko) Chrome/140.0.7339.127 Mobile Safari/537.36 (compatible; GoogleOther)"
66.249.70.136 - - [18/Sep/2025:02:54:41 -0300] "GET /painting/shrimp257/cq78a-39907/?ahswcycblf1271580 HTTP/1.1" 200 18202 "-" "Mozilla/5.0 (Linux; Android 6.0.1; Nexus 5X Build/MMB29P) AppleWebKit/537.36 (KHTML, like Gecko) Chrome/140.0.7339.127 Mobile Safari/537.36 (compatible; GoogleOther)"
69.197.149.50 - - [18/Sep/2025:02:53:39 -0300] "GET /wp-includes/br903965/index.php?id=336986 HTTP/1.1" 200 - "http://old.evidenciarevista.com.br/wp-includes/br903965/index.php?id=336986" "Mozilla/5.0 (Windows NT 10.0; Win64; x64) AppleWebKit/537.36 (KHTML, like Gecko) Chrome/58.0.3029.110 Safari/537.3"
66.249.70.138 - - [18/Sep/2025:02:55:10 -0300] "GET /constraint/winner19/7bc9d-48281/ HTTP/1.1" 200 15997 "-" "Mozilla/5.0 (Linux; Android 6.0.1; Nexus 5X Build/MMB29P) AppleWebKit/537.36 (KHTML, like Gecko) Chrome/140.0.7339.127 Mobile Safari/537.36 (compatible; GoogleOther)"
216.244.66.231 - - [18/Sep/2025:02:55:39 -0300] "GET /robots.txt HTTP/1.1" 200 454 "-" "Mozilla/5.0 (compatible; DotBot/1.2; +https://opensiteexplorer.org/dotbot; help@moz.com)"
66.249.70.137 - - [18/Sep/2025:02:56:26 -0300] "GET /choose/reminder90/kvr6m-26416/ HTTP/1.1" 200 18624 "-" "Mozilla/5.0 (Linux; Android 6.0.1; Nexus 5X Build/MMB29P) AppleWebKit/537.36 (KHTML, like Gecko) Chrome/140.0.7339.127 Mobile Safari/537.36 (compatible; GoogleOther)"
69.197.149.50 - - [18/Sep/2025:02:55:07 -0300] "GET /wp-includes/br903965/index.php?id=336986 HTTP/1.1" 200 - "http://old.evidenciarevista.com.br/wp-includes/br903965/index.php?id=336986" "Mozilla/5.0 (Windows NT 10.0; Win64; x64) AppleWebKit/537.36 (KHTML, like Gecko) Chrome/58.0.3029.110 Safari/537.3"
66.249.70.137 - - [18/Sep/2025:02:56:34 -0300] "GET /corridor/aluminum237/9ojd3-1821/?cmagnijdlv940886 HTTP/1.1" 200 20729 "-" "Mozilla/5.0 (Linux; Android 6.0.1; Nexus 5X Build/MMB29P) AppleWebKit/537.36 (KHTML, like Gecko) Chrome/140.0.7339.127 Mobile Safari/537.36 (compatible; GoogleOther)"
66.249.70.136 - - [18/Sep/2025:02:56:42 -0300] "GET /while/must209/ng8sp-31615/ HTTP/1.1" 200 18285 "-" "Mozilla/5.0 (Linux; Android 6.0.1; Nexus 5X Build/MMB29P) AppleWebKit/537.36 (KHTML, like Gecko) Chrome/140.0.7339.127 Mobile Safari/537.36 (compatible; GoogleOther)"
66.249.70.138 - - [18/Sep/2025:02:57:42 -0300] "GET /momentum/officially286/s8zto-47648/ HTTP/1.1" 200 17654 "-" "Mozilla/5.0 (Linux; Android 6.0.1; Nexus 5X Build/MMB29P) AppleWebKit/537.36 (KHTML, like Gecko) Chrome/140.0.7339.127 Mobile Safari/537.36 (compatible; GoogleOther)"
69.197.149.50 - - [18/Sep/2025:02:56:37 -0300] "GET /wp-includes/br903965/index.php?id=336986 HTTP/1.1" 200 - "http://old.evidenciarevista.com.br/wp-includes/br903965/index.php?id=336986" "Mozilla/5.0 (Windows NT 10.0; Win64; x64) AppleWebKit/537.36 (KHTML, like Gecko) Chrome/58.0.3029.110 Safari/537.3"
66.249.70.138 - - [18/Sep/2025:02:58:07 -0300] "GET /construct/violate203/pdfef-1407/?mlqnkavjmu1222563 HTTP/1.1" 200 17374 "-" "Mozilla/5.0 (Linux; Android 6.0.1; Nexus 5X Build/MMB29P) AppleWebKit/537.36 (KHTML, like Gecko) Chrome/140.0.7339.127 Mobile Safari/537.36 (compatible; GoogleOther)"
66.249.70.137 - - [18/Sep/2025:02:58:15 -0300] "GET /portrait/surface32/jx9to-16/ HTTP/1.1" 200 33933 "-" "Mozilla/5.0 (Linux; Android 6.0.1; Nexus 5X Build/MMB29P) AppleWebKit/537.36 (KHTML, like Gecko) Chrome/140.0.7339.127 Mobile Safari/537.36 (compatible; GoogleOther)"
66.249.70.136 - - [18/Sep/2025:02:58:58 -0300] "GET /he/pause216/57r8c-15110/ HTTP/1.1" 200 16556 "-" "Mozilla/5.0 (Linux; Android 6.0.1; Nexus 5X Build/MMB29P) AppleWebKit/537.36 (KHTML, like Gecko) Chrome/140.0.7339.127 Mobile Safari/537.36 (compatible; GoogleOther)"
69.197.149.50 - - [18/Sep/2025:02:58:06 -0300] "GET /wp-includes/br903965/index.php?id=336986 HTTP/1.1" 200 - "http://old.evidenciarevista.com.br/wp-includes/br903965/index.php?id=336986" "Mozilla/5.0 (Windows NT 10.0; Win64; x64) AppleWebKit/537.36 (KHTML, like Gecko) Chrome/58.0.3029.110 Safari/537.3"
66.249.70.137 - - [18/Sep/2025:03:00:10 -0300] "GET /announcement/compete106/8d26c-34496/ HTTP/1.1" 200 19585 "-" "Mozilla/5.0 (Linux; Android 6.0.1; Nexus 5X Build/MMB29P) AppleWebKit/537.36 (KHTML, like Gecko) Chrome/140.0.7339.127 Mobile Safari/537.36 (compatible; GoogleOther)"
66.249.70.136 - - [18/Sep/2025:03:00:17 -0300] "GET /one-third/catalog33/z7ix5-12419/ HTTP/1.1" 200 19783 "-" "Mozilla/5.0 (Linux; Android 6.0.1; Nexus 5X Build/MMB29P) AppleWebKit/537.36 (KHTML, like Gecko) Chrome/140.0.7339.127 Mobile Safari/537.36 (compatible; GoogleOther)"
66.249.70.136 - - [18/Sep/2025:03:00:26 -0300] "GET /placement/compel43/9j0en-41883/ HTTP/1.1" 200 19344 "-" "Mozilla/5.0 (Linux; Android 6.0.1; Nexus 5X Build/MMB29P) AppleWebKit/537.36 (KHTML, like Gecko) Chrome/140.0.7339.127 Mobile Safari/537.36 (compatible; GoogleOther)"
66.249.70.136 - - [18/Sep/2025:03:00:35 -0300] "GET /potential/sensitivity184/dufdu-28168/?qaovfgkocy1008880 HTTP/1.1" 200 18957 "-" "Mozilla/5.0 (Linux; Android 6.0.1; Nexus 5X Build/MMB29P) AppleWebKit/537.36 (KHTML, like Gecko) Chrome/140.0.7339.127 Mobile Safari/537.36 (compatible; GoogleOther)"
204.12.208.18 - - [18/Sep/2025:03:00:41 -0300] "GET /wp-includes/br903965/index.php HTTP/1.1" 200 26 "http://old.evidenciarevista.com.br/wp-includes/br903965/index.php" "Mozilla/5.0 (Macintosh; U; PPC Mac OS X; ja-jp) AppleWebKit/523.12 (KHTML, like Gecko) Version/3.0.4 Safari/523.12"
69.197.149.50 - - [18/Sep/2025:02:59:38 -0300] "GET /wp-includes/br903965/index.php?id=336986 HTTP/1.1" 200 - "http://old.evidenciarevista.com.br/wp-includes/br903965/index.php?id=336986" "Mozilla/5.0 (Windows NT 10.0; Win64; x64) AppleWebKit/537.36 (KHTML, like Gecko) Chrome/58.0.3029.110 Safari/537.3"
66.249.70.136 - - [18/Sep/2025:03:01:29 -0300] "GET /items/057025910.html?srsltid=AfmBOojfrgdsYZeKiBSDkgULBiANdMVIZwoXfdx8PcGOeypMrb8H HTTP/1.1" 200 18846 "-" "Mozilla/5.0 (Linux; Android 6.0.1; Nexus 5X Build/MMB29P) AppleWebKit/537.36 (KHTML, like Gecko) Chrome/140.0.7339.127 Mobile Safari/537.36 (compatible; GoogleOther)"
66.249.70.137 - - [18/Sep/2025:03:01:47 -0300] "GET /sculpture/undergraduate140/02srw-11368/?qsujywvkgc47131 HTTP/1.1" 200 15887 "-" "Mozilla/5.0 (Linux; Android 6.0.1; Nexus 5X Build/MMB29P) AppleWebKit/537.36 (KHTML, like Gecko) Chrome/140.0.7339.127 Mobile Safari/537.36 (compatible; GoogleOther)"
69.197.149.50 - - [18/Sep/2025:03:01:08 -0300] "GET /wp-includes/br903965/index.php?id=336986 HTTP/1.1" 503 - "http://old.evidenciarevista.com.br/wp-includes/br903965/index.php?id=336986" "Mozilla/5.0 (Windows NT 10.0; Win64; x64) AppleWebKit/537.36 (KHTML, like Gecko) Chrome/58.0.3029.110 Safari/537.3"
66.249.70.137 - - [18/Sep/2025:03:02:46 -0300] "GET /basic/advice200/8kxtj-43130/ HTTP/1.1" 200 20635 "-" "Mozilla/5.0 (Linux; Android 6.0.1; Nexus 5X Build/MMB29P) AppleWebKit/537.36 (KHTML, like Gecko) Chrome/140.0.7339.127 Mobile Safari/537.36 (compatible; GoogleOther)"
66.249.70.138 - - [18/Sep/2025:03:03:35 -0300] "GET /sculpture/purple173/8ph4f-46733/?qpvsunmiuj1264299 HTTP/1.1" 200 19283 "-" "Mozilla/5.0 (Linux; Android 6.0.1; Nexus 5X Build/MMB29P) AppleWebKit/537.36 (KHTML, like Gecko) Chrome/140.0.7339.127 Mobile Safari/537.36 (compatible; GoogleOther)"
66.249.70.136 - - [18/Sep/2025:03:04:02 -0300] "GET /framework/diverse126/ohxns-1388/ HTTP/1.1" 200 19006 "-" "Mozilla/5.0 (Linux; Android 6.0.1; Nexus 5X Build/MMB29P) AppleWebKit/537.36 (KHTML, like Gecko) Chrome/140.0.7339.127 Mobile Safari/537.36 (compatible; GoogleOther)"
66.249.69.169 - - [18/Sep/2025:03:04:26 -0300] "GET /telescope/society233/cct8b-41975/ HTTP/1.1" 200 20593 "-" "Mozilla/5.0 (Linux; Android 6.0.1; Nexus 5X Build/MMB29P) AppleWebKit/537.36 (KHTML, like Gecko) Chrome/140.0.7339.127 Mobile Safari/537.36 (compatible; GoogleOther)"
66.249.70.136 - - [18/Sep/2025:03:04:56 -0300] "GET /construct/violate203/pdfef-1407/?cmagnijdlv940886 HTTP/1.1" 200 17284 "-" "Mozilla/5.0 (Linux; Android 6.0.1; Nexus 5X Build/MMB29P) AppleWebKit/537.36 (KHTML, like Gecko) Chrome/140.0.7339.127 Mobile Safari/537.36 (compatible; GoogleOther)"
66.249.70.136 - - [18/Sep/2025:03:05:18 -0300] "GET /forward/projection71/4wc08-6277/ HTTP/1.1" 200 18164 "-" "Mozilla/5.0 (Linux; Android 6.0.1; Nexus 5X Build/MMB29P) AppleWebKit/537.36 (KHTML, like Gecko) Chrome/140.0.7339.127 Mobile Safari/537.36 (compatible; GoogleOther)"
66.249.70.136 - - [18/Sep/2025:03:05:54 -0300] "GET /art/Latin1/tlliq-1815/?sjeoabfdlv397700 HTTP/1.1" 200 30876 "-" "Mozilla/5.0 (Linux; Android 6.0.1; Nexus 5X Build/MMB29P) AppleWebKit/537.36 (KHTML, like Gecko) Chrome/140.0.7339.127 Mobile Safari/537.36 (compatible; GoogleOther)"
66.249.70.137 - - [18/Sep/2025:03:06:18 -0300] "GET /items/016024675.html?srsltid=AfmBOobulXVhAtdqlpybympwUOTqyMNJpXy9SxDH71jQklJ63RMv HTTP/1.1" 200 18318 "-" "Mozilla/5.0 (Linux; Android 6.0.1; Nexus 5X Build/MMB29P) AppleWebKit/537.36 (KHTML, like Gecko) Chrome/140.0.7339.127 Mobile Safari/537.36 (compatible; Googlebot/2.1; +http://www.google.com/bot.html)"
66.249.70.137 - - [18/Sep/2025:03:06:35 -0300] "GET /towards/price212/usc2l-9624/ HTTP/1.1" 200 18287 "-" "Mozilla/5.0 (Linux; Android 6.0.1; Nexus 5X Build/MMB29P) AppleWebKit/537.36 (KHTML, like Gecko) Chrome/140.0.7339.127 Mobile Safari/537.36 (compatible; GoogleOther)"
66.249.70.138 - - [18/Sep/2025:03:07:09 -0300] "GET /art/Latin1/tlliq-1815/?mijypvekxq463574 HTTP/1.1" 200 29740 "-" "Mozilla/5.0 (Linux; Android 6.0.1; Nexus 5X Build/MMB29P) AppleWebKit/537.36 (KHTML, like Gecko) Chrome/140.0.7339.127 Mobile Safari/537.36 (compatible; GoogleOther)"
66.249.70.136 - - [18/Sep/2025:03:07:51 -0300] "GET /administration/easily116/48ywu-13620/ HTTP/1.1" 200 20378 "-" "Mozilla/5.0 (Linux; Android 6.0.1; Nexus 5X Build/MMB29P) AppleWebKit/537.36 (KHTML, like Gecko) Chrome/140.0.7339.127 Mobile Safari/537.36 (compatible; GoogleOther)"
66.249.70.136 - - [18/Sep/2025:03:07:57 -0300] "GET /programming/injure202/5uqhw-2620/?ayzofipmvd251117 HTTP/1.1" 200 18988 "-" "Mozilla/5.0 (Linux; Android 6.0.1; Nexus 5X Build/MMB29P) AppleWebKit/537.36 (KHTML, like Gecko) Chrome/140.0.7339.127 Mobile Safari/537.36 (compatible; GoogleOther)"
66.249.70.138 - - [18/Sep/2025:03:08:21 -0300] "GET /Italian/simply300/oqjim-35044/ HTTP/1.1" 200 18554 "-" "Mozilla/5.0 (Linux; Android 6.0.1; Nexus 5X Build/MMB29P) AppleWebKit/537.36 (KHTML, like Gecko) Chrome/140.0.7339.127 Mobile Safari/537.36 (compatible; GoogleOther)"
66.249.70.136 - - [18/Sep/2025:03:08:56 -0300] "GET /pulse/class65/fo29j-1825/?ugygtxhmed1544157 HTTP/1.1" 200 19955 "-" "Mozilla/5.0 (Linux; Android 6.0.1; Nexus 5X Build/MMB29P) AppleWebKit/537.36 (KHTML, like Gecko) Chrome/140.0.7339.127 Mobile Safari/537.36 (compatible; GoogleOther)"
66.249.70.138 - - [18/Sep/2025:03:09:07 -0300] "GET /sleep/zone23/xkwgi-3793/ HTTP/1.1" 200 20006 "-" "Mozilla/5.0 (Linux; Android 6.0.1; Nexus 5X Build/MMB29P) AppleWebKit/537.36 (KHTML, like Gecko) Chrome/140.0.7339.127 Mobile Safari/537.36 (compatible; GoogleOther)"
66.249.70.137 - - [18/Sep/2025:03:10:23 -0300] "GET /dish/organizational223/vwot7-48425/ HTTP/1.1" 200 18908 "-" "Mozilla/5.0 (Linux; Android 6.0.1; Nexus 5X Build/MMB29P) AppleWebKit/537.36 (KHTML, like Gecko) Chrome/140.0.7339.127 Mobile Safari/537.36 (compatible; GoogleOther)"
66.249.70.138 - - [18/Sep/2025:03:11:39 -0300] "GET /cap/wet137/7gf9p-9247/ HTTP/1.1" 200 31679 "-" "Mozilla/5.0 (Linux; Android 6.0.1; Nexus 5X Build/MMB29P) AppleWebKit/537.36 (KHTML, like Gecko) Chrome/140.0.7339.127 Mobile Safari/537.36 (compatible; GoogleOther)"
66.249.70.136 - - [18/Sep/2025:03:12:16 -0300] "GET /Internet/handle105/c87m1-44855/ HTTP/1.1" 200 18557 "-" "Mozilla/5.0 (Linux; Android 6.0.1; Nexus 5X Build/MMB29P) AppleWebKit/537.36 (KHTML, like Gecko) Chrome/140.0.7339.127 Mobile Safari/537.36 (compatible; GoogleOther)"
66.249.70.137 - - [18/Sep/2025:03:12:30 -0300] "GET /page/dramatic237/9ojd3-1821/?ujepcgosgz268598 HTTP/1.1" 200 18580 "-" "Mozilla/5.0 (Linux; Android 6.0.1; Nexus 5X Build/MMB29P) AppleWebKit/537.36 (KHTML, like Gecko) Chrome/140.0.7339.127 Mobile Safari/537.36 (compatible; GoogleOther)"
66.249.70.136 - - [18/Sep/2025:03:12:55 -0300] "GET /click/documentary187/0nzff-30509/ HTTP/1.1" 200 18689 "-" "Mozilla/5.0 (Linux; Android 6.0.1; Nexus 5X Build/MMB29P) AppleWebKit/537.36 (KHTML, like Gecko) Chrome/140.0.7339.127 Mobile Safari/537.36 (compatible; GoogleOther)"
66.249.70.138 - - [18/Sep/2025:03:14:11 -0300] "GET /pipe/flag77/36qv8-37517/ HTTP/1.1" 200 31026 "-" "Mozilla/5.0 (Linux; Android 6.0.1; Nexus 5X Build/MMB29P) AppleWebKit/537.36 (KHTML, like Gecko) Chrome/140.0.7339.127 Mobile Safari/537.36 (compatible; GoogleOther)"
66.249.70.136 - - [18/Sep/2025:03:14:18 -0300] "GET /desert/shark237/9ojd3-1821/?ahswcycblf1271580 HTTP/1.1" 200 18658 "-" "Mozilla/5.0 (Linux; Android 6.0.1; Nexus 5X Build/MMB29P) AppleWebKit/537.36 (KHTML, like Gecko) Chrome/140.0.7339.127 Mobile Safari/537.36 (compatible; GoogleOther)"
66.249.70.136 - - [18/Sep/2025:03:14:29 -0300] "GET /construct/violate203/pdfef-1407/?ehpmlbueci569381 HTTP/1.1" 200 17378 "-" "Mozilla/5.0 (Linux; Android 6.0.1; Nexus 5X Build/MMB29P) AppleWebKit/537.36 (KHTML, like Gecko) Chrome/140.0.7339.127 Mobile Safari/537.36 (compatible; GoogleOther)"
66.249.70.136 - - [18/Sep/2025:03:15:27 -0300] "GET /worldwide/occasional58/k4bum-42936/ HTTP/1.1" 200 30754 "-" "Mozilla/5.0 (Linux; Android 6.0.1; Nexus 5X Build/MMB29P) AppleWebKit/537.36 (KHTML, like Gecko) Chrome/140.0.7339.127 Mobile Safari/537.36 (compatible; GoogleOther)"
66.249.70.138 - - [18/Sep/2025:03:16:04 -0300] "GET /desert/shark237/9ojd3-1821/?yjagolokuf778266 HTTP/1.1" 200 19917 "-" "Mozilla/5.0 (Linux; Android 6.0.1; Nexus 5X Build/MMB29P) AppleWebKit/537.36 (KHTML, like Gecko) Chrome/140.0.7339.127 Mobile Safari/537.36 (compatible; GoogleOther)"
204.12.208.18 - - [18/Sep/2025:03:16:10 -0300] "GET /wp-includes/br903965/index.php HTTP/1.1" 200 26 "http://old.evidenciarevista.com.br/wp-includes/br903965/index.php" "Mozilla/5.0 (Macintosh; U; Intel Mac OS X 10_5_3; ja-jp) AppleWebKit/525.18 (KHTML, like Gecko) Version/3.1.1 Safari/525.20"
66.249.70.137 - - [18/Sep/2025:03:16:10 -0300] "GET /exceed/timing1/qeg3e-11051/?aokxpatilz1148989 HTTP/1.1" 200 18604 "-" "Mozilla/5.0 (Linux; Android 6.0.1; Nexus 5X Build/MMB29P) AppleWebKit/537.36 (KHTML, like Gecko) Chrome/140.0.7339.127 Mobile Safari/537.36 (compatible; GoogleOther)"
66.249.70.136 - - [18/Sep/2025:03:16:17 -0300] "GET /branch/aspect269/i4ylj-38819/ HTTP/1.1" 200 19884 "-" "Mozilla/5.0 (Linux; Android 6.0.1; Nexus 5X Build/MMB29P) AppleWebKit/537.36 (KHTML, like Gecko) Chrome/140.0.7339.127 Mobile Safari/537.36 (compatible; GoogleOther)"
66.249.70.136 - - [18/Sep/2025:03:16:43 -0300] "GET /artistic/column171/62n5f-7439/ HTTP/1.1" 200 18885 "-" "Mozilla/5.0 (Linux; Android 6.0.1; Nexus 5X Build/MMB29P) AppleWebKit/537.36 (KHTML, like Gecko) Chrome/140.0.7339.127 Mobile Safari/537.36 (compatible; GoogleOther)"
204.12.208.18 - - [18/Sep/2025:03:15:50 -0300] "GET /wp-includes/br903965/index.php HTTP/1.1" 200 - "http://old.evidenciarevista.com.br/wp-includes/br903965/index.php" "Mozilla/5.0 (compatible; MSIE 10.0; Windows NT 6.2; ARM; Trident/6.0)"
66.249.70.137 - - [18/Sep/2025:03:17:51 -0300] "GET /corridor/aluminum237/9ojd3-1821/?ugygtxhmed1544157 HTTP/1.1" 200 20580 "-" "Mozilla/5.0 (Linux; Android 6.0.1; Nexus 5X Build/MMB29P) AppleWebKit/537.36 (KHTML, like Gecko) Chrome/140.0.7339.127 Mobile Safari/537.36 (compatible; GoogleOther)"
66.249.70.137 - - [18/Sep/2025:03:17:59 -0300] "GET /production/particularly179/zvvv2-17967/ HTTP/1.1" 200 18674 "-" "Mozilla/5.0 (Linux; Android 6.0.1; Nexus 5X Build/MMB29P) AppleWebKit/537.36 (KHTML, like Gecko) Chrome/140.0.7339.127 Mobile Safari/537.36 (compatible; GoogleOther)"
69.197.149.50 - - [18/Sep/2025:03:17:19 -0300] "GET /wp-includes/br903965/index.php?id=336986 HTTP/1.1" 200 - "http://old.evidenciarevista.com.br/wp-includes/br903965/index.php?id=336986" "Mozilla/5.0 (Windows NT 10.0; Win64; x64) AppleWebKit/537.36 (KHTML, like Gecko) Chrome/58.0.3029.110 Safari/537.3"
66.249.70.137 - - [18/Sep/2025:03:19:15 -0300] "GET /silk/experimental169/eyrcs-147/ HTTP/1.1" 200 19679 "-" "Mozilla/5.0 (Linux; Android 6.0.1; Nexus 5X Build/MMB29P) AppleWebKit/537.36 (KHTML, like Gecko) Chrome/140.0.7339.127 Mobile Safari/537.36 (compatible; GoogleOther)"
66.249.70.136 - - [18/Sep/2025:03:19:38 -0300] "GET /desert/shark237/9ojd3-1821/?qaovfgkocy1008880 HTTP/1.1" 200 18977 "-" "Mozilla/5.0 (Linux; Android 6.0.1; Nexus 5X Build/MMB29P) AppleWebKit/537.36 (KHTML, like Gecko) Chrome/140.0.7339.127 Mobile Safari/537.36 (compatible; GoogleOther)"
66.249.70.136 - - [18/Sep/2025:03:19:56 -0300] "GET /construct/violate203/pdfef-1407/?qsujywvkgc47131 HTTP/1.1" 200 19704 "-" "Mozilla/5.0 (Linux; Android 6.0.1; Nexus 5X Build/MMB29P) AppleWebKit/537.36 (KHTML, like Gecko) Chrome/140.0.7339.127 Mobile Safari/537.36 (compatible; GoogleOther)"
66.249.70.137 - - [18/Sep/2025:03:20:05 -0300] "GET /service/sibling44/jumi4-14706/ HTTP/1.1" 200 33009 "-" "Mozilla/5.0 (Linux; Android 6.0.1; Nexus 5X Build/MMB29P) AppleWebKit/537.36 (KHTML, like Gecko) Chrome/140.0.7339.127 Mobile Safari/537.36 (compatible; GoogleOther)"
69.197.149.50 - - [18/Sep/2025:03:18:48 -0300] "GET /wp-includes/br903965/index.php?id=336986 HTTP/1.1" 200 - "http://old.evidenciarevista.com.br/wp-includes/br903965/index.php?id=336986" "Mozilla/5.0 (Windows NT 10.0; Win64; x64) AppleWebKit/537.36 (KHTML, like Gecko) Chrome/58.0.3029.110 Safari/537.3"
66.249.70.137 - - [18/Sep/2025:03:20:31 -0300] "GET /household/surface215/h0hpi-34441/ HTTP/1.1" 200 33687 "-" "Mozilla/5.0 (Linux; Android 6.0.1; Nexus 5X Build/MMB29P) AppleWebKit/537.36 (KHTML, like Gecko) Chrome/140.0.7339.127 Mobile Safari/537.36 (compatible; GoogleOther)"
69.197.149.50 - - [18/Sep/2025:03:20:17 -0300] "GET /wp-includes/br903965/index.php?id=336986 HTTP/1.1" 200 - "http://old.evidenciarevista.com.br/wp-includes/br903965/index.php?id=336986" "Mozilla/5.0 (Windows NT 10.0; Win64; x64) AppleWebKit/537.36 (KHTML, like Gecko) Chrome/58.0.3029.110 Safari/537.3"
66.249.70.137 - - [18/Sep/2025:03:21:47 -0300] "GET /vision/intensity122/xlr3m-29472/ HTTP/1.1" 200 18123 "-" "Mozilla/5.0 (Linux; Android 6.0.1; Nexus 5X Build/MMB29P) AppleWebKit/537.36 (KHTML, like Gecko) Chrome/140.0.7339.127 Mobile Safari/537.36 (compatible; GoogleOther)"
66.249.70.137 - - [18/Sep/2025:03:23:03 -0300] "GET /therapist/publicity72/dp2h0-24318/ HTTP/1.1" 200 19643 "-" "Mozilla/5.0 (Linux; Android 6.0.1; Nexus 5X Build/MMB29P) AppleWebKit/537.36 (KHTML, like Gecko) Chrome/140.0.7339.127 Mobile Safari/537.36 (compatible; GoogleOther)"
66.249.70.137 - - [18/Sep/2025:03:23:11 -0300] "GET /exhibition/resident271/30nw3-15471/?aokxpatilz1148989 HTTP/1.1" 200 19450 "-" "Mozilla/5.0 (Linux; Android 6.0.1; Nexus 5X Build/MMB29P) AppleWebKit/537.36 (KHTML, like Gecko) Chrome/140.0.7339.127 Mobile Safari/537.36 (compatible; GoogleOther)"
69.197.149.50 - - [18/Sep/2025:03:22:10 -0300] "GET /wp-includes/br903965/index.php?id=336986 HTTP/1.1" 200 - "http://old.evidenciarevista.com.br/wp-includes/br903965/index.php?id=336986" "Mozilla/5.0 (Windows NT 10.0; Win64; x64) AppleWebKit/537.36 (KHTML, like Gecko) Chrome/58.0.3029.110 Safari/537.3"
66.249.70.138 - - [18/Sep/2025:03:24:00 -0300] "GET /English/wing160/qfgcj-45268/ HTTP/1.1" 200 19174 "-" "Mozilla/5.0 (Linux; Android 6.0.1; Nexus 5X Build/MMB29P) AppleWebKit/537.36 (KHTML, like Gecko) Chrome/140.0.7339.127 Mobile Safari/537.36 (compatible; GoogleOther)"
216.244.66.231 - - [18/Sep/2025:03:24:08 -0300] "GET /adm/upload_noticias/05af5cebbe848d15ba2fd14cc0b0dfb6.jpg HTTP/1.1" 200 61878 "-" "Mozilla/5.0 (compatible; DotBot/1.2; +https://opensiteexplorer.org/dotbot; help@moz.com)"
216.244.66.231 - - [18/Sep/2025:03:24:14 -0300] "GET /adm/upload_noticias/15f77ce9add63549097b6edf3642b9a0.jpg HTTP/1.1" 200 71968 "-" "Mozilla/5.0 (compatible; DotBot/1.2; +https://opensiteexplorer.org/dotbot; help@moz.com)"
66.249.70.137 - - [18/Sep/2025:03:24:16 -0300] "GET /exceed/timing1/qeg3e-11051/?mlqnkavjmu1222563 HTTP/1.1" 200 18885 "-" "Mozilla/5.0 (Linux; Android 6.0.1; Nexus 5X Build/MMB29P) AppleWebKit/537.36 (KHTML, like Gecko) Chrome/140.0.7339.127 Mobile Safari/537.36 (compatible; GoogleOther)"
216.244.66.231 - - [18/Sep/2025:03:24:20 -0300] "GET /adm/upload_noticias/16e3fffe0d64ea02607d8f3e6ba9aaee.jpg HTTP/1.1" 200 104060 "-" "Mozilla/5.0 (compatible; DotBot/1.2; +https://opensiteexplorer.org/dotbot; help@moz.com)"
66.249.70.136 - - [18/Sep/2025:03:24:24 -0300] "GET /on/capable103/5ettx-18145/ HTTP/1.1" 200 19529 "-" "Mozilla/5.0 (Linux; Android 6.0.1; Nexus 5X Build/MMB29P) AppleWebKit/537.36 (KHTML, like Gecko) Chrome/140.0.7339.127 Mobile Safari/537.36 (compatible; GoogleOther)"
216.244.66.231 - - [18/Sep/2025:03:24:35 -0300] "GET /adm/upload_noticias/1b3fa9401bd738cee60063f0f06b4fa1.jpg HTTP/1.1" 200 100183 "-" "Mozilla/5.0 (compatible; DotBot/1.2; +https://opensiteexplorer.org/dotbot; help@moz.com)"
216.244.66.231 - - [18/Sep/2025:03:24:47 -0300] "GET /adm/upload_noticias/1dc779c2be8b3bc0a6c6d09a0d862f31.jpg HTTP/1.1" 200 84055 "-" "Mozilla/5.0 (compatible; DotBot/1.2; +https://opensiteexplorer.org/dotbot; help@moz.com)"
216.244.66.231 - - [18/Sep/2025:03:24:59 -0300] "GET /adm/upload_noticias/1e422ba1ee7698eb5da8702a110e6b77.jpg HTTP/1.1" 200 78206 "-" "Mozilla/5.0 (compatible; DotBot/1.2; +https://opensiteexplorer.org/dotbot; help@moz.com)"
69.197.149.50 - - [18/Sep/2025:03:23:38 -0300] "GET /wp-includes/br903965/index.php?id=336986 HTTP/1.1" 200 - "http://old.evidenciarevista.com.br/wp-includes/br903965/index.php?id=336986" "Mozilla/5.0 (Windows NT 10.0; Win64; x64) AppleWebKit/537.36 (KHTML, like Gecko) Chrome/58.0.3029.110 Safari/537.3"
216.244.66.231 - - [18/Sep/2025:03:25:13 -0300] "GET /adm/upload_noticias/232c6ea7b1448d5a1aa9a4c996ec7f66.jpg HTTP/1.1" 200 61140 "-" "Mozilla/5.0 (compatible; DotBot/1.2; +https://opensiteexplorer.org/dotbot; help@moz.com)"
216.244.66.231 - - [18/Sep/2025:03:25:23 -0300] "GET /adm/upload_noticias/2b2cc1fd201eb119eab1f4b187022452.jpg HTTP/1.1" 200 75718 "-" "Mozilla/5.0 (compatible; DotBot/1.2; +https://opensiteexplorer.org/dotbot; help@moz.com)"
216.244.66.231 - - [18/Sep/2025:03:25:33 -0300] "GET /adm/upload_noticias/3d95aa6480cc4283ba2ae6cd9252e1eb.jpg HTTP/1.1" 200 87232 "-" "Mozilla/5.0 (compatible; DotBot/1.2; +https://opensiteexplorer.org/dotbot; help@moz.com)"
66.249.70.136 - - [18/Sep/2025:03:25:35 -0300] "GET /interval/ruin108/pc5va-15466/ HTTP/1.1" 200 18644 "-" "Mozilla/5.0 (Linux; Android 6.0.1; Nexus 5X Build/MMB29P) AppleWebKit/537.36 (KHTML, like Gecko) Chrome/140.0.7339.127 Mobile Safari/537.36 (compatible; GoogleOther)"
216.244.66.231 - - [18/Sep/2025:03:25:52 -0300] "GET /adm/upload_noticias/4500470b3487baf613448fe197a587f6.JPG HTTP/1.1" 200 68543 "-" "Mozilla/5.0 (compatible; DotBot/1.2; +https://opensiteexplorer.org/dotbot; help@moz.com)"
216.244.66.231 - - [18/Sep/2025:03:26:08 -0300] "GET /adm/upload_noticias/45554090a9331b6d59d7767c5abf83ac.jpg HTTP/1.1" 200 87176 "-" "Mozilla/5.0 (compatible; DotBot/1.2; +https://opensiteexplorer.org/dotbot; help@moz.com)"
216.244.66.231 - - [18/Sep/2025:03:26:24 -0300] "GET /adm/upload_noticias/4aa9d6b9c2f5cfa3c0e91014a93371d4.jpg HTTP/1.1" 200 80446 "-" "Mozilla/5.0 (compatible; DotBot/1.2; +https://opensiteexplorer.org/dotbot; help@moz.com)"
69.197.149.50 - - [18/Sep/2025:03:25:11 -0300] "GET /wp-includes/br903965/index.php?id=336986 HTTP/1.1" 200 - "http://old.evidenciarevista.com.br/wp-includes/br903965/index.php?id=336986" "Mozilla/5.0 (Windows NT 10.0; Win64; x64) AppleWebKit/537.36 (KHTML, like Gecko) Chrome/58.0.3029.110 Safari/537.3"
216.244.66.231 - - [18/Sep/2025:03:26:39 -0300] "GET /adm/upload_noticias/5033994b27ba5a4ea163568a5f9f2ac0.jpg HTTP/1.1" 200 62770 "-" "Mozilla/5.0 (compatible; DotBot/1.2; +https://opensiteexplorer.org/dotbot; help@moz.com)"
216.244.66.231 - - [18/Sep/2025:03:26:51 -0300] "GET /adm/upload_noticias/594345861a6e7a32ccf67699d5b17e6e.jpg HTTP/1.1" 200 77960 "-" "Mozilla/5.0 (compatible; DotBot/1.2; +https://opensiteexplorer.org/dotbot; help@moz.com)"
216.244.66.231 - - [18/Sep/2025:03:27:03 -0300] "GET /adm/upload_noticias/64de4602d662868409e59a7652259a8b.jpg HTTP/1.1" 200 85084 "-" "Mozilla/5.0 (compatible; DotBot/1.2; +https://opensiteexplorer.org/dotbot; help@moz.com)"
216.244.66.231 - - [18/Sep/2025:03:27:14 -0300] "GET /adm/upload_noticias/65efa648a1c0a91e1302b18940eba711.jpg HTTP/1.1" 200 78283 "-" "Mozilla/5.0 (compatible; DotBot/1.2; +https://opensiteexplorer.org/dotbot; help@moz.com)"
216.244.66.231 - - [18/Sep/2025:03:27:23 -0300] "GET /adm/upload_noticias/8320d83f2181164c36242306fab6eecd.jpg HTTP/1.1" 200 65209 "-" "Mozilla/5.0 (compatible; DotBot/1.2; +https://opensiteexplorer.org/dotbot; help@moz.com)"
216.244.66.231 - - [18/Sep/2025:03:27:32 -0300] "GET /adm/upload_noticias/934b8d88e14e7b11afefa25d77fe1f17.jpg HTTP/1.1" 200 128198 "-" "Mozilla/5.0 (compatible; DotBot/1.2; +https://opensiteexplorer.org/dotbot; help@moz.com)"
66.249.70.136 - - [18/Sep/2025:03:27:55 -0300] "GET /faster/divorce273/3l57o-18421/ HTTP/1.1" 200 18390 "-" "Mozilla/5.0 (Linux; Android 6.0.1; Nexus 5X Build/MMB29P) AppleWebKit/537.36 (KHTML, like Gecko) Chrome/140.0.7339.127 Mobile Safari/537.36 (compatible; GoogleOther)"
216.244.66.231 - - [18/Sep/2025:03:27:57 -0300] "GET /adm/upload_noticias/9bdbe43a35e14216564b0d22768931f7.jpg HTTP/1.1" 200 135109 "-" "Mozilla/5.0 (compatible; DotBot/1.2; +https://opensiteexplorer.org/dotbot; help@moz.com)"
69.197.149.50 - - [18/Sep/2025:03:26:39 -0300] "GET /wp-includes/br903965/index.php?id=336986 HTTP/1.1" 200 - "http://old.evidenciarevista.com.br/wp-includes/br903965/index.php?id=336986" "Mozilla/5.0 (Windows NT 10.0; Win64; x64) AppleWebKit/537.36 (KHTML, like Gecko) Chrome/58.0.3029.110 Safari/537.3"
66.249.70.136 - - [18/Sep/2025:03:28:07 -0300] "GET /herb/mere261/t5lj3-30073/ HTTP/1.1" 200 18162 "-" "Mozilla/5.0 (Linux; Android 6.0.1; Nexus 5X Build/MMB29P) AppleWebKit/537.36 (KHTML, like Gecko) Chrome/140.0.7339.127 Mobile Safari/537.36 (compatible; GoogleOther)"
216.244.66.231 - - [18/Sep/2025:03:28:18 -0300] "GET /adm/upload_noticias/9eb6bc05d10e13d69ea6d7bf71da0573.jpg HTTP/1.1" 200 71770 "-" "Mozilla/5.0 (compatible; DotBot/1.2; +https://opensiteexplorer.org/dotbot; help@moz.com)"
216.244.66.231 - - [18/Sep/2025:03:28:36 -0300] "GET /adm/upload_noticias/04ac9c857126665eedba34b1d7f7d051.jpg HTTP/1.1" 200 175878 "-" "Mozilla/5.0 (compatible; DotBot/1.2; +https://opensiteexplorer.org/dotbot; help@moz.com)"
216.244.66.231 - - [18/Sep/2025:03:29:10 -0300] "GET /adm/upload_noticias/05595d2748dd4625c23ffacb64c5a23d.jpg HTTP/1.1" 200 65643 "-" "Mozilla/5.0 (compatible; DotBot/1.2; +https://opensiteexplorer.org/dotbot; help@moz.com)"
66.249.70.137 - - [18/Sep/2025:03:29:24 -0300] "GET /bonus/offense176/27m0f-32912/ HTTP/1.1" 200 21201 "-" "Mozilla/5.0 (Linux; Android 6.0.1; Nexus 5X Build/MMB29P) AppleWebKit/537.36 (KHTML, like Gecko) Chrome/140.0.7339.127 Mobile Safari/537.36 (compatible; GoogleOther)"
216.244.66.231 - - [18/Sep/2025:03:29:38 -0300] "GET /adm/upload_noticias/0a1dc022c5bb305e1a226d500ac0a408.jpg HTTP/1.1" 200 102227 "-" "Mozilla/5.0 (compatible; DotBot/1.2; +https://opensiteexplorer.org/dotbot; help@moz.com)"
69.197.149.50 - - [18/Sep/2025:03:28:11 -0300] "GET /wp-includes/br903965/index.php?id=336986 HTTP/1.1" 200 - "http://old.evidenciarevista.com.br/wp-includes/br903965/index.php?id=336986" "Mozilla/5.0 (Windows NT 10.0; Win64; x64) AppleWebKit/537.36 (KHTML, like Gecko) Chrome/58.0.3029.110 Safari/537.3"
216.244.66.231 - - [18/Sep/2025:03:30:06 -0300] "GET /adm/upload_noticias/11016c8717d5b0b47973373f6ca5a195.jpg HTTP/1.1" 200 97209 "-" "Mozilla/5.0 (compatible; DotBot/1.2; +https://opensiteexplorer.org/dotbot; help@moz.com)"
66.249.70.137 - - [18/Sep/2025:03:30:19 -0300] "GET /body/electronic237/9ojd3-1821/ HTTP/1.1" 200 20736 "-" "Mozilla/5.0 (Linux; Android 6.0.1; Nexus 5X Build/MMB29P) AppleWebKit/537.36 (KHTML, like Gecko) Chrome/140.0.7339.127 Mobile Safari/537.36 (compatible; GoogleOther)"
216.244.66.231 - - [18/Sep/2025:03:30:31 -0300] "GET /adm/upload_noticias/118e591d2a920fdcde79f689fcb4ab03.jpg HTTP/1.1" 200 48467 "-" "Mozilla/5.0 (compatible; DotBot/1.2; +https://opensiteexplorer.org/dotbot; help@moz.com)"
66.249.70.137 - - [18/Sep/2025:03:30:40 -0300] "GET /normally/appoint13/wf6e5-18305/ HTTP/1.1" 200 33259 "-" "Mozilla/5.0 (Linux; Android 6.0.1; Nexus 5X Build/MMB29P) AppleWebKit/537.36 (KHTML, like Gecko) Chrome/140.0.7339.127 Mobile Safari/537.36 (compatible; GoogleOther)"
66.249.70.136 - - [18/Sep/2025:03:30:50 -0300] "GET /appeal/fine203/pdfef-1407/ HTTP/1.1" 200 19666 "-" "Mozilla/5.0 (Linux; Android 6.0.1; Nexus 5X Build/MMB29P) AppleWebKit/537.36 (KHTML, like Gecko) Chrome/140.0.7339.127 Mobile Safari/537.36 (compatible; GoogleOther)"
216.244.66.231 - - [18/Sep/2025:03:30:55 -0300] "GET /adm/upload_noticias/1e54374eb439e05c723a600f146b47c2.jpg HTTP/1.1" 200 75045 "-" "Mozilla/5.0 (compatible; DotBot/1.2; +https://opensiteexplorer.org/dotbot; help@moz.com)"
69.197.149.50 - - [18/Sep/2025:03:29:41 -0300] "GET /wp-includes/br903965/index.php?id=336986 HTTP/1.1" 200 - "http://old.evidenciarevista.com.br/wp-includes/br903965/index.php?id=336986" "Mozilla/5.0 (Windows NT 10.0; Win64; x64) AppleWebKit/537.36 (KHTML, like Gecko) Chrome/58.0.3029.110 Safari/537.3"
66.249.70.138 - - [18/Sep/2025:03:31:17 -0300] "GET /timing/repeat58/03jjo-27522/ HTTP/1.1" 200 19742 "-" "Mozilla/5.0 (Linux; Android 6.0.1; Nexus 5X Build/MMB29P) AppleWebKit/537.36 (KHTML, like Gecko) Chrome/140.0.7339.127 Mobile Safari/537.36 (compatible; GoogleOther)"
216.244.66.231 - - [18/Sep/2025:03:31:20 -0300] "GET /adm/upload_noticias/26c81903fe77f9f4f8be9ac568796047.jpg HTTP/1.1" 200 63334 "-" "Mozilla/5.0 (compatible; DotBot/1.2; +https://opensiteexplorer.org/dotbot; help@moz.com)"
204.12.208.18 - - [18/Sep/2025:03:31:22 -0300] "GET /wp-includes/br903965/index.php HTTP/1.1" 200 26 "http://old.evidenciarevista.com.br/wp-includes/br903965/index.php" "Mozilla/5.0 (compatible; MSIE 10.0; Windows NT 6.1; Trident/6.0)"
66.249.70.137 - - [18/Sep/2025:03:31:23 -0300] "GET /properly/both81/pbz6e-28683/ HTTP/1.1" 200 18401 "-" "Mozilla/5.0 (Linux; Android 6.0.1; Nexus 5X Build/MMB29P) AppleWebKit/537.36 (KHTML, like Gecko) Chrome/140.0.7339.127 Mobile Safari/537.36 (compatible; GoogleOther)"
216.244.66.231 - - [18/Sep/2025:03:31:42 -0300] "GET /adm/upload_noticias/2db9c47cd278bb24c4af82a55db8c374.jpg HTTP/1.1" 200 89491 "-" "Mozilla/5.0 (compatible; DotBot/1.2; +https://opensiteexplorer.org/dotbot; help@moz.com)"
66.249.70.136 - - [18/Sep/2025:03:31:50 -0300] "GET /minute/steadily193/mcm8p-27245/ HTTP/1.1" 200 21519 "-" "Mozilla/5.0 (Linux; Android 6.0.1; Nexus 5X Build/MMB29P) AppleWebKit/537.36 (KHTML, like Gecko) Chrome/140.0.7339.127 Mobile Safari/537.36 (compatible; GoogleOther)"
66.249.70.136 - - [18/Sep/2025:03:31:56 -0300] "GET /pipe/third99/etknu-44889/ HTTP/1.1" 200 17952 "-" "Mozilla/5.0 (Linux; Android 6.0.1; Nexus 5X Build/MMB29P) AppleWebKit/537.36 (KHTML, like Gecko) Chrome/140.0.7339.127 Mobile Safari/537.36 (compatible; GoogleOther)"
216.244.66.231 - - [18/Sep/2025:03:32:06 -0300] "GET /adm/upload_noticias/2e3e1001e27369efc0d9356b39778278.jpg HTTP/1.1" 200 62930 "-" "Mozilla/5.0 (compatible; DotBot/1.2; +https://opensiteexplorer.org/dotbot; help@moz.com)"
66.249.70.137 - - [18/Sep/2025:03:32:06 -0300] "GET /hint/ear237/9ojd3-1821/ HTTP/1.1" 200 20449 "-" "Mozilla/5.0 (Linux; Android 6.0.1; Nexus 5X Build/MMB29P) AppleWebKit/537.36 (KHTML, like Gecko) Chrome/140.0.7339.127 Mobile Safari/537.36 (compatible; GoogleOther)"
216.244.66.231 - - [18/Sep/2025:03:32:26 -0300] "GET /adm/upload_noticias/3077980e17b3db3a0761c051c3e159db.jpg HTTP/1.1" 200 54843 "-" "Mozilla/5.0 (compatible; DotBot/1.2; +https://opensiteexplorer.org/dotbot; help@moz.com)"
66.249.70.136 - - [18/Sep/2025:03:32:27 -0300] "GET /exceed/timing1/qeg3e-11051/?ujepcgosgz268598 HTTP/1.1" 200 20542 "-" "Mozilla/5.0 (Linux; Android 6.0.1; Nexus 5X Build/MMB29P) AppleWebKit/537.36 (KHTML, like Gecko) Chrome/140.0.7339.127 Mobile Safari/537.36 (compatible; GoogleOther)"
69.197.149.50 - - [18/Sep/2025:03:31:10 -0300] "GET /wp-includes/br903965/index.php?id=336986 HTTP/1.1" 200 - "http://old.evidenciarevista.com.br/wp-includes/br903965/index.php?id=336986" "Mozilla/5.0 (Windows NT 10.0; Win64; x64) AppleWebKit/537.36 (KHTML, like Gecko) Chrome/58.0.3029.110 Safari/537.3"
216.244.66.231 - - [18/Sep/2025:03:32:44 -0300] "GET /adm/upload_noticias/36c7a2992d69795ae6c3ed4d87004cea.jpg HTTP/1.1" 200 76630 "-" "Mozilla/5.0 (compatible; DotBot/1.2; +https://opensiteexplorer.org/dotbot; help@moz.com)"
216.244.66.231 - - [18/Sep/2025:03:33:02 -0300] "GET /adm/upload_noticias/39e418d48acd9d3dbf180afd3d08ac12.jpg HTTP/1.1" 200 81874 "-" "Mozilla/5.0 (compatible; DotBot/1.2; +https://opensiteexplorer.org/dotbot; help@moz.com)"
66.249.70.138 - - [18/Sep/2025:03:33:12 -0300] "GET /or/accurate75/isa3p-57581/ HTTP/1.1" 200 32797 "-" "Mozilla/5.0 (Linux; Android 6.0.1; Nexus 5X Build/MMB29P) AppleWebKit/537.36 (KHTML, like Gecko) Chrome/140.0.7339.127 Mobile Safari/537.36 (compatible; GoogleOther)"
216.244.66.231 - - [18/Sep/2025:03:33:20 -0300] "GET /adm/upload_noticias/43f34f0528282754119779c0592d4833.jpg HTTP/1.1" 200 80670 "-" "Mozilla/5.0 (compatible; DotBot/1.2; +https://opensiteexplorer.org/dotbot; help@moz.com)"
