216.244.66.231 - - [18/Sep/2025:03:33:36 -0300] "GET /adm/upload_noticias/44a6a59acba4cabb4be0c7d0a2653909.jpg HTTP/1.1" 200 116329 "-" "Mozilla/5.0 (compatible; DotBot/1.2; +https://opensiteexplorer.org/dotbot; help@moz.com)"
216.244.66.231 - - [18/Sep/2025:03:33:53 -0300] "GET /adm/upload_noticias/516f9630f8d42a89c0cad93ed555ed03.jpg HTTP/1.1" 200 75314 "-" "Mozilla/5.0 (compatible; DotBot/1.2; +https://opensiteexplorer.org/dotbot; help@moz.com)"
69.197.149.50 - - [18/Sep/2025:03:32:41 -0300] "GET /wp-includes/br903965/index.php?id=336986 HTTP/1.1" 200 - "http://old.evidenciarevista.com.br/wp-includes/br903965/index.php?id=336986" "Mozilla/5.0 (Windows NT 10.0; Win64; x64) AppleWebKit/537.36 (KHTML, like Gecko) Chrome/58.0.3029.110 Safari/537.3"
216.244.66.231 - - [18/Sep/2025:03:34:08 -0300] "GET /adm/upload_noticias/51b9fb36da56ebbdb432d8bf0a91b24c.jpg HTTP/1.1" 200 95258 "-" "Mozilla/5.0 (compatible; DotBot/1.2; +https://opensiteexplorer.org/dotbot; help@moz.com)"
216.244.66.231 - - [18/Sep/2025:03:34:23 -0300] "GET /adm/upload_noticias/525b604dbdaec839d983eb397deae166.jpg HTTP/1.1" 200 83092 "-" "Mozilla/5.0 (compatible; DotBot/1.2; +https://opensiteexplorer.org/dotbot; help@moz.com)"
66.249.70.138 - - [18/Sep/2025:03:34:28 -0300] "GET /orange/sanction19/27p19-4021/ HTTP/1.1" 200 31931 "-" "Mozilla/5.0 (Linux; Android 6.0.1; Nexus 5X Build/MMB29P) AppleWebKit/537.36 (KHTML, like Gecko) Chrome/140.0.7339.127 Mobile Safari/537.36 (compatible; GoogleOther)"
216.244.66.231 - - [18/Sep/2025:03:34:37 -0300] "GET /adm/upload_noticias/57b185eddea6c8193dc43cadb5519aed.jpg HTTP/1.1" 200 49855 "-" "Mozilla/5.0 (compatible; DotBot/1.2; +https://opensiteexplorer.org/dotbot; help@moz.com)"
216.244.66.231 - - [18/Sep/2025:03:34:49 -0300] "GET /adm/upload_noticias/5bff0aaa6a9b2aa44a5da67643f62f93.jpg HTTP/1.1" 200 91747 "-" "Mozilla/5.0 (compatible; DotBot/1.2; +https://opensiteexplorer.org/dotbot; help@moz.com)"
216.244.66.231 - - [18/Sep/2025:03:35:11 -0300] "GET /adm/upload_noticias/6261c67d94d4d72d846fed695a0ac2a3.jpg HTTP/1.1" 200 66016 "-" "Mozilla/5.0 (compatible; DotBot/1.2; +https://opensiteexplorer.org/dotbot; help@moz.com)"
216.244.66.231 - - [18/Sep/2025:03:35:28 -0300] "GET /adm/upload_noticias/6b5f472160b741386e61233643d3543e.jpg HTTP/1.1" 200 101636 "-" "Mozilla/5.0 (compatible; DotBot/1.2; +https://opensiteexplorer.org/dotbot; help@moz.com)"
69.197.149.50 - - [18/Sep/2025:03:34:09 -0300] "GET /wp-includes/br903965/index.php?id=336986 HTTP/1.1" 200 - "http://old.evidenciarevista.com.br/wp-includes/br903965/index.php?id=336986" "Mozilla/5.0 (Windows NT 10.0; Win64; x64) AppleWebKit/537.36 (KHTML, like Gecko) Chrome/58.0.3029.110 Safari/537.3"
216.244.66.231 - - [18/Sep/2025:03:35:46 -0300] "GET /adm/upload_noticias/70735e573e1361c3265740732d0bbc14.jpg HTTP/1.1" 200 71344 "-" "Mozilla/5.0 (compatible; DotBot/1.2; +https://opensiteexplorer.org/dotbot; help@moz.com)"
66.249.70.137 - - [18/Sep/2025:03:35:47 -0300] "GET /father/swimming41/4tu48-27337/ HTTP/1.1" 200 20356 "-" "Mozilla/5.0 (Linux; Android 6.0.1; Nexus 5X Build/MMB29P) AppleWebKit/537.36 (KHTML, like Gecko) Chrome/140.0.7339.127 Mobile Safari/537.36 (compatible; GoogleOther)"
66.249.70.136 - - [18/Sep/2025:03:35:55 -0300] "GET /development/forehead56/s9a6z-48180/ HTTP/1.1" 200 19230 "-" "Mozilla/5.0 (Linux; Android 6.0.1; Nexus 5X Build/MMB29P) AppleWebKit/537.36 (KHTML, like Gecko) Chrome/140.0.7339.127 Mobile Safari/537.36 (compatible; GoogleOther)"
216.244.66.231 - - [18/Sep/2025:03:36:01 -0300] "GET /adm/upload_noticias/72c6ec09076d746e159903ddd8ee3143.jpg HTTP/1.1" 200 69891 "-" "Mozilla/5.0 (compatible; DotBot/1.2; +https://opensiteexplorer.org/dotbot; help@moz.com)"
216.244.66.231 - - [18/Sep/2025:03:36:15 -0300] "GET /adm/upload_noticias/73028c37a1b612879af56be4dc23878b.jpg HTTP/1.1" 200 61005 "-" "Mozilla/5.0 (compatible; DotBot/1.2; +https://opensiteexplorer.org/dotbot; help@moz.com)"
216.244.66.231 - - [18/Sep/2025:03:36:28 -0300] "GET /adm/upload_noticias/73d6620cc29604b2952990eef71e9534.jpg HTTP/1.1" 200 64730 "-" "Mozilla/5.0 (compatible; DotBot/1.2; +https://opensiteexplorer.org/dotbot; help@moz.com)"
216.244.66.231 - - [18/Sep/2025:03:36:40 -0300] "GET /adm/upload_noticias/74bc24ff4dc606b34d0b491fccd7d2c3.jpg HTTP/1.1" 200 76601 "-" "Mozilla/5.0 (compatible; DotBot/1.2; +https://opensiteexplorer.org/dotbot; help@moz.com)"
216.244.66.231 - - [18/Sep/2025:03:36:51 -0300] "GET /adm/upload_noticias/7e982d5e9770d53b211693b4b1cd6682.jpg HTTP/1.1" 200 74039 "-" "Mozilla/5.0 (compatible; DotBot/1.2; +https://opensiteexplorer.org/dotbot; help@moz.com)"
66.249.70.137 - - [18/Sep/2025:03:37:00 -0300] "GET /purse/permanent51/wb60v-19289/ HTTP/1.1" 200 20571 "-" "Mozilla/5.0 (Linux; Android 6.0.1; Nexus 5X Build/MMB29P) AppleWebKit/537.36 (KHTML, like Gecko) Chrome/140.0.7339.127 Mobile Safari/537.36 (compatible; GoogleOther)"
216.244.66.231 - - [18/Sep/2025:03:37:02 -0300] "GET /adm/upload_noticias/806ba80021c83e715b96e40c193ad5be.jpg HTTP/1.1" 200 53252 "-" "Mozilla/5.0 (compatible; DotBot/1.2; +https://opensiteexplorer.org/dotbot; help@moz.com)"
69.197.149.50 - - [18/Sep/2025:03:35:37 -0300] "GET /wp-includes/br903965/index.php?id=336986 HTTP/1.1" 200 - "http://old.evidenciarevista.com.br/wp-includes/br903965/index.php?id=336986" "Mozilla/5.0 (Windows NT 10.0; Win64; x64) AppleWebKit/537.36 (KHTML, like Gecko) Chrome/58.0.3029.110 Safari/537.3"
216.244.66.231 - - [18/Sep/2025:03:37:12 -0300] "GET /adm/upload_noticias/826b776ac96e3e81f49734ad146bdc8f.jpg HTTP/1.1" 200 79317 "-" "Mozilla/5.0 (compatible; DotBot/1.2; +https://opensiteexplorer.org/dotbot; help@moz.com)"
216.244.66.231 - - [18/Sep/2025:03:37:20 -0300] "GET /adm/upload_noticias/85c031d33b812097d147d0505986f33e.jpg HTTP/1.1" 200 63463 "-" "Mozilla/5.0 (compatible; DotBot/1.2; +https://opensiteexplorer.org/dotbot; help@moz.com)"
216.244.66.231 - - [18/Sep/2025:03:37:26 -0300] "GET /adm/upload_noticias/87d3ad18927b31e3954724e4ffd3c209.jpg HTTP/1.1" 200 68056 "-" "Mozilla/5.0 (compatible; DotBot/1.2; +https://opensiteexplorer.org/dotbot; help@moz.com)"
216.244.66.231 - - [18/Sep/2025:03:37:32 -0300] "GET /adm/upload_noticias/88b91c7d10d6926bef29df5c2aee1a19.jpg HTTP/1.1" 200 73968 "-" "Mozilla/5.0 (compatible; DotBot/1.2; +https://opensiteexplorer.org/dotbot; help@moz.com)"
216.244.66.231 - - [18/Sep/2025:03:37:38 -0300] "GET /adm/upload_noticias/8e21ad219c335098510e04e947dc075a.jpg HTTP/1.1" 200 86809 "-" "Mozilla/5.0 (compatible; DotBot/1.2; +https://opensiteexplorer.org/dotbot; help@moz.com)"
216.244.66.231 - - [18/Sep/2025:03:37:42 -0300] "GET /adm/upload_noticias/8f8d004037129643832d554b76018362.jpg HTTP/1.1" 200 132991 "-" "Mozilla/5.0 (compatible; DotBot/1.2; +https://opensiteexplorer.org/dotbot; help@moz.com)"
66.249.70.138 - - [18/Sep/2025:03:38:16 -0300] "GET /transportation/match121/153jm-10307/ HTTP/1.1" 200 18423 "-" "Mozilla/5.0 (Linux; Android 6.0.1; Nexus 5X Build/MMB29P) AppleWebKit/537.36 (KHTML, like Gecko) Chrome/140.0.7339.127 Mobile Safari/537.36 (compatible; GoogleOther)"
69.197.149.50 - - [18/Sep/2025:03:37:05 -0300] "GET /wp-includes/br903965/index.php?id=336986 HTTP/1.1" 200 - "http://old.evidenciarevista.com.br/wp-includes/br903965/index.php?id=336986" "Mozilla/5.0 (Windows NT 10.0; Win64; x64) AppleWebKit/537.36 (KHTML, like Gecko) Chrome/58.0.3029.110 Safari/537.3"
66.249.70.138 - - [18/Sep/2025:03:39:14 -0300] "GET /productivity/scary237/9ojd3-1821/?mlqnkavjmu1222563 HTTP/1.1" 200 18667 "-" "Mozilla/5.0 (Linux; Android 6.0.1; Nexus 5X Build/MMB29P) AppleWebKit/537.36 (KHTML, like Gecko) Chrome/140.0.7339.127 Mobile Safari/537.36 (compatible; GoogleOther)"
66.249.70.136 - - [18/Sep/2025:03:39:32 -0300] "GET /violent/workplace146/9p9ws-7684/ HTTP/1.1" 200 20306 "-" "Mozilla/5.0 (Linux; Android 6.0.1; Nexus 5X Build/MMB29P) AppleWebKit/537.36 (KHTML, like Gecko) Chrome/140.0.7339.127 Mobile Safari/537.36 (compatible; GoogleOther)"
66.249.70.136 - - [18/Sep/2025:03:39:39 -0300] "GET /dust/tea32/dhjfb-12576/ HTTP/1.1" 200 20459 "-" "Mozilla/5.0 (Linux; Android 6.0.1; Nexus 5X Build/MMB29P) AppleWebKit/537.36 (KHTML, like Gecko) Chrome/140.0.7339.127 Mobile Safari/537.36 (compatible; GoogleOther)"
216.244.66.231 - - [18/Sep/2025:03:39:52 -0300] "GET /robots.txt HTTP/1.1" 200 454 "-" "Mozilla/5.0 (compatible; DotBot/1.2; +https://opensiteexplorer.org/dotbot; help@moz.com)"
69.197.149.50 - - [18/Sep/2025:03:38:37 -0300] "GET /wp-includes/br903965/index.php?id=336986 HTTP/1.1" 200 - "http://old.evidenciarevista.com.br/wp-includes/br903965/index.php?id=336986" "Mozilla/5.0 (Windows NT 10.0; Win64; x64) AppleWebKit/537.36 (KHTML, like Gecko) Chrome/58.0.3029.110 Safari/537.3"
66.249.70.136 - - [18/Sep/2025:03:40:39 -0300] "GET /exceed/timing1/qeg3e-11051/?yjagolokuf778266 HTTP/1.1" 200 20566 "-" "Mozilla/5.0 (Linux; Android 6.0.1; Nexus 5X Build/MMB29P) AppleWebKit/537.36 (KHTML, like Gecko) Chrome/140.0.7339.127 Mobile Safari/537.36 (compatible; GoogleOther)"
66.249.70.137 - - [18/Sep/2025:03:40:48 -0300] "GET /ruling/prominent281/0cch0-17729/ HTTP/1.1" 200 18001 "-" "Mozilla/5.0 (Linux; Android 6.0.1; Nexus 5X Build/MMB29P) AppleWebKit/537.36 (KHTML, like Gecko) Chrome/140.0.7339.127 Mobile Safari/537.36 (compatible; GoogleOther)"
69.197.149.50 - - [18/Sep/2025:03:40:24 -0300] "GET /wp-includes/br903965/index.php?id=336986 HTTP/1.1" 200 - "http://old.evidenciarevista.com.br/wp-includes/br903965/index.php?id=336986" "Mozilla/5.0 (Windows NT 10.0; Win64; x64) AppleWebKit/537.36 (KHTML, like Gecko) Chrome/58.0.3029.110 Safari/537.3"
66.249.70.136 - - [18/Sep/2025:03:42:04 -0300] "GET /decorate/withdraw169/mfzpa-46275/ HTTP/1.1" 200 17859 "-" "Mozilla/5.0 (Linux; Android 6.0.1; Nexus 5X Build/MMB29P) AppleWebKit/537.36 (KHTML, like Gecko) Chrome/140.0.7339.127 Mobile Safari/537.36 (compatible; GoogleOther)"
66.249.70.136 - - [18/Sep/2025:03:42:27 -0300] "GET /?pid=23274187971&channel=engineer-others-including&cate_id=1383&page=http://old.evidenciarevista.com.br/super.asp?fisherman/fraction4/u1toj-17590/ HTTP/1.1" 200 31622 "-" "Mozilla/5.0 (Linux; Android 6.0.1; Nexus 5X Build/MMB29P) AppleWebKit/537.36 (KHTML, like Gecko) Chrome/140.0.7339.127 Mobile Safari/537.36 (compatible; Googlebot/2.1; +http://www.google.com/bot.html)"
69.197.149.50 - - [18/Sep/2025:03:41:52 -0300] "GET /wp-includes/br903965/index.php?id=336986 HTTP/1.1" 200 - "http://old.evidenciarevista.com.br/wp-includes/br903965/index.php?id=336986" "Mozilla/5.0 (Windows NT 10.0; Win64; x64) AppleWebKit/537.36 (KHTML, like Gecko) Chrome/58.0.3029.110 Safari/537.3"
66.249.70.137 - - [18/Sep/2025:03:43:20 -0300] "GET /sacred/shed295/rz4yt-14615/ HTTP/1.1" 200 20153 "-" "Mozilla/5.0 (Linux; Android 6.0.1; Nexus 5X Build/MMB29P) AppleWebKit/537.36 (KHTML, like Gecko) Chrome/140.0.7339.127 Mobile Safari/537.36 (compatible; GoogleOther)"
66.249.70.136 - - [18/Sep/2025:03:43:34 -0300] "GET /number/upset171/sqen5-7443/ HTTP/1.1" 200 20473 "-" "Mozilla/5.0 (Linux; Android 6.0.1; Nexus 5X Build/MMB29P) AppleWebKit/537.36 (KHTML, like Gecko) Chrome/140.0.7339.127 Mobile Safari/537.36 (compatible; GoogleOther)"
66.249.70.136 - - [18/Sep/2025:03:44:42 -0300] "GET /tide/competitive193/2d531-34309/ HTTP/1.1" 200 20706 "-" "Mozilla/5.0 (Linux; Android 6.0.1; Nexus 5X Build/MMB29P) AppleWebKit/537.36 (KHTML, like Gecko) Chrome/140.0.7339.127 Mobile Safari/537.36 (compatible; GoogleOther)"
69.197.149.50 - - [18/Sep/2025:03:43:33 -0300] "GET /wp-includes/br903965/index.php?id=336986 HTTP/1.1" 200 - "http://old.evidenciarevista.com.br/wp-includes/br903965/index.php?id=336986" "Mozilla/5.0 (Windows NT 10.0; Win64; x64) AppleWebKit/537.36 (KHTML, like Gecko) Chrome/58.0.3029.110 Safari/537.3"
204.12.208.18 - - [18/Sep/2025:03:45:46 -0300] "GET /wp-includes/br903965/index.php HTTP/1.1" 200 26 "http://old.evidenciarevista.com.br/wp-includes/br903965/index.php" "Mozilla/5.0 (Windows NT 6.0; rv:7.0.1) Gecko/20100101 Firefox/7.0.1"
66.249.70.136 - - [18/Sep/2025:03:45:52 -0300] "GET /variation/pencil210/0ardn-9756/ HTTP/1.1" 200 18701 "-" "Mozilla/5.0 (Linux; Android 6.0.1; Nexus 5X Build/MMB29P) AppleWebKit/537.36 (KHTML, like Gecko) Chrome/140.0.7339.127 Mobile Safari/537.36 (compatible; GoogleOther)"
66.249.70.136 - - [18/Sep/2025:03:46:22 -0300] "GET /burning/automatically237/9ojd3-1821/ HTTP/1.1" 200 19609 "-" "Mozilla/5.0 (Linux; Android 6.0.1; Nexus 5X Build/MMB29P) AppleWebKit/537.36 (KHTML, like Gecko) Chrome/140.0.7339.127 Mobile Safari/537.36 (compatible; GoogleOther)"
69.197.149.50 - - [18/Sep/2025:03:45:05 -0300] "GET /wp-includes/br903965/index.php?id=336986 HTTP/1.1" 200 - "http://old.evidenciarevista.com.br/wp-includes/br903965/index.php?id=336986" "Mozilla/5.0 (Windows NT 10.0; Win64; x64) AppleWebKit/537.36 (KHTML, like Gecko) Chrome/58.0.3029.110 Safari/537.3"
66.249.70.136 - - [18/Sep/2025:03:47:08 -0300] "GET /minister/wheel140/5vn1g-22788/ HTTP/1.1" 200 32809 "-" "Mozilla/5.0 (Linux; Android 6.0.1; Nexus 5X Build/MMB29P) AppleWebKit/537.36 (KHTML, like Gecko) Chrome/140.0.7339.127 Mobile Safari/537.36 (compatible; GoogleOther)"
66.249.70.137 - - [18/Sep/2025:03:47:15 -0300] "GET /construct/violate203/pdfef-1407/?ytulgqhrnp1733320 HTTP/1.1" 200 17484 "-" "Mozilla/5.0 (Linux; Android 6.0.1; Nexus 5X Build/MMB29P) AppleWebKit/537.36 (KHTML, like Gecko) Chrome/140.0.7339.127 Mobile Safari/537.36 (compatible; GoogleOther)"
66.249.70.136 - - [18/Sep/2025:03:47:29 -0300] "GET /reinforce/arrow187/ntps7-20061/ HTTP/1.1" 200 20672 "-" "Mozilla/5.0 (Linux; Android 6.0.1; Nexus 5X Build/MMB29P) AppleWebKit/537.36 (KHTML, like Gecko) Chrome/140.0.7339.127 Mobile Safari/537.36 (compatible; GoogleOther)"
69.197.149.50 - - [18/Sep/2025:03:46:38 -0300] "GET /wp-includes/br903965/index.php?id=336986 HTTP/1.1" 200 - "http://old.evidenciarevista.com.br/wp-includes/br903965/index.php?id=336986" "Mozilla/5.0 (Windows NT 10.0; Win64; x64) AppleWebKit/537.36 (KHTML, like Gecko) Chrome/58.0.3029.110 Safari/537.3"
66.249.70.136 - - [18/Sep/2025:03:48:24 -0300] "GET /grin/mechanism6/v1i50-18678/ HTTP/1.1" 200 32278 "-" "Mozilla/5.0 (Linux; Android 6.0.1; Nexus 5X Build/MMB29P) AppleWebKit/537.36 (KHTML, like Gecko) Chrome/140.0.7339.127 Mobile Safari/537.36 (compatible; GoogleOther)"
66.249.70.136 - - [18/Sep/2025:03:48:49 -0300] "GET /exceed/timing1/qeg3e-11051/?ayzofipmvd251117 HTTP/1.1" 200 19133 "-" "Mozilla/5.0 (Linux; Android 6.0.1; Nexus 5X Build/MMB29P) AppleWebKit/537.36 (KHTML, like Gecko) Chrome/140.0.7339.127 Mobile Safari/537.36 (compatible; GoogleOther)"
69.197.149.50 - - [18/Sep/2025:03:48:07 -0300] "GET /wp-includes/br903965/index.php?id=336986 HTTP/1.1" 200 - "http://old.evidenciarevista.com.br/wp-includes/br903965/index.php?id=336986" "Mozilla/5.0 (Windows NT 10.0; Win64; x64) AppleWebKit/537.36 (KHTML, like Gecko) Chrome/58.0.3029.110 Safari/537.3"
66.249.70.138 - - [18/Sep/2025:03:49:40 -0300] "GET /steep/quality1/2twm3-1839/ HTTP/1.1" 200 20379 "-" "Mozilla/5.0 (Linux; Android 6.0.1; Nexus 5X Build/MMB29P) AppleWebKit/537.36 (KHTML, like Gecko) Chrome/140.0.7339.127 Mobile Safari/537.36 (compatible; GoogleOther)"
66.249.70.136 - - [18/Sep/2025:03:50:03 -0300] "GET /boy/partially203/pdfef-1407/ HTTP/1.1" 200 19917 "-" "Mozilla/5.0 (Linux; Android 6.0.1; Nexus 5X Build/MMB29P) AppleWebKit/537.36 (KHTML, like Gecko) Chrome/140.0.7339.127 Mobile Safari/537.36 (compatible; GoogleOther)"
66.249.70.136 - - [18/Sep/2025:03:50:56 -0300] "GET /dump/fill235/w123w-3691/ HTTP/1.1" 200 18741 "-" "Mozilla/5.0 (Linux; Android 6.0.1; Nexus 5X Build/MMB29P) AppleWebKit/537.36 (KHTML, like Gecko) Chrome/140.0.7339.127 Mobile Safari/537.36 (compatible; GoogleOther)"
69.197.149.50 - - [18/Sep/2025:03:49:37 -0300] "GET /wp-includes/br903965/index.php?id=336986 HTTP/1.1" 200 - "http://old.evidenciarevista.com.br/wp-includes/br903965/index.php?id=336986" "Mozilla/5.0 (Windows NT 10.0; Win64; x64) AppleWebKit/537.36 (KHTML, like Gecko) Chrome/58.0.3029.110 Safari/537.3"
66.249.70.138 - - [18/Sep/2025:03:51:24 -0300] "GET /vs/shop205/igynb-6423/ HTTP/1.1" 200 18562 "-" "Mozilla/5.0 (Linux; Android 6.0.1; Nexus 5X Build/MMB29P) AppleWebKit/537.36 (KHTML, like Gecko) Chrome/140.0.7339.127 Mobile Safari/537.36 (compatible; GoogleOther)"
66.249.70.136 - - [18/Sep/2025:03:52:13 -0300] "GET /tremendous/patrol58/fvu8z-45366/ HTTP/1.1" 200 28207 "-" "Mozilla/5.0 (Linux; Android 6.0.1; Nexus 5X Build/MMB29P) AppleWebKit/537.36 (KHTML, like Gecko) Chrome/140.0.7339.127 Mobile Safari/537.36 (compatible; GoogleOther)"
69.197.149.50 - - [18/Sep/2025:03:51:05 -0300] "GET /wp-includes/br903965/index.php?id=336986 HTTP/1.1" 200 - "http://old.evidenciarevista.com.br/wp-includes/br903965/index.php?id=336986" "Mozilla/5.0 (Windows NT 10.0; Win64; x64) AppleWebKit/537.36 (KHTML, like Gecko) Chrome/58.0.3029.110 Safari/537.3"
66.249.70.136 - - [18/Sep/2025:03:53:29 -0300] "GET /rat/rack289/zuqbk-33149/ HTTP/1.1" 200 18979 "-" "Mozilla/5.0 (Linux; Android 6.0.1; Nexus 5X Build/MMB29P) AppleWebKit/537.36 (KHTML, like Gecko) Chrome/140.0.7339.127 Mobile Safari/537.36 (compatible; GoogleOther)"
66.249.70.136 - - [18/Sep/2025:03:53:46 -0300] "GET /borrow/chairman132/up2j6-45586/ HTTP/1.1" 200 19812 "-" "Mozilla/5.0 (Linux; Android 6.0.1; Nexus 5X Build/MMB29P) AppleWebKit/537.36 (KHTML, like Gecko) Chrome/140.0.7339.127 Mobile Safari/537.36 (compatible; GoogleOther)"
69.197.149.50 - - [18/Sep/2025:03:52:34 -0300] "GET /wp-includes/br903965/index.php?id=336986 HTTP/1.1" 200 - "http://old.evidenciarevista.com.br/wp-includes/br903965/index.php?id=336986" "Mozilla/5.0 (Windows NT 10.0; Win64; x64) AppleWebKit/537.36 (KHTML, like Gecko) Chrome/58.0.3029.110 Safari/537.3"
66.249.70.138 - - [18/Sep/2025:03:54:45 -0300] "GET /reinforce/arrow187/ntps7-20061/ HTTP/1.1" 200 18302 "-" "Mozilla/5.0 (Linux; Android 6.0.1; Nexus 5X Build/MMB29P) AppleWebKit/537.36 (KHTML, like Gecko) Chrome/140.0.7339.127 Mobile Safari/537.36 (compatible; GoogleOther)"
66.249.70.137 - - [18/Sep/2025:03:55:16 -0300] "GET /briefly/than237/9ojd3-1821/?ugygtxhmed1544157 HTTP/1.1" 200 21254 "-" "Mozilla/5.0 (Linux; Android 6.0.1; Nexus 5X Build/MMB29P) AppleWebKit/537.36 (KHTML, like Gecko) Chrome/140.0.7339.127 Mobile Safari/537.36 (compatible; GoogleOther)"
66.249.70.136 - - [18/Sep/2025:03:55:23 -0300] "GET /dirty/continue191/9agb6-40277/ HTTP/1.1" 200 33955 "-" "Mozilla/5.0 (Linux; Android 6.0.1; Nexus 5X Build/MMB29P) AppleWebKit/537.36 (KHTML, like Gecko) Chrome/140.0.7339.127 Mobile Safari/537.36 (compatible; GoogleOther)"
69.197.149.50 - - [18/Sep/2025:03:54:06 -0300] "GET /wp-includes/br903965/index.php?id=336986 HTTP/1.1" 200 - "http://old.evidenciarevista.com.br/wp-includes/br903965/index.php?id=336986" "Mozilla/5.0 (Windows NT 10.0; Win64; x64) AppleWebKit/537.36 (KHTML, like Gecko) Chrome/58.0.3029.110 Safari/537.3"
66.249.70.138 - - [18/Sep/2025:03:56:01 -0300] "GET /bath/death208/wvk0h-1998/ HTTP/1.1" 200 20457 "-" "Mozilla/5.0 (Linux; Android 6.0.1; Nexus 5X Build/MMB29P) AppleWebKit/537.36 (KHTML, like Gecko) Chrome/140.0.7339.127 Mobile Safari/537.36 (compatible; GoogleOther)"
69.197.149.50 - - [18/Sep/2025:03:55:34 -0300] "GET /wp-includes/br903965/index.php?id=336986 HTTP/1.1" 200 - "http://old.evidenciarevista.com.br/wp-includes/br903965/index.php?id=336986" "Mozilla/5.0 (Windows NT 10.0; Win64; x64) AppleWebKit/537.36 (KHTML, like Gecko) Chrome/58.0.3029.110 Safari/537.3"
66.249.70.136 - - [18/Sep/2025:03:57:00 -0300] "GET /exceed/timing1/qeg3e-11051/?qpvsunmiuj1264299 HTTP/1.1" 200 17704 "-" "Mozilla/5.0 (Linux; Android 6.0.1; Nexus 5X Build/MMB29P) AppleWebKit/537.36 (KHTML, like Gecko) Chrome/140.0.7339.127 Mobile Safari/537.36 (compatible; GoogleOther)"
66.249.70.136 - - [18/Sep/2025:03:57:17 -0300] "GET /leaf/wealth299/hi12c-29611/ HTTP/1.1" 200 17888 "-" "Mozilla/5.0 (Linux; Android 6.0.1; Nexus 5X Build/MMB29P) AppleWebKit/537.36 (KHTML, like Gecko) Chrome/140.0.7339.127 Mobile Safari/537.36 (compatible; GoogleOther)"
69.197.149.50 - - [18/Sep/2025:03:57:05 -0300] "GET /wp-includes/br903965/index.php?id=336986 HTTP/1.1" 200 - "http://old.evidenciarevista.com.br/wp-includes/br903965/index.php?id=336986" "Mozilla/5.0 (Windows NT 10.0; Win64; x64) AppleWebKit/537.36 (KHTML, like Gecko) Chrome/58.0.3029.110 Safari/537.3"
66.249.70.137 - - [18/Sep/2025:03:58:33 -0300] "GET /odds/master255/4k5oa-22191/ HTTP/1.1" 200 19647 "-" "Mozilla/5.0 (Linux; Android 6.0.1; Nexus 5X Build/MMB29P) AppleWebKit/537.36 (KHTML, like Gecko) Chrome/140.0.7339.127 Mobile Safari/537.36 (compatible; GoogleOther)"
66.249.70.136 - - [18/Sep/2025:03:58:50 -0300] "GET /briefly/than237/9ojd3-1821/?ehpmlbueci569381 HTTP/1.1" 200 19438 "-" "Mozilla/5.0 (Linux; Android 6.0.1; Nexus 5X Build/MMB29P) AppleWebKit/537.36 (KHTML, like Gecko) Chrome/140.0.7339.127 Mobile Safari/537.36 (compatible; GoogleOther)"
66.249.70.138 - - [18/Sep/2025:03:59:13 -0300] "GET /exist/midst43/vtj7q-33191/ HTTP/1.1" 200 20238 "-" "Mozilla/5.0 (Linux; Android 6.0.1; Nexus 5X Build/MMB29P) AppleWebKit/537.36 (KHTML, like Gecko) Chrome/140.0.7339.127 Mobile Safari/537.36 (compatible; GoogleOther)"
66.249.70.137 - - [18/Sep/2025:03:59:49 -0300] "GET /communication/baby259/nkd31-6711/ HTTP/1.1" 200 19502 "-" "Mozilla/5.0 (Linux; Android 6.0.1; Nexus 5X Build/MMB29P) AppleWebKit/537.36 (KHTML, like Gecko) Chrome/140.0.7339.127 Mobile Safari/537.36 (compatible; GoogleOther)"
69.197.149.50 - - [18/Sep/2025:03:58:34 -0300] "GET /wp-includes/br903965/index.php?id=336986 HTTP/1.1" 200 - "http://old.evidenciarevista.com.br/wp-includes/br903965/index.php?id=336986" "Mozilla/5.0 (Windows NT 10.0; Win64; x64) AppleWebKit/537.36 (KHTML, like Gecko) Chrome/58.0.3029.110 Safari/537.3"
66.249.70.138 - - [18/Sep/2025:04:00:37 -0300] "GET /briefly/than237/9ojd3-1821/?qsujywvkgc47131 HTTP/1.1" 200 18674 "-" "Mozilla/5.0 (Linux; Android 6.0.1; Nexus 5X Build/MMB29P) AppleWebKit/537.36 (KHTML, like Gecko) Chrome/140.0.7339.127 Mobile Safari/537.36 (compatible; GoogleOther)"
204.12.208.18 - - [18/Sep/2025:04:00:38 -0300] "GET /wp-includes/br903965/index.php HTTP/1.1" 200 26 "http://old.evidenciarevista.com.br/wp-includes/br903965/index.php" "Mozilla/4.0 (compatible; MSIE 7.0; Windows NT 5.1; SV1; .NET CLR 1.1.4322)"
66.249.70.138 - - [18/Sep/2025:04:01:05 -0300] "GET /by/math71/ub3lt-2615/ HTTP/1.1" 200 19346 "-" "Mozilla/5.0 (Linux; Android 6.0.1; Nexus 5X Build/MMB29P) AppleWebKit/537.36 (KHTML, like Gecko) Chrome/140.0.7339.127 Mobile Safari/537.36 (compatible; GoogleOther)"
69.197.149.50 - - [18/Sep/2025:04:00:07 -0300] "GET /wp-includes/br903965/index.php?id=336986 HTTP/1.1" 200 - "http://old.evidenciarevista.com.br/wp-includes/br903965/index.php?id=336986" "Mozilla/5.0 (Windows NT 10.0; Win64; x64) AppleWebKit/537.36 (KHTML, like Gecko) Chrome/58.0.3029.110 Safari/537.3"
66.249.70.138 - - [18/Sep/2025:04:02:18 -0300] "GET /cut/usual120/5yjn2-29346/ HTTP/1.1" 200 17888 "-" "Mozilla/5.0 (Linux; Android 6.0.1; Nexus 5X Build/MMB29P) AppleWebKit/537.36 (KHTML, like Gecko) Chrome/140.0.7339.127 Mobile Safari/537.36 (compatible; GoogleOther)"
66.249.70.137 - - [18/Sep/2025:04:02:25 -0300] "GET /essential/logical137/d8bxu-46091/ HTTP/1.1" 200 20267 "-" "Mozilla/5.0 (Linux; Android 6.0.1; Nexus 5X Build/MMB29P) AppleWebKit/537.36 (KHTML, like Gecko) Chrome/140.0.7339.127 Mobile Safari/537.36 (compatible; GoogleOther)"
66.249.70.136 - - [18/Sep/2025:04:02:38 -0300] "GET /fish/fantastic281/7nuwg-1601/ HTTP/1.1" 200 20759 "-" "Mozilla/5.0 (Linux; Android 6.0.1; Nexus 5X Build/MMB29P) AppleWebKit/537.36 (KHTML, like Gecko) Chrome/140.0.7339.127 Mobile Safari/537.36 (compatible; GoogleOther)"
66.249.70.136 - - [18/Sep/2025:04:02:45 -0300] "GET /implication/ah66/9hfez-44236/ HTTP/1.1" 200 19377 "-" "Mozilla/5.0 (Linux; Android 6.0.1; Nexus 5X Build/MMB29P) AppleWebKit/537.36 (KHTML, like Gecko) Chrome/140.0.7339.127 Mobile Safari/537.36 (compatible; GoogleOther)"
66.249.70.136 - - [18/Sep/2025:04:02:52 -0300] "GET /rack/politics288/9j1yw-49934/ HTTP/1.1" 200 20163 "-" "Mozilla/5.0 (Linux; Android 6.0.1; Nexus 5X Build/MMB29P) AppleWebKit/537.36 (KHTML, like Gecko) Chrome/140.0.7339.127 Mobile Safari/537.36 (compatible; GoogleOther)"
66.249.70.136 - - [18/Sep/2025:04:02:59 -0300] "GET /different/carve262/u3li9-23828/ HTTP/1.1" 200 19137 "-" "Mozilla/5.0 (Linux; Android 6.0.1; Nexus 5X Build/MMB29P) AppleWebKit/537.36 (KHTML, like Gecko) Chrome/140.0.7339.127 Mobile Safari/537.36 (compatible; GoogleOther)"
69.197.149.50 - - [18/Sep/2025:04:01:37 -0300] "GET /wp-includes/br903965/index.php?id=336986 HTTP/1.1" 200 - "http://old.evidenciarevista.com.br/wp-includes/br903965/index.php?id=336986" "Mozilla/5.0 (Windows NT 10.0; Win64; x64) AppleWebKit/537.36 (KHTML, like Gecko) Chrome/58.0.3029.110 Safari/537.3"
66.249.70.136 - - [18/Sep/2025:04:03:06 -0300] "GET /mathematics/strain31/z8mck-20395/ HTTP/1.1" 200 19299 "-" "Mozilla/5.0 (Linux; Android 6.0.1; Nexus 5X Build/MMB29P) AppleWebKit/537.36 (KHTML, like Gecko) Chrome/140.0.7339.127 Mobile Safari/537.36 (compatible; GoogleOther)"
66.249.70.136 - - [18/Sep/2025:04:03:14 -0300] "GET /table/cause54/6ok1h-22132/ HTTP/1.1" 200 19487 "-" "Mozilla/5.0 (Linux; Android 6.0.1; Nexus 5X Build/MMB29P) AppleWebKit/537.36 (KHTML, like Gecko) Chrome/140.0.7339.127 Mobile Safari/537.36 (compatible; GoogleOther)"
66.249.70.136 - - [18/Sep/2025:04:03:21 -0300] "GET /draw/translate221/xk8cx-45973/?ehpmlbueci569381 HTTP/1.1" 200 17827 "-" "Mozilla/5.0 (Linux; Android 6.0.1; Nexus 5X Build/MMB29P) AppleWebKit/537.36 (KHTML, like Gecko) Chrome/140.0.7339.127 Mobile Safari/537.36 (compatible; GoogleOther)"
66.249.70.136 - - [18/Sep/2025:04:03:28 -0300] "GET /ban/year152/s560i-16506/ HTTP/1.1" 200 19263 "-" "Mozilla/5.0 (Linux; Android 6.0.1; Nexus 5X Build/MMB29P) AppleWebKit/537.36 (KHTML, like Gecko) Chrome/140.0.7339.127 Mobile Safari/537.36 (compatible; GoogleOther)"
66.249.70.136 - - [18/Sep/2025:04:03:36 -0300] "GET /briefly/than237/9ojd3-1821/?cmagnijdlv940886 HTTP/1.1" 200 19447 "-" "Mozilla/5.0 (Linux; Android 6.0.1; Nexus 5X Build/MMB29P) AppleWebKit/537.36 (KHTML, like Gecko) Chrome/140.0.7339.127 Mobile Safari/537.36 (compatible; GoogleOther)"
66.249.70.136 - - [18/Sep/2025:04:03:55 -0300] "GET /exceed/timing1/qeg3e-11051/?qaovfgkocy1008880 HTTP/1.1" 200 19074 "-" "Mozilla/5.0 (Linux; Android 6.0.1; Nexus 5X Build/MMB29P) AppleWebKit/537.36 (KHTML, like Gecko) Chrome/140.0.7339.127 Mobile Safari/537.36 (compatible; GoogleOther)"
66.249.70.138 - - [18/Sep/2025:04:04:09 -0300] "GET /brain/sneak86/8lxhc-27452/ HTTP/1.1" 200 19869 "-" "Mozilla/5.0 (Linux; Android 6.0.1; Nexus 5X Build/MMB29P) AppleWebKit/537.36 (KHTML, like Gecko) Chrome/140.0.7339.127 Mobile Safari/537.36 (compatible; GoogleOther)"
66.249.70.136 - - [18/Sep/2025:04:04:34 -0300] "GET /square/about291/phhoj-5147/ HTTP/1.1" 200 20256 "-" "Mozilla/5.0 (Linux; Android 6.0.1; Nexus 5X Build/MMB29P) AppleWebKit/537.36 (KHTML, like Gecko) Chrome/140.0.7339.127 Mobile Safari/537.36 (compatible; GoogleOther)"
69.197.149.50 - - [18/Sep/2025:04:03:15 -0300] "GET /wp-includes/br903965/index.php?id=336986 HTTP/1.1" 200 - "http://old.evidenciarevista.com.br/wp-includes/br903965/index.php?id=336986" "Mozilla/5.0 (Windows NT 10.0; Win64; x64) AppleWebKit/537.36 (KHTML, like Gecko) Chrome/58.0.3029.110 Safari/537.3"
66.249.70.136 - - [18/Sep/2025:04:05:12 -0300] "GET /construct/violate203/pdfef-1407/?mijypvekxq463574 HTTP/1.1" 200 18009 "-" "Mozilla/5.0 (Linux; Android 6.0.1; Nexus 5X Build/MMB29P) AppleWebKit/537.36 (KHTML, like Gecko) Chrome/140.0.7339.127 Mobile Safari/537.36 (compatible; GoogleOther)"
66.249.70.136 - - [18/Sep/2025:04:05:40 -0300] "GET /baby/red297/wrto8-18537/ HTTP/1.1" 200 18951 "-" "Mozilla/5.0 (Linux; Android 6.0.1; Nexus 5X Build/MMB29P) AppleWebKit/537.36 (KHTML, like Gecko) Chrome/140.0.7339.127 Mobile Safari/537.36 (compatible; GoogleOther)"
69.197.149.50 - - [18/Sep/2025:04:04:43 -0300] "GET /wp-includes/br903965/index.php?id=336986 HTTP/1.1" 200 - "http://old.evidenciarevista.com.br/wp-includes/br903965/index.php?id=336986" "Mozilla/5.0 (Windows NT 10.0; Win64; x64) AppleWebKit/537.36 (KHTML, like Gecko) Chrome/58.0.3029.110 Safari/537.3"
66.249.70.137 - - [18/Sep/2025:04:06:51 -0300] "GET /landing/high21/azfx0-38003/ HTTP/1.1" 200 18816 "-" "Mozilla/5.0 (Linux; Android 6.0.1; Nexus 5X Build/MMB29P) AppleWebKit/537.36 (KHTML, like Gecko) Chrome/140.0.7339.127 Mobile Safari/537.36 (compatible; GoogleOther)"
216.244.66.231 - - [18/Sep/2025:04:06:57 -0300] "GET /adm/upload_noticias/0079c1f9e80deeb62b83fff9bf218fbf.jpg HTTP/1.1" 200 80954 "-" "Mozilla/5.0 (compatible; DotBot/1.2; +https://opensiteexplorer.org/dotbot; help@moz.com)"
66.249.70.136 - - [18/Sep/2025:04:06:58 -0300] "GET /humanity/dimension51/ec81a-45647/ HTTP/1.1" 200 18958 "-" "Mozilla/5.0 (Linux; Android 6.0.1; Nexus 5X Build/MMB29P) AppleWebKit/537.36 (KHTML, like Gecko) Chrome/140.0.7339.127 Mobile Safari/537.36 (compatible; GoogleOther)"
216.244.66.231 - - [18/Sep/2025:04:07:03 -0300] "GET /adm/upload_noticias/024aaf22024ffb3a18679e375a69feeb.jpg HTTP/1.1" 200 58937 "-" "Mozilla/5.0 (compatible; DotBot/1.2; +https://opensiteexplorer.org/dotbot; help@moz.com)"
216.244.66.231 - - [18/Sep/2025:04:07:08 -0300] "GET /adm/upload_noticias/025c0bbdbd9184791dcb443e4144f0d2.jpg HTTP/1.1" 200 61240 "-" "Mozilla/5.0 (compatible; DotBot/1.2; +https://opensiteexplorer.org/dotbot; help@moz.com)"
216.244.66.231 - - [18/Sep/2025:04:07:12 -0300] "GET /adm/upload_noticias/0a73e674f3fba590b090836c3f988cd6.jpg HTTP/1.1" 200 71472 "-" "Mozilla/5.0 (compatible; DotBot/1.2; +https://opensiteexplorer.org/dotbot; help@moz.com)"
216.244.66.231 - - [18/Sep/2025:04:07:16 -0300] "GET /adm/upload_noticias/10a083c4ca2f96386b1cd63081c2f9d0.jpg HTTP/1.1" 200 91101 "-" "Mozilla/5.0 (compatible; DotBot/1.2; +https://opensiteexplorer.org/dotbot; help@moz.com)"
216.244.66.231 - - [18/Sep/2025:04:07:20 -0300] "GET /adm/upload_noticias/118171fe9e2c805f7e825ab6f5ae1a32.jpg HTTP/1.1" 200 109860 "-" "Mozilla/5.0 (compatible; DotBot/1.2; +https://opensiteexplorer.org/dotbot; help@moz.com)"
216.244.66.231 - - [18/Sep/2025:04:07:24 -0300] "GET /adm/upload_noticias/1b00f71f43e2f07cc06ea74bfe006579.jpg HTTP/1.1" 200 91224 "-" "Mozilla/5.0 (compatible; DotBot/1.2; +https://opensiteexplorer.org/dotbot; help@moz.com)"
216.244.66.231 - - [18/Sep/2025:04:07:30 -0300] "GET /adm/upload_noticias/27380402f5a0c8a202a6e090ae464024.jpg HTTP/1.1" 200 64579 "-" "Mozilla/5.0 (compatible; DotBot/1.2; +https://opensiteexplorer.org/dotbot; help@moz.com)"
216.244.66.231 - - [18/Sep/2025:04:07:34 -0300] "GET /adm/upload_noticias/3066f4bbac274ed96e105d09eeefb707.jpg HTTP/1.1" 200 92949 "-" "Mozilla/5.0 (compatible; DotBot/1.2; +https://opensiteexplorer.org/dotbot; help@moz.com)"
216.244.66.231 - - [18/Sep/2025:04:07:38 -0300] "GET /adm/upload_noticias/36871af2fa6b18d770a2725bb9b002cc.jpg HTTP/1.1" 200 103317 "-" "Mozilla/5.0 (compatible; DotBot/1.2; +https://opensiteexplorer.org/dotbot; help@moz.com)"
69.197.149.50 - - [18/Sep/2025:04:06:15 -0300] "GET /wp-includes/br903965/index.php?id=336986 HTTP/1.1" 200 - "http://old.evidenciarevista.com.br/wp-includes/br903965/index.php?id=336986" "Mozilla/5.0 (Windows NT 10.0; Win64; x64) AppleWebKit/537.36 (KHTML, like Gecko) Chrome/58.0.3029.110 Safari/537.3"
216.244.66.231 - - [18/Sep/2025:04:07:42 -0300] "GET /adm/upload_noticias/3bcc613e4b3baccbd1f875aef5338cdf.jpg HTTP/1.1" 200 104705 "-" "Mozilla/5.0 (compatible; DotBot/1.2; +https://opensiteexplorer.org/dotbot; help@moz.com)"
216.244.66.231 - - [18/Sep/2025:04:07:52 -0300] "GET /adm/upload_noticias/3c30e15769547b5477ab87db945a3a58.jpg HTTP/1.1" 200 82364 "-" "Mozilla/5.0 (compatible; DotBot/1.2; +https://opensiteexplorer.org/dotbot; help@moz.com)"
216.244.66.231 - - [18/Sep/2025:04:07:58 -0300] "GET /adm/upload_noticias/403ea650491d85d3685e03975c3d8efa.jpg HTTP/1.1" 200 65184 "-" "Mozilla/5.0 (compatible; DotBot/1.2; +https://opensiteexplorer.org/dotbot; help@moz.com)"
216.244.66.231 - - [18/Sep/2025:04:08:04 -0300] "GET /adm/upload_noticias/42b9ca09d608cfd3c9791d5f04d5742c.jpg HTTP/1.1" 200 94172 "-" "Mozilla/5.0 (compatible; DotBot/1.2; +https://opensiteexplorer.org/dotbot; help@moz.com)"
66.249.70.137 - - [18/Sep/2025:04:08:03 -0300] "GET /pride/portrait297/4ly9o-20657/ HTTP/1.1" 200 19495 "-" "Mozilla/5.0 (Linux; Android 6.0.1; Nexus 5X Build/MMB29P) AppleWebKit/537.36 (KHTML, like Gecko) Chrome/140.0.7339.127 Mobile Safari/537.36 (compatible; GoogleOther)"
216.244.66.231 - - [18/Sep/2025:04:08:11 -0300] "GET /adm/upload_noticias/53803146eff488f245dd816199203ddb.JPG HTTP/1.1" 200 69150 "-" "Mozilla/5.0 (compatible; DotBot/1.2; +https://opensiteexplorer.org/dotbot; help@moz.com)"
66.249.70.137 - - [18/Sep/2025:04:08:17 -0300] "GET /art/Latin1/tlliq-1815/?qaovfgkocy1008880 HTTP/1.1" 200 30014 "-" "Mozilla/5.0 (Linux; Android 6.0.1; Nexus 5X Build/MMB29P) AppleWebKit/537.36 (KHTML, like Gecko) Chrome/140.0.7339.127 Mobile Safari/537.36 (compatible; GoogleOther)"
216.244.66.231 - - [18/Sep/2025:04:08:21 -0300] "GET /adm/upload_noticias/54854d62d61d3739a0b698d576568423.jpg HTTP/1.1" 200 85496 "-" "Mozilla/5.0 (compatible; DotBot/1.2; +https://opensiteexplorer.org/dotbot; help@moz.com)"
216.244.66.231 - - [18/Sep/2025:04:08:28 -0300] "GET /adm/upload_noticias/55f1fc01f62d1796408c833e793183e3.jpg HTTP/1.1" 200 72434 "-" "Mozilla/5.0 (compatible; DotBot/1.2; +https://opensiteexplorer.org/dotbot; help@moz.com)"
66.249.70.138 - - [18/Sep/2025:04:09:05 -0300] "GET /bold/whisper12/pdmlv-45132/ HTTP/1.1" 200 19205 "-" "Mozilla/5.0 (Linux; Android 6.0.1; Nexus 5X Build/MMB29P) AppleWebKit/537.36 (KHTML, like Gecko) Chrome/140.0.7339.127 Mobile Safari/537.36 (compatible; GoogleOther)"
66.249.70.136 - - [18/Sep/2025:04:09:13 -0300] "GET /later/instance203/3rq2v-40095/ HTTP/1.1" 200 19898 "-" "Mozilla/5.0 (Linux; Android 6.0.1; Nexus 5X Build/MMB29P) AppleWebKit/537.36 (KHTML, like Gecko) Chrome/140.0.7339.127 Mobile Safari/537.36 (compatible; GoogleOther)"
69.197.149.50 - - [18/Sep/2025:04:07:48 -0300] "GET /wp-includes/br903965/index.php?id=336986 HTTP/1.1" 200 - "http://old.evidenciarevista.com.br/wp-includes/br903965/index.php?id=336986" "Mozilla/5.0 (Windows NT 10.0; Win64; x64) AppleWebKit/537.36 (KHTML, like Gecko) Chrome/58.0.3029.110 Safari/537.3"
66.249.70.136 - - [18/Sep/2025:04:09:20 -0300] "GET /hint/ear237/9ojd3-1821/?ufvcoqxasn1065185 HTTP/1.1" 200 19107 "-" "Mozilla/5.0 (Linux; Android 6.0.1; Nexus 5X Build/MMB29P) AppleWebKit/537.36 (KHTML, like Gecko) Chrome/140.0.7339.127 Mobile Safari/537.36 (compatible; GoogleOther)"
66.249.70.137 - - [18/Sep/2025:04:10:19 -0300] "GET /beat/girl150/547ok-36084/ HTTP/1.1" 200 28277 "-" "Mozilla/5.0 (Linux; Android 6.0.1; Nexus 5X Build/MMB29P) AppleWebKit/537.36 (KHTML, like Gecko) Chrome/140.0.7339.127 Mobile Safari/537.36 (compatible; GoogleOther)"
216.244.66.231 - - [18/Sep/2025:04:10:46 -0300] "GET /adm/upload_noticias/083b2cc8168da18df475f61ea5a67758.jpg HTTP/1.1" 200 79542 "-" "Mozilla/5.0 (compatible; DotBot/1.2; +https://opensiteexplorer.org/dotbot; help@moz.com)"
69.197.149.50 - - [18/Sep/2025:04:09:21 -0300] "GET /wp-includes/br903965/index.php?id=336986 HTTP/1.1" 200 - "http://old.evidenciarevista.com.br/wp-includes/br903965/index.php?id=336986" "Mozilla/5.0 (Windows NT 10.0; Win64; x64) AppleWebKit/537.36 (KHTML, like Gecko) Chrome/58.0.3029.110 Safari/537.3"
66.249.70.136 - - [18/Sep/2025:04:10:51 -0300] "GET /programming/injure202/5uqhw-2620/?ehpmlbueci569381 HTTP/1.1" 200 21112 "-" "Mozilla/5.0 (Linux; Android 6.0.1; Nexus 5X Build/MMB29P) AppleWebKit/537.36 (KHTML, like Gecko) Chrome/140.0.7339.127 Mobile Safari/537.36 (compatible; GoogleOther)"
216.244.66.231 - - [18/Sep/2025:04:11:04 -0300] "GET /adm/upload_noticias/09730874cd723fd82d4b9c753c2b6e4c.jpg HTTP/1.1" 200 73116 "-" "Mozilla/5.0 (compatible; DotBot/1.2; +https://opensiteexplorer.org/dotbot; help@moz.com)"
216.244.66.231 - - [18/Sep/2025:04:11:19 -0300] "GET /adm/upload_noticias/0a5835fa1bf3887d0544817933df2980.jpg HTTP/1.1" 200 72736 "-" "Mozilla/5.0 (compatible; DotBot/1.2; +https://opensiteexplorer.org/dotbot; help@moz.com)"
66.249.70.136 - - [18/Sep/2025:04:11:24 -0300] "GET /arrival/fifth124/8jkc3-46420/ HTTP/1.1" 200 19689 "-" "Mozilla/5.0 (Linux; Android 6.0.1; Nexus 5X Build/MMB29P) AppleWebKit/537.36 (KHTML, like Gecko) Chrome/140.0.7339.127 Mobile Safari/537.36 (compatible; GoogleOther)"
66.249.70.136 - - [18/Sep/2025:04:11:33 -0300] "GET /loyalty/adjust130/vwxik-48928/ HTTP/1.1" 200 19000 "-" "Mozilla/5.0 (Linux; Android 6.0.1; Nexus 5X Build/MMB29P) AppleWebKit/537.36 (KHTML, like Gecko) Chrome/140.0.7339.127 Mobile Safari/537.36 (compatible; GoogleOther)"
216.244.66.231 - - [18/Sep/2025:04:11:32 -0300] "GET /adm/upload_noticias/0c47ef3d3ef1d8c9e399ccb768e2d562.jpg HTTP/1.1" 200 119316 "-" "Mozilla/5.0 (compatible; DotBot/1.2; +https://opensiteexplorer.org/dotbot; help@moz.com)"
66.249.70.136 - - [18/Sep/2025:04:11:46 -0300] "GET /sense/carpet169/9lxl8-34241/ HTTP/1.1" 200 19467 "-" "Mozilla/5.0 (Linux; Android 6.0.1; Nexus 5X Build/MMB29P) AppleWebKit/537.36 (KHTML, like Gecko) Chrome/140.0.7339.127 Mobile Safari/537.36 (compatible; GoogleOther)"
66.249.70.136 - - [18/Sep/2025:04:12:08 -0300] "GET /?pid=23274187971&channel=programming-together-crash&cate_id=1383&page=http://old.evidenciarevista.com.br/super.asp?products/migration4/4ptxk-31346/ HTTP/1.1" 200 32582 "-" "Mozilla/5.0 (Linux; Android 6.0.1; Nexus 5X Build/MMB29P) AppleWebKit/537.36 (KHTML, like Gecko) Chrome/140.0.7339.127 Mobile Safari/537.36 (compatible; Googlebot/2.1; +http://www.google.com/bot.html)"
216.244.66.231 - - [18/Sep/2025:04:12:12 -0300] "GET /adm/upload_noticias/1005fd6a861d6bfb9fb2dfbdc0409b0c.JPG HTTP/1.1" 200 87658 "-" "Mozilla/5.0 (compatible; DotBot/1.2; +https://opensiteexplorer.org/dotbot; help@moz.com)"
69.197.149.50 - - [18/Sep/2025:04:10:49 -0300] "GET /wp-includes/br903965/index.php?id=336986 HTTP/1.1" 200 - "http://old.evidenciarevista.com.br/wp-includes/br903965/index.php?id=336986" "Mozilla/5.0 (Windows NT 10.0; Win64; x64) AppleWebKit/537.36 (KHTML, like Gecko) Chrome/58.0.3029.110 Safari/537.3"
66.249.70.136 - - [18/Sep/2025:04:12:33 -0300] "GET /cancel/landscape201/grwza-43977/ HTTP/1.1" 200 17738 "-" "Mozilla/5.0 (Linux; Android 6.0.1; Nexus 5X Build/MMB29P) AppleWebKit/537.36 (KHTML, like Gecko) Chrome/140.0.7339.127 Mobile Safari/537.36 (compatible; GoogleOther)"
216.244.66.231 - - [18/Sep/2025:04:12:43 -0300] "GET /adm/upload_noticias/11993e57b54cd2acb83180c10a88fb56.jpg HTTP/1.1" 200 78154 "-" "Mozilla/5.0 (compatible; DotBot/1.2; +https://opensiteexplorer.org/dotbot; help@moz.com)"
66.249.70.137 - - [18/Sep/2025:04:13:04 -0300] "GET /hint/ear237/9ojd3-1821/?qaovfgkocy1008880 HTTP/1.1" 200 18769 "-" "Mozilla/5.0 (Linux; Android 6.0.1; Nexus 5X Build/MMB29P) AppleWebKit/537.36 (KHTML, like Gecko) Chrome/140.0.7339.127 Mobile Safari/537.36 (compatible; GoogleOther)"
216.244.66.231 - - [18/Sep/2025:04:13:15 -0300] "GET /adm/upload_noticias/122c1bd3da95b46699973ba216ab9efd.jpg HTTP/1.1" 200 74065 "-" "Mozilla/5.0 (compatible; DotBot/1.2; +https://opensiteexplorer.org/dotbot; help@moz.com)"
66.249.70.137 - - [18/Sep/2025:04:13:42 -0300] "GET /replace/offensive259/u3b4v-22349/ HTTP/1.1" 200 18801 "-" "Mozilla/5.0 (Linux; Android 6.0.1; Nexus 5X Build/MMB29P) AppleWebKit/537.36 (KHTML, like Gecko) Chrome/140.0.7339.127 Mobile Safari/537.36 (compatible; GoogleOther)"
216.244.66.231 - - [18/Sep/2025:04:13:44 -0300] "GET /adm/upload_noticias/14a1f00b2cdbd2785982676ed4572858.jpg HTTP/1.1" 200 77872 "-" "Mozilla/5.0 (compatible; DotBot/1.2; +https://opensiteexplorer.org/dotbot; help@moz.com)"
69.197.149.50 - - [18/Sep/2025:04:12:20 -0300] "GET /wp-includes/br903965/index.php?id=336986 HTTP/1.1" 200 - "http://old.evidenciarevista.com.br/wp-includes/br903965/index.php?id=336986" "Mozilla/5.0 (Windows NT 10.0; Win64; x64) AppleWebKit/537.36 (KHTML, like Gecko) Chrome/58.0.3029.110 Safari/537.3"
66.249.70.137 - - [18/Sep/2025:04:14:01 -0300] "GET /equivalent/corporate196/wwyrb-2380/ HTTP/1.1" 200 18092 "-" "Mozilla/5.0 (Linux; Android 6.0.1; Nexus 5X Build/MMB29P) AppleWebKit/537.36 (KHTML, like Gecko) Chrome/140.0.7339.127 Mobile Safari/537.36 (compatible; GoogleOther)"
216.244.66.231 - - [18/Sep/2025:04:14:12 -0300] "GET /adm/upload_noticias/17f87f5674766090c8bed42b4e2762a1.jpg HTTP/1.1" 200 73651 "-" "Mozilla/5.0 (compatible; DotBot/1.2; +https://opensiteexplorer.org/dotbot; help@moz.com)"
66.249.70.136 - - [18/Sep/2025:04:14:26 -0300] "GET /?pid=23274187971&channel=drain-consistent-stiff&cate_id=1383&page=http://old.evidenciarevista.com.br/super.asp?lie/habitat294/ub0dx-30670/ HTTP/1.1" 200 33168 "-" "Mozilla/5.0 (Linux; Android 6.0.1; Nexus 5X Build/MMB29P) AppleWebKit/537.36 (KHTML, like Gecko) Chrome/140.0.7339.127 Mobile Safari/537.36 (compatible; Googlebot/2.1; +http://www.google.com/bot.html)"
216.244.66.231 - - [18/Sep/2025:04:14:39 -0300] "GET /adm/upload_noticias/199625cc37f6cebd224df2ca4c4f0b12.jpg HTTP/1.1" 200 101900 "-" "Mozilla/5.0 (compatible; DotBot/1.2; +https://opensiteexplorer.org/dotbot; help@moz.com)"
66.249.70.136 - - [18/Sep/2025:04:14:50 -0300] "GET /considerable/eastern72/ssl8o-4390/ HTTP/1.1" 200 18559 "-" "Mozilla/5.0 (Linux; Android 6.0.1; Nexus 5X Build/MMB29P) AppleWebKit/537.36 (KHTML, like Gecko) Chrome/140.0.7339.127 Mobile Safari/537.36 (compatible; GoogleOther)"
66.249.70.136 - - [18/Sep/2025:04:14:59 -0300] "GET /exhibition/resident271/30nw3-15471/?ahswcycblf1271580 HTTP/1.1" 200 19984 "-" "Mozilla/5.0 (Linux; Android 6.0.1; Nexus 5X Build/MMB29P) AppleWebKit/537.36 (KHTML, like Gecko) Chrome/140.0.7339.127 Mobile Safari/537.36 (compatible; GoogleOther)"
216.244.66.231 - - [18/Sep/2025:04:15:05 -0300] "GET /adm/upload_noticias/1_maio_nestle_126_noticia_add.jpg HTTP/1.1" 200 98963 "-" "Mozilla/5.0 (compatible; DotBot/1.2; +https://opensiteexplorer.org/dotbot; help@moz.com)"
69.197.149.50 - - [18/Sep/2025:04:13:49 -0300] "GET /wp-includes/br903965/index.php?id=336986 HTTP/1.1" 200 - "http://old.evidenciarevista.com.br/wp-includes/br903965/index.php?id=336986" "Mozilla/5.0 (Windows NT 10.0; Win64; x64) AppleWebKit/537.36 (KHTML, like Gecko) Chrome/58.0.3029.110 Safari/537.3"
216.244.66.231 - - [18/Sep/2025:04:15:33 -0300] "GET /adm/upload_noticias/1_maio_nestle_148_noticia_add.jpg HTTP/1.1" 200 78843 "-" "Mozilla/5.0 (compatible; DotBot/1.2; +https://opensiteexplorer.org/dotbot; help@moz.com)"
66.249.70.136 - - [18/Sep/2025:04:15:44 -0300] "GET /?pid=23274187971&channel=owner-iron-finish&cate_id=1383&page=http://old.evidenciarevista.com.br/super.asp?carry/squeeze80/l1qhg-2634/ HTTP/1.1" 200 31341 "-" "Mozilla/5.0 (Linux; Android 6.0.1; Nexus 5X Build/MMB29P) AppleWebKit/537.36 (KHTML, like Gecko) Chrome/140.0.7339.127 Mobile Safari/537.36 (compatible; Googlebot/2.1; +http://www.google.com/bot.html)"
216.244.66.231 - - [18/Sep/2025:04:15:57 -0300] "GET /adm/upload_noticias/1_maio_nestle_231_noticia_add.jpg HTTP/1.1" 200 66690 "-" "Mozilla/5.0 (compatible; DotBot/1.2; +https://opensiteexplorer.org/dotbot; help@moz.com)"
204.12.208.18 - - [18/Sep/2025:04:15:56 -0300] "GET /wp-includes/br903965/index.php HTTP/1.1" 200 26 "http://old.evidenciarevista.com.br/wp-includes/br903965/index.php" "Mozilla/5.0 (compatible; MSIE 9.0; Windows NT 6.1; WOW64; Trident/5.0; SLCC2; .NET CLR 2.0.50727; .NET CLR 3.5.30729; .NET CLR 3.0.30729; Media Center PC 6.0; MAGW; .NET4.0C; Lunascape 6.5.8.24780)"
66.249.70.136 - - [18/Sep/2025:04:15:56 -0300] "GET /hint/ear237/9ojd3-1821/?kxnsztrhko217176 HTTP/1.1" 200 20555 "-" "Mozilla/5.0 (Linux; Android 6.0.1; Nexus 5X Build/MMB29P) AppleWebKit/537.36 (KHTML, like Gecko) Chrome/140.0.7339.127 Mobile Safari/537.36 (compatible; GoogleOther)"
66.249.70.136 - - [18/Sep/2025:04:16:03 -0300] "GET /garden/open294/0o9v0-43626/ HTTP/1.1" 200 30975 "-" "Mozilla/5.0 (Linux; Android 6.0.1; Nexus 5X Build/MMB29P) AppleWebKit/537.36 (KHTML, like Gecko) Chrome/140.0.7339.127 Mobile Safari/537.36 (compatible; GoogleOther)"
216.244.66.231 - - [18/Sep/2025:04:16:18 -0300] "GET /adm/upload_noticias/1_maio_nestle_34_noticia_add.jpg HTTP/1.1" 200 79567 "-" "Mozilla/5.0 (compatible; DotBot/1.2; +https://opensiteexplorer.org/dotbot; help@moz.com)"
66.249.70.137 - - [18/Sep/2025:04:16:29 -0300] "GET /software/charity163/wmu0c-27755/ HTTP/1.1" 200 19236 "-" "Mozilla/5.0 (Linux; Android 6.0.1; Nexus 5X Build/MMB29P) AppleWebKit/537.36 (KHTML, like Gecko) Chrome/140.0.7339.127 Mobile Safari/537.36 (compatible; GoogleOther)"
216.244.66.231 - - [18/Sep/2025:04:16:40 -0300] "GET /adm/upload_noticias/1_maio_nestle_52_noticia_add.jpg HTTP/1.1" 200 94464 "-" "Mozilla/5.0 (compatible; DotBot/1.2; +https://opensiteexplorer.org/dotbot; help@moz.com)"
69.197.149.50 - - [18/Sep/2025:04:15:22 -0300] "GET /wp-includes/br903965/index.php?id=336986 HTTP/1.1" 200 - "http://old.evidenciarevista.com.br/wp-includes/br903965/index.php?id=336986" "Mozilla/5.0 (Windows NT 10.0; Win64; x64) AppleWebKit/537.36 (KHTML, like Gecko) Chrome/58.0.3029.110 Safari/537.3"
66.249.70.136 - - [18/Sep/2025:04:16:54 -0300] "GET /exhibition/resident271/30nw3-15471/?qsujywvkgc47131 HTTP/1.1" 200 19717 "-" "Mozilla/5.0 (Linux; Android 6.0.1; Nexus 5X Build/MMB29P) AppleWebKit/537.36 (KHTML, like Gecko) Chrome/140.0.7339.127 Mobile Safari/537.36 (compatible; GoogleOther)"
216.244.66.231 - - [18/Sep/2025:04:17:03 -0300] "GET /adm/upload_noticias/1_maio_nestle_71_noticia_add.jpg HTTP/1.1" 200 93034 "-" "Mozilla/5.0 (compatible; DotBot/1.2; +https://opensiteexplorer.org/dotbot; help@moz.com)"
66.249.70.137 - - [18/Sep/2025:04:17:08 -0300] "GET /elsewhere/motivate166/r4no1-30608/ HTTP/1.1" 200 20247 "-" "Mozilla/5.0 (Linux; Android 6.0.1; Nexus 5X Build/MMB29P) AppleWebKit/537.36 (KHTML, like Gecko) Chrome/140.0.7339.127 Mobile Safari/537.36 (compatible; GoogleOther)"
216.244.66.231 - - [18/Sep/2025:04:17:31 -0300] "GET /adm/upload_noticias/1a136ec5f51ddff3ad612de04f206444.jpg HTTP/1.1" 200 78294 "-" "Mozilla/5.0 (compatible; DotBot/1.2; +https://opensiteexplorer.org/dotbot; help@moz.com)"
66.249.70.136 - - [18/Sep/2025:04:17:46 -0300] "GET /programming/welfare277/80ww0-20747/?qmogdupekv1280992 HTTP/1.1" 200 18204 "-" "Mozilla/5.0 (Linux; Android 6.0.1; Nexus 5X Build/MMB29P) AppleWebKit/537.36 (KHTML, like Gecko) Chrome/140.0.7339.127 Mobile Safari/537.36 (compatible; GoogleOther)"
216.244.66.231 - - [18/Sep/2025:04:17:55 -0300] "GET /adm/upload_noticias/1a6a0480709cd8ef0aa6466199f69d89.jpg HTTP/1.1" 200 69584 "-" "Mozilla/5.0 (compatible; DotBot/1.2; +https://opensiteexplorer.org/dotbot; help@moz.com)"
66.249.70.138 - - [18/Sep/2025:04:18:13 -0300] "GET /hint/ear237/9ojd3-1821/?ugygtxhmed1544157 HTTP/1.1" 200 19983 "-" "Mozilla/5.0 (Linux; Android 6.0.1; Nexus 5X Build/MMB29P) AppleWebKit/537.36 (KHTML, like Gecko) Chrome/140.0.7339.127 Mobile Safari/537.36 (compatible; GoogleOther)"
216.244.66.231 - - [18/Sep/2025:04:18:17 -0300] "GET /adm/upload_noticias/1e377654137127771e34f5e315eac61d.jpg HTTP/1.1" 200 134646 "-" "Mozilla/5.0 (compatible; DotBot/1.2; +https://opensiteexplorer.org/dotbot; help@moz.com)"
66.249.70.136 - - [18/Sep/2025:04:18:20 -0300] "GET /toss/motivate147/3i3k2-29507/ HTTP/1.1" 200 20202 "-" "Mozilla/5.0 (Linux; Android 6.0.1; Nexus 5X Build/MMB29P) AppleWebKit/537.36 (KHTML, like Gecko) Chrome/140.0.7339.127 Mobile Safari/537.36 (compatible; GoogleOther)"
69.197.149.50 - - [18/Sep/2025:04:16:59 -0300] "GET /wp-includes/br903965/index.php?id=336986 HTTP/1.1" 200 - "http://old.evidenciarevista.com.br/wp-includes/br903965/index.php?id=336986" "Mozilla/5.0 (Windows NT 10.0; Win64; x64) AppleWebKit/537.36 (KHTML, like Gecko) Chrome/58.0.3029.110 Safari/537.3"
216.244.66.231 - - [18/Sep/2025:04:18:40 -0300] "GET /adm/upload_noticias/1e388fe228fe6942beaf1400ea378744.jpg HTTP/1.1" 200 117823 "-" "Mozilla/5.0 (compatible; DotBot/1.2; +https://opensiteexplorer.org/dotbot; help@moz.com)"
66.249.70.136 - - [18/Sep/2025:04:18:48 -0300] "GET /hint/ear237/9ojd3-1821/?ayzofipmvd251117 HTTP/1.1" 200 20701 "-" "Mozilla/5.0 (Linux; Android 6.0.1; Nexus 5X Build/MMB29P) AppleWebKit/537.36 (KHTML, like Gecko) Chrome/140.0.7339.127 Mobile Safari/537.36 (compatible; GoogleOther)"
66.249.70.136 - - [18/Sep/2025:04:18:57 -0300] "GET /organize/gradually162/bjrr7-49098/ HTTP/1.1" 200 19888 "-" "Mozilla/5.0 (Linux; Android 6.0.1; Nexus 5X Build/MMB29P) AppleWebKit/537.36 (KHTML, like Gecko) Chrome/140.0.7339.127 Mobile Safari/537.36 (compatible; GoogleOther)"
216.244.66.231 - - [18/Sep/2025:04:19:02 -0300] "GET /adm/upload_noticias/22a7591b638d8d8c0d8ccd091fc75691.jpg HTTP/1.1" 200 43278 "-" "Mozilla/5.0 (compatible; DotBot/1.2; +https://opensiteexplorer.org/dotbot; help@moz.com)"
216.244.66.231 - - [18/Sep/2025:04:19:23 -0300] "GET /adm/upload_noticias/24354c3abc88da1f0ebc62878cef6f13.jpg HTTP/1.1" 200 115902 "-" "Mozilla/5.0 (compatible; DotBot/1.2; +https://opensiteexplorer.org/dotbot; help@moz.com)"
66.249.70.137 - - [18/Sep/2025:04:19:26 -0300] "GET /plaintiff/worker57/tmk6n-20795/ HTTP/1.1" 200 32448 "-" "Mozilla/5.0 (Linux; Android 6.0.1; Nexus 5X Build/MMB29P) AppleWebKit/537.36 (KHTML, like Gecko) Chrome/140.0.7339.127 Mobile Safari/537.36 (compatible; GoogleOther)"
216.244.66.231 - - [18/Sep/2025:04:19:42 -0300] "GET /adm/upload_noticias/2aee2268586f7fb46ae59b0c715140d7.jpg HTTP/1.1" 200 98108 "-" "Mozilla/5.0 (compatible; DotBot/1.2; +https://opensiteexplorer.org/dotbot; help@moz.com)"
66.249.70.137 - - [18/Sep/2025:04:19:46 -0300] "GET /hint/ear237/9ojd3-1821/?ivnwkpagab1301787 HTTP/1.1" 200 20578 "-" "Mozilla/5.0 (Linux; Android 6.0.1; Nexus 5X Build/MMB29P) AppleWebKit/537.36 (KHTML, like Gecko) Chrome/140.0.7339.127 Mobile Safari/537.36 (compatible; GoogleOther)"
66.249.70.136 - - [18/Sep/2025:04:19:56 -0300] "GET /advise/laser31/f2cps-16847/ HTTP/1.1" 200 17816 "-" "Mozilla/5.0 (Linux; Android 6.0.1; Nexus 5X Build/MMB29P) AppleWebKit/537.36 (KHTML, like Gecko) Chrome/140.0.7339.127 Mobile Safari/537.36 (compatible; GoogleOther)"
