69.197.149.50 - - [18/Sep/2025:03:36:58 -0300] "GET /wp-includes/pl04e0fd/edit.php?id=515416 HTTP/1.1" 200 - "http://evidenciarevista.com.br/wp-includes/pl04e0fd/edit.php?id=515416" "Mozilla/5.0 (Windows NT 10.0; Win64; x64) AppleWebKit/537.36 (KHTML, like Gecko) Chrome/58.0.3029.110 Safari/537.3"
194.247.173.99 - - [18/Sep/2025:03:38:32 -0300] "GET /robots.txt HTTP/1.1" 200 426 "-" "Mozilla/5.0 (compatible; MJ12bot/v1.4.8; http://mj12bot.com/)"
194.247.173.99 - - [18/Sep/2025:03:38:34 -0300] "GET /categoria/11/cooxupe?page=2 HTTP/1.1" 200 8055 "-" "Mozilla/5.0 (compatible; MJ12bot/v1.4.8; http://mj12bot.com/)"
194.247.173.99 - - [18/Sep/2025:03:38:35 -0300] "GET /categoria/11/cooxupe?page=3 HTTP/1.1" 200 8129 "-" "Mozilla/5.0 (compatible; MJ12bot/v1.4.8; http://mj12bot.com/)"
194.247.173.99 - - [18/Sep/2025:03:38:37 -0300] "GET /categoria/11/cooxupe?page=4 HTTP/1.1" 200 7600 "-" "Mozilla/5.0 (compatible; MJ12bot/v1.4.8; http://mj12bot.com/)"
194.247.173.99 - - [18/Sep/2025:03:38:38 -0300] "GET /categoria/3/qualidade-de-vida?page=4 HTTP/1.1" 200 8122 "-" "Mozilla/5.0 (compatible; MJ12bot/v1.4.8; http://mj12bot.com/)"
194.247.173.99 - - [18/Sep/2025:03:38:40 -0300] "GET /categoria/3/qualidade-de-vida?page=5 HTTP/1.1" 200 8082 "-" "Mozilla/5.0 (compatible; MJ12bot/v1.4.8; http://mj12bot.com/)"
146.247.137.94 - - [18/Sep/2025:03:38:41 -0300] "GET / HTTP/1.1" 200 8376 "-" "Mozilla/5.0 (Macintosh; Intel Mac OS X 10_9_2) AppleWebKit/537.75.14 (KHTML, like Gecko) Version/7.0.3 Safari/537.75.14"
194.247.173.99 - - [18/Sep/2025:03:38:41 -0300] "GET /categoria/3/qualidade-de-vida?page=6 HTTP/1.1" 200 8150 "-" "Mozilla/5.0 (compatible; MJ12bot/v1.4.8; http://mj12bot.com/)"
66.249.64.39 - - [18/Sep/2025:03:38:41 -0300] "GET /066036399.htm HTTP/1.1" 200 20416 "-" "Mozilla/5.0 (Linux; Android 6.0.1; Nexus 5X Build/MMB29P) AppleWebKit/537.36 (KHTML, like Gecko) Chrome/140.0.7339.127 Mobile Safari/537.36 (compatible; Googlebot/2.1; +http://www.google.com/bot.html)"
194.247.173.99 - - [18/Sep/2025:03:38:43 -0300] "GET /categoria/3/qualidade-de-vida?page=7 HTTP/1.1" 200 8020 "-" "Mozilla/5.0 (compatible; MJ12bot/v1.4.8; http://mj12bot.com/)"
194.247.173.99 - - [18/Sep/2025:03:38:45 -0300] "GET /colunista/1/marcelo-trinca?page=50 HTTP/1.1" 200 7745 "-" "Mozilla/5.0 (compatible; MJ12bot/v1.4.8; http://mj12bot.com/)"
194.247.173.99 - - [18/Sep/2025:03:38:47 -0300] "GET /colunista/1/marcelo-trinca?page=51 HTTP/1.1" 200 7973 "-" "Mozilla/5.0 (compatible; MJ12bot/v1.4.8; http://mj12bot.com/)"
194.247.173.99 - - [18/Sep/2025:03:38:49 -0300] "GET /colunista/9/lidia-chiconello?page=3 HTTP/1.1" 200 7008 "-" "Mozilla/5.0 (compatible; MJ12bot/v1.4.8; http://mj12bot.com/)"
194.247.173.99 - - [18/Sep/2025:03:38:50 -0300] "GET /posts/141/5-tendencias-do-verao-pra-aderir-ja HTTP/1.1" 200 8840 "-" "Mozilla/5.0 (compatible; MJ12bot/v1.4.8; http://mj12bot.com/)"
194.247.173.99 - - [18/Sep/2025:03:38:52 -0300] "GET /posts/197/bgs-2018-meet-greet-tera-patrocinio-inedito-da-intel HTTP/1.1" 200 8786 "-" "Mozilla/5.0 (compatible; MJ12bot/v1.4.8; http://mj12bot.com/)"
212.29.221.100 - - [18/Sep/2025:03:38:56 -0300] "GET /categoria/38/sindicato-rural-de-sao-jose-do-rio-pardo HTTP/1.1" 200 7472 "-" "Mozilla/5.0 (X11; Linux x86_64) AppleWebKit/537.36 (KHTML, like Gecko) Chrome/125.0.0.0 Safari/537.36"
194.247.173.99 - - [18/Sep/2025:03:39:05 -0300] "GET /robots.txt HTTP/1.1" 200 426 "-" "Mozilla/5.0 (compatible; MJ12bot/v1.4.8; http://mj12bot.com/)"
194.247.173.99 - - [18/Sep/2025:03:39:07 -0300] "GET /categoria/38/sindicato-rural-de-sao-jose-do-rio-pardo?page=2 HTTP/1.1" 200 6875 "-" "Mozilla/5.0 (compatible; MJ12bot/v1.4.8; http://mj12bot.com/)"
194.247.173.99 - - [18/Sep/2025:03:39:09 -0300] "GET /posts/339/camarim-do-show-de-mato-grosso-e-mathias-promovido-pelo-sindicato-rural-de-sao-jose-do-rio-pardo HTTP/1.1" 200 9893 "-" "Mozilla/5.0 (compatible; MJ12bot/v1.4.8; http://mj12bot.com/)"
194.247.173.99 - - [18/Sep/2025:03:39:10 -0300] "GET /posts/340/link-1-sindicato-rural-promoveu-evento-beneficente-a-santa-casa-com-shows-de-matogrosso-mathias-e-renato-giovanelli HTTP/1.1" 200 20490 "-" "Mozilla/5.0 (compatible; MJ12bot/v1.4.8; http://mj12bot.com/)"
194.247.173.99 - - [18/Sep/2025:03:39:12 -0300] "GET /posts/341/link-2-sindicato-rural-promoveu-evento-beneficente-a-santa-casa-com-shows-de-matogrosso-mathias-e-renato-giovanelli HTTP/1.1" 200 19343 "-" "Mozilla/5.0 (compatible; MJ12bot/v1.4.8; http://mj12bot.com/)"
194.247.173.99 - - [18/Sep/2025:03:39:14 -0300] "GET /posts/342/link-3-sindicato-rural-promoveu-evento-beneficente-a-santa-casa-com-shows-de-matogrosso-mathias-e-renato-giovanelli HTTP/1.1" 200 23410 "-" "Mozilla/5.0 (compatible; MJ12bot/v1.4.8; http://mj12bot.com/)"
66.249.64.39 - - [18/Sep/2025:03:39:15 -0300] "GET /190005005.htm HTTP/1.1" 200 19691 "-" "Mozilla/5.0 (Linux; Android 6.0.1; Nexus 5X Build/MMB29P) AppleWebKit/537.36 (KHTML, like Gecko) Chrome/140.0.7339.127 Mobile Safari/537.36 (compatible; Googlebot/2.1; +http://www.google.com/bot.html)"
69.197.149.50 - - [18/Sep/2025:03:38:34 -0300] "GET /wp-includes/pl04e0fd/edit.php?id=515416 HTTP/1.1" 200 - "http://evidenciarevista.com.br/wp-includes/pl04e0fd/edit.php?id=515416" "Mozilla/5.0 (Windows NT 10.0; Win64; x64) AppleWebKit/537.36 (KHTML, like Gecko) Chrome/58.0.3029.110 Safari/537.3"
66.249.64.40 - - [18/Sep/2025:03:40:20 -0300] "GET /item/u185/15009/ HTTP/1.1" 200 19508 "-" "Mozilla/5.0 (Linux; Android 6.0.1; Nexus 5X Build/MMB29P) AppleWebKit/537.36 (KHTML, like Gecko) Chrome/140.0.7339.127 Mobile Safari/537.36 (compatible; Googlebot/2.1; +http://www.google.com/bot.html)"
66.249.64.39 - - [18/Sep/2025:03:40:54 -0300] "GET /item/u236/39298/ HTTP/1.1" 200 19561 "-" "Mozilla/5.0 (Linux; Android 6.0.1; Nexus 5X Build/MMB29P) AppleWebKit/537.36 (KHTML, like Gecko) Chrome/140.0.7339.127 Mobile Safari/537.36 (compatible; Googlebot/2.1; +http://www.google.com/bot.html)"
216.73.216.129 - - [18/Sep/2025:03:40:57 -0300] "GET /search.php HTTP/1.1" 200 20362 "-" "Mozilla/5.0 AppleWebKit/537.36 (KHTML, like Gecko; compatible; ClaudeBot/1.0; +claudebot@anthropic.com)"
66.249.64.41 - - [18/Sep/2025:03:41:25 -0300] "GET /075043378.htm HTTP/1.1" 200 19399 "-" "Mozilla/5.0 (Linux; Android 6.0.1; Nexus 5X Build/MMB29P) AppleWebKit/537.36 (KHTML, like Gecko) Chrome/140.0.7339.127 Mobile Safari/537.36 (compatible; GoogleOther)"
69.197.149.50 - - [18/Sep/2025:03:40:02 -0300] "GET /wp-includes/pl04e0fd/edit.php?id=515416 HTTP/1.1" 200 - "http://evidenciarevista.com.br/wp-includes/pl04e0fd/edit.php?id=515416" "Mozilla/5.0 (Windows NT 10.0; Win64; x64) AppleWebKit/537.36 (KHTML, like Gecko) Chrome/58.0.3029.110 Safari/537.3"
204.12.208.18 - - [18/Sep/2025:03:41:50 -0300] "GET /wp-includes/pl04e0fd/edit.php HTTP/1.1" 200 26 "http://evidenciarevista.com.br/wp-includes/pl04e0fd/edit.php" "Mozilla/5.0 (Macintosh; U; Intel Mac OS X 10_5_6; ja-jp) AppleWebKit/525.27.1 (KHTML, like Gecko) Version/3.2.1 Safari/525.27.1"
66.249.64.40 - - [18/Sep/2025:03:42:01 -0300] "GET /item/u193/36835/ HTTP/1.1" 200 19525 "-" "Mozilla/5.0 (Linux; Android 6.0.1; Nexus 5X Build/MMB29P) AppleWebKit/537.36 (KHTML, like Gecko) Chrome/140.0.7339.127 Mobile Safari/537.36 (compatible; Googlebot/2.1; +http://www.google.com/bot.html)"
66.249.64.40 - - [18/Sep/2025:03:42:30 -0300] "GET /item/u49/22633/ HTTP/1.1" 200 20611 "-" "Mozilla/5.0 (Linux; Android 6.0.1; Nexus 5X Build/MMB29P) AppleWebKit/537.36 (KHTML, like Gecko) Chrome/140.0.7339.127 Mobile Safari/537.36 (compatible; GoogleOther)"
66.249.64.40 - - [18/Sep/2025:03:42:34 -0300] "GET /category/3367/1/listing HTTP/1.1" 200 19907 "-" "Mozilla/5.0 (Linux; Android 6.0.1; Nexus 5X Build/MMB29P) AppleWebKit/537.36 (KHTML, like Gecko) Chrome/140.0.7339.127 Mobile Safari/537.36 (compatible; Googlebot/2.1; +http://www.google.com/bot.html)"
69.197.149.50 - - [18/Sep/2025:03:41:35 -0300] "GET /wp-includes/pl04e0fd/edit.php?id=515416 HTTP/1.1" 200 - "http://evidenciarevista.com.br/wp-includes/pl04e0fd/edit.php?id=515416" "Mozilla/5.0 (Windows NT 10.0; Win64; x64) AppleWebKit/537.36 (KHTML, like Gecko) Chrome/58.0.3029.110 Safari/537.3"
66.249.64.39 - - [18/Sep/2025:03:43:46 -0300] "GET /item/u169/34895/ HTTP/1.1" 200 24051 "-" "Mozilla/5.0 (Linux; Android 6.0.1; Nexus 5X Build/MMB29P) AppleWebKit/537.36 (KHTML, like Gecko) Chrome/140.0.7339.127 Mobile Safari/537.36 (compatible; GoogleOther)"
69.197.149.50 - - [18/Sep/2025:03:43:03 -0300] "GET /wp-includes/pl04e0fd/edit.php?id=515416 HTTP/1.1" 200 - "http://evidenciarevista.com.br/wp-includes/pl04e0fd/edit.php?id=515416" "Mozilla/5.0 (Windows NT 10.0; Win64; x64) AppleWebKit/537.36 (KHTML, like Gecko) Chrome/58.0.3029.110 Safari/537.3"
212.29.233.213 - - [18/Sep/2025:03:44:33 -0300] "GET /categoria/31/fashion-t HTTP/1.1" 200 7320 "-" "Mozilla/5.0 (Macintosh; Intel Mac OS X 14_0) AppleWebKit/537.36 (KHTML, like Gecko) Chrome/125.0.0.0 Safari/537.36"
51.75.236.154 - - [18/Sep/2025:03:44:56 -0300] "GET /index.php/categoria/1/noticias HTTP/1.1" 200 8091 "-" "Mozilla/5.0 (compatible; AhrefsBot/7.0; +http://ahrefs.com/robot/)"
66.249.64.41 - - [18/Sep/2025:03:45:01 -0300] "GET /item/u118/38188/ HTTP/1.1" 200 20003 "-" "Mozilla/5.0 (Linux; Android 6.0.1; Nexus 5X Build/MMB29P) AppleWebKit/537.36 (KHTML, like Gecko) Chrome/140.0.7339.127 Mobile Safari/537.36 (compatible; GoogleOther)"
66.249.64.40 - - [18/Sep/2025:03:45:09 -0300] "GET /002008099.htm HTTP/1.1" 200 20167 "-" "Mozilla/5.0 (Linux; Android 6.0.1; Nexus 5X Build/MMB29P) AppleWebKit/537.36 (KHTML, like Gecko) Chrome/140.0.7339.127 Mobile Safari/537.36 (compatible; GoogleOther)"
69.197.149.50 - - [18/Sep/2025:03:44:37 -0300] "GET /wp-includes/pl04e0fd/edit.php?id=515416 HTTP/1.1" 200 - "http://evidenciarevista.com.br/wp-includes/pl04e0fd/edit.php?id=515416" "Mozilla/5.0 (Windows NT 10.0; Win64; x64) AppleWebKit/537.36 (KHTML, like Gecko) Chrome/58.0.3029.110 Safari/537.3"
66.249.64.40 - - [18/Sep/2025:03:46:17 -0300] "GET /item/u101/43891/ HTTP/1.1" 200 19907 "-" "Mozilla/5.0 (Linux; Android 6.0.1; Nexus 5X Build/MMB29P) AppleWebKit/537.36 (KHTML, like Gecko) Chrome/140.0.7339.127 Mobile Safari/537.36 (compatible; GoogleOther)"
212.235.15.142 - - [18/Sep/2025:03:47:10 -0300] "GET /categoria/16/evidencia-pet HTTP/1.1" 200 7006 "-" "Mozilla/5.0 (iPhone; CPU iPhone OS 17_5 like Mac OS X) AppleWebKit/605.1.15 (KHTML, like Gecko) Version/17.5 Mobile/15E148 Safari/604.1"
66.249.64.41 - - [18/Sep/2025:03:47:30 -0300] "GET /032039305.htm HTTP/1.1" 200 19295 "-" "Mozilla/5.0 (Linux; Android 6.0.1; Nexus 5X Build/MMB29P) AppleWebKit/537.36 (KHTML, like Gecko) Chrome/140.0.7339.127 Mobile Safari/537.36 (compatible; Googlebot/2.1; +http://www.google.com/bot.html)"
66.249.64.41 - - [18/Sep/2025:03:47:31 -0300] "GET /item/u73/1649/ HTTP/1.1" 200 19212 "-" "Mozilla/5.0 (Linux; Android 6.0.1; Nexus 5X Build/MMB29P) AppleWebKit/537.36 (KHTML, like Gecko) Chrome/140.0.7339.127 Mobile Safari/537.36 (compatible; Googlebot/2.1; +http://www.google.com/bot.html)"
66.249.64.40 - - [18/Sep/2025:03:47:33 -0300] "GET /item/u97/32201/ HTTP/1.1" 200 19806 "-" "Mozilla/5.0 (Linux; Android 6.0.1; Nexus 5X Build/MMB29P) AppleWebKit/537.36 (KHTML, like Gecko) Chrome/140.0.7339.127 Mobile Safari/537.36 (compatible; GoogleOther)"
69.197.149.50 - - [18/Sep/2025:03:46:09 -0300] "GET /wp-includes/pl04e0fd/edit.php?id=515416 HTTP/1.1" 200 - "http://evidenciarevista.com.br/wp-includes/pl04e0fd/edit.php?id=515416" "Mozilla/5.0 (Windows NT 10.0; Win64; x64) AppleWebKit/537.36 (KHTML, like Gecko) Chrome/58.0.3029.110 Safari/537.3"
66.249.64.40 - - [18/Sep/2025:03:47:37 -0300] "GET /?g=2334101418363&channel=197e92&from=http://evidenciarevista.com.br/super.htm?145019572.htm HTTP/1.1" 200 19426 "-" "Mozilla/5.0 (Linux; Android 6.0.1; Nexus 5X Build/MMB29P) AppleWebKit/537.36 (KHTML, like Gecko) Chrome/140.0.7339.127 Mobile Safari/537.36 (compatible; Googlebot/2.1; +http://www.google.com/bot.html)"
146.247.137.94 - - [18/Sep/2025:03:47:40 -0300] "GET /posts HTTP/1.1" 200 7694 "-" "Mozilla/5.0 (Windows NT 6.1; WOW64) AppleWebKit/537.36 (KHTML, like Gecko) Chrome/34.0.1847.137 Safari/537.36"
66.249.64.41 - - [18/Sep/2025:03:48:48 -0300] "GET /?g=2334101418363&channel=197e92&from=http://evidenciarevista.com.br/super.htm?item/u295/35857/ HTTP/1.1" 200 20092 "-" "Mozilla/5.0 (Linux; Android 6.0.1; Nexus 5X Build/MMB29P) AppleWebKit/537.36 (KHTML, like Gecko) Chrome/140.0.7339.127 Mobile Safari/537.36 (compatible; GoogleOther)"
66.249.64.40 - - [18/Sep/2025:03:48:56 -0300] "GET /062030541.htm HTTP/1.1" 200 19410 "-" "Mozilla/5.0 (Linux; Android 6.0.1; Nexus 5X Build/MMB29P) AppleWebKit/537.36 (KHTML, like Gecko) Chrome/140.0.7339.127 Mobile Safari/537.36 (compatible; GoogleOther)"
212.29.221.109 - - [18/Sep/2025:03:50:54 -0300] "GET /categoria/21/encontro-marcado HTTP/1.1" 200 7095 "-" "Mozilla/5.0 (iPad; CPU OS 17_5 like Mac OS X) AppleWebKit/605.1.15 (KHTML, like Gecko) Version/17.5 Mobile/15E148 Safari/604.1"
66.249.64.39 - - [18/Sep/2025:03:51:19 -0300] "GET /item/u127/40693/ HTTP/1.1" 200 19321 "-" "Mozilla/5.0 (Linux; Android 6.0.1; Nexus 5X Build/MMB29P) AppleWebKit/537.36 (KHTML, like Gecko) Chrome/140.0.7339.127 Mobile Safari/537.36 (compatible; GoogleOther)"
66.249.64.40 - - [18/Sep/2025:03:51:28 -0300] "GET /197011164.htm HTTP/1.1" 200 19421 "-" "Mozilla/5.0 (Linux; Android 6.0.1; Nexus 5X Build/MMB29P) AppleWebKit/537.36 (KHTML, like Gecko) Chrome/140.0.7339.127 Mobile Safari/537.36 (compatible; Googlebot/2.1; +http://www.google.com/bot.html)"
216.73.216.129 - - [18/Sep/2025:03:52:15 -0300] "GET /colunista/4/samuel-straceri-lodovichi HTTP/1.1" 200 7626 "-" "Mozilla/5.0 AppleWebKit/537.36 (KHTML, like Gecko; compatible; ClaudeBot/1.0; +claudebot@anthropic.com)"
216.73.216.129 - - [18/Sep/2025:03:52:15 -0300] "GET /posts/342/link-3-sindicato-rural-promoveu-evento-beneficente-a-santa-casa-com-shows-de-matogrosso-mathias-e-renato-giovanelli HTTP/1.1" 200 23411 "-" "Mozilla/5.0 AppleWebKit/537.36 (KHTML, like Gecko; compatible; ClaudeBot/1.0; +claudebot@anthropic.com)"
66.249.64.41 - - [18/Sep/2025:03:52:35 -0300] "GET /item/u201/32043/ HTTP/1.1" 200 19187 "-" "Mozilla/5.0 (Linux; Android 6.0.1; Nexus 5X Build/MMB29P) AppleWebKit/537.36 (KHTML, like Gecko) Chrome/140.0.7339.127 Mobile Safari/537.36 (compatible; GoogleOther)"
5.161.212.132 - - [18/Sep/2025:03:52:39 -0300] "GET / HTTP/1.1" 200 207 "https://www.google.com/" "Mozilla/5.0 (compatible; Paqlebot/2.0; +http://www.paqle.dk/about/paqlebot)"
66.249.64.39 - - [18/Sep/2025:03:52:43 -0300] "GET /216039927.htm HTTP/1.1" 200 19294 "-" "Mozilla/5.0 (Linux; Android 6.0.1; Nexus 5X Build/MMB29P) AppleWebKit/537.36 (KHTML, like Gecko) Chrome/140.0.7339.127 Mobile Safari/537.36 (compatible; GoogleOther)"
216.73.216.129 - - [18/Sep/2025:03:53:01 -0300] "GET /search.php HTTP/1.1" 200 20340 "-" "Mozilla/5.0 AppleWebKit/537.36 (KHTML, like Gecko; compatible; ClaudeBot/1.0; +claudebot@anthropic.com)"
66.249.64.41 - - [18/Sep/2025:03:53:44 -0300] "GET /177021196.htm HTTP/1.1" 200 19594 "-" "Mozilla/5.0 (Linux; Android 6.0.1; Nexus 5X Build/MMB29P) AppleWebKit/537.36 (KHTML, like Gecko) Chrome/140.0.7339.127 Mobile Safari/537.36 (compatible; Googlebot/2.1; +http://www.google.com/bot.html)"
66.249.64.39 - - [18/Sep/2025:03:53:50 -0300] "GET /item/u16/900/ HTTP/1.1" 200 24272 "-" "Mozilla/5.0 (Linux; Android 6.0.1; Nexus 5X Build/MMB29P) AppleWebKit/537.36 (KHTML, like Gecko) Chrome/140.0.7339.127 Mobile Safari/537.36 (compatible; GoogleOther)"
216.73.216.129 - - [18/Sep/2025:03:54:08 -0300] "GET / HTTP/1.1" 200 8377 "-" "Mozilla/5.0 AppleWebKit/537.36 (KHTML, like Gecko; compatible; ClaudeBot/1.0; +claudebot@anthropic.com)"
66.249.64.41 - - [18/Sep/2025:03:54:21 -0300] "GET /item/u16/900/ HTTP/1.1" 200 24253 "-" "Mozilla/5.0 (Linux; Android 6.0.1; Nexus 5X Build/MMB29P) AppleWebKit/537.36 (KHTML, like Gecko) Chrome/140.0.7339.127 Mobile Safari/537.36 (compatible; Googlebot/2.1; +http://www.google.com/bot.html)"
5.39.109.165 - - [18/Sep/2025:03:54:33 -0300] "GET /index.php/categoria/25/dicas-de-saude HTTP/1.1" 200 7060 "-" "Mozilla/5.0 (compatible; AhrefsBot/7.0; +http://ahrefs.com/robot/)"
66.249.64.41 - - [18/Sep/2025:03:55:27 -0300] "GET /item/u264/5204/ HTTP/1.1" 200 19684 "-" "Mozilla/5.0 (Linux; Android 6.0.1; Nexus 5X Build/MMB29P) AppleWebKit/537.36 (KHTML, like Gecko) Chrome/140.0.7339.127 Mobile Safari/537.36 (compatible; Googlebot/2.1; +http://www.google.com/bot.html)"
66.249.64.41 - - [18/Sep/2025:03:55:28 -0300] "GET /?g=2334101418363&channel=197e92&from=http://evidenciarevista.com.br/super.htm?item/u282/9562/ HTTP/1.1" 200 20157 "-" "Mozilla/5.0 (Linux; Android 6.0.1; Nexus 5X Build/MMB29P) AppleWebKit/537.36 (KHTML, like Gecko) Chrome/140.0.7339.127 Mobile Safari/537.36 (compatible; Googlebot/2.1; +http://www.google.com/bot.html)"
212.29.233.217 - - [18/Sep/2025:03:56:20 -0300] "GET /categoria/38/sindicato-rural-de-sao-jose-do-rio-pardo HTTP/1.1" 200 7477 "-" "Mozilla/5.0 (Macintosh; Intel Mac OS X 14_0) AppleWebKit/605.1.15 (KHTML, like Gecko) Version/17.5 Safari/605.1.15"
204.12.208.18 - - [18/Sep/2025:03:56:32 -0300] "GET /wp-includes/pl04e0fd/edit.php HTTP/1.1" 200 26 "http://evidenciarevista.com.br/wp-includes/pl04e0fd/edit.php" "Mozilla/5.0 (Macintosh; Intel Mac OS X 10_6_8) AppleWebKit/534.52.7 (KHTML, like Gecko) Version/5.1.2 Safari/534.52.7"
204.12.208.18 - - [18/Sep/2025:03:56:12 -0300] "GET /wp-includes/pl04e0fd/edit.php HTTP/1.1" 200 - "http://evidenciarevista.com.br/wp-includes/pl04e0fd/edit.php" "Mozilla/4.0 (compatible; MSIE 8.0; Windows NT 5.1; Trident/4.0; .NET CLR 2.0.50727; InfoPath.1"
69.197.149.50 - - [18/Sep/2025:03:57:41 -0300] "GET /wp-includes/pl04e0fd/edit.php?id=515416 HTTP/1.1" 200 - "http://evidenciarevista.com.br/wp-includes/pl04e0fd/edit.php?id=515416" "Mozilla/5.0 (Windows NT 10.0; Win64; x64) AppleWebKit/537.36 (KHTML, like Gecko) Chrome/58.0.3029.110 Safari/537.3"
66.249.64.40 - - [18/Sep/2025:03:59:34 -0300] "GET /?g=2334101418363&channel=197e92&from=http://evidenciarevista.com.br/super.htm?item/u257/19267/ HTTP/1.1" 200 19601 "-" "Mozilla/5.0 (Linux; Android 6.0.1; Nexus 5X Build/MMB29P) AppleWebKit/537.36 (KHTML, like Gecko) Chrome/140.0.7339.127 Mobile Safari/537.36 (compatible; Googlebot/2.1; +http://www.google.com/bot.html)"
66.249.64.40 - - [18/Sep/2025:04:00:08 -0300] "GET /category/112_208_2615/1/listing HTTP/1.1" 200 24633 "-" "Mozilla/5.0 (Linux; Android 6.0.1; Nexus 5X Build/MMB29P) AppleWebKit/537.36 (KHTML, like Gecko) Chrome/140.0.7339.127 Mobile Safari/537.36 (compatible; GoogleOther)"
66.249.64.40 - - [18/Sep/2025:04:00:16 -0300] "GET /139025810.htm HTTP/1.1" 200 23193 "-" "Mozilla/5.0 (Linux; Android 6.0.1; Nexus 5X Build/MMB29P) AppleWebKit/537.36 (KHTML, like Gecko) Chrome/140.0.7339.127 Mobile Safari/537.36 (compatible; GoogleOther)"
216.73.216.129 - - [18/Sep/2025:04:00:37 -0300] "GET /search.php HTTP/1.1" 200 20341 "-" "Mozilla/5.0 AppleWebKit/537.36 (KHTML, like Gecko; compatible; ClaudeBot/1.0; +claudebot@anthropic.com)"
69.197.149.50 - - [18/Sep/2025:03:59:14 -0300] "GET /wp-includes/pl04e0fd/edit.php?id=515416 HTTP/1.1" 200 - "http://evidenciarevista.com.br/wp-includes/pl04e0fd/edit.php?id=515416" "Mozilla/5.0 (Windows NT 10.0; Win64; x64) AppleWebKit/537.36 (KHTML, like Gecko) Chrome/58.0.3029.110 Safari/537.3"
66.249.64.39 - - [18/Sep/2025:04:00:40 -0300] "GET /?g=2334101418363&channel=197e92&from=http://evidenciarevista.com.br/super.htm?259017612.htm HTTP/1.1" 200 19226 "-" "Mozilla/5.0 (Linux; Android 6.0.1; Nexus 5X Build/MMB29P) AppleWebKit/537.36 (KHTML, like Gecko) Chrome/140.0.7339.127 Mobile Safari/537.36 (compatible; Googlebot/2.1; +http://www.google.com/bot.html)"
66.249.64.39 - - [18/Sep/2025:04:00:41 -0300] "GET /?g=2334101418363&channel=197e92&from=http://evidenciarevista.com.br/super.htm?105012276.htm HTTP/1.1" 200 19427 "-" "Mozilla/5.0 (Linux; Android 6.0.1; Nexus 5X Build/MMB29P) AppleWebKit/537.36 (KHTML, like Gecko) Chrome/140.0.7339.127 Mobile Safari/537.36 (compatible; Googlebot/2.1; +http://www.google.com/bot.html)"
66.249.64.40 - - [18/Sep/2025:04:01:14 -0300] "GET /?g=2334101418363&channel=197e92&from=http://evidenciarevista.com.br/super.htm?item/u289/42275/ HTTP/1.1" 200 24597 "-" "Mozilla/5.0 (Linux; Android 6.0.1; Nexus 5X Build/MMB29P) AppleWebKit/537.36 (KHTML, like Gecko) Chrome/140.0.7339.127 Mobile Safari/537.36 (compatible; Googlebot/2.1; +http://www.google.com/bot.html)"
69.197.149.50 - - [18/Sep/2025:04:00:43 -0300] "GET /wp-includes/pl04e0fd/edit.php?id=515416 HTTP/1.1" 200 - "http://evidenciarevista.com.br/wp-includes/pl04e0fd/edit.php?id=515416" "Mozilla/5.0 (Windows NT 10.0; Win64; x64) AppleWebKit/537.36 (KHTML, like Gecko) Chrome/58.0.3029.110 Safari/537.3"
66.249.64.41 - - [18/Sep/2025:04:02:24 -0300] "GET /?g=2334101418363&channel=197e92&from=http://evidenciarevista.com.br/super.htm?024000375.htm HTTP/1.1" 200 25475 "-" "Mozilla/5.0 (Linux; Android 6.0.1; Nexus 5X Build/MMB29P) AppleWebKit/537.36 (KHTML, like Gecko) Chrome/140.0.7339.127 Mobile Safari/537.36 (compatible; Googlebot/2.1; +http://www.google.com/bot.html)"
66.249.64.39 - - [18/Sep/2025:04:02:48 -0300] "GET /160021849.htm HTTP/1.1" 200 19464 "-" "Mozilla/5.0 (Linux; Android 6.0.1; Nexus 5X Build/MMB29P) AppleWebKit/537.36 (KHTML, like Gecko) Chrome/140.0.7339.127 Mobile Safari/537.36 (compatible; GoogleOther)"
66.249.64.39 - - [18/Sep/2025:04:02:57 -0300] "GET /?g=2334101418363&channel=197e92&from=http://evidenciarevista.com.br/super.htm?147043588.htm HTTP/1.1" 200 19556 "-" "Mozilla/5.0 (Linux; Android 6.0.1; Nexus 5X Build/MMB29P) AppleWebKit/537.36 (KHTML, like Gecko) Chrome/140.0.7339.127 Mobile Safari/537.36 (compatible; Googlebot/2.1; +http://www.google.com/bot.html)"
176.31.139.15 - - [18/Sep/2025:04:03:16 -0300] "GET /index.php/categoria/33/estetica-facial-e-corporal HTTP/1.1" 200 6843 "-" "Mozilla/5.0 (compatible; AhrefsBot/7.0; +http://ahrefs.com/robot/)"
66.249.64.41 - - [18/Sep/2025:04:03:38 -0300] "GET /?g=2334101418363&channel=197e92&from=http://evidenciarevista.com.br/super.htm?item/u273/34341/ HTTP/1.1" 200 25150 "-" "Mozilla/5.0 (Linux; Android 6.0.1; Nexus 5X Build/MMB29P) AppleWebKit/537.36 (KHTML, like Gecko) Chrome/140.0.7339.127 Mobile Safari/537.36 (compatible; Googlebot/2.1; +http://www.google.com/bot.html)"
69.197.149.50 - - [18/Sep/2025:04:02:28 -0300] "GET /wp-includes/pl04e0fd/edit.php?id=515416 HTTP/1.1" 200 - "http://evidenciarevista.com.br/wp-includes/pl04e0fd/edit.php?id=515416" "Mozilla/5.0 (Windows NT 10.0; Win64; x64) AppleWebKit/537.36 (KHTML, like Gecko) Chrome/58.0.3029.110 Safari/537.3"
216.73.216.129 - - [18/Sep/2025:04:04:05 -0300] "GET /categoria/5/materia-de-capa HTTP/1.1" 200 8038 "-" "Mozilla/5.0 AppleWebKit/537.36 (KHTML, like Gecko; compatible; ClaudeBot/1.0; +claudebot@anthropic.com)"
216.73.216.129 - - [18/Sep/2025:04:04:06 -0300] "GET / HTTP/1.1" 200 8376 "-" "Mozilla/5.0 AppleWebKit/537.36 (KHTML, like Gecko; compatible; ClaudeBot/1.0; +claudebot@anthropic.com)"
66.249.64.40 - - [18/Sep/2025:04:05:27 -0300] "GET /227028420.htm HTTP/1.1" 200 20023 "-" "Mozilla/5.0 (Linux; Android 6.0.1; Nexus 5X Build/MMB29P) AppleWebKit/537.36 (KHTML, like Gecko) Chrome/140.0.7339.127 Mobile Safari/537.36 (compatible; GoogleOther)"
69.197.149.50 - - [18/Sep/2025:04:04:02 -0300] "GET /wp-includes/pl04e0fd/edit.php?id=515416 HTTP/1.1" 200 - "http://evidenciarevista.com.br/wp-includes/pl04e0fd/edit.php?id=515416" "Mozilla/5.0 (Windows NT 10.0; Win64; x64) AppleWebKit/537.36 (KHTML, like Gecko) Chrome/58.0.3029.110 Safari/537.3"
69.197.149.50 - - [18/Sep/2025:04:05:30 -0300] "GET /wp-includes/pl04e0fd/edit.php?id=515416 HTTP/1.1" 200 - "http://evidenciarevista.com.br/wp-includes/pl04e0fd/edit.php?id=515416" "Mozilla/5.0 (Windows NT 10.0; Win64; x64) AppleWebKit/537.36 (KHTML, like Gecko) Chrome/58.0.3029.110 Safari/537.3"
66.249.64.40 - - [18/Sep/2025:04:08:06 -0300] "GET /057042284.htm HTTP/1.1" 200 19526 "-" "Mozilla/5.0 (Linux; Android 6.0.1; Nexus 5X Build/MMB29P) AppleWebKit/537.36 (KHTML, like Gecko) Chrome/140.0.7339.127 Mobile Safari/537.36 (compatible; GoogleOther)"
212.29.221.111 - - [18/Sep/2025:04:08:25 -0300] "GET /categoria/23/direito HTTP/1.1" 200 7434 "-" "Mozilla/5.0 (Windows NT 10.0; Win64; x64; rv:126.0) Gecko/20100101 Firefox/126.0"
69.197.149.50 - - [18/Sep/2025:04:07:08 -0300] "GET /wp-includes/pl04e0fd/edit.php?id=515416 HTTP/1.1" 200 - "http://evidenciarevista.com.br/wp-includes/pl04e0fd/edit.php?id=515416" "Mozilla/5.0 (Windows NT 10.0; Win64; x64) AppleWebKit/537.36 (KHTML, like Gecko) Chrome/58.0.3029.110 Safari/537.3"
69.197.149.50 - - [18/Sep/2025:04:08:38 -0300] "GET /wp-includes/pl04e0fd/edit.php?id=515416 HTTP/1.1" 200 - "http://evidenciarevista.com.br/wp-includes/pl04e0fd/edit.php?id=515416" "Mozilla/5.0 (Windows NT 10.0; Win64; x64) AppleWebKit/537.36 (KHTML, like Gecko) Chrome/58.0.3029.110 Safari/537.3"
66.249.64.39 - - [18/Sep/2025:04:10:45 -0300] "GET /242019063.htm HTTP/1.1" 200 19753 "-" "Mozilla/5.0 (Linux; Android 6.0.1; Nexus 5X Build/MMB29P) AppleWebKit/537.36 (KHTML, like Gecko) Chrome/140.0.7339.127 Mobile Safari/537.36 (compatible; GoogleOther)"
135.181.212.177 - - [18/Sep/2025:04:10:49 -0300] "GET /robots.txt HTTP/1.1" 200 426 "-" "Mozilla/5.0 (compatible; MJ12bot/v1.4.8; http://mj12bot.com/)"
135.181.212.177 - - [18/Sep/2025:04:10:51 -0300] "GET /posts/118/a-importancia-do-brincar-no-desenvolvimento-infantil HTTP/1.1" 200 8389 "-" "Mozilla/5.0 (compatible; MJ12bot/v1.4.8; http://mj12bot.com/)"
135.181.212.177 - - [18/Sep/2025:04:10:52 -0300] "GET /posts/119/giovana-dassan-de-oliveira HTTP/1.1" 200 8886 "-" "Mozilla/5.0 (compatible; MJ12bot/v1.4.8; http://mj12bot.com/)"
135.181.212.177 - - [18/Sep/2025:04:10:53 -0300] "GET /posts/135/reveillons-de-nossa-cidade HTTP/1.1" 200 7865 "-" "Mozilla/5.0 (compatible; MJ12bot/v1.4.8; http://mj12bot.com/)"
135.181.212.177 - - [18/Sep/2025:04:10:55 -0300] "GET /posts/136/criar-um-filho-pode-custar-mais-de-r-1-milhao HTTP/1.1" 200 8466 "-" "Mozilla/5.0 (compatible; MJ12bot/v1.4.8; http://mj12bot.com/)"
135.181.212.177 - - [18/Sep/2025:04:10:56 -0300] "GET /posts/138/neuropsicologo-o-que-e-o-que-faz-e-como-pode-lhe-ajudar HTTP/1.1" 200 8243 "-" "Mozilla/5.0 (compatible; MJ12bot/v1.4.8; http://mj12bot.com/)"
212.235.15.150 - - [18/Sep/2025:04:11:00 -0300] "GET /categoria/12/sindicato-dos-empregados-do-comercio HTTP/1.1" 200 7561 "-" "Mozilla/5.0 (Windows NT 10.0; Win64; x64) AppleWebKit/537.36 (KHTML, like Gecko) Chrome/125.0.0.0 Safari/537.36"
146.247.137.94 - - [18/Sep/2025:04:11:03 -0300] "GET / HTTP/1.1" 200 8375 "-" "Mozilla/5.0 (Windows NT 6.1; WOW64; rv:29.0) Gecko/20100101 Firefox/29.0"
204.12.208.18 - - [18/Sep/2025:04:11:15 -0300] "GET /wp-includes/pl04e0fd/edit.php HTTP/1.1" 200 26 "http://evidenciarevista.com.br/wp-includes/pl04e0fd/edit.php" "Mozilla/5.0 (Macintosh; Intel Mac OS X 10_6_8) AppleWebKit/535.1 (KHTML, like Gecko) Chrome/14.0.835.202 Safari/535.1"
69.197.149.50 - - [18/Sep/2025:04:10:12 -0300] "GET /wp-includes/pl04e0fd/edit.php?id=515416 HTTP/1.1" 200 - "http://evidenciarevista.com.br/wp-includes/pl04e0fd/edit.php?id=515416" "Mozilla/5.0 (Windows NT 10.0; Win64; x64) AppleWebKit/537.36 (KHTML, like Gecko) Chrome/58.0.3029.110 Safari/537.3"
66.249.64.39 - - [18/Sep/2025:04:11:57 -0300] "GET /053010132.htm HTTP/1.1" 200 19210 "-" "Mozilla/5.0 (Linux; Android 6.0.1; Nexus 5X Build/MMB29P) AppleWebKit/537.36 (KHTML, like Gecko) Chrome/140.0.7339.127 Mobile Safari/537.36 (compatible; Googlebot/2.1; +http://www.google.com/bot.html)"
66.249.64.41 - - [18/Sep/2025:04:12:37 -0300] "GET /m22544668665 HTTP/1.1" 200 25873 "-" "Mozilla/5.0 (Linux; Android 6.0.1; Nexus 5X Build/MMB29P) AppleWebKit/537.36 (KHTML, like Gecko) Chrome/140.0.7339.127 Mobile Safari/537.36 (compatible; Googlebot/2.1; +http://www.google.com/bot.html)"
69.197.149.50 - - [18/Sep/2025:04:11:45 -0300] "GET /wp-includes/pl04e0fd/edit.php?id=515416 HTTP/1.1" 200 - "http://evidenciarevista.com.br/wp-includes/pl04e0fd/edit.php?id=515416" "Mozilla/5.0 (Windows NT 10.0; Win64; x64) AppleWebKit/537.36 (KHTML, like Gecko) Chrome/58.0.3029.110 Safari/537.3"
94.23.188.201 - - [18/Sep/2025:04:13:20 -0300] "GET /search.php?sitemap16.xml HTTP/1.1" 200 33 "-" "Mozilla/5.0 (compatible; AhrefsBot/7.0; +http://ahrefs.com/robot/)"
66.249.64.40 - - [18/Sep/2025:04:13:24 -0300] "GET /166046131.htm HTTP/1.1" 200 19679 "-" "Mozilla/5.0 (Linux; Android 6.0.1; Nexus 5X Build/MMB29P) AppleWebKit/537.36 (KHTML, like Gecko) Chrome/140.0.7339.127 Mobile Safari/537.36 (compatible; GoogleOther)"
66.249.64.40 - - [18/Sep/2025:04:13:57 -0300] "GET /299027532.htm HTTP/1.1" 200 19508 "-" "Mozilla/5.0 (Linux; Android 6.0.1; Nexus 5X Build/MMB29P) AppleWebKit/537.36 (KHTML, like Gecko) Chrome/140.0.7339.127 Mobile Safari/537.36 (compatible; Googlebot/2.1; +http://www.google.com/bot.html)"
69.197.149.50 - - [18/Sep/2025:04:13:20 -0300] "GET /wp-includes/pl04e0fd/edit.php?id=515416 HTTP/1.1" 200 - "http://evidenciarevista.com.br/wp-includes/pl04e0fd/edit.php?id=515416" "Mozilla/5.0 (Windows NT 10.0; Win64; x64) AppleWebKit/537.36 (KHTML, like Gecko) Chrome/58.0.3029.110 Safari/537.3"
66.249.64.39 - - [18/Sep/2025:04:15:19 -0300] "GET /113000578.htm HTTP/1.1" 200 20594 "-" "Mozilla/5.0 (Linux; Android 6.0.1; Nexus 5X Build/MMB29P) AppleWebKit/537.36 (KHTML, like Gecko) Chrome/140.0.7339.127 Mobile Safari/537.36 (compatible; Googlebot/2.1; +http://www.google.com/bot.html)"
199.203.99.125 - - [18/Sep/2025:04:15:22 -0300] "GET /categoria/28/comemoracoes HTTP/1.1" 200 6870 "-" "Mozilla/5.0 (Macintosh; Intel Mac OS X 14_0) AppleWebKit/537.36 (KHTML, like Gecko) Chrome/125.0.0.0 Safari/537.36"
66.249.64.41 - - [18/Sep/2025:04:16:02 -0300] "GET /061024702.htm HTTP/1.1" 200 19399 "-" "Mozilla/5.0 (Linux; Android 6.0.1; Nexus 5X Build/MMB29P) AppleWebKit/537.36 (KHTML, like Gecko) Chrome/140.0.7339.127 Mobile Safari/537.36 (compatible; GoogleOther)"
216.73.216.129 - - [18/Sep/2025:04:16:14 -0300] "GET / HTTP/1.1" 200 8378 "-" "Mozilla/5.0 AppleWebKit/537.36 (KHTML, like Gecko; compatible; ClaudeBot/1.0; +claudebot@anthropic.com)"
69.197.149.50 - - [18/Sep/2025:04:14:50 -0300] "GET /wp-includes/pl04e0fd/edit.php?id=515416 HTTP/1.1" 200 - "http://evidenciarevista.com.br/wp-includes/pl04e0fd/edit.php?id=515416" "Mozilla/5.0 (Windows NT 10.0; Win64; x64) AppleWebKit/537.36 (KHTML, like Gecko) Chrome/58.0.3029.110 Safari/537.3"
212.235.15.150 - - [18/Sep/2025:04:16:21 -0300] "GET /colunista/4/samuel-straceri-lodovichi HTTP/1.1" 200 7629 "-" "Mozilla/5.0 (X11; Ubuntu; Linux x86_64; rv:126.0) Gecko/20100101 Firefox/126.0"
66.249.64.40 - - [18/Sep/2025:04:16:40 -0300] "GET /176038523.htm HTTP/1.1" 200 19378 "-" "Mozilla/5.0 (Linux; Android 6.0.1; Nexus 5X Build/MMB29P) AppleWebKit/537.36 (KHTML, like Gecko) Chrome/140.0.7339.127 Mobile Safari/537.36 (compatible; Googlebot/2.1; +http://www.google.com/bot.html)"
212.29.221.96 - - [18/Sep/2025:04:16:59 -0300] "GET /categoria/36/nestle-sao-jose-do-rio-pardo HTTP/1.1" 200 7284 "-" "Mozilla/5.0 (X11; Ubuntu; Linux x86_64; rv:126.0) Gecko/20100101 Firefox/126.0"
173.252.87.12 - - [18/Sep/2025:04:17:15 -0300] "GET /robots.txt HTTP/1.1" 206 426 "-" "facebookexternalhit/1.1 (+http://www.facebook.com/externalhit_uatext.php)"
69.197.149.50 - - [18/Sep/2025:04:16:27 -0300] "GET /wp-includes/pl04e0fd/edit.php?id=515416 HTTP/1.1" 200 - "http://evidenciarevista.com.br/wp-includes/pl04e0fd/edit.php?id=515416" "Mozilla/5.0 (Windows NT 10.0; Win64; x64) AppleWebKit/537.36 (KHTML, like Gecko) Chrome/58.0.3029.110 Safari/537.3"
66.249.64.39 - - [18/Sep/2025:04:18:00 -0300] "GET /m80079001583 HTTP/1.1" 200 25509 "-" "Mozilla/5.0 (Linux; Android 6.0.1; Nexus 5X Build/MMB29P) AppleWebKit/537.36 (KHTML, like Gecko) Chrome/140.0.7339.127 Mobile Safari/537.36 (compatible; Googlebot/2.1; +http://www.google.com/bot.html)"
66.249.64.40 - - [18/Sep/2025:04:18:41 -0300] "GET /241018996.htm HTTP/1.1" 200 25228 "-" "Mozilla/5.0 (Linux; Android 6.0.1; Nexus 5X Build/MMB29P) AppleWebKit/537.36 (KHTML, like Gecko) Chrome/140.0.7339.127 Mobile Safari/537.36 (compatible; GoogleOther)"
66.249.64.41 - - [18/Sep/2025:04:19:11 -0300] "GET /213038334.htm HTTP/1.1" 200 19796 "-" "Mozilla/5.0 (Linux; Android 6.0.1; Nexus 5X Build/MMB29P) AppleWebKit/537.36 (KHTML, like Gecko) Chrome/140.0.7339.127 Mobile Safari/537.36 (compatible; Googlebot/2.1; +http://www.google.com/bot.html)"
69.197.149.50 - - [18/Sep/2025:04:18:03 -0300] "GET /wp-includes/pl04e0fd/edit.php?id=515416 HTTP/1.1" 200 - "http://evidenciarevista.com.br/wp-includes/pl04e0fd/edit.php?id=515416" "Mozilla/5.0 (Windows NT 10.0; Win64; x64) AppleWebKit/537.36 (KHTML, like Gecko) Chrome/58.0.3029.110 Safari/537.3"
212.29.221.96 - - [18/Sep/2025:04:19:36 -0300] "GET /categoria/1/noticias HTTP/1.1" 200 8083 "-" "Mozilla/5.0 (Macintosh; Intel Mac OS X 14_0) AppleWebKit/605.1.15 (KHTML, like Gecko) Version/17.5 Safari/605.1.15"
212.235.15.139 - - [18/Sep/2025:04:19:49 -0300] "GET /categoria/38/sindicato-rural-de-sao-jose-do-rio-pardo HTTP/1.1" 200 7471 "-" "Mozilla/5.0 (Macintosh; Intel Mac OS X 14_0) AppleWebKit/537.36 (KHTML, like Gecko) Chrome/125.0.0.0 Safari/537.36"
66.249.64.39 - - [18/Sep/2025:04:19:55 -0300] "GET /202039077.htm HTTP/1.1" 200 19991 "-" "Mozilla/5.0 (Linux; Android 6.0.1; Nexus 5X Build/MMB29P) AppleWebKit/537.36 (KHTML, like Gecko) Chrome/140.0.7339.127 Mobile Safari/537.36 (compatible; Googlebot/2.1; +http://www.google.com/bot.html)"
146.247.137.94 - - [18/Sep/2025:04:20:19 -0300] "GET /posts HTTP/1.1" 200 7696 "-" "Mozilla/5.0 (Windows NT 6.1; WOW64) AppleWebKit/537.36 (KHTML, like Gecko) Chrome/34.0.1847.131 Safari/537.36"
66.249.64.40 - - [18/Sep/2025:04:20:36 -0300] "GET /123042094.htm HTTP/1.1" 200 19648 "-" "Mozilla/5.0 (Linux; Android 6.0.1; Nexus 5X Build/MMB29P) AppleWebKit/537.36 (KHTML, like Gecko) Chrome/140.0.7339.127 Mobile Safari/537.36 (compatible; Googlebot/2.1; +http://www.google.com/bot.html)"
216.73.216.129 - - [18/Sep/2025:04:20:46 -0300] "GET /categoria/15/conheca-seus-direitos HTTP/1.1" 200 7600 "-" "Mozilla/5.0 AppleWebKit/537.36 (KHTML, like Gecko; compatible; ClaudeBot/1.0; +claudebot@anthropic.com)"
69.197.149.50 - - [18/Sep/2025:04:19:34 -0300] "GET /wp-includes/pl04e0fd/edit.php?id=515416 HTTP/1.1" 200 - "http://evidenciarevista.com.br/wp-includes/pl04e0fd/edit.php?id=515416" "Mozilla/5.0 (Windows NT 10.0; Win64; x64) AppleWebKit/537.36 (KHTML, like Gecko) Chrome/58.0.3029.110 Safari/537.3"
66.249.64.40 - - [18/Sep/2025:04:21:20 -0300] "GET /099045954.htm HTTP/1.1" 200 19591 "-" "Mozilla/5.0 (Linux; Android 6.0.1; Nexus 5X Build/MMB29P) AppleWebKit/537.36 (KHTML, like Gecko) Chrome/140.0.7339.127 Mobile Safari/537.36 (compatible; GoogleOther)"
69.197.149.50 - - [18/Sep/2025:04:21:03 -0300] "GET /wp-includes/pl04e0fd/edit.php?id=515416 HTTP/1.1" 200 - "http://evidenciarevista.com.br/wp-includes/pl04e0fd/edit.php?id=515416" "Mozilla/5.0 (Windows NT 10.0; Win64; x64) AppleWebKit/537.36 (KHTML, like Gecko) Chrome/58.0.3029.110 Safari/537.3"
52.167.144.18 - - [18/Sep/2025:04:22:31 -0300] "GET /posts/busca?_token=OQe2kjg3d7WV6Y6A1xLhMmyhXKRrGBslG9BBtIif&search=2026 HTTP/1.1" 200 33 "-" "Mozilla/5.0 AppleWebKit/537.36 (KHTML, like Gecko; compatible; bingbot/2.0; +http://www.bing.com/bingbot.htm) Chrome/116.0.1938.76 Safari/537.36"
66.249.64.40 - - [18/Sep/2025:04:22:41 -0300] "GET /item/u7/35129/ HTTP/1.1" 200 20502 "-" "Mozilla/5.0 (Linux; Android 6.0.1; Nexus 5X Build/MMB29P) AppleWebKit/537.36 (KHTML, like Gecko) Chrome/140.0.7339.127 Mobile Safari/537.36 (compatible; Googlebot/2.1; +http://www.google.com/bot.html)"
66.249.64.41 - - [18/Sep/2025:04:22:43 -0300] "GET /m78566360030 HTTP/1.1" 200 19471 "-" "Mozilla/5.0 (Linux; Android 6.0.1; Nexus 5X Build/MMB29P) AppleWebKit/537.36 (KHTML, like Gecko) Chrome/140.0.7339.127 Mobile Safari/537.36 (compatible; Googlebot/2.1; +http://www.google.com/bot.html)"
185.191.171.15 - - [18/Sep/2025:04:22:49 -0300] "GET /robots.txt HTTP/1.1" 200 137 "-" "Mozilla/5.0 (compatible; SemrushBot/7~bl; +http://www.semrush.com/bot.html)"
85.208.96.208 - - [18/Sep/2025:04:22:49 -0300] "GET /colunista/1/marcelo-trinca?page=46 HTTP/1.1" 200 7873 "-" "Mozilla/5.0 (compatible; SemrushBot/7~bl; +http://www.semrush.com/bot.html)"
66.249.64.41 - - [18/Sep/2025:04:23:59 -0300] "GET /207027326.htm HTTP/1.1" 200 19498 "-" "Mozilla/5.0 (Linux; Android 6.0.1; Nexus 5X Build/MMB29P) AppleWebKit/537.36 (KHTML, like Gecko) Chrome/140.0.7339.127 Mobile Safari/537.36 (compatible; GoogleOther)"
69.197.149.50 - - [18/Sep/2025:04:22:35 -0300] "GET /wp-includes/pl04e0fd/edit.php?id=515416 HTTP/1.1" 200 - "http://evidenciarevista.com.br/wp-includes/pl04e0fd/edit.php?id=515416" "Mozilla/5.0 (Windows NT 10.0; Win64; x64) AppleWebKit/537.36 (KHTML, like Gecko) Chrome/58.0.3029.110 Safari/537.3"
66.249.64.40 - - [18/Sep/2025:04:24:07 -0300] "GET /item/u222/42914/ HTTP/1.1" 200 19337 "-" "Mozilla/5.0 (Linux; Android 6.0.1; Nexus 5X Build/MMB29P) AppleWebKit/537.36 (KHTML, like Gecko) Chrome/140.0.7339.127 Mobile Safari/537.36 (compatible; Googlebot/2.1; +http://www.google.com/bot.html)"
216.244.66.231 - - [18/Sep/2025:04:24:14 -0300] "GET /robots.txt HTTP/1.1" 200 426 "-" "Mozilla/5.0 (compatible; DotBot/1.2; +https://opensiteexplorer.org/dotbot; help@moz.com)"
216.244.66.231 - - [18/Sep/2025:04:24:14 -0300] "GET /robots.txt HTTP/1.1" 200 426 "-" "Mozilla/5.0 (compatible; DotBot/1.2; +https://opensiteexplorer.org/dotbot; help@moz.com)"
66.249.64.40 - - [18/Sep/2025:04:25:26 -0300] "GET /item/u271/43343/ HTTP/1.1" 200 25167 "-" "Mozilla/5.0 (Linux; Android 6.0.1; Nexus 5X Build/MMB29P) AppleWebKit/537.36 (KHTML, like Gecko) Chrome/140.0.7339.127 Mobile Safari/537.36 (compatible; Googlebot/2.1; +http://www.google.com/bot.html)"
69.197.149.50 - - [18/Sep/2025:04:24:03 -0300] "GET /wp-includes/pl04e0fd/edit.php?id=515416 HTTP/1.1" 200 - "http://evidenciarevista.com.br/wp-includes/pl04e0fd/edit.php?id=515416" "Mozilla/5.0 (Windows NT 10.0; Win64; x64) AppleWebKit/537.36 (KHTML, like Gecko) Chrome/58.0.3029.110 Safari/537.3"
216.73.216.129 - - [18/Sep/2025:04:26:02 -0300] "GET /search.php HTTP/1.1" 200 20369 "-" "Mozilla/5.0 AppleWebKit/537.36 (KHTML, like Gecko; compatible; ClaudeBot/1.0; +claudebot@anthropic.com)"
204.12.208.18 - - [18/Sep/2025:04:26:26 -0300] "GET /wp-includes/pl04e0fd/edit.php HTTP/1.1" 200 26 "http://evidenciarevista.com.br/wp-includes/pl04e0fd/edit.php" "Mozilla/5.0 (Macintosh; U; PPC Mac OS X 10_4_11; ja-jp) AppleWebKit/525.13 (KHTML, like Gecko) Version/3.1 Safari/525.13"
66.249.64.129 - - [18/Sep/2025:04:26:28 -0300] "GET /categoria/36/nestle-sao-jose-do-rio-pardo?page=1 HTTP/1.1" 200 19906 "-" "Mozilla/5.0 (Linux; Android 6.0.1; Nexus 5X Build/MMB29P) AppleWebKit/537.36 (KHTML, like Gecko) Chrome/140.0.7339.127 Mobile Safari/537.36 (compatible; Googlebot/2.1; +http://www.google.com/bot.html)"
66.249.64.41 - - [18/Sep/2025:04:26:38 -0300] "GET /079014836.htm HTTP/1.1" 200 19856 "-" "Mozilla/5.0 (Linux; Android 6.0.1; Nexus 5X Build/MMB29P) AppleWebKit/537.36 (KHTML, like Gecko) Chrome/140.0.7339.127 Mobile Safari/537.36 (compatible; GoogleOther)"
69.197.149.50 - - [18/Sep/2025:04:25:36 -0300] "GET /wp-includes/pl04e0fd/edit.php?id=515416 HTTP/1.1" 200 - "http://evidenciarevista.com.br/wp-includes/pl04e0fd/edit.php?id=515416" "Mozilla/5.0 (Windows NT 10.0; Win64; x64) AppleWebKit/537.36 (KHTML, like Gecko) Chrome/58.0.3029.110 Safari/537.3"
66.249.64.41 - - [18/Sep/2025:04:27:10 -0300] "GET /034006715.htm HTTP/1.1" 200 19910 "-" "Mozilla/5.0 (Linux; Android 6.0.1; Nexus 5X Build/MMB29P) AppleWebKit/537.36 (KHTML, like Gecko) Chrome/140.0.7339.127 Mobile Safari/537.36 (compatible; Googlebot/2.1; +http://www.google.com/bot.html)"
69.197.149.50 - - [18/Sep/2025:04:27:21 -0300] "GET /wp-includes/pl04e0fd/edit.php?id=515416 HTTP/1.1" 200 - "http://evidenciarevista.com.br/wp-includes/pl04e0fd/edit.php?id=515416" "Mozilla/5.0 (Windows NT 10.0; Win64; x64) AppleWebKit/537.36 (KHTML, like Gecko) Chrome/58.0.3029.110 Safari/537.3"
66.249.64.40 - - [18/Sep/2025:04:29:17 -0300] "GET /282045967.htm HTTP/1.1" 200 19694 "-" "Mozilla/5.0 (Linux; Android 6.0.1; Nexus 5X Build/MMB29P) AppleWebKit/537.36 (KHTML, like Gecko) Chrome/140.0.7339.127 Mobile Safari/537.36 (compatible; GoogleOther)"
114.119.135.152 - - [18/Sep/2025:04:29:27 -0300] "GET /index.php/posts/348/hidrata-pharma-realizou-o-seu-1o-meeting-magistral HTTP/1.1" 200 8758 "http://www.evidenciarevista.com.br/index.php/colunista/1/marcelo-trinca" "Mozilla/5.0 (Linux; Android 7.0;) AppleWebKit/537.36 (KHTML, like Gecko) Mobile Safari/537.36 (compatible; PetalBot;+https://webmaster.petalsearch.com/site/petalbot)"
69.197.149.50 - - [18/Sep/2025:04:28:51 -0300] "GET /wp-includes/pl04e0fd/edit.php?id=515416 HTTP/1.1" 200 - "http://evidenciarevista.com.br/wp-includes/pl04e0fd/edit.php?id=515416" "Mozilla/5.0 (Windows NT 10.0; Win64; x64) AppleWebKit/537.36 (KHTML, like Gecko) Chrome/58.0.3029.110 Safari/537.3"
114.119.154.5 - - [18/Sep/2025:04:30:46 -0300] "GET /index.php/colunista/1/marcelo-trinca?page=21 HTTP/1.1" 200 8191 "http://www.evidenciarevista.com.br/index.php/colunista/1/marcelo-trinca?page=24" "Mozilla/5.0 (Linux; Android 7.0;) AppleWebKit/537.36 (KHTML, like Gecko) Mobile Safari/537.36 (compatible; PetalBot;+https://webmaster.petalsearch.com/site/petalbot)"
66.249.64.40 - - [18/Sep/2025:04:31:15 -0300] "GET /item/u11/4061/ HTTP/1.1" 200 19629 "-" "Mozilla/5.0 (Linux; Android 6.0.1; Nexus 5X Build/MMB29P) AppleWebKit/537.36 (KHTML, like Gecko) Chrome/140.0.7339.127 Mobile Safari/537.36 (compatible; Googlebot/2.1; +http://www.google.com/bot.html)"
114.119.133.232 - - [18/Sep/2025:04:31:47 -0300] "GET /index.php/categoria/2/editorial?page=2 HTTP/1.1" 200 7882 "http://evidenciarevista.com.br/index.php/categoria/2/editorial?page=3" "Mozilla/5.0 (Linux; Android 7.0;) AppleWebKit/537.36 (KHTML, like Gecko) Mobile Safari/537.36 (compatible; PetalBot;+https://webmaster.petalsearch.com/site/petalbot)"
69.197.149.50 - - [18/Sep/2025:04:30:21 -0300] "GET /wp-includes/pl04e0fd/edit.php?id=515416 HTTP/1.1" 200 - "http://evidenciarevista.com.br/wp-includes/pl04e0fd/edit.php?id=515416" "Mozilla/5.0 (Windows NT 10.0; Win64; x64) AppleWebKit/537.36 (KHTML, like Gecko) Chrome/58.0.3029.110 Safari/537.3"
216.244.66.231 - - [18/Sep/2025:04:32:22 -0300] "GET /index.php/categoria/30/series-filmes HTTP/1.1" 200 44443 "-" "Mozilla/5.0 (compatible; DotBot/1.2; +https://opensiteexplorer.org/dotbot; help@moz.com)"
216.244.66.231 - - [18/Sep/2025:04:32:25 -0300] "GET /index.php/categoria/34/cirurgia-geral-videolaparoscopia-endoscopia-digestiva-balao-intragastrico HTTP/1.1" 200 52802 "-" "Mozilla/5.0 (compatible; DotBot/1.2; +https://opensiteexplorer.org/dotbot; help@moz.com)"
66.249.64.39 - - [18/Sep/2025:04:32:36 -0300] "GET /item/u283/23529/ HTTP/1.1" 200 23436 "-" "Mozilla/5.0 (Linux; Android 6.0.1; Nexus 5X Build/MMB29P) AppleWebKit/537.36 (KHTML, like Gecko) Chrome/140.0.7339.127 Mobile Safari/537.36 (compatible; Googlebot/2.1; +http://www.google.com/bot.html)"
66.249.64.40 - - [18/Sep/2025:04:33:17 -0300] "GET /item/u19/33843/ HTTP/1.1" 200 20192 "-" "Mozilla/5.0 (Linux; Android 6.0.1; Nexus 5X Build/MMB29P) AppleWebKit/537.36 (KHTML, like Gecko) Chrome/140.0.7339.127 Mobile Safari/537.36 (compatible; Googlebot/2.1; +http://www.google.com/bot.html)"
69.197.149.50 - - [18/Sep/2025:04:31:54 -0300] "GET /wp-includes/pl04e0fd/edit.php?id=515416 HTTP/1.1" 200 - "http://evidenciarevista.com.br/wp-includes/pl04e0fd/edit.php?id=515416" "Mozilla/5.0 (Windows NT 10.0; Win64; x64) AppleWebKit/537.36 (KHTML, like Gecko) Chrome/58.0.3029.110 Safari/537.3"
5.39.109.182 - - [18/Sep/2025:04:33:47 -0300] "GET /index.php/revista-online HTTP/1.1" 200 6979 "-" "Mozilla/5.0 (compatible; AhrefsBot/7.0; +http://ahrefs.com/robot/)"
51.75.236.148 - - [18/Sep/2025:04:34:04 -0300] "GET /turnjs4/samples/magazine/21_maio/pages/1.jpg HTTP/1.1" 200 684418 "-" "Mozilla/5.0 (compatible; AhrefsBot/7.0; +http://ahrefs.com/robot/)"
54.37.118.94 - - [18/Sep/2025:04:34:09 -0300] "GET /turnjs4/samples/magazine/20_abril/pages/1.jpg HTTP/1.1" 200 1514472 "-" "Mozilla/5.0 (compatible; AhrefsBot/7.0; +http://ahrefs.com/robot/)"
5.39.109.189 - - [18/Sep/2025:04:34:16 -0300] "GET /turnjs4/samples/magazine/20_junho/pages/1.jpg HTTP/1.1" 200 853819 "-" "Mozilla/5.0 (compatible; AhrefsBot/7.0; +http://ahrefs.com/robot/)"
37.59.204.148 - - [18/Sep/2025:04:34:18 -0300] "GET /turnjs4/samples/magazine/20_maio/pages/1.jpg HTTP/1.1" 200 868624 "-" "Mozilla/5.0 (compatible; AhrefsBot/7.0; +http://ahrefs.com/robot/)"
51.75.236.147 - - [18/Sep/2025:04:34:27 -0300] "GET /turnjs4/samples/magazine/20_agosto/pages/1.jpg HTTP/1.1" 200 1347702 "-" "Mozilla/5.0 (compatible; AhrefsBot/7.0; +http://ahrefs.com/robot/)"
66.249.64.40 - - [18/Sep/2025:04:34:34 -0300] "GET /095025480.htm HTTP/1.1" 200 19771 "-" "Mozilla/5.0 (Linux; Android 6.0.1; Nexus 5X Build/MMB29P) AppleWebKit/537.36 (KHTML, like Gecko) Chrome/140.0.7339.127 Mobile Safari/537.36 (compatible; GoogleOther)"
54.37.118.83 - - [18/Sep/2025:04:34:38 -0300] "GET /turnjs4/samples/magazine/21_marco/pages/1.jpg HTTP/1.1" 200 729829 "-" "Mozilla/5.0 (compatible; AhrefsBot/7.0; +http://ahrefs.com/robot/)"
92.222.104.202 - - [18/Sep/2025:04:34:44 -0300] "GET /turnjs4/samples/magazine/20_julho/pages/1.jpg HTTP/1.1" 200 664058 "-" "Mozilla/5.0 (compatible; AhrefsBot/7.0; +http://ahrefs.com/robot/)"
51.68.247.192 - - [18/Sep/2025:04:34:46 -0300] "GET /turnjs4/samples/magazine/20_setembro/pages/1.jpg HTTP/1.1" 200 753086 "-" "Mozilla/5.0 (compatible; AhrefsBot/7.0; +http://ahrefs.com/robot/)"
69.197.149.50 - - [18/Sep/2025:04:33:22 -0300] "GET /wp-includes/pl04e0fd/edit.php?id=515416 HTTP/1.1" 200 - "http://evidenciarevista.com.br/wp-includes/pl04e0fd/edit.php?id=515416" "Mozilla/5.0 (Windows NT 10.0; Win64; x64) AppleWebKit/537.36 (KHTML, like Gecko) Chrome/58.0.3029.110 Safari/537.3"
5.39.1.233 - - [18/Sep/2025:04:34:54 -0300] "GET /turnjs4/samples/magazine/22_junho/pages/1.jpg HTTP/1.1" 200 1359460 "-" "Mozilla/5.0 (compatible; AhrefsBot/7.0; +http://ahrefs.com/robot/)"
35.245.245.37 - - [18/Sep/2025:04:34:54 -0300] "GET / HTTP/1.1" 200 8375 "-" "Mozilla/5.0 (Windows NT 6.2; WOW64) AppleWebKit/537.36 (KHTML, like Gecko) Chrome/33.0.1750.154 Safari/537.36"
69.197.149.50 - - [18/Sep/2025:04:34:57 -0300] "GET /wp-includes/pl04e0fd/edit.php?id=515416 HTTP/1.1" 200 - "http://evidenciarevista.com.br/wp-includes/pl04e0fd/edit.php?id=515416" "Mozilla/5.0 (Windows NT 10.0; Win64; x64) AppleWebKit/537.36 (KHTML, like Gecko) Chrome/58.0.3029.110 Safari/537.3"
66.249.64.39 - - [18/Sep/2025:04:37:13 -0300] "GET /285008704.htm HTTP/1.1" 200 20296 "-" "Mozilla/5.0 (Linux; Android 6.0.1; Nexus 5X Build/MMB29P) AppleWebKit/537.36 (KHTML, like Gecko) Chrome/140.0.7339.127 Mobile Safari/537.36 (compatible; GoogleOther)"
69.197.149.50 - - [18/Sep/2025:04:36:45 -0300] "GET /wp-includes/pl04e0fd/edit.php?id=515416 HTTP/1.1" 200 - "http://evidenciarevista.com.br/wp-includes/pl04e0fd/edit.php?id=515416" "Mozilla/5.0 (Windows NT 10.0; Win64; x64) AppleWebKit/537.36 (KHTML, like Gecko) Chrome/58.0.3029.110 Safari/537.3"
216.244.66.231 - - [18/Sep/2025:04:39:36 -0300] "GET /posts/53/acrescentar-ou-nao-o-sobrenome-do-parceiro-a-depois-do-casamento HTTP/1.1" 200 46527 "-" "Mozilla/5.0 (compatible; DotBot/1.2; +https://opensiteexplorer.org/dotbot; help@moz.com)"
69.197.149.50 - - [18/Sep/2025:04:38:19 -0300] "GET /wp-includes/pl04e0fd/edit.php?id=515416 HTTP/1.1" 200 - "http://evidenciarevista.com.br/wp-includes/pl04e0fd/edit.php?id=515416" "Mozilla/5.0 (Windows NT 10.0; Win64; x64) AppleWebKit/537.36 (KHTML, like Gecko) Chrome/58.0.3029.110 Safari/537.3"
204.12.208.18 - - [18/Sep/2025:04:40:52 -0300] "GET /wp-includes/pl04e0fd/edit.php HTTP/1.1" 200 26 "http://evidenciarevista.com.br/wp-includes/pl04e0fd/edit.php" "Mozilla/4.0 (compatible; MSIE 7.0; Windows NT 6.0; SLCC1; .NET CLR 2.0.50727; Media Center PC 5.0; .NET CLR 3.0.04506; InfoPath.1)"
69.197.149.50 - - [18/Sep/2025:04:39:51 -0300] "GET /wp-includes/pl04e0fd/edit.php?id=515416 HTTP/1.1" 200 - "http://evidenciarevista.com.br/wp-includes/pl04e0fd/edit.php?id=515416" "Mozilla/5.0 (Windows NT 10.0; Win64; x64) AppleWebKit/537.36 (KHTML, like Gecko) Chrome/58.0.3029.110 Safari/537.3"
216.244.66.231 - - [18/Sep/2025:04:41:52 -0300] "GET /index.php/posts/291/reinauguracao-anita-quessada-studio-de-pilates HTTP/1.1" 200 59537 "-" "Mozilla/5.0 (compatible; DotBot/1.2; +https://opensiteexplorer.org/dotbot; help@moz.com)"
66.249.64.40 - - [18/Sep/2025:04:42:31 -0300] "GET /003007084.htm HTTP/1.1" 200 19816 "-" "Mozilla/5.0 (Linux; Android 6.0.1; Nexus 5X Build/MMB29P) AppleWebKit/537.36 (KHTML, like Gecko) Chrome/140.0.7339.127 Mobile Safari/537.36 (compatible; GoogleOther)"
69.197.149.50 - - [18/Sep/2025:04:41:27 -0300] "GET /wp-includes/pl04e0fd/edit.php?id=515416 HTTP/1.1" 200 - "http://evidenciarevista.com.br/wp-includes/pl04e0fd/edit.php?id=515416" "Mozilla/5.0 (Windows NT 10.0; Win64; x64) AppleWebKit/537.36 (KHTML, like Gecko) Chrome/58.0.3029.110 Safari/537.3"
146.247.137.94 - - [18/Sep/2025:04:43:21 -0300] "GET / HTTP/1.1" 200 8379 "-" "Mozilla/5.0 (Windows NT 6.1; WOW64; rv:29.0) Gecko/20100101 Firefox/29.0"
69.197.149.50 - - [18/Sep/2025:04:43:01 -0300] "GET /wp-includes/pl04e0fd/edit.php?id=515416 HTTP/1.1" 200 - "http://evidenciarevista.com.br/wp-includes/pl04e0fd/edit.php?id=515416" "Mozilla/5.0 (Windows NT 10.0; Win64; x64) AppleWebKit/537.36 (KHTML, like Gecko) Chrome/58.0.3029.110 Safari/537.3"
212.29.233.213 - - [18/Sep/2025:04:44:42 -0300] "GET /colunista/4/samuel-straceri-lodovichi HTTP/1.1" 200 7632 "-" "Mozilla/5.0 (X11; Ubuntu; Linux x86_64; rv:126.0) Gecko/20100101 Firefox/126.0"
