51.68.97.255 - - [18/Sep/2025:02:40:45 -0300] "GET /colunista/8/marcio-barbosa?page=3 HTTP/1.1" 200 7156 "-" "Mozilla/5.0 (compatible; MJ12bot/v2.0.4; http://mj12bot.com/)"
51.68.97.255 - - [18/Sep/2025:02:40:46 -0300] "GET /posts/122/lanolu-25-anos-de-moda-com-inovacao-e-identidade HTTP/1.1" 200 12768 "-" "Mozilla/5.0 (compatible; MJ12bot/v2.0.4; http://mj12bot.com/)"
51.68.97.255 - - [18/Sep/2025:02:40:47 -0300] "GET /posts/174/encontre-o-amor-neste-dia-dos-namorados HTTP/1.1" 200 8009 "-" "Mozilla/5.0 (compatible; MJ12bot/v2.0.4; http://mj12bot.com/)"
51.68.97.255 - - [18/Sep/2025:02:40:48 -0300] "GET /posts/181/sincomerciarios-promoveu-palestra-sobre-a-reforma-trabalhista-e-suas-consequencias HTTP/1.1" 200 7614 "-" "Mozilla/5.0 (compatible; MJ12bot/v2.0.4; http://mj12bot.com/)"
51.68.97.255 - - [18/Sep/2025:02:40:49 -0300] "GET /posts/182/dor-na-sola-dos-pes-o-que-eu-tenho HTTP/1.1" 200 7831 "-" "Mozilla/5.0 (compatible; MJ12bot/v2.0.4; http://mj12bot.com/)"
51.68.97.255 - - [18/Sep/2025:02:40:50 -0300] "GET /posts/183/oiii-vidasss-tudo-bem-com-voces HTTP/1.1" 200 8168 "-" "Mozilla/5.0 (compatible; MJ12bot/v2.0.4; http://mj12bot.com/)"
51.68.97.255 - - [18/Sep/2025:02:40:51 -0300] "GET /posts/9/exercicios-e-dor-uma-boa-combinacao HTTP/1.1" 200 8335 "-" "Mozilla/5.0 (compatible; MJ12bot/v2.0.4; http://mj12bot.com/)"
51.68.97.255 - - [18/Sep/2025:02:40:51 -0300] "GET /robots.txt HTTP/1.1" 200 137 "-" "Mozilla/5.0 (compatible; MJ12bot/v2.0.4; http://mj12bot.com/)"
51.68.97.255 - - [18/Sep/2025:02:40:51 -0300] "GET /posts/330/reveillon-associacao-atletica-riopardense HTTP/1.1" 200 9056 "-" "Mozilla/5.0 (compatible; MJ12bot/v2.0.4; http://mj12bot.com/)"
51.68.97.255 - - [18/Sep/2025:02:40:52 -0300] "GET /posts/331/reveillon-da-prefeitura-municipal HTTP/1.1" 200 8209 "-" "Mozilla/5.0 (compatible; MJ12bot/v2.0.4; http://mj12bot.com/)"
66.249.64.39 - - [18/Sep/2025:02:40:59 -0300] "GET /item/u191/35577/ HTTP/1.1" 200 19371 "-" "Mozilla/5.0 (Linux; Android 6.0.1; Nexus 5X Build/MMB29P) AppleWebKit/537.36 (KHTML, like Gecko) Chrome/140.0.7339.127 Mobile Safari/537.36 (compatible; Googlebot/2.1; +http://www.google.com/bot.html)"
66.249.64.39 - - [18/Sep/2025:02:41:24 -0300] "GET /164007549.htm HTTP/1.1" 200 19229 "-" "Mozilla/5.0 (Linux; Android 6.0.1; Nexus 5X Build/MMB29P) AppleWebKit/537.36 (KHTML, like Gecko) Chrome/140.0.7339.127 Mobile Safari/537.36 (compatible; GoogleOther)"
204.12.208.18 - - [18/Sep/2025:02:41:42 -0300] "GET /wp-includes/pl04e0fd/edit.php HTTP/1.1" 200 26 "http://evidenciarevista.com.br/wp-includes/pl04e0fd/edit.php" "Mozilla/5.0 (Macintosh; U; Intel Mac OS X 10_5_3; ja-jp) AppleWebKit/525.18 (KHTML, like Gecko) Version/3.1.1 Safari/525.20"
66.249.64.40 - - [18/Sep/2025:02:42:16 -0300] "GET /item/u75/17521/ HTTP/1.1" 200 19520 "-" "Mozilla/5.0 (Linux; Android 6.0.1; Nexus 5X Build/MMB29P) AppleWebKit/537.36 (KHTML, like Gecko) Chrome/140.0.7339.127 Mobile Safari/537.36 (compatible; GoogleOther)"
146.247.137.94 - - [18/Sep/2025:02:42:22 -0300] "GET /posts HTTP/1.1" 200 7696 "-" "Mozilla/5.0 (Windows NT 6.1; WOW64; rv:29.0) Gecko/20100101 Firefox/29.0"
66.249.64.40 - - [18/Sep/2025:02:42:39 -0300] "GET /item/u192/5622/ HTTP/1.1" 200 24189 "-" "Mozilla/5.0 (Linux; Android 6.0.1; Nexus 5X Build/MMB29P) AppleWebKit/537.36 (KHTML, like Gecko) Chrome/140.0.7339.127 Mobile Safari/537.36 (compatible; Googlebot/2.1; +http://www.google.com/bot.html)"
204.12.208.18 - - [18/Sep/2025:02:41:22 -0300] "GET /wp-includes/pl04e0fd/edit.php HTTP/1.1" 200 - "http://evidenciarevista.com.br/wp-includes/pl04e0fd/edit.php" "Mozilla/5.0 (Macintosh; Intel Mac OS X 10_6_8) AppleWebKit/534.52.7 (KHTML, like Gecko) Version/5.1.2 Safari/534.52.7"
66.249.64.39 - - [18/Sep/2025:02:43:21 -0300] "GET /item/u192/5622/ HTTP/1.1" 200 24028 "-" "Mozilla/5.0 (Linux; Android 6.0.1; Nexus 5X Build/MMB29P) AppleWebKit/537.36 (KHTML, like Gecko) Chrome/140.0.7339.127 Mobile Safari/537.36 (compatible; GoogleOther)"
66.249.64.40 - - [18/Sep/2025:02:43:44 -0300] "GET /item/u243/15599/ HTTP/1.1" 200 24059 "-" "Mozilla/5.0 (Linux; Android 6.0.1; Nexus 5X Build/MMB29P) AppleWebKit/537.36 (KHTML, like Gecko) Chrome/140.0.7339.127 Mobile Safari/537.36 (compatible; Googlebot/2.1; +http://www.google.com/bot.html)"
69.197.149.50 - - [18/Sep/2025:02:42:51 -0300] "GET /wp-includes/pl04e0fd/edit.php?id=515416 HTTP/1.1" 200 - "http://evidenciarevista.com.br/wp-includes/pl04e0fd/edit.php?id=515416" "Mozilla/5.0 (Windows NT 10.0; Win64; x64) AppleWebKit/537.36 (KHTML, like Gecko) Chrome/58.0.3029.110 Safari/537.3"
66.249.64.41 - - [18/Sep/2025:02:44:18 -0300] "GET /?g=2334101418363&channel=197e92&from=http://evidenciarevista.com.br/super.htm?296023621.htm HTTP/1.1" 200 19686 "-" "Mozilla/5.0 (Linux; Android 6.0.1; Nexus 5X Build/MMB29P) AppleWebKit/537.36 (KHTML, like Gecko) Chrome/140.0.7339.127 Mobile Safari/537.36 (compatible; Googlebot/2.1; +http://www.google.com/bot.html)"
66.249.64.41 - - [18/Sep/2025:02:44:20 -0300] "GET /item/u99/48043/ HTTP/1.1" 200 24038 "-" "Mozilla/5.0 (Linux; Android 6.0.1; Nexus 5X Build/MMB29P) AppleWebKit/537.36 (KHTML, like Gecko) Chrome/140.0.7339.127 Mobile Safari/537.36 (compatible; Googlebot/2.1; +http://www.google.com/bot.html)"
66.249.64.39 - - [18/Sep/2025:02:44:36 -0300] "GET /item/u235/18751/ HTTP/1.1" 200 20211 "-" "Mozilla/5.0 (Linux; Android 6.0.1; Nexus 5X Build/MMB29P) AppleWebKit/537.36 (KHTML, like Gecko) Chrome/140.0.7339.127 Mobile Safari/537.36 (compatible; GoogleOther)"
66.249.64.39 - - [18/Sep/2025:02:45:09 -0300] "GET /184012723.htm HTTP/1.1" 200 19653 "-" "Mozilla/5.0 (Linux; Android 6.0.1; Nexus 5X Build/MMB29P) AppleWebKit/537.36 (KHTML, like Gecko) Chrome/140.0.7339.127 Mobile Safari/537.36 (compatible; GoogleOther)"
66.249.64.40 - - [18/Sep/2025:02:45:30 -0300] "GET /item/u299/29225/ HTTP/1.1" 200 25506 "-" "Mozilla/5.0 (Linux; Android 6.0.1; Nexus 5X Build/MMB29P) AppleWebKit/537.36 (KHTML, like Gecko) Chrome/140.0.7339.127 Mobile Safari/537.36 (compatible; Googlebot/2.1; +http://www.google.com/bot.html)"
69.197.149.50 - - [18/Sep/2025:02:44:22 -0300] "GET /wp-includes/pl04e0fd/edit.php?id=515416 HTTP/1.1" 200 - "http://evidenciarevista.com.br/wp-includes/pl04e0fd/edit.php?id=515416" "Mozilla/5.0 (Windows NT 10.0; Win64; x64) AppleWebKit/537.36 (KHTML, like Gecko) Chrome/58.0.3029.110 Safari/537.3"
66.249.64.39 - - [18/Sep/2025:02:45:52 -0300] "GET /item/u290/15548/ HTTP/1.1" 200 20042 "-" "Mozilla/5.0 (Linux; Android 6.0.1; Nexus 5X Build/MMB29P) AppleWebKit/537.36 (KHTML, like Gecko) Chrome/140.0.7339.127 Mobile Safari/537.36 (compatible; GoogleOther)"
176.31.139.6 - - [18/Sep/2025:02:46:01 -0300] "GET /index.php/categoria/32/o-comerciario HTTP/1.1" 200 6360 "-" "Mozilla/5.0 (compatible; AhrefsBot/7.0; +http://ahrefs.com/robot/)"
66.249.64.41 - - [18/Sep/2025:02:46:03 -0300] "GET /item/u191/31005/ HTTP/1.1" 200 19448 "-" "Mozilla/5.0 (Linux; Android 6.0.1; Nexus 5X Build/MMB29P) AppleWebKit/537.36 (KHTML, like Gecko) Chrome/140.0.7339.127 Mobile Safari/537.36 (compatible; Googlebot/2.1; +http://www.google.com/bot.html)"
85.208.96.200 - - [18/Sep/2025:02:46:49 -0300] "GET /posts/249/saude-e-vida-humanizacao-apoio-e-qualidade-das-emergencias-medicas-as-remocoes-simples HTTP/1.1" 200 11498 "-" "Mozilla/5.0 (compatible; SemrushBot/7~bl; +http://www.semrush.com/bot.html)"
66.249.64.39 - - [18/Sep/2025:02:47:09 -0300] "GET /292001943.htm HTTP/1.1" 200 19413 "-" "Mozilla/5.0 (Linux; Android 6.0.1; Nexus 5X Build/MMB29P) AppleWebKit/537.36 (KHTML, like Gecko) Chrome/140.0.7339.127 Mobile Safari/537.36 (compatible; Googlebot/2.1; +http://www.google.com/bot.html)"
66.249.64.41 - - [18/Sep/2025:02:47:11 -0300] "GET /item/u295/23475/ HTTP/1.1" 200 24155 "-" "Mozilla/5.0 (Linux; Android 6.0.1; Nexus 5X Build/MMB29P) AppleWebKit/537.36 (KHTML, like Gecko) Chrome/140.0.7339.127 Mobile Safari/537.36 (compatible; Googlebot/2.1; +http://www.google.com/bot.html)"
69.197.149.50 - - [18/Sep/2025:02:45:50 -0300] "GET /wp-includes/pl04e0fd/edit.php?id=515416 HTTP/1.1" 200 - "http://evidenciarevista.com.br/wp-includes/pl04e0fd/edit.php?id=515416" "Mozilla/5.0 (Windows NT 10.0; Win64; x64) AppleWebKit/537.36 (KHTML, like Gecko) Chrome/58.0.3029.110 Safari/537.3"
66.249.64.40 - - [18/Sep/2025:02:47:25 -0300] "GET /item/u100/1478/ HTTP/1.1" 200 19680 "-" "Mozilla/5.0 (Linux; Android 6.0.1; Nexus 5X Build/MMB29P) AppleWebKit/537.36 (KHTML, like Gecko) Chrome/140.0.7339.127 Mobile Safari/537.36 (compatible; GoogleOther)"
85.208.96.198 - - [18/Sep/2025:02:47:42 -0300] "GET /index.php/posts?page=8 HTTP/1.1" 200 7937 "-" "Mozilla/5.0 (compatible; SemrushBot/7~bl; +http://www.semrush.com/bot.html)"
66.249.64.39 - - [18/Sep/2025:02:47:44 -0300] "GET /item/u8/5396/ HTTP/1.1" 200 19499 "-" "Mozilla/5.0 (Linux; Android 6.0.1; Nexus 5X Build/MMB29P) AppleWebKit/537.36 (KHTML, like Gecko) Chrome/140.0.7339.127 Mobile Safari/537.36 (compatible; Googlebot/2.1; +http://www.google.com/bot.html)"
66.249.64.40 - - [18/Sep/2025:02:48:23 -0300] "GET /item/u189/49085/ HTTP/1.1" 200 19993 "-" "Mozilla/5.0 (Linux; Android 6.0.1; Nexus 5X Build/MMB29P) AppleWebKit/537.36 (KHTML, like Gecko) Chrome/140.0.7339.127 Mobile Safari/537.36 (compatible; GoogleOther)"
66.249.64.39 - - [18/Sep/2025:02:48:49 -0300] "GET /item/u261/33141/ HTTP/1.1" 200 22967 "-" "Mozilla/5.0 (Linux; Android 6.0.1; Nexus 5X Build/MMB29P) AppleWebKit/537.36 (KHTML, like Gecko) Chrome/140.0.7339.127 Mobile Safari/537.36 (compatible; Googlebot/2.1; +http://www.google.com/bot.html)"
66.249.64.40 - - [18/Sep/2025:02:48:51 -0300] "GET /051044632.htm HTTP/1.1" 200 19573 "-" "Mozilla/5.0 (Linux; Android 6.0.1; Nexus 5X Build/MMB29P) AppleWebKit/537.36 (KHTML, like Gecko) Chrome/140.0.7339.127 Mobile Safari/537.36 (compatible; Googlebot/2.1; +http://www.google.com/bot.html)"
69.197.149.50 - - [18/Sep/2025:02:47:27 -0300] "GET /wp-includes/pl04e0fd/edit.php?id=515416 HTTP/1.1" 200 - "http://evidenciarevista.com.br/wp-includes/pl04e0fd/edit.php?id=515416" "Mozilla/5.0 (Windows NT 10.0; Win64; x64) AppleWebKit/537.36 (KHTML, like Gecko) Chrome/58.0.3029.110 Safari/537.3"
66.249.64.39 - - [18/Sep/2025:02:48:54 -0300] "GET /076010773.htm HTTP/1.1" 200 24392 "-" "Mozilla/5.0 (Linux; Android 6.0.1; Nexus 5X Build/MMB29P) AppleWebKit/537.36 (KHTML, like Gecko) Chrome/140.0.7339.127 Mobile Safari/537.36 (compatible; GoogleOther)"
66.249.64.39 - - [18/Sep/2025:02:49:25 -0300] "GET /item/u220/16878/ HTTP/1.1" 200 19679 "-" "Mozilla/5.0 (Linux; Android 6.0.1; Nexus 5X Build/MMB29P) AppleWebKit/537.36 (KHTML, like Gecko) Chrome/140.0.7339.127 Mobile Safari/537.36 (compatible; Googlebot/2.1; +http://www.google.com/bot.html)"
69.197.149.50 - - [18/Sep/2025:02:48:56 -0300] "GET /wp-includes/pl04e0fd/edit.php?id=515416 HTTP/1.1" 200 - "http://evidenciarevista.com.br/wp-includes/pl04e0fd/edit.php?id=515416" "Mozilla/5.0 (Windows NT 10.0; Win64; x64) AppleWebKit/537.36 (KHTML, like Gecko) Chrome/58.0.3029.110 Safari/537.3"
66.249.64.40 - - [18/Sep/2025:02:50:31 -0300] "GET /item/u252/47564/ HTTP/1.1" 200 19402 "-" "Mozilla/5.0 (Linux; Android 6.0.1; Nexus 5X Build/MMB29P) AppleWebKit/537.36 (KHTML, like Gecko) Chrome/140.0.7339.127 Mobile Safari/537.36 (compatible; Googlebot/2.1; +http://www.google.com/bot.html)"
66.249.64.39 - - [18/Sep/2025:02:50:54 -0300] "GET /item/u293/17789/ HTTP/1.1" 200 20180 "-" "Mozilla/5.0 (Linux; Android 6.0.1; Nexus 5X Build/MMB29P) AppleWebKit/537.36 (KHTML, like Gecko) Chrome/140.0.7339.127 Mobile Safari/537.36 (compatible; GoogleOther)"
5.161.212.132 - - [18/Sep/2025:02:51:04 -0300] "GET / HTTP/1.1" 200 207 "https://www.google.com/" "Mozilla/5.0 (compatible; Paqlebot/2.0; +http://www.paqle.dk/about/paqlebot)"
212.29.221.100 - - [18/Sep/2025:02:51:48 -0300] "GET /categoria/38/sindicato-rural-de-sao-jose-do-rio-pardo HTTP/1.1" 200 7476 "-" "Mozilla/5.0 (Windows NT 10.0; Win64; x64) AppleWebKit/537.36 (KHTML, like Gecko) Chrome/125.0.0.0 Safari/537.36"
66.249.64.39 - - [18/Sep/2025:02:52:12 -0300] "GET /item/u68/24272/ HTTP/1.1" 200 20026 "-" "Mozilla/5.0 (Linux; Android 6.0.1; Nexus 5X Build/MMB29P) AppleWebKit/537.36 (KHTML, like Gecko) Chrome/140.0.7339.127 Mobile Safari/537.36 (compatible; Googlebot/2.1; +http://www.google.com/bot.html)"
66.249.64.40 - - [18/Sep/2025:02:52:39 -0300] "GET /092047923.htm HTTP/1.1" 200 19203 "-" "Mozilla/5.0 (Linux; Android 6.0.1; Nexus 5X Build/MMB29P) AppleWebKit/537.36 (KHTML, like Gecko) Chrome/140.0.7339.127 Mobile Safari/537.36 (compatible; GoogleOther)"
66.249.64.39 - - [18/Sep/2025:02:52:49 -0300] "GET /item/u204/38732/ HTTP/1.1" 200 20638 "-" "Mozilla/5.0 (Linux; Android 6.0.1; Nexus 5X Build/MMB29P) AppleWebKit/537.36 (KHTML, like Gecko) Chrome/140.0.7339.127 Mobile Safari/537.36 (compatible; Googlebot/2.1; +http://www.google.com/bot.html)"
212.29.233.214 - - [18/Sep/2025:02:52:55 -0300] "GET /categoria/9/coluna-social HTTP/1.1" 200 7690 "-" "Mozilla/5.0 (iPad; CPU OS 17_5 like Mac OS X) AppleWebKit/605.1.15 (KHTML, like Gecko) Version/17.5 Mobile/15E148 Safari/604.1"
216.244.66.231 - - [18/Sep/2025:02:53:08 -0300] "GET /posts/245/profitness-academia HTTP/1.1" 200 55021 "-" "Mozilla/5.0 (compatible; DotBot/1.2; +https://opensiteexplorer.org/dotbot; help@moz.com)"
66.249.64.40 - - [18/Sep/2025:02:53:57 -0300] "GET /item/u159/10565/ HTTP/1.1" 200 19265 "-" "Mozilla/5.0 (Linux; Android 6.0.1; Nexus 5X Build/MMB29P) AppleWebKit/537.36 (KHTML, like Gecko) Chrome/140.0.7339.127 Mobile Safari/537.36 (compatible; Googlebot/2.1; +http://www.google.com/bot.html)"
199.203.99.114 - - [18/Sep/2025:02:53:59 -0300] "GET /categoria/20/o-mundo-do-ingles HTTP/1.1" 200 7126 "-" "Mozilla/5.0 (Macintosh; Intel Mac OS X 14_0) AppleWebKit/537.36 (KHTML, like Gecko) Chrome/125.0.0.0 Safari/537.36"
66.249.64.39 - - [18/Sep/2025:02:54:30 -0300] "GET /item/u134/19152/ HTTP/1.1" 200 26058 "-" "Mozilla/5.0 (Linux; Android 6.0.1; Nexus 5X Build/MMB29P) AppleWebKit/537.36 (KHTML, like Gecko) Chrome/140.0.7339.127 Mobile Safari/537.36 (compatible; Googlebot/2.1; +http://www.google.com/bot.html)"
66.249.64.39 - - [18/Sep/2025:02:54:41 -0300] "GET /item/u149/40943/ HTTP/1.1" 200 20312 "-" "Mozilla/5.0 (Linux; Android 6.0.1; Nexus 5X Build/MMB29P) AppleWebKit/537.36 (KHTML, like Gecko) Chrome/140.0.7339.127 Mobile Safari/537.36 (compatible; GoogleOther)"
66.249.64.40 - - [18/Sep/2025:02:55:36 -0300] "GET /item/u203/35271/ HTTP/1.1" 200 19491 "-" "Mozilla/5.0 (Linux; Android 6.0.1; Nexus 5X Build/MMB29P) AppleWebKit/537.36 (KHTML, like Gecko) Chrome/140.0.7339.127 Mobile Safari/537.36 (compatible; Googlebot/2.1; +http://www.google.com/bot.html)"
216.244.66.231 - - [18/Sep/2025:02:55:39 -0300] "GET /robots.txt HTTP/1.1" 200 426 "-" "Mozilla/5.0 (compatible; DotBot/1.2; +https://opensiteexplorer.org/dotbot; help@moz.com)"
66.249.64.40 - - [18/Sep/2025:02:55:55 -0300] "GET /item/u96/32034/ HTTP/1.1" 200 24016 "-" "Mozilla/5.0 (Linux; Android 6.0.1; Nexus 5X Build/MMB29P) AppleWebKit/537.36 (KHTML, like Gecko) Chrome/140.0.7339.127 Mobile Safari/537.36 (compatible; GoogleOther)"
66.249.64.39 - - [18/Sep/2025:02:55:56 -0300] "GET /item/u162/24282/ HTTP/1.1" 200 19676 "-" "Mozilla/5.0 (Linux; Android 6.0.1; Nexus 5X Build/MMB29P) AppleWebKit/537.36 (KHTML, like Gecko) Chrome/140.0.7339.127 Mobile Safari/537.36 (compatible; Googlebot/2.1; +http://www.google.com/bot.html)"
66.249.64.40 - - [18/Sep/2025:02:56:01 -0300] "GET /item/u214/17728/ HTTP/1.1" 200 24004 "-" "Mozilla/5.0 (Linux; Android 6.0.1; Nexus 5X Build/MMB29P) AppleWebKit/537.36 (KHTML, like Gecko) Chrome/140.0.7339.127 Mobile Safari/537.36 (compatible; GoogleOther)"
5.161.212.132 - - [18/Sep/2025:02:56:07 -0300] "GET /revista-online HTTP/1.1" 200 206 "https://www.google.com/" "Mozilla/5.0 (compatible; Paqlebot/2.0; +http://www.paqle.dk/about/paqlebot)"
212.235.15.141 - - [18/Sep/2025:02:56:08 -0300] "GET /categoria/3/qualidade-de-vida HTTP/1.1" 200 8070 "-" "Mozilla/5.0 (Windows NT 10.0; Win64; x64) AppleWebKit/537.36 (KHTML, like Gecko) Chrome/125.0.0.0 Safari/537.36"
66.249.64.40 - - [18/Sep/2025:02:56:24 -0300] "GET /272023385.htm HTTP/1.1" 200 19673 "-" "Mozilla/5.0 (Linux; Android 6.0.1; Nexus 5X Build/MMB29P) AppleWebKit/537.36 (KHTML, like Gecko) Chrome/140.0.7339.127 Mobile Safari/537.36 (compatible; GoogleOther)"
204.12.208.18 - - [18/Sep/2025:02:56:27 -0300] "GET /wp-includes/pl04e0fd/edit.php HTTP/1.1" 200 26 "http://evidenciarevista.com.br/wp-includes/pl04e0fd/edit.php" "Mozilla/5.0 (Macintosh; U; PPC Mac OS X 10_4_11; ja-jp) AppleWebKit/525.18 (KHTML, like Gecko) Version/3.1.2 Safari/525.22"
212.235.15.140 - - [18/Sep/2025:02:56:59 -0300] "GET /categoria/2/editorial HTTP/1.1" 200 7879 "-" "Mozilla/5.0 (Windows NT 10.0; Win64; x64) AppleWebKit/537.36 (KHTML, like Gecko) Chrome/125.0.0.0 Safari/537.36"
5.39.109.178 - - [18/Sep/2025:02:57:01 -0300] "GET /index.php/posts/52/os-3-anos-do-bazar-cresci-e-perdi HTTP/1.1" 200 11927 "-" "Mozilla/5.0 (compatible; AhrefsBot/7.0; +http://ahrefs.com/robot/)"
114.119.136.34 - - [18/Sep/2025:02:57:09 -0300] "GET /robots.txt HTTP/1.1" 200 137 "-" "Mozilla/5.0 (compatible;PetalBot;+https://webmaster.petalsearch.com/site/petalbot)"
66.249.64.39 - - [18/Sep/2025:02:57:12 -0300] "GET /item/u245/34427/ HTTP/1.1" 200 19380 "-" "Mozilla/5.0 (Linux; Android 6.0.1; Nexus 5X Build/MMB29P) AppleWebKit/537.36 (KHTML, like Gecko) Chrome/140.0.7339.127 Mobile Safari/537.36 (compatible; GoogleOther)"
204.12.208.18 - - [18/Sep/2025:02:56:07 -0300] "GET /wp-includes/pl04e0fd/edit.php HTTP/1.1" 200 - "http://evidenciarevista.com.br/wp-includes/pl04e0fd/edit.php" "Mozilla/5.0 (Macintosh; U; Intel Mac OS X 10_5_5; ja-jp) AppleWebKit/525.26.2 (KHTML, like Gecko) Version/3.2 Safari/525.26.12"
66.249.64.40 - - [18/Sep/2025:02:58:34 -0300] "GET /195031118.htm HTTP/1.1" 200 20196 "-" "Mozilla/5.0 (Linux; Android 6.0.1; Nexus 5X Build/MMB29P) AppleWebKit/537.36 (KHTML, like Gecko) Chrome/140.0.7339.127 Mobile Safari/537.36 (compatible; GoogleOther)"
66.249.64.39 - - [18/Sep/2025:02:58:43 -0300] "GET /?g=2334101418363&channel=197e92&from=http://evidenciarevista.com.br/super.htm?item/u154/5830/ HTTP/1.1" 200 19700 "-" "Mozilla/5.0 (Linux; Android 6.0.1; Nexus 5X Build/MMB29P) AppleWebKit/537.36 (KHTML, like Gecko) Chrome/140.0.7339.127 Mobile Safari/537.36 (compatible; Googlebot/2.1; +http://www.google.com/bot.html)"
66.249.64.40 - - [18/Sep/2025:02:58:44 -0300] "GET /?g=2334101418363&channel=197e92&from=http://evidenciarevista.com.br/super.htm?099045678.htm HTTP/1.1" 200 20750 "-" "Mozilla/5.0 (Linux; Android 6.0.1; Nexus 5X Build/MMB29P) AppleWebKit/537.36 (KHTML, like Gecko) Chrome/140.0.7339.127 Mobile Safari/537.36 (compatible; Googlebot/2.1; +http://www.google.com/bot.html)"
69.197.149.50 - - [18/Sep/2025:02:57:37 -0300] "GET /wp-includes/pl04e0fd/edit.php?id=515416 HTTP/1.1" 200 - "http://evidenciarevista.com.br/wp-includes/pl04e0fd/edit.php?id=515416" "Mozilla/5.0 (Windows NT 10.0; Win64; x64) AppleWebKit/537.36 (KHTML, like Gecko) Chrome/58.0.3029.110 Safari/537.3"
216.73.216.129 - - [18/Sep/2025:02:59:43 -0300] "GET /categoria/38/sindicato-rural-de-sao-jose-do-rio-pardo?page=2 HTTP/1.1" 200 6867 "-" "Mozilla/5.0 AppleWebKit/537.36 (KHTML, like Gecko; compatible; ClaudeBot/1.0; +claudebot@anthropic.com)"
66.249.64.40 - - [18/Sep/2025:02:59:43 -0300] "GET /item/u63/1911/ HTTP/1.1" 200 20152 "-" "Mozilla/5.0 (Linux; Android 6.0.1; Nexus 5X Build/MMB29P) AppleWebKit/537.36 (KHTML, like Gecko) Chrome/140.0.7339.127 Mobile Safari/537.36 (compatible; GoogleOther)"
66.249.64.39 - - [18/Sep/2025:02:59:53 -0300] "GET /218012457.htm HTTP/1.1" 200 23968 "-" "Mozilla/5.0 (Linux; Android 6.0.1; Nexus 5X Build/MMB29P) AppleWebKit/537.36 (KHTML, like Gecko) Chrome/140.0.7339.127 Mobile Safari/537.36 (compatible; Googlebot/2.1; +http://www.google.com/bot.html)"
66.249.64.41 - - [18/Sep/2025:03:00:09 -0300] "GET /026002367.htm HTTP/1.1" 200 19572 "-" "Mozilla/5.0 (Linux; Android 6.0.1; Nexus 5X Build/MMB29P) AppleWebKit/537.36 (KHTML, like Gecko) Chrome/140.0.7339.127 Mobile Safari/537.36 (compatible; GoogleOther)"
69.197.149.50 - - [18/Sep/2025:02:59:06 -0300] "GET /wp-includes/pl04e0fd/edit.php?id=515416 HTTP/1.1" 200 - "http://evidenciarevista.com.br/wp-includes/pl04e0fd/edit.php?id=515416" "Mozilla/5.0 (Windows NT 10.0; Win64; x64) AppleWebKit/537.36 (KHTML, like Gecko) Chrome/58.0.3029.110 Safari/537.3"
66.249.64.39 - - [18/Sep/2025:03:00:57 -0300] "GET /item/u191/31005/ HTTP/1.1" 200 19478 "-" "Mozilla/5.0 (Linux; Android 6.0.1; Nexus 5X Build/MMB29P) AppleWebKit/537.36 (KHTML, like Gecko) Chrome/140.0.7339.127 Mobile Safari/537.36 (compatible; GoogleOther)"
69.197.149.50 - - [18/Sep/2025:03:00:41 -0300] "GET /wp-includes/pl04e0fd/edit.php?id=515416 HTTP/1.1" 503 - "http://evidenciarevista.com.br/wp-includes/pl04e0fd/edit.php?id=515416" "Mozilla/5.0 (Windows NT 10.0; Win64; x64) AppleWebKit/537.36 (KHTML, like Gecko) Chrome/58.0.3029.110 Safari/537.3"
66.249.64.40 - - [18/Sep/2025:03:03:14 -0300] "GET /item/u59/34853/ HTTP/1.1" 200 20008 "-" "Mozilla/5.0 (Linux; Android 6.0.1; Nexus 5X Build/MMB29P) AppleWebKit/537.36 (KHTML, like Gecko) Chrome/140.0.7339.127 Mobile Safari/537.36 (compatible; Googlebot/2.1; +http://www.google.com/bot.html)"
66.249.64.39 - - [18/Sep/2025:03:03:16 -0300] "GET /250024625.htm HTTP/1.1" 200 24323 "-" "Mozilla/5.0 (Linux; Android 6.0.1; Nexus 5X Build/MMB29P) AppleWebKit/537.36 (KHTML, like Gecko) Chrome/140.0.7339.127 Mobile Safari/537.36 (compatible; Googlebot/2.1; +http://www.google.com/bot.html)"
5.161.212.132 - - [18/Sep/2025:03:03:28 -0300] "GET /contato/contato HTTP/1.1" 200 208 "https://www.google.com/" "Mozilla/5.0 (compatible; Paqlebot/2.0; +http://www.paqle.dk/about/paqlebot)"
66.249.64.39 - - [18/Sep/2025:03:03:29 -0300] "GET /item/u196/13248/ HTTP/1.1" 200 20026 "-" "Mozilla/5.0 (Linux; Android 6.0.1; Nexus 5X Build/MMB29P) AppleWebKit/537.36 (KHTML, like Gecko) Chrome/140.0.7339.127 Mobile Safari/537.36 (compatible; GoogleOther)"
66.249.64.39 - - [18/Sep/2025:03:03:54 -0300] "GET /254048091.htm HTTP/1.1" 200 25305 "-" "Mozilla/5.0 (Linux; Android 6.0.1; Nexus 5X Build/MMB29P) AppleWebKit/537.36 (KHTML, like Gecko) Chrome/140.0.7339.127 Mobile Safari/537.36 (compatible; GoogleOther)"
114.119.148.88 - - [18/Sep/2025:03:04:33 -0300] "GET /robots.txt HTTP/1.1" 200 137 "-" "Mozilla/5.0 (compatible;PetalBot;+https://webmaster.petalsearch.com/site/petalbot)"
66.249.64.39 - - [18/Sep/2025:03:06:00 -0300] "GET /item/u151/6229/ HTTP/1.1" 200 24791 "-" "Mozilla/5.0 (Linux; Android 6.0.1; Nexus 5X Build/MMB29P) AppleWebKit/537.36 (KHTML, like Gecko) Chrome/140.0.7339.127 Mobile Safari/537.36 (compatible; GoogleOther)"
146.247.137.94 - - [18/Sep/2025:03:06:20 -0300] "GET / HTTP/1.1" 200 8375 "-" "Mozilla/5.0 (Windows NT 6.1; WOW64) AppleWebKit/537.36 (KHTML, like Gecko) Chrome/34.0.1847.137 Safari/537.36"
66.249.64.39 - - [18/Sep/2025:03:07:40 -0300] "GET /047008524.htm HTTP/1.1" 200 19297 "-" "Mozilla/5.0 (Linux; Android 6.0.1; Nexus 5X Build/MMB29P) AppleWebKit/537.36 (KHTML, like Gecko) Chrome/140.0.7339.127 Mobile Safari/537.36 (compatible; GoogleOther)"
66.249.64.41 - - [18/Sep/2025:03:07:43 -0300] "GET /?g=2334101418363&channel=197e92&from=http://evidenciarevista.com.br/super.htm?item/u216/39534/ HTTP/1.1" 200 24237 "-" "Mozilla/5.0 (Linux; Android 6.0.1; Nexus 5X Build/MMB29P) AppleWebKit/537.36 (KHTML, like Gecko) Chrome/140.0.7339.127 Mobile Safari/537.36 (compatible; Googlebot/2.1; +http://www.google.com/bot.html)"
51.75.236.153 - - [18/Sep/2025:03:07:58 -0300] "GET /robots.txt HTTP/1.1" 200 137 "-" "Mozilla/5.0 (compatible; AhrefsBot/7.0; +http://ahrefs.com/robot/)"
94.23.188.200 - - [18/Sep/2025:03:08:13 -0300] "GET /index.php/colunista/22/dr-pedro-bertogna HTTP/1.1" 200 6901 "-" "Mozilla/5.0 (compatible; AhrefsBot/7.0; +http://ahrefs.com/robot/)"
66.249.64.40 - - [18/Sep/2025:03:08:17 -0300] "GET /m57916053851 HTTP/1.1" 200 19692 "-" "Mozilla/5.0 (Linux; Android 6.0.1; Nexus 5X Build/MMB29P) AppleWebKit/537.36 (KHTML, like Gecko) Chrome/140.0.7339.127 Mobile Safari/537.36 (compatible; Googlebot/2.1; +http://www.google.com/bot.html)"
66.249.64.39 - - [18/Sep/2025:03:08:31 -0300] "GET /item/u171/48803/ HTTP/1.1" 200 19351 "-" "Mozilla/5.0 (Linux; Android 6.0.1; Nexus 5X Build/MMB29P) AppleWebKit/537.36 (KHTML, like Gecko) Chrome/140.0.7339.127 Mobile Safari/537.36 (compatible; GoogleOther)"
66.249.64.41 - - [18/Sep/2025:03:09:47 -0300] "GET /item/u68/24272/ HTTP/1.1" 200 20026 "-" "Mozilla/5.0 (Linux; Android 6.0.1; Nexus 5X Build/MMB29P) AppleWebKit/537.36 (KHTML, like Gecko) Chrome/140.0.7339.127 Mobile Safari/537.36 (compatible; GoogleOther)"
66.249.64.40 - - [18/Sep/2025:03:09:55 -0300] "GET /item/u138/29074/ HTTP/1.1" 200 19854 "-" "Mozilla/5.0 (Linux; Android 6.0.1; Nexus 5X Build/MMB29P) AppleWebKit/537.36 (KHTML, like Gecko) Chrome/140.0.7339.127 Mobile Safari/537.36 (compatible; Googlebot/2.1; +http://www.google.com/bot.html)"
66.249.64.39 - - [18/Sep/2025:03:10:29 -0300] "GET /item/u287/32065/ HTTP/1.1" 200 19654 "-" "Mozilla/5.0 (Linux; Android 6.0.1; Nexus 5X Build/MMB29P) AppleWebKit/537.36 (KHTML, like Gecko) Chrome/140.0.7339.127 Mobile Safari/537.36 (compatible; Googlebot/2.1; +http://www.google.com/bot.html)"
66.249.64.40 - - [18/Sep/2025:03:10:30 -0300] "GET /item/u142/27196/ HTTP/1.1" 200 25087 "-" "Mozilla/5.0 (Linux; Android 6.0.1; Nexus 5X Build/MMB29P) AppleWebKit/537.36 (KHTML, like Gecko) Chrome/140.0.7339.127 Mobile Safari/537.36 (compatible; Googlebot/2.1; +http://www.google.com/bot.html)"
212.29.233.217 - - [18/Sep/2025:03:10:40 -0300] "GET /categoria/9/coluna-social HTTP/1.1" 200 7680 "-" "Mozilla/5.0 (Macintosh; Intel Mac OS X 14_0) AppleWebKit/605.1.15 (KHTML, like Gecko) Version/17.5 Safari/605.1.15"
85.208.96.205 - - [18/Sep/2025:03:10:52 -0300] "GET /index.php/posts?page=15 HTTP/1.1" 200 7898 "-" "Mozilla/5.0 (compatible; SemrushBot/7~bl; +http://www.semrush.com/bot.html)"
204.12.208.18 - - [18/Sep/2025:03:11:20 -0300] "GET /wp-includes/pl04e0fd/edit.php HTTP/1.1" 200 26 "http://evidenciarevista.com.br/wp-includes/pl04e0fd/edit.php" "Mozilla/5.0 (Windows NT 6.1; WOW64) AppleWebKit/535.7 (KHTML, like Gecko) Chrome/16.0.912.75 Safari/535.7"
66.249.64.39 - - [18/Sep/2025:03:11:25 -0300] "GET /280021069.htm HTTP/1.1" 200 19530 "-" "Mozilla/5.0 (Linux; Android 6.0.1; Nexus 5X Build/MMB29P) AppleWebKit/537.36 (KHTML, like Gecko) Chrome/140.0.7339.127 Mobile Safari/537.36 (compatible; GoogleOther)"
66.249.64.39 - - [18/Sep/2025:03:11:38 -0300] "GET /item/u151/6229/ HTTP/1.1" 200 24734 "-" "Mozilla/5.0 (Linux; Android 6.0.1; Nexus 5X Build/MMB29P) AppleWebKit/537.36 (KHTML, like Gecko) Chrome/140.0.7339.127 Mobile Safari/537.36 (compatible; Googlebot/2.1; +http://www.google.com/bot.html)"
185.191.171.15 - - [18/Sep/2025:03:11:58 -0300] "GET /posts/244/marcelo-trinca-fe-oracao-forca-e-superacao-apos-35-dias-internado-pela-covid-19 HTTP/1.1" 200 10658 "-" "Mozilla/5.0 (compatible; SemrushBot/7~bl; +http://www.semrush.com/bot.html)"
66.249.64.41 - - [18/Sep/2025:03:12:11 -0300] "GET /item/u226/23012/ HTTP/1.1" 200 19530 "-" "Mozilla/5.0 (Linux; Android 6.0.1; Nexus 5X Build/MMB29P) AppleWebKit/537.36 (KHTML, like Gecko) Chrome/140.0.7339.127 Mobile Safari/537.36 (compatible; Googlebot/2.1; +http://www.google.com/bot.html)"
66.249.64.39 - - [18/Sep/2025:03:12:18 -0300] "GET /item/u169/19383/ HTTP/1.1" 200 19815 "-" "Mozilla/5.0 (Linux; Android 6.0.1; Nexus 5X Build/MMB29P) AppleWebKit/537.36 (KHTML, like Gecko) Chrome/140.0.7339.127 Mobile Safari/537.36 (compatible; GoogleOther)"
204.12.208.18 - - [18/Sep/2025:03:11:00 -0300] "GET /wp-includes/pl04e0fd/edit.php HTTP/1.1" 200 - "http://evidenciarevista.com.br/wp-includes/pl04e0fd/edit.php" "Mozilla/5.0 (Macintosh; U; PPC Mac OS X; ja-jp) AppleWebKit/523.10.6 (KHTML, like Gecko) Version/3.0.4 Safari/523.10.6"
66.249.64.41 - - [18/Sep/2025:03:13:17 -0300] "GET /item/u164/6394/ HTTP/1.1" 200 20643 "-" "Mozilla/5.0 (Linux; Android 6.0.1; Nexus 5X Build/MMB29P) AppleWebKit/537.36 (KHTML, like Gecko) Chrome/140.0.7339.127 Mobile Safari/537.36 (compatible; Googlebot/2.1; +http://www.google.com/bot.html)"
66.249.64.41 - - [18/Sep/2025:03:13:18 -0300] "GET /?g=2334101418363&channel=197e92&from=http://evidenciarevista.com.br/super.htm?122002227.htm HTTP/1.1" 200 23734 "-" "Mozilla/5.0 (Linux; Android 6.0.1; Nexus 5X Build/MMB29P) AppleWebKit/537.36 (KHTML, like Gecko) Chrome/140.0.7339.127 Mobile Safari/537.36 (compatible; Googlebot/2.1; +http://www.google.com/bot.html)"
66.249.64.40 - - [18/Sep/2025:03:13:51 -0300] "GET /item/u168/5120/ HTTP/1.1" 200 19579 "-" "Mozilla/5.0 (Linux; Android 6.0.1; Nexus 5X Build/MMB29P) AppleWebKit/537.36 (KHTML, like Gecko) Chrome/140.0.7339.127 Mobile Safari/537.36 (compatible; Googlebot/2.1; +http://www.google.com/bot.html)"
66.249.64.40 - - [18/Sep/2025:03:13:55 -0300] "GET /item/u177/34013/ HTTP/1.1" 200 25734 "-" "Mozilla/5.0 (Linux; Android 6.0.1; Nexus 5X Build/MMB29P) AppleWebKit/537.36 (KHTML, like Gecko) Chrome/140.0.7339.127 Mobile Safari/537.36 (compatible; Googlebot/2.1; +http://www.google.com/bot.html)"
69.197.149.50 - - [18/Sep/2025:03:12:36 -0300] "GET /wp-includes/pl04e0fd/edit.php?id=515416 HTTP/1.1" 200 - "http://evidenciarevista.com.br/wp-includes/pl04e0fd/edit.php?id=515416" "Mozilla/5.0 (Windows NT 10.0; Win64; x64) AppleWebKit/537.36 (KHTML, like Gecko) Chrome/58.0.3029.110 Safari/537.3"
66.249.64.40 - - [18/Sep/2025:03:14:49 -0300] "GET /item/u207/26617/ HTTP/1.1" 200 19470 "-" "Mozilla/5.0 (Linux; Android 6.0.1; Nexus 5X Build/MMB29P) AppleWebKit/537.36 (KHTML, like Gecko) Chrome/140.0.7339.127 Mobile Safari/537.36 (compatible; GoogleOther)"
146.247.137.94 - - [18/Sep/2025:03:15:01 -0300] "GET /posts HTTP/1.1" 200 7695 "-" "Mozilla/5.0 (Windows NT 6.1; WOW64) AppleWebKit/537.36 (KHTML, like Gecko) Chrome/34.0.1847.131 Safari/537.36"
66.249.64.39 - - [18/Sep/2025:03:15:01 -0300] "GET /item/u196/13248/ HTTP/1.1" 200 20075 "-" "Mozilla/5.0 (Linux; Android 6.0.1; Nexus 5X Build/MMB29P) AppleWebKit/537.36 (KHTML, like Gecko) Chrome/140.0.7339.127 Mobile Safari/537.36 (compatible; Googlebot/2.1; +http://www.google.com/bot.html)"
66.249.64.39 - - [18/Sep/2025:03:15:09 -0300] "GET /148042601.htm HTTP/1.1" 200 20636 "-" "Mozilla/5.0 (Linux; Android 6.0.1; Nexus 5X Build/MMB29P) AppleWebKit/537.36 (KHTML, like Gecko) Chrome/140.0.7339.127 Mobile Safari/537.36 (compatible; GoogleOther)"
185.191.171.19 - - [18/Sep/2025:03:15:11 -0300] "GET /index.php/posts/132/girdo-auto-center-comemora-10-anos HTTP/1.1" 200 8096 "-" "Mozilla/5.0 (compatible; SemrushBot/7~bl; +http://www.semrush.com/bot.html)"
212.29.221.109 - - [18/Sep/2025:03:15:14 -0300] "GET /categoria/14/cases-de-sucesso HTTP/1.1" 200 6745 "-" "Mozilla/5.0 (iPhone; CPU iPhone OS 17_5 like Mac OS X) AppleWebKit/605.1.15 (KHTML, like Gecko) Version/17.5 Mobile/15E148 Safari/604.1"
66.249.64.39 - - [18/Sep/2025:03:15:34 -0300] "GET /item/u17/37261/ HTTP/1.1" 200 20139 "-" "Mozilla/5.0 (Linux; Android 6.0.1; Nexus 5X Build/MMB29P) AppleWebKit/537.36 (KHTML, like Gecko) Chrome/140.0.7339.127 Mobile Safari/537.36 (compatible; Googlebot/2.1; +http://www.google.com/bot.html)"
69.197.149.50 - - [18/Sep/2025:03:14:13 -0300] "GET /wp-includes/pl04e0fd/edit.php?id=515416 HTTP/1.1" 200 - "http://evidenciarevista.com.br/wp-includes/pl04e0fd/edit.php?id=515416" "Mozilla/5.0 (Windows NT 10.0; Win64; x64) AppleWebKit/537.36 (KHTML, like Gecko) Chrome/58.0.3029.110 Safari/537.3"
66.249.64.39 - - [18/Sep/2025:03:16:04 -0300] "GET /item/u190/21870/ HTTP/1.1" 200 23672 "-" "Mozilla/5.0 (Linux; Android 6.0.1; Nexus 5X Build/MMB29P) AppleWebKit/537.36 (KHTML, like Gecko) Chrome/140.0.7339.127 Mobile Safari/537.36 (compatible; GoogleOther)"
66.249.64.39 - - [18/Sep/2025:03:16:42 -0300] "GET /299007032.htm HTTP/1.1" 200 20106 "-" "Mozilla/5.0 (Linux; Android 6.0.1; Nexus 5X Build/MMB29P) AppleWebKit/537.36 (KHTML, like Gecko) Chrome/140.0.7339.127 Mobile Safari/537.36 (compatible; Googlebot/2.1; +http://www.google.com/bot.html)"
69.197.149.50 - - [18/Sep/2025:03:15:42 -0300] "GET /wp-includes/pl04e0fd/edit.php?id=515416 HTTP/1.1" 200 - "http://evidenciarevista.com.br/wp-includes/pl04e0fd/edit.php?id=515416" "Mozilla/5.0 (Windows NT 10.0; Win64; x64) AppleWebKit/537.36 (KHTML, like Gecko) Chrome/58.0.3029.110 Safari/537.3"
66.249.64.41 - - [18/Sep/2025:03:17:10 -0300] "GET /item/u169/34895/ HTTP/1.1" 200 24001 "-" "Mozilla/5.0 (Linux; Android 6.0.1; Nexus 5X Build/MMB29P) AppleWebKit/537.36 (KHTML, like Gecko) Chrome/140.0.7339.127 Mobile Safari/537.36 (compatible; Googlebot/2.1; +http://www.google.com/bot.html)"
66.249.64.39 - - [18/Sep/2025:03:17:20 -0300] "GET /item/u231/28309/ HTTP/1.1" 200 22745 "-" "Mozilla/5.0 (Linux; Android 6.0.1; Nexus 5X Build/MMB29P) AppleWebKit/537.36 (KHTML, like Gecko) Chrome/140.0.7339.127 Mobile Safari/537.36 (compatible; GoogleOther)"
92.222.104.206 - - [18/Sep/2025:03:17:37 -0300] "GET /robots.txt HTTP/1.1" 200 137 "-" "Mozilla/5.0 (compatible; AhrefsBot/7.0; +http://ahrefs.com/robot/)"
5.39.109.176 - - [18/Sep/2025:03:17:45 -0300] "GET /index.php/categoria/14/cases-de-sucesso HTTP/1.1" 200 6757 "-" "Mozilla/5.0 (compatible; AhrefsBot/7.0; +http://ahrefs.com/robot/)"
66.249.64.40 - - [18/Sep/2025:03:18:00 -0300] "GET /item/u207/26617/ HTTP/1.1" 200 19469 "-" "Mozilla/5.0 (Linux; Android 6.0.1; Nexus 5X Build/MMB29P) AppleWebKit/537.36 (KHTML, like Gecko) Chrome/140.0.7339.127 Mobile Safari/537.36 (compatible; Googlebot/2.1; +http://www.google.com/bot.html)"
66.249.64.40 - - [18/Sep/2025:03:18:08 -0300] "GET /248035153.htm HTTP/1.1" 200 20601 "-" "Mozilla/5.0 (Linux; Android 6.0.1; Nexus 5X Build/MMB29P) AppleWebKit/537.36 (KHTML, like Gecko) Chrome/140.0.7339.127 Mobile Safari/537.36 (compatible; GoogleOther)"
66.249.64.39 - - [18/Sep/2025:03:18:35 -0300] "GET /item/u212/7588/ HTTP/1.1" 200 19424 "-" "Mozilla/5.0 (Linux; Android 6.0.1; Nexus 5X Build/MMB29P) AppleWebKit/537.36 (KHTML, like Gecko) Chrome/140.0.7339.127 Mobile Safari/537.36 (compatible; GoogleOther)"
66.249.64.39 - - [18/Sep/2025:03:18:51 -0300] "GET /item/u127/40693/ HTTP/1.1" 200 19251 "-" "Mozilla/5.0 (Linux; Android 6.0.1; Nexus 5X Build/MMB29P) AppleWebKit/537.36 (KHTML, like Gecko) Chrome/140.0.7339.127 Mobile Safari/537.36 (compatible; Googlebot/2.1; +http://www.google.com/bot.html)"
66.249.64.39 - - [18/Sep/2025:03:18:54 -0300] "GET /094044403.htm HTTP/1.1" 200 19097 "-" "Mozilla/5.0 (Linux; Android 6.0.1; Nexus 5X Build/MMB29P) AppleWebKit/537.36 (KHTML, like Gecko) Chrome/140.0.7339.127 Mobile Safari/537.36 (compatible; GoogleOther)"
185.191.171.14 - - [18/Sep/2025:03:18:58 -0300] "GET /index.php/categoria/2/editorial?page=3 HTTP/1.1" 200 6885 "-" "Mozilla/5.0 (compatible; SemrushBot/7~bl; +http://www.semrush.com/bot.html)"
66.249.64.41 - - [18/Sep/2025:03:19:41 -0300] "GET /item/u97/32201/ HTTP/1.1" 200 19950 "-" "Mozilla/5.0 (Linux; Android 6.0.1; Nexus 5X Build/MMB29P) AppleWebKit/537.36 (KHTML, like Gecko) Chrome/140.0.7339.127 Mobile Safari/537.36 (compatible; Googlebot/2.1; +http://www.google.com/bot.html)"
66.249.64.40 - - [18/Sep/2025:03:19:51 -0300] "GET /item/u258/1260/ HTTP/1.1" 200 19585 "-" "Mozilla/5.0 (Linux; Android 6.0.1; Nexus 5X Build/MMB29P) AppleWebKit/537.36 (KHTML, like Gecko) Chrome/140.0.7339.127 Mobile Safari/537.36 (compatible; GoogleOther)"
66.249.64.41 - - [18/Sep/2025:03:20:53 -0300] "GET /item/u190/21870/ HTTP/1.1" 200 23708 "-" "Mozilla/5.0 (Linux; Android 6.0.1; Nexus 5X Build/MMB29P) AppleWebKit/537.36 (KHTML, like Gecko) Chrome/140.0.7339.127 Mobile Safari/537.36 (compatible; Googlebot/2.1; +http://www.google.com/bot.html)"
66.249.64.41 - - [18/Sep/2025:03:21:06 -0300] "GET /item/u135/8581/ HTTP/1.1" 200 25357 "-" "Mozilla/5.0 (Linux; Android 6.0.1; Nexus 5X Build/MMB29P) AppleWebKit/537.36 (KHTML, like Gecko) Chrome/140.0.7339.127 Mobile Safari/537.36 (compatible; GoogleOther)"
66.249.64.39 - - [18/Sep/2025:03:22:22 -0300] "GET /?g=2334101418363&channel=197e92&from=http://evidenciarevista.com.br/super.htm?item/u188/31816/ HTTP/1.1" 200 19959 "-" "Mozilla/5.0 (Linux; Android 6.0.1; Nexus 5X Build/MMB29P) AppleWebKit/537.36 (KHTML, like Gecko) Chrome/140.0.7339.127 Mobile Safari/537.36 (compatible; GoogleOther)"
66.249.64.40 - - [18/Sep/2025:03:22:31 -0300] "GET /item/u118/38188/ HTTP/1.1" 200 19987 "-" "Mozilla/5.0 (Linux; Android 6.0.1; Nexus 5X Build/MMB29P) AppleWebKit/537.36 (KHTML, like Gecko) Chrome/140.0.7339.127 Mobile Safari/537.36 (compatible; Googlebot/2.1; +http://www.google.com/bot.html)"
66.249.64.39 - - [18/Sep/2025:03:22:39 -0300] "GET /267038884.htm HTTP/1.1" 200 19713 "-" "Mozilla/5.0 (Linux; Android 6.0.1; Nexus 5X Build/MMB29P) AppleWebKit/537.36 (KHTML, like Gecko) Chrome/140.0.7339.127 Mobile Safari/537.36 (compatible; GoogleOther)"
66.249.64.39 - - [18/Sep/2025:03:23:06 -0300] "GET /item/u258/1260/ HTTP/1.1" 200 19516 "-" "Mozilla/5.0 (Linux; Android 6.0.1; Nexus 5X Build/MMB29P) AppleWebKit/537.36 (KHTML, like Gecko) Chrome/140.0.7339.127 Mobile Safari/537.36 (compatible; Googlebot/2.1; +http://www.google.com/bot.html)"
66.249.64.40 - - [18/Sep/2025:03:23:38 -0300] "GET /item/u264/5204/ HTTP/1.1" 200 19670 "-" "Mozilla/5.0 (Linux; Android 6.0.1; Nexus 5X Build/MMB29P) AppleWebKit/537.36 (KHTML, like Gecko) Chrome/140.0.7339.127 Mobile Safari/537.36 (compatible; GoogleOther)"
185.191.171.7 - - [18/Sep/2025:03:23:54 -0300] "GET /posts/85/posse-da-nova-diretoria-da-aci HTTP/1.1" 200 11141 "-" "Mozilla/5.0 (compatible; SemrushBot/7~bl; +http://www.semrush.com/bot.html)"
66.249.64.40 - - [18/Sep/2025:03:24:13 -0300] "GET /item/u201/32043/ HTTP/1.1" 200 19172 "-" "Mozilla/5.0 (Linux; Android 6.0.1; Nexus 5X Build/MMB29P) AppleWebKit/537.36 (KHTML, like Gecko) Chrome/140.0.7339.127 Mobile Safari/537.36 (compatible; Googlebot/2.1; +http://www.google.com/bot.html)"
66.249.64.40 - - [18/Sep/2025:03:24:50 -0300] "GET /item/u169/19383/ HTTP/1.1" 200 19720 "-" "Mozilla/5.0 (Linux; Android 6.0.1; Nexus 5X Build/MMB29P) AppleWebKit/537.36 (KHTML, like Gecko) Chrome/140.0.7339.127 Mobile Safari/537.36 (compatible; Googlebot/2.1; +http://www.google.com/bot.html)"
66.249.64.39 - - [18/Sep/2025:03:24:53 -0300] "GET /item/u17/37261/ HTTP/1.1" 200 20141 "-" "Mozilla/5.0 (Linux; Android 6.0.1; Nexus 5X Build/MMB29P) AppleWebKit/537.36 (KHTML, like Gecko) Chrome/140.0.7339.127 Mobile Safari/537.36 (compatible; GoogleOther)"
66.249.64.39 - - [18/Sep/2025:03:25:49 -0300] "GET /item/u104/12950/ HTTP/1.1" 200 19452 "-" "Mozilla/5.0 (Linux; Android 6.0.1; Nexus 5X Build/MMB29P) AppleWebKit/537.36 (KHTML, like Gecko) Chrome/140.0.7339.127 Mobile Safari/537.36 (compatible; GoogleOther)"
66.249.64.41 - - [18/Sep/2025:03:25:51 -0300] "GET /item/u231/28309/ HTTP/1.1" 200 22884 "-" "Mozilla/5.0 (Linux; Android 6.0.1; Nexus 5X Build/MMB29P) AppleWebKit/537.36 (KHTML, like Gecko) Chrome/140.0.7339.127 Mobile Safari/537.36 (compatible; Googlebot/2.1; +http://www.google.com/bot.html)"
5.39.1.239 - - [18/Sep/2025:03:26:05 -0300] "GET /index.php/categoria/28/comemoracoes HTTP/1.1" 200 6876 "-" "Mozilla/5.0 (compatible; AhrefsBot/7.0; +http://ahrefs.com/robot/)"
204.12.208.18 - - [18/Sep/2025:03:26:42 -0300] "GET /wp-includes/pl04e0fd/edit.php HTTP/1.1" 200 26 "http://evidenciarevista.com.br/wp-includes/pl04e0fd/edit.php" "Mozilla/5.0 (Windows NT 6.1; WOW64) AppleWebKit/535.1 (KHTML, like Gecko) Chrome/14.0.835.202 Safari/535.1"
66.249.64.130 - - [18/Sep/2025:03:27:32 -0300] "GET /index.php/categoria/36/nestle-sao-jose-do-rio-pardo HTTP/1.1" 200 19431 "-" "Mozilla/5.0 (Linux; Android 6.0.1; Nexus 5X Build/MMB29P) AppleWebKit/537.36 (KHTML, like Gecko) Chrome/140.0.7339.127 Mobile Safari/537.36 (compatible; Googlebot/2.1; +http://www.google.com/bot.html)"
85.208.96.211 - - [18/Sep/2025:03:27:35 -0300] "GET /index.php/posts/21/arrependimento HTTP/1.1" 200 9139 "-" "Mozilla/5.0 (compatible; SemrushBot/7~bl; +http://www.semrush.com/bot.html)"
204.12.208.18 - - [18/Sep/2025:03:26:22 -0300] "GET /wp-includes/pl04e0fd/edit.php HTTP/1.1" 200 - "http://evidenciarevista.com.br/wp-includes/pl04e0fd/edit.php" "Mozilla/5.0 (Windows NT 6.1; WOW64; rv:9.0.1) Gecko/20100101 Firefox/9.0.1"
114.119.152.27 - - [18/Sep/2025:03:29:09 -0300] "GET /posts?page=38 HTTP/1.1" 200 8214 "http://www.evidenciarevista.com.br/posts?page=40" "Mozilla/5.0 (Linux; Android 7.0;) AppleWebKit/537.36 (KHTML, like Gecko) Mobile Safari/537.36 (compatible; PetalBot;+https://webmaster.petalsearch.com/site/petalbot)"
66.249.64.40 - - [18/Sep/2025:03:29:12 -0300] "GET /?g=2334101418363&channel=197e92&from=http://evidenciarevista.com.br/super.htm?112017393.htm HTTP/1.1" 200 19778 "-" "Mozilla/5.0 (Linux; Android 6.0.1; Nexus 5X Build/MMB29P) AppleWebKit/537.36 (KHTML, like Gecko) Chrome/140.0.7339.127 Mobile Safari/537.36 (compatible; Googlebot/2.1; +http://www.google.com/bot.html)"
69.197.149.50 - - [18/Sep/2025:03:27:50 -0300] "GET /wp-includes/pl04e0fd/edit.php?id=515416 HTTP/1.1" 200 - "http://evidenciarevista.com.br/wp-includes/pl04e0fd/edit.php?id=515416" "Mozilla/5.0 (Windows NT 10.0; Win64; x64) AppleWebKit/537.36 (KHTML, like Gecko) Chrome/58.0.3029.110 Safari/537.3"
199.203.99.114 - - [18/Sep/2025:03:29:38 -0300] "GET /categoria/28/comemoracoes HTTP/1.1" 200 6872 "-" "Mozilla/5.0 (iPhone; CPU iPhone OS 17_5 like Mac OS X) AppleWebKit/605.1.15 (KHTML, like Gecko) Version/17.5 Mobile/15E148 Safari/604.1"
52.167.144.213 - - [18/Sep/2025:03:29:53 -0300] "GET /index.php/posts/115/a-chegada-do-verao-e-o-aumento-dos-ectoparasitas HTTP/1.1" 200 33 "-" "Mozilla/5.0 AppleWebKit/537.36 (KHTML, like Gecko; compatible; bingbot/2.0; +http://www.bing.com/bingbot.htm) Chrome/116.0.1938.76 Safari/537.36"
66.249.64.41 - - [18/Sep/2025:03:30:09 -0300] "GET /086049773.htm HTTP/1.1" 200 19517 "-" "Mozilla/5.0 (Linux; Android 6.0.1; Nexus 5X Build/MMB29P) AppleWebKit/537.36 (KHTML, like Gecko) Chrome/140.0.7339.127 Mobile Safari/537.36 (compatible; GoogleOther)"
66.249.64.39 - - [18/Sep/2025:03:30:19 -0300] "GET /?g=2334101418363&channel=197e92&from=http://evidenciarevista.com.br/super.htm?item/u16/18084/ HTTP/1.1" 200 23534 "-" "Mozilla/5.0 (Linux; Android 6.0.1; Nexus 5X Build/MMB29P) AppleWebKit/537.36 (KHTML, like Gecko) Chrome/140.0.7339.127 Mobile Safari/537.36 (compatible; Googlebot/2.1; +http://www.google.com/bot.html)"
114.119.138.48 - - [18/Sep/2025:03:30:34 -0300] "GET /index.php/posts/259/escola-de-danca-lais-viana-apresentou-o-espetaculo-a-fabrica-dos-sonhos-link-i HTTP/1.1" 200 16972 "http://www.evidenciarevista.com.br/index.php/colunista/1/marcelo-trinca?page=16" "Mozilla/5.0 (Linux; Android 7.0;) AppleWebKit/537.36 (KHTML, like Gecko) Mobile Safari/537.36 (compatible; PetalBot;+https://webmaster.petalsearch.com/site/petalbot)"
69.197.149.50 - - [18/Sep/2025:03:29:22 -0300] "GET /wp-includes/pl04e0fd/edit.php?id=515416 HTTP/1.1" 200 - "http://evidenciarevista.com.br/wp-includes/pl04e0fd/edit.php?id=515416" "Mozilla/5.0 (Windows NT 10.0; Win64; x64) AppleWebKit/537.36 (KHTML, like Gecko) Chrome/58.0.3029.110 Safari/537.3"
66.249.64.39 - - [18/Sep/2025:03:30:53 -0300] "GET /?g=2334101418363&channel=197e92&from=http://evidenciarevista.com.br/super.htm?048021637.htm HTTP/1.1" 200 19244 "-" "Mozilla/5.0 (Linux; Android 6.0.1; Nexus 5X Build/MMB29P) AppleWebKit/537.36 (KHTML, like Gecko) Chrome/140.0.7339.127 Mobile Safari/537.36 (compatible; Googlebot/2.1; +http://www.google.com/bot.html)"
185.191.171.8 - - [18/Sep/2025:03:31:14 -0300] "GET /posts/267/do-projeto-a-obra HTTP/1.1" 200 10218 "-" "Mozilla/5.0 (compatible; SemrushBot/7~bl; +http://www.semrush.com/bot.html)"
66.249.64.40 - - [18/Sep/2025:03:31:58 -0300] "GET /?g=2334101418363&channel=197e92&from=http://evidenciarevista.com.br/super.htm?172049061.htm HTTP/1.1" 200 19392 "-" "Mozilla/5.0 (Linux; Android 6.0.1; Nexus 5X Build/MMB29P) AppleWebKit/537.36 (KHTML, like Gecko) Chrome/140.0.7339.127 Mobile Safari/537.36 (compatible; Googlebot/2.1; +http://www.google.com/bot.html)"
69.197.149.50 - - [18/Sep/2025:03:30:50 -0300] "GET /wp-includes/pl04e0fd/edit.php?id=515416 HTTP/1.1" 200 - "http://evidenciarevista.com.br/wp-includes/pl04e0fd/edit.php?id=515416" "Mozilla/5.0 (Windows NT 10.0; Win64; x64) AppleWebKit/537.36 (KHTML, like Gecko) Chrome/58.0.3029.110 Safari/537.3"
216.73.216.129 - - [18/Sep/2025:03:32:21 -0300] "GET /colunista/9/lidia-chiconello HTTP/1.1" 200 7533 "-" "Mozilla/5.0 AppleWebKit/537.36 (KHTML, like Gecko; compatible; ClaudeBot/1.0; +claudebot@anthropic.com)"
216.73.216.129 - - [18/Sep/2025:03:32:21 -0300] "GET /search.php HTTP/1.1" 200 20273 "-" "Mozilla/5.0 AppleWebKit/537.36 (KHTML, like Gecko; compatible; ClaudeBot/1.0; +claudebot@anthropic.com)"
66.249.64.39 - - [18/Sep/2025:03:32:33 -0300] "GET /?g=2334101418363&channel=197e92&from=http://evidenciarevista.com.br/super.htm?item/u206/8720/ HTTP/1.1" 200 19547 "-" "Mozilla/5.0 (Linux; Android 6.0.1; Nexus 5X Build/MMB29P) AppleWebKit/537.36 (KHTML, like Gecko) Chrome/140.0.7339.127 Mobile Safari/537.36 (compatible; Googlebot/2.1; +http://www.google.com/bot.html)"
66.249.64.39 - - [18/Sep/2025:03:33:06 -0300] "GET /colunista/13/bruna-biazzo?page=1 HTTP/1.1" 200 19680 "-" "Mozilla/5.0 (Linux; Android 6.0.1; Nexus 5X Build/MMB29P) AppleWebKit/537.36 (KHTML, like Gecko) Chrome/140.0.7339.127 Mobile Safari/537.36 (compatible; Googlebot/2.1; +http://www.google.com/bot.html)"
66.249.64.39 - - [18/Sep/2025:03:33:39 -0300] "GET /?g=2334101418363&channel=197e92&from=http://evidenciarevista.com.br/super.htm?item/u102/26326/ HTTP/1.1" 200 19499 "-" "Mozilla/5.0 (Linux; Android 6.0.1; Nexus 5X Build/MMB29P) AppleWebKit/537.36 (KHTML, like Gecko) Chrome/140.0.7339.127 Mobile Safari/537.36 (compatible; Googlebot/2.1; +http://www.google.com/bot.html)"
51.68.111.215 - - [18/Sep/2025:03:33:42 -0300] "GET /robots.txt HTTP/1.1" 200 137 "-" "Mozilla/5.0 (compatible; MJ12bot/v2.0.4; http://mj12bot.com/)"
51.68.111.215 - - [18/Sep/2025:03:33:42 -0300] "GET / HTTP/1.1" 200 8376 "-" "Mozilla/5.0 (compatible; MJ12bot/v2.0.4; http://mj12bot.com/)"
69.197.149.50 - - [18/Sep/2025:03:32:24 -0300] "GET /wp-includes/pl04e0fd/edit.php?id=515416 HTTP/1.1" 200 - "http://evidenciarevista.com.br/wp-includes/pl04e0fd/edit.php?id=515416" "Mozilla/5.0 (Windows NT 10.0; Win64; x64) AppleWebKit/537.36 (KHTML, like Gecko) Chrome/58.0.3029.110 Safari/537.3"
66.249.64.39 - - [18/Sep/2025:03:33:54 -0300] "GET /004011265.htm HTTP/1.1" 200 19396 "-" "Mozilla/5.0 (Linux; Android 6.0.1; Nexus 5X Build/MMB29P) AppleWebKit/537.36 (KHTML, like Gecko) Chrome/140.0.7339.127 Mobile Safari/537.36 (compatible; GoogleOther)"
35.245.245.37 - - [18/Sep/2025:03:34:08 -0300] "GET / HTTP/1.1" 200 8376 "-" "Mozilla/5.0 (Windows NT 6.2; WOW64) AppleWebKit/537.36 (KHTML, like Gecko) Chrome/33.0.1750.154 Safari/537.36"
66.249.64.39 - - [18/Sep/2025:03:34:12 -0300] "GET /?g=2334101418363&channel=197e92&from=http://evidenciarevista.com.br/super.htm?item/u85/24131/ HTTP/1.1" 200 19465 "-" "Mozilla/5.0 (Linux; Android 6.0.1; Nexus 5X Build/MMB29P) AppleWebKit/537.36 (KHTML, like Gecko) Chrome/140.0.7339.127 Mobile Safari/537.36 (compatible; Googlebot/2.1; +http://www.google.com/bot.html)"
66.249.64.41 - - [18/Sep/2025:03:34:14 -0300] "GET /?g=2334101418363&channel=197e92&from=http://evidenciarevista.com.br/super.htm?188030611.htm HTTP/1.1" 200 19320 "-" "Mozilla/5.0 (Linux; Android 6.0.1; Nexus 5X Build/MMB29P) AppleWebKit/537.36 (KHTML, like Gecko) Chrome/140.0.7339.127 Mobile Safari/537.36 (compatible; Googlebot/2.1; +http://www.google.com/bot.html)"
69.197.149.50 - - [18/Sep/2025:03:33:52 -0300] "GET /wp-includes/pl04e0fd/edit.php?id=515416 HTTP/1.1" 200 - "http://evidenciarevista.com.br/wp-includes/pl04e0fd/edit.php?id=515416" "Mozilla/5.0 (Windows NT 10.0; Win64; x64) AppleWebKit/537.36 (KHTML, like Gecko) Chrome/58.0.3029.110 Safari/537.3"
66.249.64.40 - - [18/Sep/2025:03:35:19 -0300] "GET /?g=2334101418363&channel=197e92&from=http://evidenciarevista.com.br/super.htm?072046629.htm HTTP/1.1" 200 19748 "-" "Mozilla/5.0 (Linux; Android 6.0.1; Nexus 5X Build/MMB29P) AppleWebKit/537.36 (KHTML, like Gecko) Chrome/140.0.7339.127 Mobile Safari/537.36 (compatible; Googlebot/2.1; +http://www.google.com/bot.html)"
54.37.118.66 - - [18/Sep/2025:03:35:38 -0300] "GET /index.php/contato/contato HTTP/1.1" 200 6692 "-" "Mozilla/5.0 (compatible; AhrefsBot/7.0; +http://ahrefs.com/robot/)"
66.249.64.39 - - [18/Sep/2025:03:35:53 -0300] "GET /?g=2334101418363&channel=197e92&from=http://evidenciarevista.com.br/super.htm?292021487.htm HTTP/1.1" 200 19825 "-" "Mozilla/5.0 (Linux; Android 6.0.1; Nexus 5X Build/MMB29P) AppleWebKit/537.36 (KHTML, like Gecko) Chrome/140.0.7339.127 Mobile Safari/537.36 (compatible; Googlebot/2.1; +http://www.google.com/bot.html)"
69.197.149.50 - - [18/Sep/2025:03:35:26 -0300] "GET /wp-includes/pl04e0fd/edit.php?id=515416 HTTP/1.1" 200 - "http://evidenciarevista.com.br/wp-includes/pl04e0fd/edit.php?id=515416" "Mozilla/5.0 (Windows NT 10.0; Win64; x64) AppleWebKit/537.36 (KHTML, like Gecko) Chrome/58.0.3029.110 Safari/537.3"
66.249.64.39 - - [18/Sep/2025:03:37:00 -0300] "GET /?g=2334101418363&channel=197e92&from=http://evidenciarevista.com.br/super.htm?item/u41/27967/ HTTP/1.1" 200 19483 "-" "Mozilla/5.0 (Linux; Android 6.0.1; Nexus 5X Build/MMB29P) AppleWebKit/537.36 (KHTML, like Gecko) Chrome/140.0.7339.127 Mobile Safari/537.36 (compatible; Googlebot/2.1; +http://www.google.com/bot.html)"
66.249.64.40 - - [18/Sep/2025:03:37:36 -0300] "GET /item/u154/48926/ HTTP/1.1" 200 19603 "-" "Mozilla/5.0 (Linux; Android 6.0.1; Nexus 5X Build/MMB29P) AppleWebKit/537.36 (KHTML, like Gecko) Chrome/140.0.7339.127 Mobile Safari/537.36 (compatible; Googlebot/2.1; +http://www.google.com/bot.html)"
216.73.216.129 - - [18/Sep/2025:03:37:50 -0300] "GET /robots.txt HTTP/1.1" 200 137 "-" "Mozilla/5.0 AppleWebKit/537.36 (KHTML, like Gecko; compatible; ClaudeBot/1.0; +claudebot@anthropic.com)"
216.73.216.129 - - [18/Sep/2025:03:37:50 -0300] "GET /revista-online HTTP/1.1" 200 6971 "-" "Mozilla/5.0 AppleWebKit/537.36 (KHTML, like Gecko; compatible; ClaudeBot/1.0; +claudebot@anthropic.com)"
