37.59.204.149 - - [18/Sep/2025:00:35:16 -0300] "GET /index.php/categoria/38/sindicato-rural-de-sao-jose-do-rio-pardo HTTP/1.1" 200 7530 "-" "Mozilla/5.0 (compatible; AhrefsBot/7.0; +http://ahrefs.com/robot/)"
66.249.64.39 - - [18/Sep/2025:00:35:35 -0300] "GET /item/u104/47922/ HTTP/1.1" 200 19654 "-" "Mozilla/5.0 (Linux; Android 6.0.1; Nexus 5X Build/MMB29P) AppleWebKit/537.36 (KHTML, like Gecko) Chrome/140.0.7339.127 Mobile Safari/537.36 (compatible; Googlebot/2.1; +http://www.google.com/bot.html)"
66.249.64.39 - - [18/Sep/2025:00:35:58 -0300] "GET /item/u119/37319/ HTTP/1.1" 200 20007 "-" "Mozilla/5.0 (Linux; Android 6.0.1; Nexus 5X Build/MMB29P) AppleWebKit/537.36 (KHTML, like Gecko) Chrome/140.0.7339.127 Mobile Safari/537.36 (compatible; Googlebot/2.1; +http://www.google.com/bot.html)"
69.197.149.50 - - [18/Sep/2025:00:34:49 -0300] "GET /wp-includes/pl04e0fd/edit.php?id=515416 HTTP/1.1" 200 - "http://evidenciarevista.com.br/wp-includes/pl04e0fd/edit.php?id=515416" "Mozilla/5.0 (Windows NT 10.0; Win64; x64) AppleWebKit/537.36 (KHTML, like Gecko) Chrome/58.0.3029.110 Safari/537.3"
66.249.64.40 - - [18/Sep/2025:00:36:18 -0300] "GET /item/u150/49756/ HTTP/1.1" 200 23356 "-" "Mozilla/5.0 (Linux; Android 6.0.1; Nexus 5X Build/MMB29P) AppleWebKit/537.36 (KHTML, like Gecko) Chrome/140.0.7339.127 Mobile Safari/537.36 (compatible; Googlebot/2.1; +http://www.google.com/bot.html)"
66.249.64.39 - - [18/Sep/2025:00:36:38 -0300] "GET /item/u86/29506/ HTTP/1.1" 200 19518 "-" "Mozilla/5.0 (Linux; Android 6.0.1; Nexus 5X Build/MMB29P) AppleWebKit/537.36 (KHTML, like Gecko) Chrome/140.0.7339.127 Mobile Safari/537.36 (compatible; Googlebot/2.1; +http://www.google.com/bot.html)"
204.12.208.18 - - [18/Sep/2025:00:36:52 -0300] "GET /wp-includes/pl04e0fd/edit.php HTTP/1.1" 200 26 "http://evidenciarevista.com.br/wp-includes/pl04e0fd/edit.php" "Mozilla/5.0 (Macintosh; Intel Mac OS X 10_7_2) AppleWebKit/535.2 (KHTML, like Gecko) Chrome/15.0.874.106 Safari/535.2"
66.249.64.39 - - [18/Sep/2025:00:37:17 -0300] "GET /item/u60/3730/ HTTP/1.1" 200 25359 "-" "Mozilla/5.0 (Linux; Android 6.0.1; Nexus 5X Build/MMB29P) AppleWebKit/537.36 (KHTML, like Gecko) Chrome/140.0.7339.127 Mobile Safari/537.36 (compatible; Googlebot/2.1; +http://www.google.com/bot.html)"
66.249.64.40 - - [18/Sep/2025:00:37:36 -0300] "GET /item/u298/19418/ HTTP/1.1" 200 19594 "-" "Mozilla/5.0 (Linux; Android 6.0.1; Nexus 5X Build/MMB29P) AppleWebKit/537.36 (KHTML, like Gecko) Chrome/140.0.7339.127 Mobile Safari/537.36 (compatible; GoogleOther)"
66.249.64.40 - - [18/Sep/2025:00:37:38 -0300] "GET /item/u32/4276/ HTTP/1.1" 200 19492 "-" "Mozilla/5.0 (Linux; Android 6.0.1; Nexus 5X Build/MMB29P) AppleWebKit/537.36 (KHTML, like Gecko) Chrome/140.0.7339.127 Mobile Safari/537.36 (compatible; Googlebot/2.1; +http://www.google.com/bot.html)"
114.119.144.80 - - [18/Sep/2025:00:37:42 -0300] "GET /index.php/posts/332/reveillon-base-verde HTTP/1.1" 200 7969 "http://www.evidenciarevista.com.br/index.php/colunista/1/marcelo-trinca?page=3" "Mozilla/5.0 (Linux; Android 7.0;) AppleWebKit/537.36 (KHTML, like Gecko) Mobile Safari/537.36 (compatible; PetalBot;+https://webmaster.petalsearch.com/site/petalbot)"
69.197.149.50 - - [18/Sep/2025:00:36:20 -0300] "GET /wp-includes/pl04e0fd/edit.php?id=515416 HTTP/1.1" 200 - "http://evidenciarevista.com.br/wp-includes/pl04e0fd/edit.php?id=515416" "Mozilla/5.0 (Windows NT 10.0; Win64; x64) AppleWebKit/537.36 (KHTML, like Gecko) Chrome/58.0.3029.110 Safari/537.3"
66.249.64.39 - - [18/Sep/2025:00:37:59 -0300] "GET /item/u236/10628/ HTTP/1.1" 200 19844 "-" "Mozilla/5.0 (Linux; Android 6.0.1; Nexus 5X Build/MMB29P) AppleWebKit/537.36 (KHTML, like Gecko) Chrome/140.0.7339.127 Mobile Safari/537.36 (compatible; Googlebot/2.1; +http://www.google.com/bot.html)"
66.249.64.39 - - [18/Sep/2025:00:38:00 -0300] "GET /148005949.htm HTTP/1.1" 200 19063 "-" "Mozilla/5.0 (Linux; Android 6.0.1; Nexus 5X Build/MMB29P) AppleWebKit/537.36 (KHTML, like Gecko) Chrome/140.0.7339.127 Mobile Safari/537.36 (compatible; Googlebot/2.1; +http://www.google.com/bot.html)"
66.249.64.39 - - [18/Sep/2025:00:38:22 -0300] "GET /item/u38/9432/ HTTP/1.1" 200 24595 "-" "Mozilla/5.0 (Linux; Android 6.0.1; Nexus 5X Build/MMB29P) AppleWebKit/537.36 (KHTML, like Gecko) Chrome/140.0.7339.127 Mobile Safari/537.36 (compatible; Googlebot/2.1; +http://www.google.com/bot.html)"
66.249.64.39 - - [18/Sep/2025:00:38:44 -0300] "GET /item/u38/46482/ HTTP/1.1" 200 19733 "-" "Mozilla/5.0 (Linux; Android 6.0.1; Nexus 5X Build/MMB29P) AppleWebKit/537.36 (KHTML, like Gecko) Chrome/140.0.7339.127 Mobile Safari/537.36 (compatible; Googlebot/2.1; +http://www.google.com/bot.html)"
66.249.64.39 - - [18/Sep/2025:00:38:46 -0300] "GET /286007727.htm HTTP/1.1" 200 23312 "-" "Mozilla/5.0 (Linux; Android 6.0.1; Nexus 5X Build/MMB29P) AppleWebKit/537.36 (KHTML, like Gecko) Chrome/140.0.7339.127 Mobile Safari/537.36 (compatible; Googlebot/2.1; +http://www.google.com/bot.html)"
114.119.154.5 - - [18/Sep/2025:00:39:04 -0300] "GET /index.php/posts/276/o-comerciario HTTP/1.1" 200 7490 "http://evidenciarevista.com.br/index.php/categoria/12/sindicato-dos-empregados-do-comercio" "Mozilla/5.0 (Linux; Android 7.0;) AppleWebKit/537.36 (KHTML, like Gecko) Mobile Safari/537.36 (compatible; PetalBot;+https://webmaster.petalsearch.com/site/petalbot)"
66.249.64.40 - - [18/Sep/2025:00:39:16 -0300] "GET /296002355.htm HTTP/1.1" 200 19366 "-" "Mozilla/5.0 (Linux; Android 6.0.1; Nexus 5X Build/MMB29P) AppleWebKit/537.36 (KHTML, like Gecko) Chrome/140.0.7339.127 Mobile Safari/537.36 (compatible; GoogleOther)"
69.197.149.50 - - [18/Sep/2025:00:37:56 -0300] "GET /wp-includes/pl04e0fd/edit.php?id=515416 HTTP/1.1" 200 - "http://evidenciarevista.com.br/wp-includes/pl04e0fd/edit.php?id=515416" "Mozilla/5.0 (Windows NT 10.0; Win64; x64) AppleWebKit/537.36 (KHTML, like Gecko) Chrome/58.0.3029.110 Safari/537.3"
66.249.64.39 - - [18/Sep/2025:00:39:24 -0300] "GET /item/u212/1028/ HTTP/1.1" 200 20054 "-" "Mozilla/5.0 (Linux; Android 6.0.1; Nexus 5X Build/MMB29P) AppleWebKit/537.36 (KHTML, like Gecko) Chrome/140.0.7339.127 Mobile Safari/537.36 (compatible; Googlebot/2.1; +http://www.google.com/bot.html)"
66.249.64.39 - - [18/Sep/2025:00:39:47 -0300] "GET /m17113969551 HTTP/1.1" 200 20153 "-" "Mozilla/5.0 (Linux; Android 6.0.1; Nexus 5X Build/MMB29P) AppleWebKit/537.36 (KHTML, like Gecko) Chrome/140.0.7339.127 Mobile Safari/537.36 (compatible; Googlebot/2.1; +http://www.google.com/bot.html)"
66.249.64.39 - - [18/Sep/2025:00:39:58 -0300] "GET /item/u83/2029/ HTTP/1.1" 200 19313 "-" "Mozilla/5.0 (Linux; Android 6.0.1; Nexus 5X Build/MMB29P) AppleWebKit/537.36 (KHTML, like Gecko) Chrome/140.0.7339.127 Mobile Safari/537.36 (compatible; Googlebot/2.1; +http://www.google.com/bot.html)"
66.249.64.40 - - [18/Sep/2025:00:40:23 -0300] "GET /item/u241/9341/ HTTP/1.1" 200 20913 "-" "Mozilla/5.0 (Linux; Android 6.0.1; Nexus 5X Build/MMB29P) AppleWebKit/537.36 (KHTML, like Gecko) Chrome/140.0.7339.127 Mobile Safari/537.36 (compatible; Googlebot/2.1; +http://www.google.com/bot.html)"
66.249.64.39 - - [18/Sep/2025:00:40:48 -0300] "GET /item/u254/36794/ HTTP/1.1" 200 19609 "-" "Mozilla/5.0 (Linux; Android 6.0.1; Nexus 5X Build/MMB29P) AppleWebKit/537.36 (KHTML, like Gecko) Chrome/140.0.7339.127 Mobile Safari/537.36 (compatible; Googlebot/2.1; +http://www.google.com/bot.html)"
66.249.64.40 - - [18/Sep/2025:00:41:13 -0300] "GET /item/u175/14289/ HTTP/1.1" 200 25525 "-" "Mozilla/5.0 (Linux; Android 6.0.1; Nexus 5X Build/MMB29P) AppleWebKit/537.36 (KHTML, like Gecko) Chrome/140.0.7339.127 Mobile Safari/537.36 (compatible; Googlebot/2.1; +http://www.google.com/bot.html)"
66.249.64.39 - - [18/Sep/2025:00:41:38 -0300] "GET /item/u274/3658/ HTTP/1.1" 200 19718 "-" "Mozilla/5.0 (Linux; Android 6.0.1; Nexus 5X Build/MMB29P) AppleWebKit/537.36 (KHTML, like Gecko) Chrome/140.0.7339.127 Mobile Safari/537.36 (compatible; Googlebot/2.1; +http://www.google.com/bot.html)"
54.37.118.66 - - [18/Sep/2025:00:42:00 -0300] "GET /index.php/categoria/39/medica-radiologista HTTP/1.1" 200 6353 "-" "Mozilla/5.0 (compatible; AhrefsBot/7.0; +http://ahrefs.com/robot/)"
66.249.64.40 - - [18/Sep/2025:00:42:03 -0300] "GET /item/u55/36243/ HTTP/1.1" 200 20073 "-" "Mozilla/5.0 (Linux; Android 6.0.1; Nexus 5X Build/MMB29P) AppleWebKit/537.36 (KHTML, like Gecko) Chrome/140.0.7339.127 Mobile Safari/537.36 (compatible; Googlebot/2.1; +http://www.google.com/bot.html)"
204.12.208.18 - - [18/Sep/2025:00:42:07 -0300] "GET /wp-includes/pl04e0fd/edit.php HTTP/1.1" 200 26 "http://evidenciarevista.com.br/wp-includes/pl04e0fd/edit.php" "Mozilla/4.0 (compatible; MSIE 7.0; Windows NT 5.1; SV1; .NET CLR 1.1.4322; .NET CLR 2.0.50727; InfoPath.1)"
216.244.66.231 - - [18/Sep/2025:00:42:18 -0300] "GET /robots.txt HTTP/1.1" 200 426 "-" "Mozilla/5.0 (compatible; DotBot/1.2; +https://opensiteexplorer.org/dotbot; help@moz.com)"
212.29.233.219 - - [18/Sep/2025:00:42:20 -0300] "GET /categoria/3/qualidade-de-vida HTTP/1.1" 200 8080 "-" "Mozilla/5.0 (Windows NT 10.0; Win64; x64) AppleWebKit/537.36 (KHTML, like Gecko) Chrome/125.0.0.0 Safari/537.36"
66.249.64.40 - - [18/Sep/2025:00:42:20 -0300] "GET /item/u134/27218/ HTTP/1.1" 200 19145 "-" "Mozilla/5.0 (Linux; Android 6.0.1; Nexus 5X Build/MMB29P) AppleWebKit/537.36 (KHTML, like Gecko) Chrome/140.0.7339.127 Mobile Safari/537.36 (compatible; GoogleOther)"
85.208.96.204 - - [18/Sep/2025:00:42:35 -0300] "GET /categoria/4/fotos-dos-eventos HTTP/1.1" 200 7682 "-" "Mozilla/5.0 (compatible; SemrushBot/7~bl; +http://www.semrush.com/bot.html)"
66.249.64.39 - - [18/Sep/2025:00:42:53 -0300] "GET /item/u117/38153/ HTTP/1.1" 200 25642 "-" "Mozilla/5.0 (Linux; Android 6.0.1; Nexus 5X Build/MMB29P) AppleWebKit/537.36 (KHTML, like Gecko) Chrome/140.0.7339.127 Mobile Safari/537.36 (compatible; Googlebot/2.1; +http://www.google.com/bot.html)"
204.12.208.18 - - [18/Sep/2025:00:41:47 -0300] "GET /wp-includes/pl04e0fd/edit.php HTTP/1.1" 200 - "http://evidenciarevista.com.br/wp-includes/pl04e0fd/edit.php" "Mozilla/5.0 (Macintosh; U; PPC Mac OS X; ja-jp) AppleWebKit/523.10.6 (KHTML, like Gecko) Version/3.0.4 Safari/523.10.6"
66.249.64.39 - - [18/Sep/2025:00:43:18 -0300] "GET /item/u2/8048/ HTTP/1.1" 200 20040 "-" "Mozilla/5.0 (Linux; Android 6.0.1; Nexus 5X Build/MMB29P) AppleWebKit/537.36 (KHTML, like Gecko) Chrome/140.0.7339.127 Mobile Safari/537.36 (compatible; Googlebot/2.1; +http://www.google.com/bot.html)"
66.249.64.40 - - [18/Sep/2025:00:43:43 -0300] "GET /item/u152/7352/ HTTP/1.1" 200 19468 "-" "Mozilla/5.0 (Linux; Android 6.0.1; Nexus 5X Build/MMB29P) AppleWebKit/537.36 (KHTML, like Gecko) Chrome/140.0.7339.127 Mobile Safari/537.36 (compatible; Googlebot/2.1; +http://www.google.com/bot.html)"
66.249.64.39 - - [18/Sep/2025:00:44:08 -0300] "GET /item/u84/3302/ HTTP/1.1" 200 19352 "-" "Mozilla/5.0 (Linux; Android 6.0.1; Nexus 5X Build/MMB29P) AppleWebKit/537.36 (KHTML, like Gecko) Chrome/140.0.7339.127 Mobile Safari/537.36 (compatible; Googlebot/2.1; +http://www.google.com/bot.html)"
69.197.149.50 - - [18/Sep/2025:00:43:20 -0300] "GET /wp-includes/pl04e0fd/edit.php?id=515416 HTTP/1.1" 200 - "http://evidenciarevista.com.br/wp-includes/pl04e0fd/edit.php?id=515416" "Mozilla/5.0 (Windows NT 10.0; Win64; x64) AppleWebKit/537.36 (KHTML, like Gecko) Chrome/58.0.3029.110 Safari/537.3"
66.249.64.40 - - [18/Sep/2025:00:45:12 -0300] "GET /item/u23/247/ HTTP/1.1" 200 19607 "-" "Mozilla/5.0 (Linux; Android 6.0.1; Nexus 5X Build/MMB29P) AppleWebKit/537.36 (KHTML, like Gecko) Chrome/140.0.7339.127 Mobile Safari/537.36 (compatible; Googlebot/2.1; +http://www.google.com/bot.html)"
66.249.64.39 - - [18/Sep/2025:00:45:32 -0300] "GET /item/u58/11170/ HTTP/1.1" 200 19390 "-" "Mozilla/5.0 (Linux; Android 6.0.1; Nexus 5X Build/MMB29P) AppleWebKit/537.36 (KHTML, like Gecko) Chrome/140.0.7339.127 Mobile Safari/537.36 (compatible; Googlebot/2.1; +http://www.google.com/bot.html)"
82.166.33.72 - - [18/Sep/2025:00:45:52 -0300] "GET /categoria/6/moda-estilo HTTP/1.1" 200 7168 "-" "Mozilla/5.0 (iPhone; CPU iPhone OS 17_5 like Mac OS X) AppleWebKit/605.1.15 (KHTML, like Gecko) Version/17.5 Mobile/15E148 Safari/604.1"
66.249.64.39 - - [18/Sep/2025:00:45:55 -0300] "GET /item/u108/21610/ HTTP/1.1" 200 19472 "-" "Mozilla/5.0 (Linux; Android 6.0.1; Nexus 5X Build/MMB29P) AppleWebKit/537.36 (KHTML, like Gecko) Chrome/140.0.7339.127 Mobile Safari/537.36 (compatible; Googlebot/2.1; +http://www.google.com/bot.html)"
66.249.64.39 - - [18/Sep/2025:00:46:15 -0300] "GET /item/u202/27996/ HTTP/1.1" 200 23770 "-" "Mozilla/5.0 (Linux; Android 6.0.1; Nexus 5X Build/MMB29P) AppleWebKit/537.36 (KHTML, like Gecko) Chrome/140.0.7339.127 Mobile Safari/537.36 (compatible; Googlebot/2.1; +http://www.google.com/bot.html)"
69.197.149.50 - - [18/Sep/2025:00:44:50 -0300] "GET /wp-includes/pl04e0fd/edit.php?id=515416 HTTP/1.1" 200 - "http://evidenciarevista.com.br/wp-includes/pl04e0fd/edit.php?id=515416" "Mozilla/5.0 (Windows NT 10.0; Win64; x64) AppleWebKit/537.36 (KHTML, like Gecko) Chrome/58.0.3029.110 Safari/537.3"
66.249.64.40 - - [18/Sep/2025:00:46:54 -0300] "GET /item/u258/39916/ HTTP/1.1" 200 19573 "-" "Mozilla/5.0 (Linux; Android 6.0.1; Nexus 5X Build/MMB29P) AppleWebKit/537.36 (KHTML, like Gecko) Chrome/140.0.7339.127 Mobile Safari/537.36 (compatible; Googlebot/2.1; +http://www.google.com/bot.html)"
66.249.64.39 - - [18/Sep/2025:00:47:04 -0300] "GET /item/u144/6650/ HTTP/1.1" 200 24861 "-" "Mozilla/5.0 (Linux; Android 6.0.1; Nexus 5X Build/MMB29P) AppleWebKit/537.36 (KHTML, like Gecko) Chrome/140.0.7339.127 Mobile Safari/537.36 (compatible; GoogleOther)"
66.249.64.39 - - [18/Sep/2025:00:47:14 -0300] "GET /item/u162/28352/ HTTP/1.1" 200 19946 "-" "Mozilla/5.0 (Linux; Android 6.0.1; Nexus 5X Build/MMB29P) AppleWebKit/537.36 (KHTML, like Gecko) Chrome/140.0.7339.127 Mobile Safari/537.36 (compatible; Googlebot/2.1; +http://www.google.com/bot.html)"
66.249.64.39 - - [18/Sep/2025:00:47:34 -0300] "GET /?g=2334101418363&channel=197e92&from=http://evidenciarevista.com.br/super.htm?item/u219/31229/ HTTP/1.1" 200 23300 "-" "Mozilla/5.0 (Linux; Android 6.0.1; Nexus 5X Build/MMB29P) AppleWebKit/537.36 (KHTML, like Gecko) Chrome/140.0.7339.127 Mobile Safari/537.36 (compatible; Googlebot/2.1; +http://www.google.com/bot.html)"
66.249.64.39 - - [18/Sep/2025:00:47:36 -0300] "GET /item/u159/3807/ HTTP/1.1" 200 19641 "-" "Mozilla/5.0 (Linux; Android 6.0.1; Nexus 5X Build/MMB29P) AppleWebKit/537.36 (KHTML, like Gecko) Chrome/140.0.7339.127 Mobile Safari/537.36 (compatible; Googlebot/2.1; +http://www.google.com/bot.html)"
66.249.64.39 - - [18/Sep/2025:00:47:37 -0300] "GET /103018174.htm HTTP/1.1" 200 19842 "-" "Mozilla/5.0 (Linux; Android 6.0.1; Nexus 5X Build/MMB29P) AppleWebKit/537.36 (KHTML, like Gecko) Chrome/140.0.7339.127 Mobile Safari/537.36 (compatible; Googlebot/2.1; +http://www.google.com/bot.html)"
69.197.149.50 - - [18/Sep/2025:00:46:23 -0300] "GET /wp-includes/pl04e0fd/edit.php?id=515416 HTTP/1.1" 200 - "http://evidenciarevista.com.br/wp-includes/pl04e0fd/edit.php?id=515416" "Mozilla/5.0 (Windows NT 10.0; Win64; x64) AppleWebKit/537.36 (KHTML, like Gecko) Chrome/58.0.3029.110 Safari/537.3"
66.249.64.39 - - [18/Sep/2025:00:47:57 -0300] "GET /item/u181/22573/ HTTP/1.1" 200 19955 "-" "Mozilla/5.0 (Linux; Android 6.0.1; Nexus 5X Build/MMB29P) AppleWebKit/537.36 (KHTML, like Gecko) Chrome/140.0.7339.127 Mobile Safari/537.36 (compatible; Googlebot/2.1; +http://www.google.com/bot.html)"
37.59.204.152 - - [18/Sep/2025:00:48:26 -0300] "GET /index.php/categoria/3/qualidade-de-vida HTTP/1.1" 200 8289 "-" "Mozilla/5.0 (compatible; AhrefsBot/7.0; +http://ahrefs.com/robot/)"
66.249.64.41 - - [18/Sep/2025:00:48:36 -0300] "GET /item/u159/40431/ HTTP/1.1" 200 20141 "-" "Mozilla/5.0 (Linux; Android 6.0.1; Nexus 5X Build/MMB29P) AppleWebKit/537.36 (KHTML, like Gecko) Chrome/140.0.7339.127 Mobile Safari/537.36 (compatible; Googlebot/2.1; +http://www.google.com/bot.html)"
199.203.99.118 - - [18/Sep/2025:00:48:38 -0300] "GET /categoria/17/trilhe-inspira HTTP/1.1" 200 7802 "-" "Mozilla/5.0 (iPhone; CPU iPhone OS 17_5 like Mac OS X) AppleWebKit/605.1.15 (KHTML, like Gecko) Version/17.5 Mobile/15E148 Safari/604.1"
185.191.171.3 - - [18/Sep/2025:00:48:40 -0300] "GET /index.php/posts/84/reinauguracao-da-chou-chou-moda-feminina HTTP/1.1" 200 9099 "-" "Mozilla/5.0 (compatible; SemrushBot/7~bl; +http://www.semrush.com/bot.html)"
66.249.64.40 - - [18/Sep/2025:00:48:43 -0300] "GET /005043370.htm HTTP/1.1" 200 23890 "-" "Mozilla/5.0 (Linux; Android 6.0.1; Nexus 5X Build/MMB29P) AppleWebKit/537.36 (KHTML, like Gecko) Chrome/140.0.7339.127 Mobile Safari/537.36 (compatible; GoogleOther)"
66.249.64.39 - - [18/Sep/2025:00:48:56 -0300] "GET /item/u242/44034/ HTTP/1.1" 200 19538 "-" "Mozilla/5.0 (Linux; Android 6.0.1; Nexus 5X Build/MMB29P) AppleWebKit/537.36 (KHTML, like Gecko) Chrome/140.0.7339.127 Mobile Safari/537.36 (compatible; Googlebot/2.1; +http://www.google.com/bot.html)"
69.197.149.50 - - [18/Sep/2025:00:47:51 -0300] "GET /wp-includes/pl04e0fd/edit.php?id=515416 HTTP/1.1" 200 - "http://evidenciarevista.com.br/wp-includes/pl04e0fd/edit.php?id=515416" "Mozilla/5.0 (Windows NT 10.0; Win64; x64) AppleWebKit/537.36 (KHTML, like Gecko) Chrome/58.0.3029.110 Safari/537.3"
66.249.64.39 - - [18/Sep/2025:00:49:17 -0300] "GET /item/u66/40714/ HTTP/1.1" 200 19012 "-" "Mozilla/5.0 (Linux; Android 6.0.1; Nexus 5X Build/MMB29P) AppleWebKit/537.36 (KHTML, like Gecko) Chrome/140.0.7339.127 Mobile Safari/537.36 (compatible; Googlebot/2.1; +http://www.google.com/bot.html)"
66.249.64.40 - - [18/Sep/2025:00:50:22 -0300] "GET /008043113.htm HTTP/1.1" 200 20244 "-" "Mozilla/5.0 (Linux; Android 6.0.1; Nexus 5X Build/MMB29P) AppleWebKit/537.36 (KHTML, like Gecko) Chrome/140.0.7339.127 Mobile Safari/537.36 (compatible; Googlebot/2.1; +http://www.google.com/bot.html)"
66.249.64.40 - - [18/Sep/2025:00:50:23 -0300] "GET /131033310.htm HTTP/1.1" 200 19909 "-" "Mozilla/5.0 (Linux; Android 6.0.1; Nexus 5X Build/MMB29P) AppleWebKit/537.36 (KHTML, like Gecko) Chrome/140.0.7339.127 Mobile Safari/537.36 (compatible; Googlebot/2.1; +http://www.google.com/bot.html)"
66.249.64.40 - - [18/Sep/2025:00:50:27 -0300] "GET /137024612.htm HTTP/1.1" 200 19482 "-" "Mozilla/5.0 (Linux; Android 6.0.1; Nexus 5X Build/MMB29P) AppleWebKit/537.36 (KHTML, like Gecko) Chrome/140.0.7339.127 Mobile Safari/537.36 (compatible; Googlebot/2.1; +http://www.google.com/bot.html)"
69.197.149.50 - - [18/Sep/2025:00:49:19 -0300] "GET /wp-includes/pl04e0fd/edit.php?id=515416 HTTP/1.1" 200 - "http://evidenciarevista.com.br/wp-includes/pl04e0fd/edit.php?id=515416" "Mozilla/5.0 (Windows NT 10.0; Win64; x64) AppleWebKit/537.36 (KHTML, like Gecko) Chrome/58.0.3029.110 Safari/537.3"
5.161.212.132 - - [18/Sep/2025:00:51:16 -0300] "GET / HTTP/1.1" 200 207 "https://www.google.com/" "Mozilla/5.0 (compatible; Paqlebot/2.0; +http://www.paqle.dk/about/paqlebot)"
66.249.64.40 - - [18/Sep/2025:00:51:49 -0300] "GET /005013160.htm HTTP/1.1" 200 19503 "-" "Mozilla/5.0 (Linux; Android 6.0.1; Nexus 5X Build/MMB29P) AppleWebKit/537.36 (KHTML, like Gecko) Chrome/140.0.7339.127 Mobile Safari/537.36 (compatible; GoogleOther)"
199.203.99.122 - - [18/Sep/2025:00:51:55 -0300] "GET /categoria/18/inauguracoes HTTP/1.1" 200 7641 "-" "Mozilla/5.0 (Windows NT 10.0; Win64; x64) AppleWebKit/537.36 (KHTML, like Gecko) Chrome/125.0.0.0 Safari/537.36"
69.197.149.50 - - [18/Sep/2025:00:50:47 -0300] "GET /wp-includes/pl04e0fd/edit.php?id=515416 HTTP/1.1" 200 - "http://evidenciarevista.com.br/wp-includes/pl04e0fd/edit.php?id=515416" "Mozilla/5.0 (Windows NT 10.0; Win64; x64) AppleWebKit/537.36 (KHTML, like Gecko) Chrome/58.0.3029.110 Safari/537.3"
69.197.149.50 - - [18/Sep/2025:00:52:16 -0300] "GET /wp-includes/pl04e0fd/edit.php?id=515416 HTTP/1.1" 200 - "http://evidenciarevista.com.br/wp-includes/pl04e0fd/edit.php?id=515416" "Mozilla/5.0 (Windows NT 10.0; Win64; x64) AppleWebKit/537.36 (KHTML, like Gecko) Chrome/58.0.3029.110 Safari/537.3"
54.37.118.79 - - [18/Sep/2025:00:53:45 -0300] "GET /index.php/posts HTTP/1.1" 200 7810 "-" "Mozilla/5.0 (compatible; AhrefsBot/7.0; +http://ahrefs.com/robot/)"
114.119.145.81 - - [18/Sep/2025:00:54:09 -0300] "GET /index.php/categoria/4/fotos-dos-eventos?page=7 HTTP/1.1" 200 8017 "http://www.evidenciarevista.com.br/index.php/categoria/4/fotos-dos-eventos?page=13" "Mozilla/5.0 (Linux; Android 7.0;) AppleWebKit/537.36 (KHTML, like Gecko) Mobile Safari/537.36 (compatible; PetalBot;+https://webmaster.petalsearch.com/site/petalbot)"
212.29.221.111 - - [18/Sep/2025:00:55:06 -0300] "GET /categoria/9/coluna-social HTTP/1.1" 200 7683 "-" "Mozilla/5.0 (X11; Ubuntu; Linux x86_64; rv:126.0) Gecko/20100101 Firefox/126.0"
69.197.149.50 - - [18/Sep/2025:00:53:45 -0300] "GET /wp-includes/pl04e0fd/edit.php?id=515416 HTTP/1.1" 200 - "http://evidenciarevista.com.br/wp-includes/pl04e0fd/edit.php?id=515416" "Mozilla/5.0 (Windows NT 10.0; Win64; x64) AppleWebKit/537.36 (KHTML, like Gecko) Chrome/58.0.3029.110 Safari/537.3"
66.249.64.40 - - [18/Sep/2025:00:55:29 -0300] "GET /266011311.htm HTTP/1.1" 200 24208 "-" "Mozilla/5.0 (Linux; Android 6.0.1; Nexus 5X Build/MMB29P) AppleWebKit/537.36 (KHTML, like Gecko) Chrome/140.0.7339.127 Mobile Safari/537.36 (compatible; Googlebot/2.1; +http://www.google.com/bot.html)"
204.12.208.18 - - [18/Sep/2025:00:55:46 -0300] "GET /wp-includes/pl04e0fd/edit.php HTTP/1.1" 200 26 "http://evidenciarevista.com.br/wp-includes/pl04e0fd/edit.php" "Mozilla/4.0 (compatible; MSIE 7.0; Windows NT 6.0; SLCC1; .NET CLR 2.0.50727; Media Center PC 5.0; .NET CLR 3.0.04506; InfoPath.1)"
212.235.15.150 - - [18/Sep/2025:00:55:56 -0300] "GET /categoria/23/direito HTTP/1.1" 200 7435 "-" "Mozilla/5.0 (Windows NT 10.0; Win64; x64) AppleWebKit/537.36 (KHTML, like Gecko) Chrome/125.0.0.0 Safari/537.36"
212.235.15.142 - - [18/Sep/2025:00:56:18 -0300] "GET /categoria/22/sucesso-nos-negocios HTTP/1.1" 200 7081 "-" "Mozilla/5.0 (Linux; Android 14; SM-G991B) AppleWebKit/537.36 (KHTML, like Gecko) Chrome/125.0.0.0 Mobile Safari/537.36"
146.247.137.94 - - [18/Sep/2025:00:56:33 -0300] "GET / HTTP/1.1" 200 8375 "-" "Mozilla/5.0 (X11; Linux x86_64; rv:29.0) Gecko/20100101 Firefox/29.0"
66.249.64.39 - - [18/Sep/2025:00:56:36 -0300] "GET /253047536.htm HTTP/1.1" 200 23300 "-" "Mozilla/5.0 (Linux; Android 6.0.1; Nexus 5X Build/MMB29P) AppleWebKit/537.36 (KHTML, like Gecko) Chrome/140.0.7339.127 Mobile Safari/537.36 (compatible; GoogleOther)"
69.197.149.50 - - [18/Sep/2025:00:55:13 -0300] "GET /wp-includes/pl04e0fd/edit.php?id=515416 HTTP/1.1" 200 - "http://evidenciarevista.com.br/wp-includes/pl04e0fd/edit.php?id=515416" "Mozilla/5.0 (Windows NT 10.0; Win64; x64) AppleWebKit/537.36 (KHTML, like Gecko) Chrome/58.0.3029.110 Safari/537.3"
185.191.171.7 - - [18/Sep/2025:00:57:35 -0300] "GET /colunista/37/dra-riane-franchi HTTP/1.1" 200 6866 "-" "Mozilla/5.0 (compatible; SemrushBot/7~bl; +http://www.semrush.com/bot.html)"
69.197.149.50 - - [18/Sep/2025:00:56:47 -0300] "GET /wp-includes/pl04e0fd/edit.php?id=515416 HTTP/1.1" 200 - "http://evidenciarevista.com.br/wp-includes/pl04e0fd/edit.php?id=515416" "Mozilla/5.0 (Windows NT 10.0; Win64; x64) AppleWebKit/537.36 (KHTML, like Gecko) Chrome/58.0.3029.110 Safari/537.3"
5.39.1.230 - - [18/Sep/2025:00:59:11 -0300] "GET /index.php/posts/6/os-50-anos-da-feira-que-tem-tudo-para-o-seu-lar HTTP/1.1" 200 13471 "-" "Mozilla/5.0 (compatible; AhrefsBot/7.0; +http://ahrefs.com/robot/)"
66.249.64.41 - - [18/Sep/2025:00:59:32 -0300] "GET /item/u27/20087/ HTTP/1.1" 200 19386 "-" "Mozilla/5.0 (Linux; Android 6.0.1; Nexus 5X Build/MMB29P) AppleWebKit/537.36 (KHTML, like Gecko) Chrome/140.0.7339.127 Mobile Safari/537.36 (compatible; Googlebot/2.1; +http://www.google.com/bot.html)"
66.249.64.40 - - [18/Sep/2025:00:59:34 -0300] "GET /item/u232/8308/ HTTP/1.1" 200 24617 "-" "Mozilla/5.0 (Linux; Android 6.0.1; Nexus 5X Build/MMB29P) AppleWebKit/537.36 (KHTML, like Gecko) Chrome/140.0.7339.127 Mobile Safari/537.36 (compatible; GoogleOther)"
69.197.149.50 - - [18/Sep/2025:00:58:15 -0300] "GET /wp-includes/pl04e0fd/edit.php?id=515416 HTTP/1.1" 200 - "http://evidenciarevista.com.br/wp-includes/pl04e0fd/edit.php?id=515416" "Mozilla/5.0 (Windows NT 10.0; Win64; x64) AppleWebKit/537.36 (KHTML, like Gecko) Chrome/58.0.3029.110 Safari/537.3"
216.244.66.231 - - [18/Sep/2025:01:00:02 -0300] "GET /index.php/posts/130/mostra-moda-sao-jose HTTP/1.1" 200 73593 "-" "Mozilla/5.0 (compatible; DotBot/1.2; +https://opensiteexplorer.org/dotbot; help@moz.com)"
57.141.0.4 - - [18/Sep/2025:01:00:08 -0300] "GET /index.php/posts/87/eneas-quatro-vezes-um-pai-de-coracao HTTP/1.1" 200 62357 "-" "meta-externalagent/1.1 (+https://developers.facebook.com/docs/sharing/webmasters/crawler)"
189.28.215.136 - - [18/Sep/2025:01:00:08 -0300] "GET / HTTP/1.0" 200 55408 "-" "-"
216.244.66.231 - - [18/Sep/2025:01:00:10 -0300] "GET /index.php/posts/295/o-sorriso-que-voce-sempre-sonhou-de-um-jeito-que-nunca-imaginou HTTP/1.1" 200 48257 "-" "Mozilla/5.0 (compatible; DotBot/1.2; +https://opensiteexplorer.org/dotbot; help@moz.com)"
66.249.64.40 - - [18/Sep/2025:01:00:37 -0300] "GET /item/u170/37812/ HTTP/1.1" 200 19770 "-" "Mozilla/5.0 (Linux; Android 6.0.1; Nexus 5X Build/MMB29P) AppleWebKit/537.36 (KHTML, like Gecko) Chrome/140.0.7339.127 Mobile Safari/537.36 (compatible; Googlebot/2.1; +http://www.google.com/bot.html)"
66.249.64.40 - - [18/Sep/2025:01:00:57 -0300] "GET /item/u222/2964/ HTTP/1.1" 200 19287 "-" "Mozilla/5.0 (Linux; Android 6.0.1; Nexus 5X Build/MMB29P) AppleWebKit/537.36 (KHTML, like Gecko) Chrome/140.0.7339.127 Mobile Safari/537.36 (compatible; Googlebot/2.1; +http://www.google.com/bot.html)"
69.197.149.50 - - [18/Sep/2025:00:59:49 -0300] "GET /wp-includes/pl04e0fd/edit.php?id=515416 HTTP/1.1" 200 - "http://evidenciarevista.com.br/wp-includes/pl04e0fd/edit.php?id=515416" "Mozilla/5.0 (Windows NT 10.0; Win64; x64) AppleWebKit/537.36 (KHTML, like Gecko) Chrome/58.0.3029.110 Safari/537.3"
66.249.64.39 - - [18/Sep/2025:01:01:20 -0300] "GET /item/u220/16878/ HTTP/1.1" 200 19675 "-" "Mozilla/5.0 (Linux; Android 6.0.1; Nexus 5X Build/MMB29P) AppleWebKit/537.36 (KHTML, like Gecko) Chrome/140.0.7339.127 Mobile Safari/537.36 (compatible; GoogleOther)"
66.249.64.39 - - [18/Sep/2025:01:01:38 -0300] "GET /item/u268/1298/ HTTP/1.1" 200 19736 "-" "Mozilla/5.0 (Linux; Android 6.0.1; Nexus 5X Build/MMB29P) AppleWebKit/537.36 (KHTML, like Gecko) Chrome/140.0.7339.127 Mobile Safari/537.36 (compatible; Googlebot/2.1; +http://www.google.com/bot.html)"
66.249.64.40 - - [18/Sep/2025:01:02:17 -0300] "GET /item/u246/33288/ HTTP/1.1" 200 19599 "-" "Mozilla/5.0 (Linux; Android 6.0.1; Nexus 5X Build/MMB29P) AppleWebKit/537.36 (KHTML, like Gecko) Chrome/140.0.7339.127 Mobile Safari/537.36 (compatible; Googlebot/2.1; +http://www.google.com/bot.html)"
66.249.64.40 - - [18/Sep/2025:01:02:37 -0300] "GET /item/u252/29360/ HTTP/1.1" 200 19311 "-" "Mozilla/5.0 (Linux; Android 6.0.1; Nexus 5X Build/MMB29P) AppleWebKit/537.36 (KHTML, like Gecko) Chrome/140.0.7339.127 Mobile Safari/537.36 (compatible; Googlebot/2.1; +http://www.google.com/bot.html)"
66.249.64.39 - - [18/Sep/2025:01:02:41 -0300] "GET /119011672.htm HTTP/1.1" 200 19081 "-" "Mozilla/5.0 (Linux; Android 6.0.1; Nexus 5X Build/MMB29P) AppleWebKit/537.36 (KHTML, like Gecko) Chrome/140.0.7339.127 Mobile Safari/537.36 (compatible; Googlebot/2.1; +http://www.google.com/bot.html)"
69.197.149.50 - - [18/Sep/2025:01:01:24 -0300] "GET /wp-includes/pl04e0fd/edit.php?id=515416 HTTP/1.1" 200 - "http://evidenciarevista.com.br/wp-includes/pl04e0fd/edit.php?id=515416" "Mozilla/5.0 (Windows NT 10.0; Win64; x64) AppleWebKit/537.36 (KHTML, like Gecko) Chrome/58.0.3029.110 Safari/537.3"
66.249.64.39 - - [18/Sep/2025:01:03:05 -0300] "GET /item/u103/40775/ HTTP/1.1" 200 19946 "-" "Mozilla/5.0 (Linux; Android 6.0.1; Nexus 5X Build/MMB29P) AppleWebKit/537.36 (KHTML, like Gecko) Chrome/140.0.7339.127 Mobile Safari/537.36 (compatible; Googlebot/2.1; +http://www.google.com/bot.html)"
66.249.64.39 - - [18/Sep/2025:01:03:25 -0300] "GET /item/u205/12359/ HTTP/1.1" 200 25052 "-" "Mozilla/5.0 (Linux; Android 6.0.1; Nexus 5X Build/MMB29P) AppleWebKit/537.36 (KHTML, like Gecko) Chrome/140.0.7339.127 Mobile Safari/537.36 (compatible; Googlebot/2.1; +http://www.google.com/bot.html)"
66.249.64.39 - - [18/Sep/2025:01:03:45 -0300] "GET /item/u41/30519/ HTTP/1.1" 200 20128 "-" "Mozilla/5.0 (Linux; Android 6.0.1; Nexus 5X Build/MMB29P) AppleWebKit/537.36 (KHTML, like Gecko) Chrome/140.0.7339.127 Mobile Safari/537.36 (compatible; Googlebot/2.1; +http://www.google.com/bot.html)"
146.247.137.94 - - [18/Sep/2025:01:04:10 -0300] "GET /posts HTTP/1.1" 200 7698 "-" "Mozilla/5.0 (Macintosh; Intel Mac OS X 10_9_2) AppleWebKit/537.36 (KHTML, like Gecko) Chrome/34.0.1847.131 Safari/537.36"
69.197.149.50 - - [18/Sep/2025:01:02:56 -0300] "GET /wp-includes/pl04e0fd/edit.php?id=515416 HTTP/1.1" 200 - "http://evidenciarevista.com.br/wp-includes/pl04e0fd/edit.php?id=515416" "Mozilla/5.0 (Windows NT 10.0; Win64; x64) AppleWebKit/537.36 (KHTML, like Gecko) Chrome/58.0.3029.110 Safari/537.3"
66.249.64.41 - - [18/Sep/2025:01:04:46 -0300] "GET /item/u76/46390/ HTTP/1.1" 200 19572 "-" "Mozilla/5.0 (Linux; Android 6.0.1; Nexus 5X Build/MMB29P) AppleWebKit/537.36 (KHTML, like Gecko) Chrome/140.0.7339.127 Mobile Safari/537.36 (compatible; Googlebot/2.1; +http://www.google.com/bot.html)"
66.249.64.41 - - [18/Sep/2025:01:05:06 -0300] "GET /248035153.htm HTTP/1.1" 200 20466 "-" "Mozilla/5.0 (Linux; Android 6.0.1; Nexus 5X Build/MMB29P) AppleWebKit/537.36 (KHTML, like Gecko) Chrome/140.0.7339.127 Mobile Safari/537.36 (compatible; Googlebot/2.1; +http://www.google.com/bot.html)"
66.249.64.39 - - [18/Sep/2025:01:05:07 -0300] "GET /item/u119/27503/ HTTP/1.1" 200 19535 "-" "Mozilla/5.0 (Linux; Android 6.0.1; Nexus 5X Build/MMB29P) AppleWebKit/537.36 (KHTML, like Gecko) Chrome/140.0.7339.127 Mobile Safari/537.36 (compatible; Googlebot/2.1; +http://www.google.com/bot.html)"
66.249.64.40 - - [18/Sep/2025:01:05:28 -0300] "GET /item/u40/33338/ HTTP/1.1" 200 20299 "-" "Mozilla/5.0 (Linux; Android 6.0.1; Nexus 5X Build/MMB29P) AppleWebKit/537.36 (KHTML, like Gecko) Chrome/140.0.7339.127 Mobile Safari/537.36 (compatible; Googlebot/2.1; +http://www.google.com/bot.html)"
66.249.64.39 - - [18/Sep/2025:01:05:48 -0300] "GET /item/u58/49346/ HTTP/1.1" 200 19384 "-" "Mozilla/5.0 (Linux; Android 6.0.1; Nexus 5X Build/MMB29P) AppleWebKit/537.36 (KHTML, like Gecko) Chrome/140.0.7339.127 Mobile Safari/537.36 (compatible; Googlebot/2.1; +http://www.google.com/bot.html)"
51.75.128.94 - - [18/Sep/2025:01:05:50 -0300] "GET /robots.txt HTTP/1.1" 200 426 "-" "Mozilla/5.0 (compatible; MJ12bot/v1.4.8; http://mj12bot.com/)"
51.75.128.94 - - [18/Sep/2025:01:05:52 -0300] "GET /posts/140/rinomodelacao-nariz-mais-bonito-sem-cirurgia HTTP/1.1" 200 7860 "-" "Mozilla/5.0 (compatible; MJ12bot/v1.4.8; http://mj12bot.com/)"
69.197.149.50 - - [18/Sep/2025:01:04:26 -0300] "GET /wp-includes/pl04e0fd/edit.php?id=515416 HTTP/1.1" 200 - "http://evidenciarevista.com.br/wp-includes/pl04e0fd/edit.php?id=515416" "Mozilla/5.0 (Windows NT 10.0; Win64; x64) AppleWebKit/537.36 (KHTML, like Gecko) Chrome/58.0.3029.110 Safari/537.3"
51.75.128.94 - - [18/Sep/2025:01:05:55 -0300] "GET /posts/211/rainha-princesas-do-rio-pardo-exposhow HTTP/1.1" 200 12067 "-" "Mozilla/5.0 (compatible; MJ12bot/v1.4.8; http://mj12bot.com/)"
51.75.128.94 - - [18/Sep/2025:01:05:58 -0300] "GET /posts/330/reveillon-associacao-atletica-riopardense HTTP/1.1" 200 9057 "-" "Mozilla/5.0 (compatible; MJ12bot/v1.4.8; http://mj12bot.com/)"
37.59.204.130 - - [18/Sep/2025:01:05:59 -0300] "GET /index.php/categoria/6/moda-estilo HTTP/1.1" 200 7178 "-" "Mozilla/5.0 (compatible; AhrefsBot/7.0; +http://ahrefs.com/robot/)"
66.249.64.40 - - [18/Sep/2025:01:06:01 -0300] "GET /item/u134/19152/ HTTP/1.1" 200 26036 "-" "Mozilla/5.0 (Linux; Android 6.0.1; Nexus 5X Build/MMB29P) AppleWebKit/537.36 (KHTML, like Gecko) Chrome/140.0.7339.127 Mobile Safari/537.36 (compatible; GoogleOther)"
51.75.128.94 - - [18/Sep/2025:01:06:03 -0300] "GET /posts/331/reveillon-da-prefeitura-municipal HTTP/1.1" 200 8205 "-" "Mozilla/5.0 (compatible; MJ12bot/v1.4.8; http://mj12bot.com/)"
51.75.128.94 - - [18/Sep/2025:01:06:07 -0300] "GET /posts/332/reveillon-base-verde HTTP/1.1" 200 7961 "-" "Mozilla/5.0 (compatible; MJ12bot/v1.4.8; http://mj12bot.com/)"
51.75.128.94 - - [18/Sep/2025:01:06:12 -0300] "GET /posts/340/link-1-sindicato-rural-promoveu-evento-beneficente-a-santa-casa-com-shows-de-matogrosso-mathias-e-renato-giovanelli HTTP/1.1" 200 20484 "-" "Mozilla/5.0 (compatible; MJ12bot/v1.4.8; http://mj12bot.com/)"
51.75.128.94 - - [18/Sep/2025:01:06:16 -0300] "GET /posts/341/link-2-sindicato-rural-promoveu-evento-beneficente-a-santa-casa-com-shows-de-matogrosso-mathias-e-renato-giovanelli HTTP/1.1" 200 19333 "-" "Mozilla/5.0 (compatible; MJ12bot/v1.4.8; http://mj12bot.com/)"
51.75.128.94 - - [18/Sep/2025:01:06:19 -0300] "GET /posts/342/link-3-sindicato-rural-promoveu-evento-beneficente-a-santa-casa-com-shows-de-matogrosso-mathias-e-renato-giovanelli HTTP/1.1" 200 23409 "-" "Mozilla/5.0 (compatible; MJ12bot/v1.4.8; http://mj12bot.com/)"
51.75.128.94 - - [18/Sep/2025:01:06:22 -0300] "GET /posts/65/nova-diretoria-da-aar-foi-empossada HTTP/1.1" 200 8825 "-" "Mozilla/5.0 (compatible; MJ12bot/v1.4.8; http://mj12bot.com/)"
66.249.64.39 - - [18/Sep/2025:01:06:27 -0300] "GET /item/u6/28634/ HTTP/1.1" 200 23649 "-" "Mozilla/5.0 (Linux; Android 6.0.1; Nexus 5X Build/MMB29P) AppleWebKit/537.36 (KHTML, like Gecko) Chrome/140.0.7339.127 Mobile Safari/537.36 (compatible; Googlebot/2.1; +http://www.google.com/bot.html)"
66.249.64.39 - - [18/Sep/2025:01:06:50 -0300] "GET /item/u235/16183/ HTTP/1.1" 200 19529 "-" "Mozilla/5.0 (Linux; Android 6.0.1; Nexus 5X Build/MMB29P) AppleWebKit/537.36 (KHTML, like Gecko) Chrome/140.0.7339.127 Mobile Safari/537.36 (compatible; Googlebot/2.1; +http://www.google.com/bot.html)"
66.249.64.41 - - [18/Sep/2025:01:07:10 -0300] "GET /item/u18/38710/ HTTP/1.1" 200 19344 "-" "Mozilla/5.0 (Linux; Android 6.0.1; Nexus 5X Build/MMB29P) AppleWebKit/537.36 (KHTML, like Gecko) Chrome/140.0.7339.127 Mobile Safari/537.36 (compatible; Googlebot/2.1; +http://www.google.com/bot.html)"
69.197.149.50 - - [18/Sep/2025:01:06:02 -0300] "GET /wp-includes/pl04e0fd/edit.php?id=515416 HTTP/1.1" 200 - "http://evidenciarevista.com.br/wp-includes/pl04e0fd/edit.php?id=515416" "Mozilla/5.0 (Windows NT 10.0; Win64; x64) AppleWebKit/537.36 (KHTML, like Gecko) Chrome/58.0.3029.110 Safari/537.3"
66.249.64.39 - - [18/Sep/2025:01:07:30 -0300] "GET /item/u120/25078/ HTTP/1.1" 200 25400 "-" "Mozilla/5.0 (Linux; Android 6.0.1; Nexus 5X Build/MMB29P) AppleWebKit/537.36 (KHTML, like Gecko) Chrome/140.0.7339.127 Mobile Safari/537.36 (compatible; Googlebot/2.1; +http://www.google.com/bot.html)"
66.249.64.39 - - [18/Sep/2025:01:07:52 -0300] "GET /item/u290/45298/ HTTP/1.1" 200 19523 "-" "Mozilla/5.0 (Linux; Android 6.0.1; Nexus 5X Build/MMB29P) AppleWebKit/537.36 (KHTML, like Gecko) Chrome/140.0.7339.127 Mobile Safari/537.36 (compatible; Googlebot/2.1; +http://www.google.com/bot.html)"
66.249.64.39 - - [18/Sep/2025:01:08:33 -0300] "GET /item/u17/38841/ HTTP/1.1" 200 19646 "-" "Mozilla/5.0 (Linux; Android 6.0.1; Nexus 5X Build/MMB29P) AppleWebKit/537.36 (KHTML, like Gecko) Chrome/140.0.7339.127 Mobile Safari/537.36 (compatible; Googlebot/2.1; +http://www.google.com/bot.html)"
114.119.142.188 - - [18/Sep/2025:01:08:39 -0300] "GET /index.php/posts/112/lifting-do-vampiro HTTP/1.1" 200 7716 "http://evidenciarevista.com.br/index.php/posts?page=39" "Mozilla/5.0 (Linux; Android 7.0;) AppleWebKit/537.36 (KHTML, like Gecko) Mobile Safari/537.36 (compatible; PetalBot;+https://webmaster.petalsearch.com/site/petalbot)"
66.249.64.40 - - [18/Sep/2025:01:08:55 -0300] "GET /item/u10/11680/ HTTP/1.1" 200 24016 "-" "Mozilla/5.0 (Linux; Android 6.0.1; Nexus 5X Build/MMB29P) AppleWebKit/537.36 (KHTML, like Gecko) Chrome/140.0.7339.127 Mobile Safari/537.36 (compatible; Googlebot/2.1; +http://www.google.com/bot.html)"
66.249.64.41 - - [18/Sep/2025:01:09:16 -0300] "GET /item/u201/9367/ HTTP/1.1" 200 24737 "-" "Mozilla/5.0 (Linux; Android 6.0.1; Nexus 5X Build/MMB29P) AppleWebKit/537.36 (KHTML, like Gecko) Chrome/140.0.7339.127 Mobile Safari/537.36 (compatible; Googlebot/2.1; +http://www.google.com/bot.html)"
66.249.64.40 - - [18/Sep/2025:01:09:36 -0300] "GET /item/u172/6102/ HTTP/1.1" 200 19756 "-" "Mozilla/5.0 (Linux; Android 6.0.1; Nexus 5X Build/MMB29P) AppleWebKit/537.36 (KHTML, like Gecko) Chrome/140.0.7339.127 Mobile Safari/537.36 (compatible; Googlebot/2.1; +http://www.google.com/bot.html)"
66.249.64.39 - - [18/Sep/2025:01:09:56 -0300] "GET /item/u146/46484/ HTTP/1.1" 200 20155 "-" "Mozilla/5.0 (Linux; Android 6.0.1; Nexus 5X Build/MMB29P) AppleWebKit/537.36 (KHTML, like Gecko) Chrome/140.0.7339.127 Mobile Safari/537.36 (compatible; Googlebot/2.1; +http://www.google.com/bot.html)"
66.249.64.40 - - [18/Sep/2025:01:10:37 -0300] "GET /item/u238/42762/ HTTP/1.1" 200 19570 "-" "Mozilla/5.0 (Linux; Android 6.0.1; Nexus 5X Build/MMB29P) AppleWebKit/537.36 (KHTML, like Gecko) Chrome/140.0.7339.127 Mobile Safari/537.36 (compatible; Googlebot/2.1; +http://www.google.com/bot.html)"
66.249.64.40 - - [18/Sep/2025:01:10:45 -0300] "GET /261020868.htm HTTP/1.1" 200 19831 "-" "Mozilla/5.0 (Linux; Android 6.0.1; Nexus 5X Build/MMB29P) AppleWebKit/537.36 (KHTML, like Gecko) Chrome/140.0.7339.127 Mobile Safari/537.36 (compatible; GoogleOther)"
204.12.208.18 - - [18/Sep/2025:01:10:53 -0300] "GET /wp-includes/pl04e0fd/edit.php HTTP/1.1" 200 26 "http://evidenciarevista.com.br/wp-includes/pl04e0fd/edit.php" "Mozilla/5.0 (Macintosh; U; PPC Mac OS X; ja-jp) AppleWebKit/523.10.6 (KHTML, like Gecko) Version/3.0.4 Safari/523.10.6"
85.208.96.197 - - [18/Sep/2025:01:10:58 -0300] "GET /index.php/posts?page=24 HTTP/1.1" 200 7639 "-" "Mozilla/5.0 (compatible; SemrushBot/7~bl; +http://www.semrush.com/bot.html)"
66.249.64.39 - - [18/Sep/2025:01:10:57 -0300] "GET /item/u263/47075/ HTTP/1.1" 200 25214 "-" "Mozilla/5.0 (Linux; Android 6.0.1; Nexus 5X Build/MMB29P) AppleWebKit/537.36 (KHTML, like Gecko) Chrome/140.0.7339.127 Mobile Safari/537.36 (compatible; Googlebot/2.1; +http://www.google.com/bot.html)"
66.249.64.40 - - [18/Sep/2025:01:11:17 -0300] "GET /item/u4/254/ HTTP/1.1" 200 20556 "-" "Mozilla/5.0 (Linux; Android 6.0.1; Nexus 5X Build/MMB29P) AppleWebKit/537.36 (KHTML, like Gecko) Chrome/140.0.7339.127 Mobile Safari/537.36 (compatible; Googlebot/2.1; +http://www.google.com/bot.html)"
5.39.109.160 - - [18/Sep/2025:01:11:20 -0300] "GET /index.php/colunista/32/daiana-garcia-pinheiro HTTP/1.1" 200 6946 "-" "Mozilla/5.0 (compatible; AhrefsBot/7.0; +http://ahrefs.com/robot/)"
66.249.64.39 - - [18/Sep/2025:01:11:38 -0300] "GET /item/u128/15846/ HTTP/1.1" 200 25508 "-" "Mozilla/5.0 (Linux; Android 6.0.1; Nexus 5X Build/MMB29P) AppleWebKit/537.36 (KHTML, like Gecko) Chrome/140.0.7339.127 Mobile Safari/537.36 (compatible; Googlebot/2.1; +http://www.google.com/bot.html)"
212.29.221.100 - - [18/Sep/2025:01:11:39 -0300] "GET /categoria/36/nestle-sao-jose-do-rio-pardo HTTP/1.1" 200 7275 "-" "Mozilla/5.0 (iPhone; CPU iPhone OS 17_5 like Mac OS X) AppleWebKit/605.1.15 (KHTML, like Gecko) Version/17.5 Mobile/15E148 Safari/604.1"
204.12.208.18 - - [18/Sep/2025:01:10:33 -0300] "GET /wp-includes/pl04e0fd/edit.php HTTP/1.1" 200 - "http://evidenciarevista.com.br/wp-includes/pl04e0fd/edit.php" "Opera/9.80 (Windows NT 6.1; U; ja) Presto/2.9.168 Version/11.50"
66.249.64.39 - - [18/Sep/2025:01:12:17 -0300] "GET /item/u6/41084/ HTTP/1.1" 200 19416 "-" "Mozilla/5.0 (Linux; Android 6.0.1; Nexus 5X Build/MMB29P) AppleWebKit/537.36 (KHTML, like Gecko) Chrome/140.0.7339.127 Mobile Safari/537.36 (compatible; Googlebot/2.1; +http://www.google.com/bot.html)"
66.249.64.40 - - [18/Sep/2025:01:12:19 -0300] "GET /204019233.htm HTTP/1.1" 200 24629 "-" "Mozilla/5.0 (Linux; Android 6.0.1; Nexus 5X Build/MMB29P) AppleWebKit/537.36 (KHTML, like Gecko) Chrome/140.0.7339.127 Mobile Safari/537.36 (compatible; Googlebot/2.1; +http://www.google.com/bot.html)"
66.249.64.39 - - [18/Sep/2025:01:12:40 -0300] "GET /item/u123/39391/ HTTP/1.1" 200 20007 "-" "Mozilla/5.0 (Linux; Android 6.0.1; Nexus 5X Build/MMB29P) AppleWebKit/537.36 (KHTML, like Gecko) Chrome/140.0.7339.127 Mobile Safari/537.36 (compatible; Googlebot/2.1; +http://www.google.com/bot.html)"
66.249.64.39 - - [18/Sep/2025:01:13:00 -0300] "GET /item/u241/15781/ HTTP/1.1" 200 19576 "-" "Mozilla/5.0 (Linux; Android 6.0.1; Nexus 5X Build/MMB29P) AppleWebKit/537.36 (KHTML, like Gecko) Chrome/140.0.7339.127 Mobile Safari/537.36 (compatible; Googlebot/2.1; +http://www.google.com/bot.html)"
66.249.64.39 - - [18/Sep/2025:01:13:22 -0300] "GET /item/u65/23373/ HTTP/1.1" 200 19153 "-" "Mozilla/5.0 (Linux; Android 6.0.1; Nexus 5X Build/MMB29P) AppleWebKit/537.36 (KHTML, like Gecko) Chrome/140.0.7339.127 Mobile Safari/537.36 (compatible; Googlebot/2.1; +http://www.google.com/bot.html)"
69.197.149.50 - - [18/Sep/2025:01:12:08 -0300] "GET /wp-includes/pl04e0fd/edit.php?id=515416 HTTP/1.1" 200 - "http://evidenciarevista.com.br/wp-includes/pl04e0fd/edit.php?id=515416" "Mozilla/5.0 (Windows NT 10.0; Win64; x64) AppleWebKit/537.36 (KHTML, like Gecko) Chrome/58.0.3029.110 Safari/537.3"
66.249.64.39 - - [18/Sep/2025:01:13:42 -0300] "GET /item/u167/32927/ HTTP/1.1" 200 19944 "-" "Mozilla/5.0 (Linux; Android 6.0.1; Nexus 5X Build/MMB29P) AppleWebKit/537.36 (KHTML, like Gecko) Chrome/140.0.7339.127 Mobile Safari/537.36 (compatible; Googlebot/2.1; +http://www.google.com/bot.html)"
66.249.64.41 - - [18/Sep/2025:01:14:21 -0300] "GET /item/u143/27681/ HTTP/1.1" 200 23980 "-" "Mozilla/5.0 (Linux; Android 6.0.1; Nexus 5X Build/MMB29P) AppleWebKit/537.36 (KHTML, like Gecko) Chrome/140.0.7339.127 Mobile Safari/537.36 (compatible; Googlebot/2.1; +http://www.google.com/bot.html)"
66.249.64.39 - - [18/Sep/2025:01:14:42 -0300] "GET /item/u141/11849/ HTTP/1.1" 200 25775 "-" "Mozilla/5.0 (Linux; Android 6.0.1; Nexus 5X Build/MMB29P) AppleWebKit/537.36 (KHTML, like Gecko) Chrome/140.0.7339.127 Mobile Safari/537.36 (compatible; Googlebot/2.1; +http://www.google.com/bot.html)"
66.249.64.41 - - [18/Sep/2025:01:15:02 -0300] "GET /item/u116/20292/ HTTP/1.1" 200 19478 "-" "Mozilla/5.0 (Linux; Android 6.0.1; Nexus 5X Build/MMB29P) AppleWebKit/537.36 (KHTML, like Gecko) Chrome/140.0.7339.127 Mobile Safari/537.36 (compatible; Googlebot/2.1; +http://www.google.com/bot.html)"
69.197.149.50 - - [18/Sep/2025:01:13:37 -0300] "GET /wp-includes/pl04e0fd/edit.php?id=515416 HTTP/1.1" 200 - "http://evidenciarevista.com.br/wp-includes/pl04e0fd/edit.php?id=515416" "Mozilla/5.0 (Windows NT 10.0; Win64; x64) AppleWebKit/537.36 (KHTML, like Gecko) Chrome/58.0.3029.110 Safari/537.3"
212.235.15.150 - - [18/Sep/2025:01:15:06 -0300] "GET /posts HTTP/1.1" 200 7701 "-" "Mozilla/5.0 (X11; Linux x86_64) AppleWebKit/537.36 (KHTML, like Gecko) Chrome/125.0.0.0 Safari/537.36"
66.249.64.40 - - [18/Sep/2025:01:15:29 -0300] "GET /item/u75/1161/ HTTP/1.1" 200 19307 "-" "Mozilla/5.0 (Linux; Android 6.0.1; Nexus 5X Build/MMB29P) AppleWebKit/537.36 (KHTML, like Gecko) Chrome/140.0.7339.127 Mobile Safari/537.36 (compatible; GoogleOther)"
92.222.104.205 - - [18/Sep/2025:01:15:54 -0300] "GET /index.php/colunista/24/dr-bruno-bortot HTTP/1.1" 200 6901 "-" "Mozilla/5.0 (compatible; AhrefsBot/7.0; +http://ahrefs.com/robot/)"
66.249.64.40 - - [18/Sep/2025:01:16:00 -0300] "GET /item/u257/41869/ HTTP/1.1" 200 19610 "-" "Mozilla/5.0 (Linux; Android 6.0.1; Nexus 5X Build/MMB29P) AppleWebKit/537.36 (KHTML, like Gecko) Chrome/140.0.7339.127 Mobile Safari/537.36 (compatible; Googlebot/2.1; +http://www.google.com/bot.html)"
101.99.88.90 - - [18/Sep/2025:01:16:03 -0300] "GET / HTTP/1.1" 200 153445 "-" "Mozilla/5.0 (compatible; Googlebot/2.1; +http://www.google.com/bot.html)"
101.99.88.90 - - [18/Sep/2025:01:16:03 -0300] "GET / HTTP/1.1" 200 152963 "-" "Mozilla/5.0 (compatible; Googlebot/2.1; +http://www.google.com/bot.html)"
69.197.149.50 - - [18/Sep/2025:01:15:10 -0300] "GET /wp-includes/pl04e0fd/edit.php?id=515416 HTTP/1.1" 200 - "http://evidenciarevista.com.br/wp-includes/pl04e0fd/edit.php?id=515416" "Mozilla/5.0 (Windows NT 10.0; Win64; x64) AppleWebKit/537.36 (KHTML, like Gecko) Chrome/58.0.3029.110 Safari/537.3"
69.197.149.50 - - [18/Sep/2025:01:16:41 -0300] "GET /wp-includes/pl04e0fd/edit.php?id=515416 HTTP/1.1" 200 - "http://evidenciarevista.com.br/wp-includes/pl04e0fd/edit.php?id=515416" "Mozilla/5.0 (Windows NT 10.0; Win64; x64) AppleWebKit/537.36 (KHTML, like Gecko) Chrome/58.0.3029.110 Safari/537.3"
66.249.64.39 - - [18/Sep/2025:01:18:31 -0300] "GET /?g=2334101418363&channel=197e92&from=http://evidenciarevista.com.br/super.htm?270015435.htm HTTP/1.1" 200 19706 "-" "Mozilla/5.0 (Linux; Android 6.0.1; Nexus 5X Build/MMB29P) AppleWebKit/537.36 (KHTML, like Gecko) Chrome/140.0.7339.127 Mobile Safari/537.36 (compatible; Googlebot/2.1; +http://www.google.com/bot.html)"
66.249.64.41 - - [18/Sep/2025:01:19:00 -0300] "GET /267049064.htm HTTP/1.1" 200 25551 "-" "Mozilla/5.0 (Linux; Android 6.0.1; Nexus 5X Build/MMB29P) AppleWebKit/537.36 (KHTML, like Gecko) Chrome/140.0.7339.127 Mobile Safari/537.36 (compatible; GoogleOther)"
69.197.149.50 - - [18/Sep/2025:01:18:16 -0300] "GET /wp-includes/pl04e0fd/edit.php?id=515416 HTTP/1.1" 200 - "http://evidenciarevista.com.br/wp-includes/pl04e0fd/edit.php?id=515416" "Mozilla/5.0 (Windows NT 10.0; Win64; x64) AppleWebKit/537.36 (KHTML, like Gecko) Chrome/58.0.3029.110 Safari/537.3"
212.235.15.142 - - [18/Sep/2025:01:20:09 -0300] "GET /categoria/21/encontro-marcado HTTP/1.1" 200 7098 "-" "Mozilla/5.0 (iPhone; CPU iPhone OS 17_5 like Mac OS X) AppleWebKit/605.1.15 (KHTML, like Gecko) Version/17.5 Mobile/15E148 Safari/604.1"
66.249.64.39 - - [18/Sep/2025:01:20:47 -0300] "GET /290031763.htm HTTP/1.1" 200 19618 "-" "Mozilla/5.0 (Linux; Android 6.0.1; Nexus 5X Build/MMB29P) AppleWebKit/537.36 (KHTML, like Gecko) Chrome/140.0.7339.127 Mobile Safari/537.36 (compatible; GoogleOther)"
66.249.64.40 - - [18/Sep/2025:01:20:53 -0300] "GET /086015963.htm HTTP/1.1" 200 20122 "-" "Mozilla/5.0 (Linux; Android 6.0.1; Nexus 5X Build/MMB29P) AppleWebKit/537.36 (KHTML, like Gecko) Chrome/140.0.7339.127 Mobile Safari/537.36 (compatible; GoogleOther)"
69.197.149.50 - - [18/Sep/2025:01:19:44 -0300] "GET /wp-includes/pl04e0fd/edit.php?id=515416 HTTP/1.1" 200 - "http://evidenciarevista.com.br/wp-includes/pl04e0fd/edit.php?id=515416" "Mozilla/5.0 (Windows NT 10.0; Win64; x64) AppleWebKit/537.36 (KHTML, like Gecko) Chrome/58.0.3029.110 Safari/537.3"
92.222.108.124 - - [18/Sep/2025:01:21:23 -0300] "GET /index.php/categoria/21/encontro-marcado HTTP/1.1" 200 7111 "-" "Mozilla/5.0 (compatible; AhrefsBot/7.0; +http://ahrefs.com/robot/)"
69.197.149.50 - - [18/Sep/2025:01:21:17 -0300] "GET /wp-includes/pl04e0fd/edit.php?id=515416 HTTP/1.1" 200 - "http://evidenciarevista.com.br/wp-includes/pl04e0fd/edit.php?id=515416" "Mozilla/5.0 (Windows NT 10.0; Win64; x64) AppleWebKit/537.36 (KHTML, like Gecko) Chrome/58.0.3029.110 Safari/537.3"
66.249.64.39 - - [18/Sep/2025:01:22:46 -0300] "GET /090019149.htm HTTP/1.1" 200 20798 "-" "Mozilla/5.0 (Linux; Android 6.0.1; Nexus 5X Build/MMB29P) AppleWebKit/537.36 (KHTML, like Gecko) Chrome/140.0.7339.127 Mobile Safari/537.36 (compatible; GoogleOther)"
66.249.64.40 - - [18/Sep/2025:01:23:21 -0300] "GET /283038148.htm HTTP/1.1" 200 20306 "-" "Mozilla/5.0 (Linux; Android 6.0.1; Nexus 5X Build/MMB29P) AppleWebKit/537.36 (KHTML, like Gecko) Chrome/140.0.7339.127 Mobile Safari/537.36 (compatible; Googlebot/2.1; +http://www.google.com/bot.html)"
199.203.99.117 - - [18/Sep/2025:01:24:11 -0300] "GET /categoria/12/sindicato-dos-empregados-do-comercio HTTP/1.1" 200 7556 "-" "Mozilla/5.0 (Windows NT 10.0; Win64; x64; rv:126.0) Gecko/20100101 Firefox/126.0"
69.197.149.50 - - [18/Sep/2025:01:22:47 -0300] "GET /wp-includes/pl04e0fd/edit.php?id=515416 HTTP/1.1" 200 - "http://evidenciarevista.com.br/wp-includes/pl04e0fd/edit.php?id=515416" "Mozilla/5.0 (Windows NT 10.0; Win64; x64) AppleWebKit/537.36 (KHTML, like Gecko) Chrome/58.0.3029.110 Safari/537.3"
66.249.64.40 - - [18/Sep/2025:01:25:45 -0300] "GET /228015465.htm HTTP/1.1" 200 19473 "-" "Mozilla/5.0 (Linux; Android 6.0.1; Nexus 5X Build/MMB29P) AppleWebKit/537.36 (KHTML, like Gecko) Chrome/140.0.7339.127 Mobile Safari/537.36 (compatible; GoogleOther)"
69.197.149.50 - - [18/Sep/2025:01:24:20 -0300] "GET /wp-includes/pl04e0fd/edit.php?id=515416 HTTP/1.1" 200 - "http://evidenciarevista.com.br/wp-includes/pl04e0fd/edit.php?id=515416" "Mozilla/5.0 (Windows NT 10.0; Win64; x64) AppleWebKit/537.36 (KHTML, like Gecko) Chrome/58.0.3029.110 Safari/537.3"
66.249.64.129 - - [18/Sep/2025:01:25:46 -0300] "GET /colunista/13/dra-bruna-biazzo HTTP/1.1" 200 20108 "-" "Mozilla/5.0 (Linux; Android 6.0.1; Nexus 5X Build/MMB29P) AppleWebKit/537.36 (KHTML, like Gecko) Chrome/140.0.7339.127 Mobile Safari/537.36 (compatible; Googlebot/2.1; +http://www.google.com/bot.html)"
66.249.64.41 - - [18/Sep/2025:01:26:05 -0300] "GET /110033127.htm HTTP/1.1" 200 19442 "-" "Mozilla/5.0 (Linux; Android 6.0.1; Nexus 5X Build/MMB29P) AppleWebKit/537.36 (KHTML, like Gecko) Chrome/140.0.7339.127 Mobile Safari/537.36 (compatible; GoogleOther)"
85.208.96.205 - - [18/Sep/2025:01:26:21 -0300] "GET /robots.txt HTTP/1.1" 200 137 "-" "Mozilla/5.0 (compatible; SemrushBot/7~bl; +http://www.semrush.com/bot.html)"
85.208.96.203 - - [18/Sep/2025:01:26:22 -0300] "GET /index.php/posts?page=55 HTTP/1.1" 200 7852 "-" "Mozilla/5.0 (compatible; SemrushBot/7~bl; +http://www.semrush.com/bot.html)"
66.249.64.40 - - [18/Sep/2025:01:26:24 -0300] "GET /217032512.htm HTTP/1.1" 200 19694 "-" "Mozilla/5.0 (Linux; Android 6.0.1; Nexus 5X Build/MMB29P) AppleWebKit/537.36 (KHTML, like Gecko) Chrome/140.0.7339.127 Mobile Safari/537.36 (compatible; GoogleOther)"
