204.12.208.18 - - [18/Sep/2025:01:26:28 -0300] "GET /wp-includes/pl04e0fd/edit.php HTTP/1.1" 200 26 "http://evidenciarevista.com.br/wp-includes/pl04e0fd/edit.php" "Mozilla/5.0 (Macintosh; U; Intel Mac OS X 10_6_2; ja-jp) AppleWebKit/531.21.8 (KHTML, like Gecko) Version/4.0.4 Safari/531.21.10"
94.23.188.208 - - [18/Sep/2025:01:26:43 -0300] "GET /index.php/categoria/25/dicas-de-saude HTTP/1.1" 200 7063 "-" "Mozilla/5.0 (compatible; AhrefsBot/7.0; +http://ahrefs.com/robot/)"
216.244.66.231 - - [18/Sep/2025:01:26:56 -0300] "GET /robots.txt HTTP/1.1" 200 426 "-" "Mozilla/5.0 (compatible; DotBot/1.2; +https://opensiteexplorer.org/dotbot; help@moz.com)"
69.197.149.50 - - [18/Sep/2025:01:25:56 -0300] "GET /wp-includes/pl04e0fd/edit.php?id=515416 HTTP/1.1" 200 - "http://evidenciarevista.com.br/wp-includes/pl04e0fd/edit.php?id=515416" "Mozilla/5.0 (Windows NT 10.0; Win64; x64) AppleWebKit/537.36 (KHTML, like Gecko) Chrome/58.0.3029.110 Safari/537.3"
66.249.64.39 - - [18/Sep/2025:01:27:31 -0300] "GET /243025220.htm HTTP/1.1" 200 19471 "-" "Mozilla/5.0 (Linux; Android 6.0.1; Nexus 5X Build/MMB29P) AppleWebKit/537.36 (KHTML, like Gecko) Chrome/140.0.7339.127 Mobile Safari/537.36 (compatible; Googlebot/2.1; +http://www.google.com/bot.html)"
66.249.64.39 - - [18/Sep/2025:01:28:50 -0300] "GET /item/u156/12606/ HTTP/1.1" 200 19324 "-" "Mozilla/5.0 (Linux; Android 6.0.1; Nexus 5X Build/MMB29P) AppleWebKit/537.36 (KHTML, like Gecko) Chrome/140.0.7339.127 Mobile Safari/537.36 (compatible; GoogleOther)"
69.197.149.50 - - [18/Sep/2025:01:27:31 -0300] "GET /wp-includes/pl04e0fd/edit.php?id=515416 HTTP/1.1" 200 - "http://evidenciarevista.com.br/wp-includes/pl04e0fd/edit.php?id=515416" "Mozilla/5.0 (Windows NT 10.0; Win64; x64) AppleWebKit/537.36 (KHTML, like Gecko) Chrome/58.0.3029.110 Safari/537.3"
146.247.137.94 - - [18/Sep/2025:01:29:00 -0300] "GET / HTTP/1.1" 200 8380 "-" "Mozilla/5.0 (Macintosh; Intel Mac OS X 10_9_2) AppleWebKit/537.36 (KHTML, like Gecko) Chrome/34.0.1847.131 Safari/537.36"
18.224.192.118 - - [18/Sep/2025:01:29:36 -0300] "GET / HTTP/1.1" 200 8377 "-" "Mozilla/5.0 zgrab/0.x"
85.208.96.194 - - [18/Sep/2025:01:29:45 -0300] "GET /index.php/posts/240/cozinha-contemporanea HTTP/1.1" 200 9003 "-" "Mozilla/5.0 (compatible; SemrushBot/7~bl; +http://www.semrush.com/bot.html)"
66.249.64.41 - - [18/Sep/2025:01:30:10 -0300] "GET /291004990.htm HTTP/1.1" 200 19432 "-" "Mozilla/5.0 (Linux; Android 6.0.1; Nexus 5X Build/MMB29P) AppleWebKit/537.36 (KHTML, like Gecko) Chrome/140.0.7339.127 Mobile Safari/537.36 (compatible; GoogleOther)"
69.197.149.50 - - [18/Sep/2025:01:29:16 -0300] "GET /wp-includes/pl04e0fd/edit.php?id=515416 HTTP/1.1" 200 - "http://evidenciarevista.com.br/wp-includes/pl04e0fd/edit.php?id=515416" "Mozilla/5.0 (Windows NT 10.0; Win64; x64) AppleWebKit/537.36 (KHTML, like Gecko) Chrome/58.0.3029.110 Safari/537.3"
176.31.139.1 - - [18/Sep/2025:01:31:24 -0300] "GET /index.php/posts/52/os-3-anos-do-bazar-cresci-e-perdi HTTP/1.1" 200 11927 "-" "Mozilla/5.0 (compatible; AhrefsBot/7.0; +http://ahrefs.com/robot/)"
66.249.64.39 - - [18/Sep/2025:01:31:24 -0300] "GET /item/u7/28697/ HTTP/1.1" 200 19439 "-" "Mozilla/5.0 (Linux; Android 6.0.1; Nexus 5X Build/MMB29P) AppleWebKit/537.36 (KHTML, like Gecko) Chrome/140.0.7339.127 Mobile Safari/537.36 (compatible; Googlebot/2.1; +http://www.google.com/bot.html)"
216.73.216.129 - - [18/Sep/2025:01:31:25 -0300] "GET /robots.txt HTTP/1.1" 200 137 "-" "Mozilla/5.0 AppleWebKit/537.36 (KHTML, like Gecko; compatible; ClaudeBot/1.0; +claudebot@anthropic.com)"
216.73.216.129 - - [18/Sep/2025:01:31:25 -0300] "GET /categoria/36/nestle-sao-jose-do-rio-pardo HTTP/1.1" 200 7278 "-" "Mozilla/5.0 AppleWebKit/537.36 (KHTML, like Gecko; compatible; ClaudeBot/1.0; +claudebot@anthropic.com)"
69.197.149.50 - - [18/Sep/2025:01:31:01 -0300] "GET /wp-includes/pl04e0fd/edit.php?id=515416 HTTP/1.1" 200 - "http://evidenciarevista.com.br/wp-includes/pl04e0fd/edit.php?id=515416" "Mozilla/5.0 (Windows NT 10.0; Win64; x64) AppleWebKit/537.36 (KHTML, like Gecko) Chrome/58.0.3029.110 Safari/537.3"
35.245.245.37 - - [18/Sep/2025:01:33:54 -0300] "GET / HTTP/1.1" 200 8377 "-" "Mozilla/5.0 (Windows NT 6.2; WOW64) AppleWebKit/537.36 (KHTML, like Gecko) Chrome/33.0.1750.154 Safari/537.36"
66.249.64.39 - - [18/Sep/2025:01:33:54 -0300] "GET /083000148.htm HTTP/1.1" 200 19369 "-" "Mozilla/5.0 (Linux; Android 6.0.1; Nexus 5X Build/MMB29P) AppleWebKit/537.36 (KHTML, like Gecko) Chrome/140.0.7339.127 Mobile Safari/537.36 (compatible; GoogleOther)"
69.197.149.50 - - [18/Sep/2025:01:32:36 -0300] "GET /wp-includes/pl04e0fd/edit.php?id=515416 HTTP/1.1" 200 - "http://evidenciarevista.com.br/wp-includes/pl04e0fd/edit.php?id=515416" "Mozilla/5.0 (Windows NT 10.0; Win64; x64) AppleWebKit/537.36 (KHTML, like Gecko) Chrome/58.0.3029.110 Safari/537.3"
199.203.99.118 - - [18/Sep/2025:01:35:08 -0300] "GET /categoria/2/editorial HTTP/1.1" 200 7874 "-" "Mozilla/5.0 (Windows NT 10.0; Win64; x64) AppleWebKit/537.36 (KHTML, like Gecko) Chrome/125.0.0.0 Safari/537.36"
212.29.221.96 - - [18/Sep/2025:01:35:08 -0300] "GET /categoria/20/o-mundo-do-ingles HTTP/1.1" 200 7126 "-" "Mozilla/5.0 (Macintosh; Intel Mac OS X 14_0) AppleWebKit/537.36 (KHTML, like Gecko) Chrome/125.0.0.0 Safari/537.36"
66.249.64.41 - - [18/Sep/2025:01:35:19 -0300] "GET /?g=2334101418363&channel=197e92&from=http://evidenciarevista.com.br/super.htm?item/u260/8838/ HTTP/1.1" 200 19449 "-" "Mozilla/5.0 (Linux; Android 6.0.1; Nexus 5X Build/MMB29P) AppleWebKit/537.36 (KHTML, like Gecko) Chrome/140.0.7339.127 Mobile Safari/537.36 (compatible; Googlebot/2.1; +http://www.google.com/bot.html)"
69.197.149.50 - - [18/Sep/2025:01:34:04 -0300] "GET /wp-includes/pl04e0fd/edit.php?id=515416 HTTP/1.1" 200 - "http://evidenciarevista.com.br/wp-includes/pl04e0fd/edit.php?id=515416" "Mozilla/5.0 (Windows NT 10.0; Win64; x64) AppleWebKit/537.36 (KHTML, like Gecko) Chrome/58.0.3029.110 Safari/537.3"
185.191.171.13 - - [18/Sep/2025:01:36:00 -0300] "GET /categoria/39/medica-radiologista HTTP/1.1" 200 6357 "-" "Mozilla/5.0 (compatible; SemrushBot/7~bl; +http://www.semrush.com/bot.html)"
34.199.252.22 - - [18/Sep/2025:01:36:07 -0300] "GET /robots.txt HTTP/1.1" 200 137 "-" "Mozilla/5.0 AppleWebKit/537.36 (KHTML, like Gecko; compatible; Amazonbot/0.1; +https://developer.amazon.com/support/amazonbot) Chrome/119.0.6045.214 Safari/537.36"
3.90.73.206 - - [18/Sep/2025:01:36:10 -0300] "GET / HTTP/1.1" 200 8520 "-" "Mozilla/5.0 AppleWebKit/537.36 (KHTML, like Gecko; compatible; Amazonbot/0.1; +https://developer.amazon.com/support/amazonbot) Chrome/119.0.6045.214 Safari/537.36"
37.59.204.157 - - [18/Sep/2025:01:36:18 -0300] "GET /index.php/categoria/16/evidencia-pet HTTP/1.1" 200 7019 "-" "Mozilla/5.0 (compatible; AhrefsBot/7.0; +http://ahrefs.com/robot/)"
146.247.137.94 - - [18/Sep/2025:01:36:55 -0300] "GET /posts HTTP/1.1" 200 7698 "-" "Mozilla/5.0 (Macintosh; Intel Mac OS X 10_9_2) AppleWebKit/537.36 (KHTML, like Gecko) Chrome/34.0.1847.131 Safari/537.36"
69.197.149.50 - - [18/Sep/2025:01:35:37 -0300] "GET /wp-includes/pl04e0fd/edit.php?id=515416 HTTP/1.1" 200 - "http://evidenciarevista.com.br/wp-includes/pl04e0fd/edit.php?id=515416" "Mozilla/5.0 (Windows NT 10.0; Win64; x64) AppleWebKit/537.36 (KHTML, like Gecko) Chrome/58.0.3029.110 Safari/537.3"
185.191.171.17 - - [18/Sep/2025:01:37:25 -0300] "GET /index.php/colunista/23/ana-luiza-marcondes-machado-pinheiro HTTP/1.1" 200 7100 "-" "Mozilla/5.0 (compatible; SemrushBot/7~bl; +http://www.semrush.com/bot.html)"
66.249.64.40 - - [18/Sep/2025:01:37:39 -0300] "GET /037043392.htm HTTP/1.1" 200 19481 "-" "Mozilla/5.0 (Linux; Android 6.0.1; Nexus 5X Build/MMB29P) AppleWebKit/537.36 (KHTML, like Gecko) Chrome/140.0.7339.127 Mobile Safari/537.36 (compatible; GoogleOther)"
69.197.149.50 - - [18/Sep/2025:01:37:07 -0300] "GET /wp-includes/pl04e0fd/edit.php?id=515416 HTTP/1.1" 200 - "http://evidenciarevista.com.br/wp-includes/pl04e0fd/edit.php?id=515416" "Mozilla/5.0 (Windows NT 10.0; Win64; x64) AppleWebKit/537.36 (KHTML, like Gecko) Chrome/58.0.3029.110 Safari/537.3"
212.29.233.216 - - [18/Sep/2025:01:38:36 -0300] "GET /categoria/21/encontro-marcado HTTP/1.1" 200 7104 "-" "Mozilla/5.0 (iPad; CPU OS 17_5 like Mac OS X) AppleWebKit/605.1.15 (KHTML, like Gecko) Version/17.5 Mobile/15E148 Safari/604.1"
69.197.149.50 - - [18/Sep/2025:01:38:41 -0300] "GET /wp-includes/pl04e0fd/edit.php?id=515416 HTTP/1.1" 200 - "http://evidenciarevista.com.br/wp-includes/pl04e0fd/edit.php?id=515416" "Mozilla/5.0 (Windows NT 10.0; Win64; x64) AppleWebKit/537.36 (KHTML, like Gecko) Chrome/58.0.3029.110 Safari/537.3"
66.249.64.40 - - [18/Sep/2025:01:41:25 -0300] "GET /049041572.htm HTTP/1.1" 200 19747 "-" "Mozilla/5.0 (Linux; Android 6.0.1; Nexus 5X Build/MMB29P) AppleWebKit/537.36 (KHTML, like Gecko) Chrome/140.0.7339.127 Mobile Safari/537.36 (compatible; GoogleOther)"
54.37.86.225 - - [18/Sep/2025:01:41:31 -0300] "GET /robots.txt HTTP/1.1" 200 426 "-" "Mozilla/5.0 (compatible; MJ12bot/v1.4.8; http://mj12bot.com/)"
54.37.86.225 - - [18/Sep/2025:01:41:32 -0300] "GET /posts/332/reveillon-base-verde HTTP/1.1" 200 7964 "-" "Mozilla/5.0 (compatible; MJ12bot/v1.4.8; http://mj12bot.com/)"
54.37.86.225 - - [18/Sep/2025:01:41:34 -0300] "GET /posts/333/confraternizacao-cresci-e-perdi-2022 HTTP/1.1" 200 14218 "-" "Mozilla/5.0 (compatible; MJ12bot/v1.4.8; http://mj12bot.com/)"
92.222.108.107 - - [18/Sep/2025:01:41:34 -0300] "GET /index.php/categoria/23/direito HTTP/1.1" 200 7436 "-" "Mozilla/5.0 (compatible; AhrefsBot/7.0; +http://ahrefs.com/robot/)"
185.191.171.8 - - [18/Sep/2025:01:41:44 -0300] "GET /posts/224/nem-todo-heroi-usa-capa-e-tema-de-campanha-do-familia-acolhedora HTTP/1.1" 200 9440 "-" "Mozilla/5.0 (compatible; SemrushBot/7~bl; +http://www.semrush.com/bot.html)"
204.12.208.18 - - [18/Sep/2025:01:41:47 -0300] "GET /wp-includes/pl04e0fd/edit.php HTTP/1.1" 200 26 "http://evidenciarevista.com.br/wp-includes/pl04e0fd/edit.php" "Mozilla/5.0 (compatible; MSIE 10.0; Windows NT 6.2; WOW64; Trident/6.0)"
157.55.39.225 - - [18/Sep/2025:01:42:14 -0300] "GET /robots.txt HTTP/1.1" 200 137 "-" "Mozilla/5.0 AppleWebKit/537.36 (KHTML, like Gecko; compatible; bingbot/2.0; +http://www.bing.com/bingbot.htm) Chrome/116.0.1938.76 Safari/537.36"
157.55.39.11 - - [18/Sep/2025:01:42:23 -0300] "GET /colunista/28/jorge-hashimoto HTTP/1.1" 200 33 "-" "Mozilla/5.0 AppleWebKit/537.36 (KHTML, like Gecko; compatible; bingbot/2.0; +http://www.bing.com/bingbot.htm) Chrome/116.0.1938.76 Safari/537.36"
212.29.221.105 - - [18/Sep/2025:01:42:44 -0300] "GET /categoria/6/moda-estilo HTTP/1.1" 200 7168 "-" "Mozilla/5.0 (X11; Ubuntu; Linux x86_64; rv:126.0) Gecko/20100101 Firefox/126.0"
204.12.208.18 - - [18/Sep/2025:01:41:27 -0300] "GET /wp-includes/pl04e0fd/edit.php HTTP/1.1" 200 - "http://evidenciarevista.com.br/wp-includes/pl04e0fd/edit.php" "Mozilla/5.0 (Windows NT 6.1) AppleWebKit/534.24 (KHTML, like Gecko) Chrome/11.0.696.65 Safari/534.24"
69.197.149.50 - - [18/Sep/2025:01:42:58 -0300] "GET /wp-includes/pl04e0fd/edit.php?id=515416 HTTP/1.1" 200 - "http://evidenciarevista.com.br/wp-includes/pl04e0fd/edit.php?id=515416" "Mozilla/5.0 (Windows NT 10.0; Win64; x64) AppleWebKit/537.36 (KHTML, like Gecko) Chrome/58.0.3029.110 Safari/537.3"
114.119.133.232 - - [18/Sep/2025:01:45:00 -0300] "GET /index.php/colunista/17/carolina-machite HTTP/1.1" 200 7352 "http://evidenciarevista.com.br/index.php/posts?page=27" "Mozilla/5.0 (Linux; Android 7.0;) AppleWebKit/537.36 (KHTML, like Gecko) Mobile Safari/537.36 (compatible; PetalBot;+https://webmaster.petalsearch.com/site/petalbot)"
69.197.149.50 - - [18/Sep/2025:01:44:30 -0300] "GET /wp-includes/pl04e0fd/edit.php?id=515416 HTTP/1.1" 200 - "http://evidenciarevista.com.br/wp-includes/pl04e0fd/edit.php?id=515416" "Mozilla/5.0 (Windows NT 10.0; Win64; x64) AppleWebKit/537.36 (KHTML, like Gecko) Chrome/58.0.3029.110 Safari/537.3"
212.29.233.214 - - [18/Sep/2025:01:46:07 -0300] "GET /categoria/24/direito-empresarial HTTP/1.1" 200 6782 "-" "Mozilla/5.0 (Windows NT 10.0; Win64; x64) AppleWebKit/537.36 (KHTML, like Gecko) Chrome/125.0.0.0 Safari/537.36"
216.73.216.129 - - [18/Sep/2025:01:46:21 -0300] "GET /posts/217/dona-terezinha-mae-de-amor-de-fe-e-de-compaixao HTTP/1.1" 200 11579 "-" "Mozilla/5.0 AppleWebKit/537.36 (KHTML, like Gecko; compatible; ClaudeBot/1.0; +claudebot@anthropic.com)"
94.23.188.193 - - [18/Sep/2025:01:46:24 -0300] "GET /index.php/categoria/14/cases-de-sucesso HTTP/1.1" 200 6746 "-" "Mozilla/5.0 (compatible; AhrefsBot/7.0; +http://ahrefs.com/robot/)"
66.249.64.40 - - [18/Sep/2025:01:46:27 -0300] "GET /item/u2/24344/ HTTP/1.1" 200 20006 "-" "Mozilla/5.0 (Linux; Android 6.0.1; Nexus 5X Build/MMB29P) AppleWebKit/537.36 (KHTML, like Gecko) Chrome/140.0.7339.127 Mobile Safari/537.36 (compatible; Googlebot/2.1; +http://www.google.com/bot.html)"
66.249.64.40 - - [18/Sep/2025:01:47:01 -0300] "GET /054004185.htm HTTP/1.1" 200 19527 "-" "Mozilla/5.0 (Linux; Android 6.0.1; Nexus 5X Build/MMB29P) AppleWebKit/537.36 (KHTML, like Gecko) Chrome/140.0.7339.127 Mobile Safari/537.36 (compatible; Googlebot/2.1; +http://www.google.com/bot.html)"
69.197.149.50 - - [18/Sep/2025:01:46:00 -0300] "GET /wp-includes/pl04e0fd/edit.php?id=515416 HTTP/1.1" 200 - "http://evidenciarevista.com.br/wp-includes/pl04e0fd/edit.php?id=515416" "Mozilla/5.0 (Windows NT 10.0; Win64; x64) AppleWebKit/537.36 (KHTML, like Gecko) Chrome/58.0.3029.110 Safari/537.3"
66.249.64.39 - - [18/Sep/2025:01:47:35 -0300] "GET /item/u271/40025/ HTTP/1.1" 200 24163 "-" "Mozilla/5.0 (Linux; Android 6.0.1; Nexus 5X Build/MMB29P) AppleWebKit/537.36 (KHTML, like Gecko) Chrome/140.0.7339.127 Mobile Safari/537.36 (compatible; GoogleOther)"
66.249.64.40 - - [18/Sep/2025:01:47:36 -0300] "GET /item/u169/9141/ HTTP/1.1" 200 19419 "-" "Mozilla/5.0 (Linux; Android 6.0.1; Nexus 5X Build/MMB29P) AppleWebKit/537.36 (KHTML, like Gecko) Chrome/140.0.7339.127 Mobile Safari/537.36 (compatible; Googlebot/2.1; +http://www.google.com/bot.html)"
66.249.64.39 - - [18/Sep/2025:01:48:08 -0300] "GET /200015535.htm HTTP/1.1" 200 19389 "-" "Mozilla/5.0 (Linux; Android 6.0.1; Nexus 5X Build/MMB29P) AppleWebKit/537.36 (KHTML, like Gecko) Chrome/140.0.7339.127 Mobile Safari/537.36 (compatible; GoogleOther)"
66.249.64.131 - - [18/Sep/2025:01:48:14 -0300] "GET /index.php/colunista/24/bruno-bortot HTTP/1.1" 200 19983 "-" "Mozilla/5.0 (Linux; Android 6.0.1; Nexus 5X Build/MMB29P) AppleWebKit/537.36 (KHTML, like Gecko) Chrome/140.0.7339.127 Mobile Safari/537.36 (compatible; Googlebot/2.1; +http://www.google.com/bot.html)"
66.249.64.40 - - [18/Sep/2025:01:48:28 -0300] "GET /item/u185/12577/ HTTP/1.1" 200 19909 "-" "Mozilla/5.0 (Linux; Android 6.0.1; Nexus 5X Build/MMB29P) AppleWebKit/537.36 (KHTML, like Gecko) Chrome/140.0.7339.127 Mobile Safari/537.36 (compatible; GoogleOther)"
216.73.216.129 - - [18/Sep/2025:01:48:32 -0300] "GET / HTTP/1.1" 200 8379 "-" "Mozilla/5.0 AppleWebKit/537.36 (KHTML, like Gecko; compatible; ClaudeBot/1.0; +claudebot@anthropic.com)"
216.73.216.129 - - [18/Sep/2025:01:48:45 -0300] "GET /posts/97/quem-e-maira-gaino-machite HTTP/1.1" 200 8617 "-" "Mozilla/5.0 AppleWebKit/537.36 (KHTML, like Gecko; compatible; ClaudeBot/1.0; +claudebot@anthropic.com)"
66.249.64.39 - - [18/Sep/2025:01:48:55 -0300] "GET /125019338.htm HTTP/1.1" 200 19311 "-" "Mozilla/5.0 (Linux; Android 6.0.1; Nexus 5X Build/MMB29P) AppleWebKit/537.36 (KHTML, like Gecko) Chrome/140.0.7339.127 Mobile Safari/537.36 (compatible; GoogleOther)"
69.197.149.50 - - [18/Sep/2025:01:47:29 -0300] "GET /wp-includes/pl04e0fd/edit.php?id=515416 HTTP/1.1" 200 - "http://evidenciarevista.com.br/wp-includes/pl04e0fd/edit.php?id=515416" "Mozilla/5.0 (Windows NT 10.0; Win64; x64) AppleWebKit/537.36 (KHTML, like Gecko) Chrome/58.0.3029.110 Safari/537.3"
66.249.64.39 - - [18/Sep/2025:01:49:53 -0300] "GET /200015535.htm HTTP/1.1" 200 19393 "-" "Mozilla/5.0 (Linux; Android 6.0.1; Nexus 5X Build/MMB29P) AppleWebKit/537.36 (KHTML, like Gecko) Chrome/140.0.7339.127 Mobile Safari/537.36 (compatible; Googlebot/2.1; +http://www.google.com/bot.html)"
69.197.149.50 - - [18/Sep/2025:01:48:59 -0300] "GET /wp-includes/pl04e0fd/edit.php?id=515416 HTTP/1.1" 200 - "http://evidenciarevista.com.br/wp-includes/pl04e0fd/edit.php?id=515416" "Mozilla/5.0 (Windows NT 10.0; Win64; x64) AppleWebKit/537.36 (KHTML, like Gecko) Chrome/58.0.3029.110 Safari/537.3"
51.68.247.214 - - [18/Sep/2025:01:51:27 -0300] "GET /index.php/categoria/1/noticias HTTP/1.1" 200 8109 "-" "Mozilla/5.0 (compatible; AhrefsBot/7.0; +http://ahrefs.com/robot/)"
5.161.212.132 - - [18/Sep/2025:01:51:26 -0300] "GET / HTTP/1.1" 200 207 "https://www.google.com/" "Mozilla/5.0 (compatible; Paqlebot/2.0; +http://www.paqle.dk/about/paqlebot)"
69.197.149.50 - - [18/Sep/2025:01:50:29 -0300] "GET /wp-includes/pl04e0fd/edit.php?id=515416 HTTP/1.1" 200 - "http://evidenciarevista.com.br/wp-includes/pl04e0fd/edit.php?id=515416" "Mozilla/5.0 (Windows NT 10.0; Win64; x64) AppleWebKit/537.36 (KHTML, like Gecko) Chrome/58.0.3029.110 Safari/537.3"
66.249.64.41 - - [18/Sep/2025:01:52:40 -0300] "GET /139019940.htm HTTP/1.1" 200 19487 "-" "Mozilla/5.0 (Linux; Android 6.0.1; Nexus 5X Build/MMB29P) AppleWebKit/537.36 (KHTML, like Gecko) Chrome/140.0.7339.127 Mobile Safari/537.36 (compatible; GoogleOther)"
107.175.146.219 - - [18/Sep/2025:01:53:35 -0300] "GET /contato/contato HTTP/1.1" 200 6682 "-" "Mozilla/5.0 (Windows NT 10.0; Win64; x64) AppleWebKit/537.36 (KHTML, like Gecko) Chrome/114.0.0.0 Safari/537.36 Edg/114.0.1264.71"
107.175.146.219 - - [18/Sep/2025:01:53:41 -0300] "POST /contato/send HTTP/1.1" 302 203 "http://evidenciarevista.com.br/contato/contato" "Mozilla/5.0 (Windows NT 10.0; Win64; x64) AppleWebKit/537.36 (KHTML, like Gecko) Chrome/114.0.0.0 Safari/537.36 Edg/114.0.1264.71"
107.175.146.219 - - [18/Sep/2025:01:53:42 -0300] "GET /contato/contato HTTP/1.1" 200 6816 "http://evidenciarevista.com.br/contato/send" "Mozilla/5.0 (Windows NT 10.0; Win64; x64) AppleWebKit/537.36 (KHTML, like Gecko) Chrome/114.0.0.0 Safari/537.36 Edg/114.0.1264.71"
66.249.64.130 - - [18/Sep/2025:01:54:16 -0300] "GET /160308900 HTTP/1.1" 200 19810 "-" "Mozilla/5.0 (Linux; Android 6.0.1; Nexus 5X Build/MMB29P) AppleWebKit/537.36 (KHTML, like Gecko) Chrome/140.0.7339.127 Mobile Safari/537.36 (compatible; GoogleOther)"
40.77.167.150 - - [18/Sep/2025:01:55:24 -0300] "GET /?sitemap630.xml HTTP/1.1" 200 33 "-" "Mozilla/5.0 AppleWebKit/537.36 (KHTML, like Gecko; compatible; bingbot/2.0; +http://www.bing.com/bingbot.htm) Chrome/116.0.1938.76 Safari/537.36"
40.77.167.150 - - [18/Sep/2025:01:55:24 -0300] "GET /?sitemapindex.xml HTTP/1.1" 200 33 "-" "Mozilla/5.0 AppleWebKit/537.36 (KHTML, like Gecko; compatible; bingbot/2.0; +http://www.bing.com/bingbot.htm) Chrome/116.0.1938.76 Safari/537.36"
40.77.167.150 - - [18/Sep/2025:01:55:25 -0300] "GET /?sitemap876.xml HTTP/1.1" 200 33 "-" "Mozilla/5.0 AppleWebKit/537.36 (KHTML, like Gecko; compatible; bingbot/2.0; +http://www.bing.com/bingbot.htm) Chrome/116.0.1938.76 Safari/537.36"
157.55.39.13 - - [18/Sep/2025:01:55:26 -0300] "GET /?sitemap169.xml HTTP/1.1" 200 33 "-" "Mozilla/5.0 AppleWebKit/537.36 (KHTML, like Gecko; compatible; bingbot/2.0; +http://www.bing.com/bingbot.htm) Chrome/116.0.1938.76 Safari/537.36"
52.167.144.216 - - [18/Sep/2025:01:55:29 -0300] "GET /?sitemap998.xml HTTP/1.1" 200 33 "-" "Mozilla/5.0 AppleWebKit/537.36 (KHTML, like Gecko; compatible; bingbot/2.0; +http://www.bing.com/bingbot.htm) Chrome/116.0.1938.76 Safari/537.36"
52.167.144.216 - - [18/Sep/2025:01:55:29 -0300] "GET /search.php?sitemap16.xml HTTP/1.1" 200 33 "-" "Mozilla/5.0 AppleWebKit/537.36 (KHTML, like Gecko; compatible; bingbot/2.0; +http://www.bing.com/bingbot.htm) Chrome/116.0.1938.76 Safari/537.36"
52.167.144.216 - - [18/Sep/2025:01:55:30 -0300] "GET /?sitemap298.xml HTTP/1.1" 200 33 "-" "Mozilla/5.0 AppleWebKit/537.36 (KHTML, like Gecko; compatible; bingbot/2.0; +http://www.bing.com/bingbot.htm) Chrome/116.0.1938.76 Safari/537.36"
66.249.64.129 - - [18/Sep/2025:01:55:32 -0300] "GET /491933722 HTTP/1.1" 200 20001 "-" "Mozilla/5.0 (Linux; Android 6.0.1; Nexus 5X Build/MMB29P) AppleWebKit/537.36 (KHTML, like Gecko) Chrome/140.0.7339.127 Mobile Safari/537.36 (compatible; GoogleOther)"
199.203.99.122 - - [18/Sep/2025:01:55:38 -0300] "GET /colunista/10/natalia-tiezzi-manetta HTTP/1.1" 200 7372 "-" "Mozilla/5.0 (Macintosh; Intel Mac OS X 14_0) AppleWebKit/537.36 (KHTML, like Gecko) Chrome/125.0.0.0 Safari/537.36"
37.59.204.147 - - [18/Sep/2025:01:56:13 -0300] "GET /index.php/categoria/13/personalidades HTTP/1.1" 200 7024 "-" "Mozilla/5.0 (compatible; AhrefsBot/7.0; +http://ahrefs.com/robot/)"
204.12.208.18 - - [18/Sep/2025:01:56:28 -0300] "GET /wp-includes/pl04e0fd/edit.php HTTP/1.1" 200 26 "http://evidenciarevista.com.br/wp-includes/pl04e0fd/edit.php" "Mozilla/5.0 (compatible; MSIE 9.0; Windows NT 6.0; Trident/5.0)"
204.12.208.18 - - [18/Sep/2025:01:56:08 -0300] "GET /wp-includes/pl04e0fd/edit.php HTTP/1.1" 200 - "http://evidenciarevista.com.br/wp-includes/pl04e0fd/edit.php" "Mozilla/4.0 (compatible; MSIE 8.0; Windows NT 5.1; Trident/4.0; .NET CLR 2.0.50727; .NET CLR 3.0.04506.30; .NET CLR 3.0.04506.648)"
185.191.171.16 - - [18/Sep/2025:01:57:48 -0300] "GET /posts/2/inauguracao-da-pure-beauty-clinica-de-estetica HTTP/1.1" 200 7695 "-" "Mozilla/5.0 (compatible; SemrushBot/7~bl; +http://www.semrush.com/bot.html)"
185.191.171.19 - - [18/Sep/2025:01:57:54 -0300] "GET /robots.txt HTTP/1.1" 200 137 "-" "Mozilla/5.0 (compatible; SemrushBot/7~bl; +http://www.semrush.com/bot.html)"
85.208.96.202 - - [18/Sep/2025:01:57:54 -0300] "GET /posts/133/dezembro-chegou-2017-se-finda-com-muita-gratidao-da-nossa-evidencia-revista HTTP/1.1" 200 9141 "-" "Mozilla/5.0 (compatible; SemrushBot/7~bl; +http://www.semrush.com/bot.html)"
69.197.149.50 - - [18/Sep/2025:01:57:36 -0300] "GET /wp-includes/pl04e0fd/edit.php?id=515416 HTTP/1.1" 200 - "http://evidenciarevista.com.br/wp-includes/pl04e0fd/edit.php?id=515416" "Mozilla/5.0 (Windows NT 10.0; Win64; x64) AppleWebKit/537.36 (KHTML, like Gecko) Chrome/58.0.3029.110 Safari/537.3"
66.249.64.39 - - [18/Sep/2025:02:00:09 -0300] "GET /061018620.htm HTTP/1.1" 200 19352 "-" "Mozilla/5.0 (Linux; Android 6.0.1; Nexus 5X Build/MMB29P) AppleWebKit/537.36 (KHTML, like Gecko) Chrome/140.0.7339.127 Mobile Safari/537.36 (compatible; GoogleOther)"
69.197.149.50 - - [18/Sep/2025:01:59:09 -0300] "GET /wp-includes/pl04e0fd/edit.php?id=515416 HTTP/1.1" 200 - "http://evidenciarevista.com.br/wp-includes/pl04e0fd/edit.php?id=515416" "Mozilla/5.0 (Windows NT 10.0; Win64; x64) AppleWebKit/537.36 (KHTML, like Gecko) Chrome/58.0.3029.110 Safari/537.3"
37.59.204.145 - - [18/Sep/2025:02:01:08 -0300] "GET /index.php/colunista/30/dra-marina-xavier-pizani HTTP/1.1" 200 6915 "-" "Mozilla/5.0 (compatible; AhrefsBot/7.0; +http://ahrefs.com/robot/)"
146.247.137.94 - - [18/Sep/2025:02:01:26 -0300] "GET / HTTP/1.1" 200 8377 "-" "Mozilla/5.0 (X11; Linux x86_64; rv:29.0) Gecko/20100101 Firefox/29.0"
69.197.149.50 - - [18/Sep/2025:02:00:38 -0300] "GET /wp-includes/pl04e0fd/edit.php?id=515416 HTTP/1.1" 200 - "http://evidenciarevista.com.br/wp-includes/pl04e0fd/edit.php?id=515416" "Mozilla/5.0 (Windows NT 10.0; Win64; x64) AppleWebKit/537.36 (KHTML, like Gecko) Chrome/58.0.3029.110 Safari/537.3"
66.249.64.41 - - [18/Sep/2025:02:02:05 -0300] "GET /item/u136/25424/ HTTP/1.1" 200 19482 "-" "Mozilla/5.0 (Linux; Android 6.0.1; Nexus 5X Build/MMB29P) AppleWebKit/537.36 (KHTML, like Gecko) Chrome/140.0.7339.127 Mobile Safari/537.36 (compatible; Googlebot/2.1; +http://www.google.com/bot.html)"
69.197.149.50 - - [18/Sep/2025:02:02:12 -0300] "GET /wp-includes/pl04e0fd/edit.php?id=515416 HTTP/1.1" 200 - "http://evidenciarevista.com.br/wp-includes/pl04e0fd/edit.php?id=515416" "Mozilla/5.0 (Windows NT 10.0; Win64; x64) AppleWebKit/537.36 (KHTML, like Gecko) Chrome/58.0.3029.110 Safari/537.3"
66.249.64.39 - - [18/Sep/2025:02:03:55 -0300] "GET /067034454.htm HTTP/1.1" 200 19584 "-" "Mozilla/5.0 (Linux; Android 6.0.1; Nexus 5X Build/MMB29P) AppleWebKit/537.36 (KHTML, like Gecko) Chrome/140.0.7339.127 Mobile Safari/537.36 (compatible; GoogleOther)"
66.249.64.40 - - [18/Sep/2025:02:04:19 -0300] "GET /?g=2334101418363&channel=197e92&from=http://evidenciarevista.com.br/super.htm?item/u112/1170/ HTTP/1.1" 200 19505 "-" "Mozilla/5.0 (Linux; Android 6.0.1; Nexus 5X Build/MMB29P) AppleWebKit/537.36 (KHTML, like Gecko) Chrome/140.0.7339.127 Mobile Safari/537.36 (compatible; GoogleOther)"
69.197.149.50 - - [18/Sep/2025:02:03:44 -0300] "GET /wp-includes/pl04e0fd/edit.php?id=515416 HTTP/1.1" 200 - "http://evidenciarevista.com.br/wp-includes/pl04e0fd/edit.php?id=515416" "Mozilla/5.0 (Windows NT 10.0; Win64; x64) AppleWebKit/537.36 (KHTML, like Gecko) Chrome/58.0.3029.110 Safari/537.3"
212.29.221.96 - - [18/Sep/2025:02:06:03 -0300] "GET /colunista/26/dr-rafael-souza HTTP/1.1" 200 6929 "-" "Mozilla/5.0 (iPhone; CPU iPhone OS 17_5 like Mac OS X) AppleWebKit/605.1.15 (KHTML, like Gecko) Version/17.5 Mobile/15E148 Safari/604.1"
92.222.104.201 - - [18/Sep/2025:02:06:30 -0300] "GET /index.php/categoria/29/investimentos HTTP/1.1" 200 6792 "-" "Mozilla/5.0 (compatible; AhrefsBot/7.0; +http://ahrefs.com/robot/)"
69.197.149.50 - - [18/Sep/2025:02:05:17 -0300] "GET /wp-includes/pl04e0fd/edit.php?id=515416 HTTP/1.1" 200 - "http://evidenciarevista.com.br/wp-includes/pl04e0fd/edit.php?id=515416" "Mozilla/5.0 (Windows NT 10.0; Win64; x64) AppleWebKit/537.36 (KHTML, like Gecko) Chrome/58.0.3029.110 Safari/537.3"
66.249.64.39 - - [18/Sep/2025:02:07:40 -0300] "GET /042025959.htm HTTP/1.1" 200 20160 "-" "Mozilla/5.0 (Linux; Android 6.0.1; Nexus 5X Build/MMB29P) AppleWebKit/537.36 (KHTML, like Gecko) Chrome/140.0.7339.127 Mobile Safari/537.36 (compatible; GoogleOther)"
66.249.64.40 - - [18/Sep/2025:02:07:48 -0300] "GET /?g=2334101418363&channel=197e92&from=http://evidenciarevista.com.br/super.htm?233017086.htm HTTP/1.1" 200 19123 "-" "Mozilla/5.0 (Linux; Android 6.0.1; Nexus 5X Build/MMB29P) AppleWebKit/537.36 (KHTML, like Gecko) Chrome/140.0.7339.127 Mobile Safari/537.36 (compatible; Googlebot/2.1; +http://www.google.com/bot.html)"
69.197.149.50 - - [18/Sep/2025:02:06:47 -0300] "GET /wp-includes/pl04e0fd/edit.php?id=515416 HTTP/1.1" 200 - "http://evidenciarevista.com.br/wp-includes/pl04e0fd/edit.php?id=515416" "Mozilla/5.0 (Windows NT 10.0; Win64; x64) AppleWebKit/537.36 (KHTML, like Gecko) Chrome/58.0.3029.110 Safari/537.3"
146.247.137.94 - - [18/Sep/2025:02:09:39 -0300] "GET /posts HTTP/1.1" 200 7698 "-" "Mozilla/5.0 (Windows NT 6.1; WOW64; rv:29.0) Gecko/20100101 Firefox/29.0"
69.197.149.50 - - [18/Sep/2025:02:08:21 -0300] "GET /wp-includes/pl04e0fd/edit.php?id=515416 HTTP/1.1" 200 - "http://evidenciarevista.com.br/wp-includes/pl04e0fd/edit.php?id=515416" "Mozilla/5.0 (Windows NT 10.0; Win64; x64) AppleWebKit/537.36 (KHTML, like Gecko) Chrome/58.0.3029.110 Safari/537.3"
216.244.66.231 - - [18/Sep/2025:02:10:59 -0300] "GET /robots.txt HTTP/1.1" 200 426 "-" "Mozilla/5.0 (compatible; DotBot/1.2; +https://opensiteexplorer.org/dotbot; help@moz.com)"
66.249.64.41 - - [18/Sep/2025:02:11:25 -0300] "GET /175045528.htm HTTP/1.1" 200 19502 "-" "Mozilla/5.0 (Linux; Android 6.0.1; Nexus 5X Build/MMB29P) AppleWebKit/537.36 (KHTML, like Gecko) Chrome/140.0.7339.127 Mobile Safari/537.36 (compatible; GoogleOther)"
69.197.149.50 - - [18/Sep/2025:02:10:05 -0300] "GET /wp-includes/pl04e0fd/edit.php?id=515416 HTTP/1.1" 200 - "http://evidenciarevista.com.br/wp-includes/pl04e0fd/edit.php?id=515416" "Mozilla/5.0 (Windows NT 10.0; Win64; x64) AppleWebKit/537.36 (KHTML, like Gecko) Chrome/58.0.3029.110 Safari/537.3"
204.12.208.18 - - [18/Sep/2025:02:11:48 -0300] "GET /wp-includes/pl04e0fd/edit.php HTTP/1.1" 200 26 "http://evidenciarevista.com.br/wp-includes/pl04e0fd/edit.php" "Mozilla/5.0 (compatible; MSIE 10.0; Windows NT 6.1; Trident/6.0)"
69.197.149.50 - - [18/Sep/2025:02:11:35 -0300] "GET /wp-includes/pl04e0fd/edit.php?id=515416 HTTP/1.1" 200 - "http://evidenciarevista.com.br/wp-includes/pl04e0fd/edit.php?id=515416" "Mozilla/5.0 (Windows NT 10.0; Win64; x64) AppleWebKit/537.36 (KHTML, like Gecko) Chrome/58.0.3029.110 Safari/537.3"
51.68.247.221 - - [18/Sep/2025:02:13:21 -0300] "GET /search.php?sitemap16.xml HTTP/1.1" 200 33 "-" "Mozilla/5.0 (compatible; AhrefsBot/7.0; +http://ahrefs.com/robot/)"
69.197.149.50 - - [18/Sep/2025:02:13:03 -0300] "GET /wp-includes/pl04e0fd/edit.php?id=515416 HTTP/1.1" 200 - "http://evidenciarevista.com.br/wp-includes/pl04e0fd/edit.php?id=515416" "Mozilla/5.0 (Windows NT 10.0; Win64; x64) AppleWebKit/537.36 (KHTML, like Gecko) Chrome/58.0.3029.110 Safari/537.3"
114.119.144.80 - - [18/Sep/2025:02:14:39 -0300] "GET /index.php/categoria/10/mulheres-maduras HTTP/1.1" 200 7729 "http://www.evidenciarevista.com.br/index.php/colunista/1/marcelo-trinca?page=7" "Mozilla/5.0 (Linux; Android 7.0;) AppleWebKit/537.36 (KHTML, like Gecko) Mobile Safari/537.36 (compatible; PetalBot;+https://webmaster.petalsearch.com/site/petalbot)"
66.249.64.40 - - [18/Sep/2025:02:15:10 -0300] "GET /231002682.htm HTTP/1.1" 200 19791 "-" "Mozilla/5.0 (Linux; Android 6.0.1; Nexus 5X Build/MMB29P) AppleWebKit/537.36 (KHTML, like Gecko) Chrome/140.0.7339.127 Mobile Safari/537.36 (compatible; GoogleOther)"
66.249.64.40 - - [18/Sep/2025:02:15:44 -0300] "GET /?g=2334101418363&channel=197e92&from=http://evidenciarevista.com.br/super.htm?item/u153/1621/ HTTP/1.1" 200 19600 "-" "Mozilla/5.0 (Linux; Android 6.0.1; Nexus 5X Build/MMB29P) AppleWebKit/537.36 (KHTML, like Gecko) Chrome/140.0.7339.127 Mobile Safari/537.36 (compatible; Googlebot/2.1; +http://www.google.com/bot.html)"
69.197.149.50 - - [18/Sep/2025:02:14:38 -0300] "GET /wp-includes/pl04e0fd/edit.php?id=515416 HTTP/1.1" 200 - "http://evidenciarevista.com.br/wp-includes/pl04e0fd/edit.php?id=515416" "Mozilla/5.0 (Windows NT 10.0; Win64; x64) AppleWebKit/537.36 (KHTML, like Gecko) Chrome/58.0.3029.110 Safari/537.3"
66.249.64.39 - - [18/Sep/2025:02:17:28 -0300] "GET /item/u234/18378/ HTTP/1.1" 200 20556 "-" "Mozilla/5.0 (Linux; Android 6.0.1; Nexus 5X Build/MMB29P) AppleWebKit/537.36 (KHTML, like Gecko) Chrome/140.0.7339.127 Mobile Safari/537.36 (compatible; Googlebot/2.1; +http://www.google.com/bot.html)"
69.197.149.50 - - [18/Sep/2025:02:16:22 -0300] "GET /wp-includes/pl04e0fd/edit.php?id=515416 HTTP/1.1" 200 - "http://evidenciarevista.com.br/wp-includes/pl04e0fd/edit.php?id=515416" "Mozilla/5.0 (Windows NT 10.0; Win64; x64) AppleWebKit/537.36 (KHTML, like Gecko) Chrome/58.0.3029.110 Safari/537.3"
199.203.99.122 - - [18/Sep/2025:02:17:56 -0300] "GET /colunista/2/dr-bruno-souza HTTP/1.1" 200 7596 "-" "Mozilla/5.0 (Windows NT 10.0; Win64; x64; rv:126.0) Gecko/20100101 Firefox/126.0"
216.244.66.231 - - [18/Sep/2025:02:18:56 -0300] "GET /colunista/33/dr-roger-ibrahim-franchi-cury HTTP/1.1" 200 50705 "-" "Mozilla/5.0 (compatible; DotBot/1.2; +https://opensiteexplorer.org/dotbot; help@moz.com)"
66.249.64.39 - - [18/Sep/2025:02:18:55 -0300] "GET /118042653.htm HTTP/1.1" 200 20240 "-" "Mozilla/5.0 (Linux; Android 6.0.1; Nexus 5X Build/MMB29P) AppleWebKit/537.36 (KHTML, like Gecko) Chrome/140.0.7339.127 Mobile Safari/537.36 (compatible; GoogleOther)"
69.197.149.50 - - [18/Sep/2025:02:17:58 -0300] "GET /wp-includes/pl04e0fd/edit.php?id=515416 HTTP/1.1" 200 - "http://evidenciarevista.com.br/wp-includes/pl04e0fd/edit.php?id=515416" "Mozilla/5.0 (Windows NT 10.0; Win64; x64) AppleWebKit/537.36 (KHTML, like Gecko) Chrome/58.0.3029.110 Safari/537.3"
66.249.64.40 - - [18/Sep/2025:02:19:26 -0300] "GET /item/u191/5603/ HTTP/1.1" 200 19514 "-" "Mozilla/5.0 (Linux; Android 6.0.1; Nexus 5X Build/MMB29P) AppleWebKit/537.36 (KHTML, like Gecko) Chrome/140.0.7339.127 Mobile Safari/537.36 (compatible; GoogleOther)"
173.252.83.15 - - [18/Sep/2025:02:20:43 -0300] "GET /robots.txt HTTP/1.1" 206 426 "-" "facebookexternalhit/1.1 (+http://www.facebook.com/externalhit_uatext.php)"
69.197.149.50 - - [18/Sep/2025:02:19:27 -0300] "GET /wp-includes/pl04e0fd/edit.php?id=515416 HTTP/1.1" 200 - "http://evidenciarevista.com.br/wp-includes/pl04e0fd/edit.php?id=515416" "Mozilla/5.0 (Windows NT 10.0; Win64; x64) AppleWebKit/537.36 (KHTML, like Gecko) Chrome/58.0.3029.110 Safari/537.3"
57.141.0.36 - - [18/Sep/2025:02:21:50 -0300] "GET /index.php/posts/163/arvelino-busso-90-anos-de-vitalidade-amor-a-familia-e-paixao-a-carpintaria HTTP/1.1" 200 60524 "-" "meta-externalagent/1.1 (+https://developers.facebook.com/docs/sharing/webmasters/crawler)"
216.73.216.129 - - [18/Sep/2025:02:21:55 -0300] "GET / HTTP/1.1" 200 8378 "-" "Mozilla/5.0 AppleWebKit/537.36 (KHTML, like Gecko; compatible; ClaudeBot/1.0; +claudebot@anthropic.com)"
66.249.64.40 - - [18/Sep/2025:02:21:58 -0300] "GET /item/u121/41153/ HTTP/1.1" 200 24899 "-" "Mozilla/5.0 (Linux; Android 6.0.1; Nexus 5X Build/MMB29P) AppleWebKit/537.36 (KHTML, like Gecko) Chrome/140.0.7339.127 Mobile Safari/537.36 (compatible; GoogleOther)"
66.249.64.40 - - [18/Sep/2025:02:22:39 -0300] "GET /122041669.htm HTTP/1.1" 200 20171 "-" "Mozilla/5.0 (Linux; Android 6.0.1; Nexus 5X Build/MMB29P) AppleWebKit/537.36 (KHTML, like Gecko) Chrome/140.0.7339.127 Mobile Safari/537.36 (compatible; GoogleOther)"
66.249.64.41 - - [18/Sep/2025:02:23:42 -0300] "GET /062037093.htm HTTP/1.1" 200 23707 "-" "Mozilla/5.0 (Linux; Android 6.0.1; Nexus 5X Build/MMB29P) AppleWebKit/537.36 (KHTML, like Gecko) Chrome/140.0.7339.127 Mobile Safari/537.36 (compatible; Googlebot/2.1; +http://www.google.com/bot.html)"
66.249.64.40 - - [18/Sep/2025:02:23:44 -0300] "GET /?g=2334101418363&channel=197e92&from=http://evidenciarevista.com.br/super.htm?248038573.htm HTTP/1.1" 200 20547 "-" "Mozilla/5.0 (Linux; Android 6.0.1; Nexus 5X Build/MMB29P) AppleWebKit/537.36 (KHTML, like Gecko) Chrome/140.0.7339.127 Mobile Safari/537.36 (compatible; Googlebot/2.1; +http://www.google.com/bot.html)"
66.249.64.39 - - [18/Sep/2025:02:24:28 -0300] "GET /item/u8/5396/ HTTP/1.1" 200 19681 "-" "Mozilla/5.0 (Linux; Android 6.0.1; Nexus 5X Build/MMB29P) AppleWebKit/537.36 (KHTML, like Gecko) Chrome/140.0.7339.127 Mobile Safari/537.36 (compatible; GoogleOther)"
37.59.204.130 - - [18/Sep/2025:02:24:48 -0300] "GET /?sitemap298.xml HTTP/1.1" 200 33 "-" "Mozilla/5.0 (compatible; AhrefsBot/7.0; +http://ahrefs.com/robot/)"
66.249.64.39 - - [18/Sep/2025:02:25:43 -0300] "GET /item/u228/34848/ HTTP/1.1" 200 20070 "-" "Mozilla/5.0 (Linux; Android 6.0.1; Nexus 5X Build/MMB29P) AppleWebKit/537.36 (KHTML, like Gecko) Chrome/140.0.7339.127 Mobile Safari/537.36 (compatible; GoogleOther)"
216.73.216.129 - - [18/Sep/2025:02:26:13 -0300] "GET /colunista/2/dr-bruno-souza?page=2 HTTP/1.1" 200 7578 "-" "Mozilla/5.0 AppleWebKit/537.36 (KHTML, like Gecko; compatible; ClaudeBot/1.0; +claudebot@anthropic.com)"
66.249.64.39 - - [18/Sep/2025:02:26:14 -0300] "GET /273017934.htm HTTP/1.1" 200 24329 "-" "Mozilla/5.0 (Linux; Android 6.0.1; Nexus 5X Build/MMB29P) AppleWebKit/537.36 (KHTML, like Gecko) Chrome/140.0.7339.127 Mobile Safari/537.36 (compatible; GoogleOther)"
216.244.66.231 - - [18/Sep/2025:02:26:31 -0300] "GET /posts/317/rugas-da-boca-voce-tem HTTP/1.1" 200 45876 "-" "Mozilla/5.0 (compatible; DotBot/1.2; +https://opensiteexplorer.org/dotbot; help@moz.com)"
66.249.64.40 - - [18/Sep/2025:02:26:30 -0300] "GET /220017735.htm HTTP/1.1" 200 19697 "-" "Mozilla/5.0 (Linux; Android 6.0.1; Nexus 5X Build/MMB29P) AppleWebKit/537.36 (KHTML, like Gecko) Chrome/140.0.7339.127 Mobile Safari/537.36 (compatible; GoogleOther)"
66.249.64.39 - - [18/Sep/2025:02:26:37 -0300] "GET /item/u167/32437/ HTTP/1.1" 200 19471 "-" "Mozilla/5.0 (Linux; Android 6.0.1; Nexus 5X Build/MMB29P) AppleWebKit/537.36 (KHTML, like Gecko) Chrome/140.0.7339.127 Mobile Safari/537.36 (compatible; GoogleOther)"
66.249.64.39 - - [18/Sep/2025:02:26:44 -0300] "GET /217034312.htm HTTP/1.1" 200 19559 "-" "Mozilla/5.0 (Linux; Android 6.0.1; Nexus 5X Build/MMB29P) AppleWebKit/537.36 (KHTML, like Gecko) Chrome/140.0.7339.127 Mobile Safari/537.36 (compatible; GoogleOther)"
204.12.208.18 - - [18/Sep/2025:02:27:06 -0300] "GET /wp-includes/pl04e0fd/edit.php HTTP/1.1" 200 26 "http://evidenciarevista.com.br/wp-includes/pl04e0fd/edit.php" "Mozilla/5.0 (X11; Linux i686) AppleWebKit/535.2 (KHTML, like Gecko) Ubuntu/10.04 Chromium/15.0.874.106 Chrome/15.0.874.106 Safari/535.2"
199.203.99.117 - - [18/Sep/2025:02:27:10 -0300] "GET /colunista/2/dr-bruno-souza HTTP/1.1" 200 7591 "-" "Mozilla/5.0 (Windows NT 10.0; Win64; x64) AppleWebKit/537.36 (KHTML, like Gecko) Chrome/125.0.0.0 Safari/537.36"
66.249.64.40 - - [18/Sep/2025:02:27:51 -0300] "GET /posts/87/eneas-quatro-vezes-um-pai-de-coracao?fb_comment_id=787876431337643_2980206578771273 HTTP/1.1" 200 24082 "-" "Mozilla/5.0 (Linux; Android 6.0.1; Nexus 5X Build/MMB29P) AppleWebKit/537.36 (KHTML, like Gecko) Chrome/140.0.7339.127 Mobile Safari/537.36 (compatible; Googlebot/2.1; +http://www.google.com/bot.html)"
204.12.208.18 - - [18/Sep/2025:02:26:46 -0300] "GET /wp-includes/pl04e0fd/edit.php HTTP/1.1" 200 - "http://evidenciarevista.com.br/wp-includes/pl04e0fd/edit.php" "Mozilla/5.0 (Macintosh; Intel Mac OS X 10.7; rv:7.0.1) Gecko/20100101 Firefox/7.0.1"
66.249.64.40 - - [18/Sep/2025:02:28:14 -0300] "GET /item/u171/41203/ HTTP/1.1" 200 23166 "-" "Mozilla/5.0 (Linux; Android 6.0.1; Nexus 5X Build/MMB29P) AppleWebKit/537.36 (KHTML, like Gecko) Chrome/140.0.7339.127 Mobile Safari/537.36 (compatible; GoogleOther)"
66.249.64.39 - - [18/Sep/2025:02:28:53 -0300] "GET /item/u181/25783/ HTTP/1.1" 200 19436 "-" "Mozilla/5.0 (Linux; Android 6.0.1; Nexus 5X Build/MMB29P) AppleWebKit/537.36 (KHTML, like Gecko) Chrome/140.0.7339.127 Mobile Safari/537.36 (compatible; GoogleOther)"
66.249.64.41 - - [18/Sep/2025:02:29:00 -0300] "GET /?g=2334101418363&channel=197e92&from=http://evidenciarevista.com.br/super.htm?item/u209/26281/ HTTP/1.1" 200 19421 "-" "Mozilla/5.0 (Linux; Android 6.0.1; Nexus 5X Build/MMB29P) AppleWebKit/537.36 (KHTML, like Gecko) Chrome/140.0.7339.127 Mobile Safari/537.36 (compatible; Googlebot/2.1; +http://www.google.com/bot.html)"
66.249.64.40 - - [18/Sep/2025:02:29:30 -0300] "GET /item/u152/7706/ HTTP/1.1" 200 19569 "-" "Mozilla/5.0 (Linux; Android 6.0.1; Nexus 5X Build/MMB29P) AppleWebKit/537.36 (KHTML, like Gecko) Chrome/140.0.7339.127 Mobile Safari/537.36 (compatible; GoogleOther)"
69.197.149.50 - - [18/Sep/2025:02:28:19 -0300] "GET /wp-includes/pl04e0fd/edit.php?id=515416 HTTP/1.1" 200 - "http://evidenciarevista.com.br/wp-includes/pl04e0fd/edit.php?id=515416" "Mozilla/5.0 (Windows NT 10.0; Win64; x64) AppleWebKit/537.36 (KHTML, like Gecko) Chrome/58.0.3029.110 Safari/537.3"
66.249.64.41 - - [18/Sep/2025:02:30:10 -0300] "GET /252014095.htm HTTP/1.1" 200 24147 "-" "Mozilla/5.0 (Linux; Android 6.0.1; Nexus 5X Build/MMB29P) AppleWebKit/537.36 (KHTML, like Gecko) Chrome/140.0.7339.127 Mobile Safari/537.36 (compatible; GoogleOther)"
66.249.64.39 - - [18/Sep/2025:02:30:45 -0300] "GET /item/u255/38231/ HTTP/1.1" 200 24442 "-" "Mozilla/5.0 (Linux; Android 6.0.1; Nexus 5X Build/MMB29P) AppleWebKit/537.36 (KHTML, like Gecko) Chrome/140.0.7339.127 Mobile Safari/537.36 (compatible; GoogleOther)"
69.197.149.50 - - [18/Sep/2025:02:29:52 -0300] "GET /wp-includes/pl04e0fd/edit.php?id=515416 HTTP/1.1" 200 - "http://evidenciarevista.com.br/wp-includes/pl04e0fd/edit.php?id=515416" "Mozilla/5.0 (Windows NT 10.0; Win64; x64) AppleWebKit/537.36 (KHTML, like Gecko) Chrome/58.0.3029.110 Safari/537.3"
66.249.64.40 - - [18/Sep/2025:02:31:32 -0300] "GET /item/u204/20528/ HTTP/1.1" 200 23397 "-" "Mozilla/5.0 (Linux; Android 6.0.1; Nexus 5X Build/MMB29P) AppleWebKit/537.36 (KHTML, like Gecko) Chrome/140.0.7339.127 Mobile Safari/537.36 (compatible; GoogleOther)"
199.203.99.116 - - [18/Sep/2025:02:31:50 -0300] "GET /colunista/22/dr-pedro-bertogna HTTP/1.1" 200 6895 "-" "Mozilla/5.0 (Windows NT 10.0; Win64; x64; rv:126.0) Gecko/20100101 Firefox/126.0"
69.197.149.50 - - [18/Sep/2025:02:31:24 -0300] "GET /wp-includes/pl04e0fd/edit.php?id=515416 HTTP/1.1" 200 - "http://evidenciarevista.com.br/wp-includes/pl04e0fd/edit.php?id=515416" "Mozilla/5.0 (Windows NT 10.0; Win64; x64) AppleWebKit/537.36 (KHTML, like Gecko) Chrome/58.0.3029.110 Safari/537.3"
114.119.152.27 - - [18/Sep/2025:02:33:10 -0300] "GET /index.php/posts/139/o-que-e-a-virtude-da-caridade HTTP/1.1" 200 8688 "http://www.evidenciarevista.com.br/index.php/categoria/19/religiao" "Mozilla/5.0 (Linux; Android 7.0;) AppleWebKit/537.36 (KHTML, like Gecko) Mobile Safari/537.36 (compatible; PetalBot;+https://webmaster.petalsearch.com/site/petalbot)"
146.247.137.94 - - [18/Sep/2025:02:33:50 -0300] "GET / HTTP/1.1" 200 8375 "-" "Mozilla/5.0 (Windows NT 6.1; WOW64) AppleWebKit/537.36 (KHTML, like Gecko) Chrome/35.0.1916.114 Safari/537.36"
66.249.64.39 - - [18/Sep/2025:02:34:11 -0300] "GET /item/u263/48451/ HTTP/1.1" 200 19609 "-" "Mozilla/5.0 (Linux; Android 6.0.1; Nexus 5X Build/MMB29P) AppleWebKit/537.36 (KHTML, like Gecko) Chrome/140.0.7339.127 Mobile Safari/537.36 (compatible; GoogleOther)"
35.245.245.37 - - [18/Sep/2025:02:34:17 -0300] "GET / HTTP/1.1" 200 8373 "-" "Mozilla/5.0 (Windows NT 6.2; WOW64) AppleWebKit/537.36 (KHTML, like Gecko) Chrome/33.0.1750.154 Safari/537.36"
114.119.142.188 - - [18/Sep/2025:02:34:20 -0300] "GET /posts?page=51 HTTP/1.1" 200 7947 "http://evidenciarevista.com.br/posts?page=53" "Mozilla/5.0 (Linux; Android 7.0;) AppleWebKit/537.36 (KHTML, like Gecko) Mobile Safari/537.36 (compatible; PetalBot;+https://webmaster.petalsearch.com/site/petalbot)"
66.249.64.40 - - [18/Sep/2025:02:34:40 -0300] "GET /item/u293/17789/ HTTP/1.1" 200 20069 "-" "Mozilla/5.0 (Linux; Android 6.0.1; Nexus 5X Build/MMB29P) AppleWebKit/537.36 (KHTML, like Gecko) Chrome/140.0.7339.127 Mobile Safari/537.36 (compatible; Googlebot/2.1; +http://www.google.com/bot.html)"
216.73.216.129 - - [18/Sep/2025:02:35:03 -0300] "GET /robots.txt HTTP/1.1" 200 137 "-" "Mozilla/5.0 AppleWebKit/537.36 (KHTML, like Gecko; compatible; ClaudeBot/1.0; +claudebot@anthropic.com)"
216.73.216.129 - - [18/Sep/2025:02:35:03 -0300] "GET /colunista/10/natalia-tiezzi-manetta HTTP/1.1" 200 7372 "-" "Mozilla/5.0 AppleWebKit/537.36 (KHTML, like Gecko; compatible; ClaudeBot/1.0; +claudebot@anthropic.com)"
66.249.64.39 - - [18/Sep/2025:02:35:13 -0300] "GET /item/u228/34848/ HTTP/1.1" 200 20055 "-" "Mozilla/5.0 (Linux; Android 6.0.1; Nexus 5X Build/MMB29P) AppleWebKit/537.36 (KHTML, like Gecko) Chrome/140.0.7339.127 Mobile Safari/537.36 (compatible; Googlebot/2.1; +http://www.google.com/bot.html)"
5.161.212.132 - - [18/Sep/2025:02:35:21 -0300] "GET /posts HTTP/1.1" 200 207 "https://www.google.com/" "Mozilla/5.0 (compatible; Paqlebot/2.0; +http://www.paqle.dk/about/paqlebot)"
114.119.154.5 - - [18/Sep/2025:02:35:45 -0300] "GET /index.php/colunista/1/marcelo-trinca?page=13 HTTP/1.1" 200 8011 "http://evidenciarevista.com.br/index.php/colunista/1/marcelo-trinca?page=12" "Mozilla/5.0 (Linux; Android 7.0;) AppleWebKit/537.36 (KHTML, like Gecko) Mobile Safari/537.36 (compatible; PetalBot;+https://webmaster.petalsearch.com/site/petalbot)"
92.222.108.114 - - [18/Sep/2025:02:35:49 -0300] "GET /index.php/contato/contato HTTP/1.1" 200 6697 "-" "Mozilla/5.0 (compatible; AhrefsBot/7.0; +http://ahrefs.com/robot/)"
66.249.64.41 - - [18/Sep/2025:02:36:19 -0300] "GET /item/u232/35558/ HTTP/1.1" 200 19212 "-" "Mozilla/5.0 (Linux; Android 6.0.1; Nexus 5X Build/MMB29P) AppleWebKit/537.36 (KHTML, like Gecko) Chrome/140.0.7339.127 Mobile Safari/537.36 (compatible; Googlebot/2.1; +http://www.google.com/bot.html)"
66.249.64.39 - - [18/Sep/2025:02:36:50 -0300] "GET /266020115.htm HTTP/1.1" 200 19274 "-" "Mozilla/5.0 (Linux; Android 6.0.1; Nexus 5X Build/MMB29P) AppleWebKit/537.36 (KHTML, like Gecko) Chrome/140.0.7339.127 Mobile Safari/537.36 (compatible; GoogleOther)"
66.249.64.39 - - [18/Sep/2025:02:36:57 -0300] "GET /item/u296/16076/ HTTP/1.1" 200 19730 "-" "Mozilla/5.0 (Linux; Android 6.0.1; Nexus 5X Build/MMB29P) AppleWebKit/537.36 (KHTML, like Gecko) Chrome/140.0.7339.127 Mobile Safari/537.36 (compatible; Googlebot/2.1; +http://www.google.com/bot.html)"
114.119.142.188 - - [18/Sep/2025:02:37:09 -0300] "GET /index.php/categoria/10/mulheres-maduras?page=1 HTTP/1.1" 200 7735 "http://evidenciarevista.com.br/index.php/categoria/10/mulheres-maduras?page=2" "Mozilla/5.0 (Linux; Android 7.0;) AppleWebKit/537.36 (KHTML, like Gecko) Mobile Safari/537.36 (compatible; PetalBot;+https://webmaster.petalsearch.com/site/petalbot)"
66.249.64.40 - - [18/Sep/2025:02:37:30 -0300] "GET /?g=2334101418363&channel=197e92&from=http://evidenciarevista.com.br/super.htm?item/u50/39248/ HTTP/1.1" 200 25104 "-" "Mozilla/5.0 (Linux; Android 6.0.1; Nexus 5X Build/MMB29P) AppleWebKit/537.36 (KHTML, like Gecko) Chrome/140.0.7339.127 Mobile Safari/537.36 (compatible; Googlebot/2.1; +http://www.google.com/bot.html)"
66.249.64.40 - - [18/Sep/2025:02:37:32 -0300] "GET /item/u299/14947/ HTTP/1.1" 200 19940 "-" "Mozilla/5.0 (Linux; Android 6.0.1; Nexus 5X Build/MMB29P) AppleWebKit/537.36 (KHTML, like Gecko) Chrome/140.0.7339.127 Mobile Safari/537.36 (compatible; Googlebot/2.1; +http://www.google.com/bot.html)"
66.249.64.39 - - [18/Sep/2025:02:37:39 -0300] "GET /246008193.htm HTTP/1.1" 200 19512 "-" "Mozilla/5.0 (Linux; Android 6.0.1; Nexus 5X Build/MMB29P) AppleWebKit/537.36 (KHTML, like Gecko) Chrome/140.0.7339.127 Mobile Safari/537.36 (compatible; GoogleOther)"
66.249.64.41 - - [18/Sep/2025:02:38:19 -0300] "GET /item/u204/38732/ HTTP/1.1" 200 20646 "-" "Mozilla/5.0 (Linux; Android 6.0.1; Nexus 5X Build/MMB29P) AppleWebKit/537.36 (KHTML, like Gecko) Chrome/140.0.7339.127 Mobile Safari/537.36 (compatible; GoogleOther)"
66.249.64.40 - - [18/Sep/2025:02:38:40 -0300] "GET /item/u149/40943/ HTTP/1.1" 200 20447 "-" "Mozilla/5.0 (Linux; Android 6.0.1; Nexus 5X Build/MMB29P) AppleWebKit/537.36 (KHTML, like Gecko) Chrome/140.0.7339.127 Mobile Safari/537.36 (compatible; Googlebot/2.1; +http://www.google.com/bot.html)"
66.249.64.39 - - [18/Sep/2025:02:38:45 -0300] "GET /item/u107/29793/ HTTP/1.1" 200 20186 "-" "Mozilla/5.0 (Linux; Android 6.0.1; Nexus 5X Build/MMB29P) AppleWebKit/537.36 (KHTML, like Gecko) Chrome/140.0.7339.127 Mobile Safari/537.36 (compatible; Googlebot/2.1; +http://www.google.com/bot.html)"
66.249.64.39 - - [18/Sep/2025:02:38:46 -0300] "GET /posts/336/sera-que-e-afta HTTP/1.1" 200 19380 "-" "Mozilla/5.0 (Linux; Android 6.0.1; Nexus 5X Build/MMB29P) AppleWebKit/537.36 (KHTML, like Gecko) Chrome/140.0.7339.127 Mobile Safari/537.36 (compatible; Googlebot/2.1; +http://www.google.com/bot.html)"
66.249.64.41 - - [18/Sep/2025:02:39:20 -0300] "GET /item/u139/25681/ HTTP/1.1" 200 20012 "-" "Mozilla/5.0 (Linux; Android 6.0.1; Nexus 5X Build/MMB29P) AppleWebKit/537.36 (KHTML, like Gecko) Chrome/140.0.7339.127 Mobile Safari/537.36 (compatible; Googlebot/2.1; +http://www.google.com/bot.html)"
66.249.64.40 - - [18/Sep/2025:02:39:28 -0300] "GET /277029676.htm HTTP/1.1" 200 23630 "-" "Mozilla/5.0 (Linux; Android 6.0.1; Nexus 5X Build/MMB29P) AppleWebKit/537.36 (KHTML, like Gecko) Chrome/140.0.7339.127 Mobile Safari/537.36 (compatible; GoogleOther)"
66.249.64.39 - - [18/Sep/2025:02:39:35 -0300] "GET /item/u295/23475/ HTTP/1.1" 200 23929 "-" "Mozilla/5.0 (Linux; Android 6.0.1; Nexus 5X Build/MMB29P) AppleWebKit/537.36 (KHTML, like Gecko) Chrome/140.0.7339.127 Mobile Safari/537.36 (compatible; GoogleOther)"
66.249.64.41 - - [18/Sep/2025:02:40:25 -0300] "GET /item/u136/46192/ HTTP/1.1" 200 20162 "-" "Mozilla/5.0 (Linux; Android 6.0.1; Nexus 5X Build/MMB29P) AppleWebKit/537.36 (KHTML, like Gecko) Chrome/140.0.7339.127 Mobile Safari/537.36 (compatible; Googlebot/2.1; +http://www.google.com/bot.html)"
51.68.97.255 - - [18/Sep/2025:02:40:32 -0300] "GET /robots.txt HTTP/1.1" 200 137 "-" "Mozilla/5.0 (compatible; MJ12bot/v2.0.4; http://mj12bot.com/)"
51.68.97.255 - - [18/Sep/2025:02:40:32 -0300] "GET /categoria/3/qualidade-de-vida?page=8 HTTP/1.1" 200 7780 "-" "Mozilla/5.0 (compatible; MJ12bot/v2.0.4; http://mj12bot.com/)"
51.68.97.255 - - [18/Sep/2025:02:40:33 -0300] "GET /categoria/4/fotos-dos-eventos?page=13 HTTP/1.1" 200 7351 "-" "Mozilla/5.0 (compatible; MJ12bot/v2.0.4; http://mj12bot.com/)"
51.68.97.255 - - [18/Sep/2025:02:40:34 -0300] "GET /categoria/4/fotos-dos-eventos?page=6 HTTP/1.1" 200 7823 "-" "Mozilla/5.0 (compatible; MJ12bot/v2.0.4; http://mj12bot.com/)"
51.68.97.255 - - [18/Sep/2025:02:40:35 -0300] "GET /categoria/4/fotos-dos-eventos?page=7 HTTP/1.1" 200 7803 "-" "Mozilla/5.0 (compatible; MJ12bot/v2.0.4; http://mj12bot.com/)"
51.68.97.255 - - [18/Sep/2025:02:40:36 -0300] "GET /categoria/4/fotos-dos-eventos?page=8 HTTP/1.1" 200 7625 "-" "Mozilla/5.0 (compatible; MJ12bot/v2.0.4; http://mj12bot.com/)"
51.68.97.255 - - [18/Sep/2025:02:40:37 -0300] "GET /categoria/5/materia-de-capa?page=3 HTTP/1.1" 200 7785 "-" "Mozilla/5.0 (compatible; MJ12bot/v2.0.4; http://mj12bot.com/)"
51.68.97.255 - - [18/Sep/2025:02:40:38 -0300] "GET /categoria/5/materia-de-capa?page=5 HTTP/1.1" 200 7874 "-" "Mozilla/5.0 (compatible; MJ12bot/v2.0.4; http://mj12bot.com/)"
51.68.97.255 - - [18/Sep/2025:02:40:39 -0300] "GET /categoria/5/materia-de-capa?page=6 HTTP/1.1" 200 7748 "-" "Mozilla/5.0 (compatible; MJ12bot/v2.0.4; http://mj12bot.com/)"
51.68.97.255 - - [18/Sep/2025:02:40:40 -0300] "GET /colunista/1/marcelo-trinca?page=16 HTTP/1.1" 200 7649 "-" "Mozilla/5.0 (compatible; MJ12bot/v2.0.4; http://mj12bot.com/)"
51.68.97.255 - - [18/Sep/2025:02:40:41 -0300] "GET /colunista/1/marcelo-trinca?page=17 HTTP/1.1" 200 7858 "-" "Mozilla/5.0 (compatible; MJ12bot/v2.0.4; http://mj12bot.com/)"
51.68.97.255 - - [18/Sep/2025:02:40:42 -0300] "GET /colunista/4/samuel-straceri-lodovichi?page=2 HTTP/1.1" 200 7620 "-" "Mozilla/5.0 (compatible; MJ12bot/v2.0.4; http://mj12bot.com/)"
51.68.97.255 - - [18/Sep/2025:02:40:43 -0300] "GET /colunista/4/samuel-straceri-lodovichi?page=3 HTTP/1.1" 200 7205 "-" "Mozilla/5.0 (compatible; MJ12bot/v2.0.4; http://mj12bot.com/)"
51.68.97.255 - - [18/Sep/2025:02:40:44 -0300] "GET /colunista/5/amanda-straceri-lodovichi?page=2 HTTP/1.1" 200 6953 "-" "Mozilla/5.0 (compatible; MJ12bot/v2.0.4; http://mj12bot.com/)"
