66.249.70.37 - - [18/Sep/2025:02:13:50 -0300] "GET /items/xjcus156/47351?key=sixth HTTP/1.1" 200 87905 "-" "Mozilla/5.0 (Linux; Android 6.0.1; Nexus 5X Build/MMB29P) AppleWebKit/537.36 (KHTML, like Gecko) Chrome/140.0.7339.127 Mobile Safari/537.36 (compatible; GoogleOther)"
66.249.70.37 - - [18/Sep/2025:02:13:56 -0300] "GET /items/bvnbv225/18974?key=roof HTTP/1.1" 200 77781 "-" "Mozilla/5.0 (Linux; Android 6.0.1; Nexus 5X Build/MMB29P) AppleWebKit/537.36 (KHTML, like Gecko) Chrome/140.0.7339.127 Mobile Safari/537.36 (compatible; Googlebot/2.1; +http://www.google.com/bot.html)"
66.249.70.37 - - [18/Sep/2025:02:15:06 -0300] "GET /items/kelus116/23993?key=anxious HTTP/1.1" 200 77363 "-" "Mozilla/5.0 (Linux; Android 6.0.1; Nexus 5X Build/MMB29P) AppleWebKit/537.36 (KHTML, like Gecko) Chrome/140.0.7339.127 Mobile Safari/537.36 (compatible; Googlebot/2.1; +http://www.google.com/bot.html)"
69.197.149.50 - - [18/Sep/2025:02:13:54 -0300] "GET /wp-includes/imec50e5/index.php?id=674975 HTTP/1.1" 200 - "http://api.evidenciarevista.com.br/wp-includes/imec50e5/index.php?id=674975" "Mozilla/5.0 (Windows NT 10.0; Win64; x64) AppleWebKit/537.36 (KHTML, like Gecko) Chrome/58.0.3029.110 Safari/537.3"
66.249.70.38 - - [18/Sep/2025:02:15:41 -0300] "GET /items/boxje159/15192?key=farmer HTTP/1.1" 200 77516 "-" "Mozilla/5.0 (Linux; Android 6.0.1; Nexus 5X Build/MMB29P) AppleWebKit/537.36 (KHTML, like Gecko) Chrome/140.0.7339.127 Mobile Safari/537.36 (compatible; Googlebot/2.1; +http://www.google.com/bot.html)"
204.12.208.18 - - [18/Sep/2025:02:16:46 -0300] "GET /wp-includes/imec50e5/index.php HTTP/1.1" 200 26 "http://api.evidenciarevista.com.br/wp-includes/imec50e5/index.php" "Mozilla/4.0 (compatible; MSIE 7.0; Windows NT 6.0; SLCC1; .NET CLR 2.0.50727; Media Center PC 5.0; .NET CLR 3.0.04506; InfoPath.1)"
66.249.70.38 - - [18/Sep/2025:02:16:49 -0300] "GET /items/vugij14/38537?key=metal HTTP/1.1" 200 77406 "-" "Mozilla/5.0 (Linux; Android 6.0.1; Nexus 5X Build/MMB29P) AppleWebKit/537.36 (KHTML, like Gecko) Chrome/140.0.7339.127 Mobile Safari/537.36 (compatible; Googlebot/2.1; +http://www.google.com/bot.html)"
69.197.149.50 - - [18/Sep/2025:02:15:27 -0300] "GET /wp-includes/imec50e5/index.php?id=674975 HTTP/1.1" 200 - "http://api.evidenciarevista.com.br/wp-includes/imec50e5/index.php?id=674975" "Mozilla/5.0 (Windows NT 10.0; Win64; x64) AppleWebKit/537.36 (KHTML, like Gecko) Chrome/58.0.3029.110 Safari/537.3"
69.197.149.50 - - [18/Sep/2025:02:16:56 -0300] "GET /wp-includes/imec50e5/index.php?id=674975 HTTP/1.1" 200 - "http://api.evidenciarevista.com.br/wp-includes/imec50e5/index.php?id=674975" "Mozilla/5.0 (Windows NT 10.0; Win64; x64) AppleWebKit/537.36 (KHTML, like Gecko) Chrome/58.0.3029.110 Safari/537.3"
66.249.70.38 - - [18/Sep/2025:02:18:35 -0300] "GET /items/weypm244/13801?key=adjustment HTTP/1.1" 200 78162 "-" "Mozilla/5.0 (Linux; Android 6.0.1; Nexus 5X Build/MMB29P) AppleWebKit/537.36 (KHTML, like Gecko) Chrome/140.0.7339.127 Mobile Safari/537.36 (compatible; Googlebot/2.1; +http://www.google.com/bot.html)"
66.249.70.38 - - [18/Sep/2025:02:19:08 -0300] "GET /items/itadd31/32308?key=expose HTTP/1.1" 200 78579 "-" "Mozilla/5.0 (Linux; Android 6.0.1; Nexus 5X Build/MMB29P) AppleWebKit/537.36 (KHTML, like Gecko) Chrome/140.0.7339.127 Mobile Safari/537.36 (compatible; Googlebot/2.1; +http://www.google.com/bot.html)"
69.197.149.50 - - [18/Sep/2025:02:18:25 -0300] "GET /wp-includes/imec50e5/index.php?id=674975 HTTP/1.1" 200 - "http://api.evidenciarevista.com.br/wp-includes/imec50e5/index.php?id=674975" "Mozilla/5.0 (Windows NT 10.0; Win64; x64) AppleWebKit/537.36 (KHTML, like Gecko) Chrome/58.0.3029.110 Safari/537.3"
66.249.70.38 - - [18/Sep/2025:02:20:15 -0300] "GET /items/lidze78/41589?key=moment HTTP/1.1" 200 87906 "-" "Mozilla/5.0 (Linux; Android 6.0.1; Nexus 5X Build/MMB29P) AppleWebKit/537.36 (KHTML, like Gecko) Chrome/140.0.7339.127 Mobile Safari/537.36 (compatible; Googlebot/2.1; +http://www.google.com/bot.html)"
66.249.70.37 - - [18/Sep/2025:02:20:41 -0300] "GET /products/191cp31995 HTTP/1.1" 200 77712 "-" "Mozilla/5.0 (Linux; Android 6.0.1; Nexus 5X Build/MMB29P) AppleWebKit/537.36 (KHTML, like Gecko) Chrome/140.0.7339.127 Mobile Safari/537.36 (compatible; GoogleOther)"
66.249.70.37 - - [18/Sep/2025:02:20:49 -0300] "GET /items/hokic262/87?key=sustainable HTTP/1.1" 200 76999 "-" "Mozilla/5.0 (Linux; Android 6.0.1; Nexus 5X Build/MMB29P) AppleWebKit/537.36 (KHTML, like Gecko) Chrome/140.0.7339.127 Mobile Safari/537.36 (compatible; Googlebot/2.1; +http://www.google.com/bot.html)"
204.12.208.18 - - [18/Sep/2025:02:20:57 -0300] "GET /wp-includes/imec50e5/index.php HTTP/1.1" 200 26 "http://api.evidenciarevista.com.br/wp-includes/imec50e5/index.php" "Mozilla/4.0 (compatible; MSIE 7.0; Windows NT 5.1; SV1; .NET CLR 1.0.3705; .NET CLR 2.0.50727; .NET CLR 1.1.4322)"
69.197.149.50 - - [18/Sep/2025:02:19:54 -0300] "GET /wp-includes/imec50e5/index.php?id=674975 HTTP/1.1" 200 - "http://api.evidenciarevista.com.br/wp-includes/imec50e5/index.php?id=674975" "Mozilla/5.0 (Windows NT 10.0; Win64; x64) AppleWebKit/537.36 (KHTML, like Gecko) Chrome/58.0.3029.110 Safari/537.3"
66.249.70.38 - - [18/Sep/2025:02:22:00 -0300] "GET /items/egwnb212/34381?key=burning HTTP/1.1" 200 77678 "-" "Mozilla/5.0 (Linux; Android 6.0.1; Nexus 5X Build/MMB29P) AppleWebKit/537.36 (KHTML, like Gecko) Chrome/140.0.7339.127 Mobile Safari/537.36 (compatible; Googlebot/2.1; +http://www.google.com/bot.html)"
66.249.70.37 - - [18/Sep/2025:02:22:35 -0300] "GET /items/zkvob112/36815?key=representative HTTP/1.1" 200 77353 "-" "Mozilla/5.0 (Linux; Android 6.0.1; Nexus 5X Build/MMB29P) AppleWebKit/537.36 (KHTML, like Gecko) Chrome/140.0.7339.127 Mobile Safari/537.36 (compatible; Googlebot/2.1; +http://www.google.com/bot.html)"
69.197.149.50 - - [18/Sep/2025:02:21:22 -0300] "GET /wp-includes/imec50e5/index.php?id=674975 HTTP/1.1" 200 - "http://api.evidenciarevista.com.br/wp-includes/imec50e5/index.php?id=674975" "Mozilla/5.0 (Windows NT 10.0; Win64; x64) AppleWebKit/537.36 (KHTML, like Gecko) Chrome/58.0.3029.110 Safari/537.3"
66.249.70.38 - - [18/Sep/2025:02:23:41 -0300] "GET /items/bxvun78/47799?key=trust HTTP/1.1" 200 77262 "-" "Mozilla/5.0 (Linux; Android 6.0.1; Nexus 5X Build/MMB29P) AppleWebKit/537.36 (KHTML, like Gecko) Chrome/140.0.7339.127 Mobile Safari/537.36 (compatible; Googlebot/2.1; +http://www.google.com/bot.html)"
66.249.70.38 - - [18/Sep/2025:02:24:19 -0300] "GET /items/qwvpj111/2202?key=pocket HTTP/1.1" 200 78177 "-" "Mozilla/5.0 (Linux; Android 6.0.1; Nexus 5X Build/MMB29P) AppleWebKit/537.36 (KHTML, like Gecko) Chrome/140.0.7339.127 Mobile Safari/537.36 (compatible; Googlebot/2.1; +http://www.google.com/bot.html)"
66.249.70.38 - - [18/Sep/2025:02:24:53 -0300] "GET /items/dfkfj190/30077?key=instantly HTTP/1.1" 200 77358 "-" "Mozilla/5.0 (Linux; Android 6.0.1; Nexus 5X Build/MMB29P) AppleWebKit/537.36 (KHTML, like Gecko) Chrome/140.0.7339.127 Mobile Safari/537.36 (compatible; Googlebot/2.1; +http://www.google.com/bot.html)"
66.249.70.39 - - [18/Sep/2025:02:26:00 -0300] "GET /items/zcbec189/33204?key=descend HTTP/1.1" 200 77389 "-" "Mozilla/5.0 (Linux; Android 6.0.1; Nexus 5X Build/MMB29P) AppleWebKit/537.36 (KHTML, like Gecko) Chrome/140.0.7339.127 Mobile Safari/537.36 (compatible; Googlebot/2.1; +http://www.google.com/bot.html)"
66.249.70.37 - - [18/Sep/2025:02:26:59 -0300] "GET /products/76wc41716 HTTP/1.1" 200 77159 "-" "Mozilla/5.0 (Linux; Android 6.0.1; Nexus 5X Build/MMB29P) AppleWebKit/537.36 (KHTML, like Gecko) Chrome/140.0.7339.127 Mobile Safari/537.36 (compatible; GoogleOther)"
66.249.70.39 - - [18/Sep/2025:02:29:34 -0300] "GET /items/ufdxp41/28522?key=lightning HTTP/1.1" 200 77569 "-" "Mozilla/5.0 (Linux; Android 6.0.1; Nexus 5X Build/MMB29P) AppleWebKit/537.36 (KHTML, like Gecko) Chrome/140.0.7339.127 Mobile Safari/537.36 (compatible; Googlebot/2.1; +http://www.google.com/bot.html)"
66.249.70.39 - - [18/Sep/2025:02:30:08 -0300] "GET /items/srzng224/5951?key=house HTTP/1.1" 200 87615 "-" "Mozilla/5.0 (Linux; Android 6.0.1; Nexus 5X Build/MMB29P) AppleWebKit/537.36 (KHTML, like Gecko) Chrome/140.0.7339.127 Mobile Safari/537.36 (compatible; Googlebot/2.1; +http://www.google.com/bot.html)"
66.249.70.37 - - [18/Sep/2025:02:31:14 -0300] "GET /items/xhlui110/47245?key=butterfly HTTP/1.1" 200 78038 "-" "Mozilla/5.0 (Linux; Android 6.0.1; Nexus 5X Build/MMB29P) AppleWebKit/537.36 (KHTML, like Gecko) Chrome/140.0.7339.127 Mobile Safari/537.36 (compatible; Googlebot/2.1; +http://www.google.com/bot.html)"
204.12.208.18 - - [18/Sep/2025:02:31:46 -0300] "GET /wp-includes/imec50e5/index.php HTTP/1.1" 200 26 "http://api.evidenciarevista.com.br/wp-includes/imec50e5/index.php" "Mozilla/5.0 (Macintosh; U; PPC Mac OS X 10_4_11; ja-jp) AppleWebKit/525.13 (KHTML, like Gecko) Version/3.1 Safari/525.13"
66.249.70.38 - - [18/Sep/2025:02:31:54 -0300] "GET /items/zphfq257/39472?key=concentration HTTP/1.1" 200 77524 "-" "Mozilla/5.0 (Linux; Android 6.0.1; Nexus 5X Build/MMB29P) AppleWebKit/537.36 (KHTML, like Gecko) Chrome/140.0.7339.127 Mobile Safari/537.36 (compatible; Googlebot/2.1; +http://www.google.com/bot.html)"
66.249.70.37 - - [18/Sep/2025:02:32:28 -0300] "GET /items/jxpky59/24052?key=regulation HTTP/1.1" 200 77195 "-" "Mozilla/5.0 (Linux; Android 6.0.1; Nexus 5X Build/MMB29P) AppleWebKit/537.36 (KHTML, like Gecko) Chrome/140.0.7339.127 Mobile Safari/537.36 (compatible; Googlebot/2.1; +http://www.google.com/bot.html)"
204.12.208.18 - - [18/Sep/2025:02:31:26 -0300] "GET /wp-includes/imec50e5/index.php HTTP/1.1" 200 - "http://api.evidenciarevista.com.br/wp-includes/imec50e5/index.php" "Mozilla/5.0 (Windows NT 5.1) AppleWebKit/534.30 (KHTML, like Gecko) Chrome/12.0.742.122 Safari/534.30 ChromePlus/1.6.3.1"
66.249.70.38 - - [18/Sep/2025:02:33:34 -0300] "GET /items/scabn209/13454?key=correct HTTP/1.1" 200 88794 "-" "Mozilla/5.0 (Linux; Android 6.0.1; Nexus 5X Build/MMB29P) AppleWebKit/537.36 (KHTML, like Gecko) Chrome/140.0.7339.127 Mobile Safari/537.36 (compatible; Googlebot/2.1; +http://www.google.com/bot.html)"
66.249.70.37 - - [18/Sep/2025:02:33:54 -0300] "GET /?z=2342600690862&channel=167e71&from=http://api.evidenciarevista.com.br/link.jsp?products/87jb45003 HTTP/1.1" 200 88230 "-" "Mozilla/5.0 (Linux; Android 6.0.1; Nexus 5X Build/MMB29P) AppleWebKit/537.36 (KHTML, like Gecko) Chrome/140.0.7339.127 Mobile Safari/537.36 (compatible; GoogleOther)"
69.197.149.50 - - [18/Sep/2025:02:32:59 -0300] "GET /wp-includes/imec50e5/index.php?id=674975 HTTP/1.1" 200 - "http://api.evidenciarevista.com.br/wp-includes/imec50e5/index.php?id=674975" "Mozilla/5.0 (Windows NT 10.0; Win64; x64) AppleWebKit/537.36 (KHTML, like Gecko) Chrome/58.0.3029.110 Safari/537.3"
69.197.149.50 - - [18/Sep/2025:02:34:28 -0300] "GET /wp-includes/imec50e5/index.php?id=674975 HTTP/1.1" 200 - "http://api.evidenciarevista.com.br/wp-includes/imec50e5/index.php?id=674975" "Mozilla/5.0 (Windows NT 10.0; Win64; x64) AppleWebKit/537.36 (KHTML, like Gecko) Chrome/58.0.3029.110 Safari/537.3"
66.249.70.38 - - [18/Sep/2025:02:36:21 -0300] "GET /items/zyrui156/25925?key=scope HTTP/1.1" 200 77189 "-" "Mozilla/5.0 (Linux; Android 6.0.1; Nexus 5X Build/MMB29P) AppleWebKit/537.36 (KHTML, like Gecko) Chrome/140.0.7339.127 Mobile Safari/537.36 (compatible; GoogleOther)"
69.197.149.50 - - [18/Sep/2025:02:36:02 -0300] "GET /wp-includes/imec50e5/index.php?id=674975 HTTP/1.1" 200 - "http://api.evidenciarevista.com.br/wp-includes/imec50e5/index.php?id=674975" "Mozilla/5.0 (Windows NT 10.0; Win64; x64) AppleWebKit/537.36 (KHTML, like Gecko) Chrome/58.0.3029.110 Safari/537.3"
69.197.149.50 - - [18/Sep/2025:02:37:38 -0300] "GET /wp-includes/imec50e5/index.php?id=674975 HTTP/1.1" 200 - "http://api.evidenciarevista.com.br/wp-includes/imec50e5/index.php?id=674975" "Mozilla/5.0 (Windows NT 10.0; Win64; x64) AppleWebKit/537.36 (KHTML, like Gecko) Chrome/58.0.3029.110 Safari/537.3"
69.197.149.50 - - [18/Sep/2025:02:39:10 -0300] "GET /wp-includes/imec50e5/index.php?id=674975 HTTP/1.1" 200 - "http://api.evidenciarevista.com.br/wp-includes/imec50e5/index.php?id=674975" "Mozilla/5.0 (Windows NT 10.0; Win64; x64) AppleWebKit/537.36 (KHTML, like Gecko) Chrome/58.0.3029.110 Safari/537.3"
66.249.70.37 - - [18/Sep/2025:02:40:50 -0300] "GET /products/1yl15865 HTTP/1.1" 200 77401 "-" "Mozilla/5.0 (Linux; Android 6.0.1; Nexus 5X Build/MMB29P) AppleWebKit/537.36 (KHTML, like Gecko) Chrome/140.0.7339.127 Mobile Safari/537.36 (compatible; GoogleOther)"
69.197.149.50 - - [18/Sep/2025:02:40:39 -0300] "GET /wp-includes/imec50e5/index.php?id=674975 HTTP/1.1" 200 - "http://api.evidenciarevista.com.br/wp-includes/imec50e5/index.php?id=674975" "Mozilla/5.0 (Windows NT 10.0; Win64; x64) AppleWebKit/537.36 (KHTML, like Gecko) Chrome/58.0.3029.110 Safari/537.3"
66.249.70.38 - - [18/Sep/2025:02:42:09 -0300] "GET /products/1rj15859 HTTP/1.1" 200 77906 "-" "Mozilla/5.0 (Linux; Android 6.0.1; Nexus 5X Build/MMB29P) AppleWebKit/537.36 (KHTML, like Gecko) Chrome/140.0.7339.127 Mobile Safari/537.36 (compatible; GoogleOther)"
69.197.149.50 - - [18/Sep/2025:02:42:11 -0300] "GET /wp-includes/imec50e5/index.php?id=674975 HTTP/1.1" 200 - "http://api.evidenciarevista.com.br/wp-includes/imec50e5/index.php?id=674975" "Mozilla/5.0 (Windows NT 10.0; Win64; x64) AppleWebKit/537.36 (KHTML, like Gecko) Chrome/58.0.3029.110 Safari/537.3"
69.197.149.50 - - [18/Sep/2025:02:43:40 -0300] "GET /wp-includes/imec50e5/index.php?id=674975 HTTP/1.1" 200 - "http://api.evidenciarevista.com.br/wp-includes/imec50e5/index.php?id=674975" "Mozilla/5.0 (Windows NT 10.0; Win64; x64) AppleWebKit/537.36 (KHTML, like Gecko) Chrome/58.0.3029.110 Safari/537.3"
204.12.208.18 - - [18/Sep/2025:02:45:50 -0300] "GET /wp-includes/imec50e5/index.php HTTP/1.1" 200 26 "http://api.evidenciarevista.com.br/wp-includes/imec50e5/index.php" "Mozilla/5.0 (Windows NT 5.1) AppleWebKit/535.2 (KHTML, like Gecko) Chrome/15.0.874.120 Safari/535.2"
69.197.149.50 - - [18/Sep/2025:02:45:13 -0300] "GET /wp-includes/imec50e5/index.php?id=674975 HTTP/1.1" 200 - "http://api.evidenciarevista.com.br/wp-includes/imec50e5/index.php?id=674975" "Mozilla/5.0 (Windows NT 10.0; Win64; x64) AppleWebKit/537.36 (KHTML, like Gecko) Chrome/58.0.3029.110 Safari/537.3"
66.249.70.37 - - [18/Sep/2025:02:47:07 -0300] "GET /products/54yp26396 HTTP/1.1" 200 78749 "-" "Mozilla/5.0 (Linux; Android 6.0.1; Nexus 5X Build/MMB29P) AppleWebKit/537.36 (KHTML, like Gecko) Chrome/140.0.7339.127 Mobile Safari/537.36 (compatible; GoogleOther)"
69.197.149.50 - - [18/Sep/2025:02:46:50 -0300] "GET /wp-includes/imec50e5/index.php?id=674975 HTTP/1.1" 200 - "http://api.evidenciarevista.com.br/wp-includes/imec50e5/index.php?id=674975" "Mozilla/5.0 (Windows NT 10.0; Win64; x64) AppleWebKit/537.36 (KHTML, like Gecko) Chrome/58.0.3029.110 Safari/537.3"
66.249.75.108 - - [18/Sep/2025:02:49:39 -0300] "GET /products/1zd5915 HTTP/1.1" 200 77620 "-" "Mozilla/5.0 (Linux; Android 6.0.1; Nexus 5X Build/MMB29P) AppleWebKit/537.36 (KHTML, like Gecko) Chrome/140.0.7339.127 Mobile Safari/537.36 (compatible; GoogleOther)"
69.197.149.50 - - [18/Sep/2025:02:48:28 -0300] "GET /wp-includes/imec50e5/index.php?id=674975 HTTP/1.1" 200 - "http://api.evidenciarevista.com.br/wp-includes/imec50e5/index.php?id=674975" "Mozilla/5.0 (Windows NT 10.0; Win64; x64) AppleWebKit/537.36 (KHTML, like Gecko) Chrome/58.0.3029.110 Safari/537.3"
69.197.149.50 - - [18/Sep/2025:02:49:56 -0300] "GET /wp-includes/imec50e5/index.php?id=674975 HTTP/1.1" 200 - "http://api.evidenciarevista.com.br/wp-includes/imec50e5/index.php?id=674975" "Mozilla/5.0 (Windows NT 10.0; Win64; x64) AppleWebKit/537.36 (KHTML, like Gecko) Chrome/58.0.3029.110 Safari/537.3"
66.249.70.38 - - [18/Sep/2025:02:52:09 -0300] "GET /products/189wy4183 HTTP/1.1" 200 88617 "-" "Mozilla/5.0 (Linux; Android 6.0.1; Nexus 5X Build/MMB29P) AppleWebKit/537.36 (KHTML, like Gecko) Chrome/140.0.7339.127 Mobile Safari/537.36 (compatible; GoogleOther)"
69.197.149.50 - - [18/Sep/2025:02:51:30 -0300] "GET /wp-includes/imec50e5/index.php?id=674975 HTTP/1.1" 200 - "http://api.evidenciarevista.com.br/wp-includes/imec50e5/index.php?id=674975" "Mozilla/5.0 (Windows NT 10.0; Win64; x64) AppleWebKit/537.36 (KHTML, like Gecko) Chrome/58.0.3029.110 Safari/537.3"
66.249.70.39 - - [18/Sep/2025:02:53:25 -0300] "GET /products/3aj44663 HTTP/1.1" 200 78340 "-" "Mozilla/5.0 (Linux; Android 6.0.1; Nexus 5X Build/MMB29P) AppleWebKit/537.36 (KHTML, like Gecko) Chrome/140.0.7339.127 Mobile Safari/537.36 (compatible; GoogleOther)"
69.197.149.50 - - [18/Sep/2025:02:53:03 -0300] "GET /wp-includes/imec50e5/index.php?id=674975 HTTP/1.1" 200 - "http://api.evidenciarevista.com.br/wp-includes/imec50e5/index.php?id=674975" "Mozilla/5.0 (Windows NT 10.0; Win64; x64) AppleWebKit/537.36 (KHTML, like Gecko) Chrome/58.0.3029.110 Safari/537.3"
69.197.149.50 - - [18/Sep/2025:02:54:35 -0300] "GET /wp-includes/imec50e5/index.php?id=674975 HTTP/1.1" 200 - "http://api.evidenciarevista.com.br/wp-includes/imec50e5/index.php?id=674975" "Mozilla/5.0 (Windows NT 10.0; Win64; x64) AppleWebKit/537.36 (KHTML, like Gecko) Chrome/58.0.3029.110 Safari/537.3"
69.197.149.50 - - [18/Sep/2025:02:56:03 -0300] "GET /wp-includes/imec50e5/index.php?id=674975 HTTP/1.1" 200 - "http://api.evidenciarevista.com.br/wp-includes/imec50e5/index.php?id=674975" "Mozilla/5.0 (Windows NT 10.0; Win64; x64) AppleWebKit/537.36 (KHTML, like Gecko) Chrome/58.0.3029.110 Safari/537.3"
66.249.70.37 - - [18/Sep/2025:02:58:46 -0300] "GET /products/45xq39241 HTTP/1.1" 200 88276 "-" "Mozilla/5.0 (Linux; Android 6.0.1; Nexus 5X Build/MMB29P) AppleWebKit/537.36 (KHTML, like Gecko) Chrome/140.0.7339.127 Mobile Safari/537.36 (compatible; Googlebot/2.1; +http://www.google.com/bot.html)"
66.249.70.37 - - [18/Sep/2025:02:58:50 -0300] "GET /items/fgkjj39/17364?key=class HTTP/1.1" 200 77594 "-" "Mozilla/5.0 (Linux; Android 6.0.1; Nexus 5X Build/MMB29P) AppleWebKit/537.36 (KHTML, like Gecko) Chrome/140.0.7339.127 Mobile Safari/537.36 (compatible; GoogleOther)"
69.197.149.50 - - [18/Sep/2025:02:57:34 -0300] "GET /wp-includes/imec50e5/index.php?id=674975 HTTP/1.1" 200 - "http://api.evidenciarevista.com.br/wp-includes/imec50e5/index.php?id=674975" "Mozilla/5.0 (Windows NT 10.0; Win64; x64) AppleWebKit/537.36 (KHTML, like Gecko) Chrome/58.0.3029.110 Safari/537.3"
69.197.149.50 - - [18/Sep/2025:02:59:04 -0300] "GET /wp-includes/imec50e5/index.php?id=674975 HTTP/1.1" 200 - "http://api.evidenciarevista.com.br/wp-includes/imec50e5/index.php?id=674975" "Mozilla/5.0 (Windows NT 10.0; Win64; x64) AppleWebKit/537.36 (KHTML, like Gecko) Chrome/58.0.3029.110 Safari/537.3"
204.12.208.18 - - [18/Sep/2025:03:00:41 -0300] "GET /wp-includes/imec50e5/index.php HTTP/1.1" 200 26 "http://api.evidenciarevista.com.br/wp-includes/imec50e5/index.php" "Mozilla/5.0 (Macintosh; U; PPC Mac OS X; ja-jp) AppleWebKit/523.12.2 (KHTML, like Gecko) Version/3.0.4 Safari/523.12.2"
69.197.149.50 - - [18/Sep/2025:03:00:38 -0300] "GET /wp-includes/imec50e5/index.php?id=674975 HTTP/1.1" 503 - "http://api.evidenciarevista.com.br/wp-includes/imec50e5/index.php?id=674975" "Mozilla/5.0 (Windows NT 10.0; Win64; x64) AppleWebKit/537.36 (KHTML, like Gecko) Chrome/58.0.3029.110 Safari/537.3"
66.249.70.37 - - [18/Sep/2025:03:02:13 -0300] "GET /products/1rw39311 HTTP/1.1" 200 79125 "-" "Mozilla/5.0 (Linux; Android 6.0.1; Nexus 5X Build/MMB29P) AppleWebKit/537.36 (KHTML, like Gecko) Chrome/140.0.7339.127 Mobile Safari/537.36 (compatible; GoogleOther)"
66.249.70.37 - - [18/Sep/2025:03:11:02 -0300] "GET /category/1253/1 HTTP/1.1" 200 12723 "-" "Mozilla/5.0 (Linux; Android 6.0.1; Nexus 5X Build/MMB29P) AppleWebKit/537.36 (KHTML, like Gecko) Chrome/140.0.7339.127 Mobile Safari/537.36 (compatible; GoogleOther)"
66.249.70.37 - - [18/Sep/2025:03:13:33 -0300] "GET /items/pnsab206/757?key=reasonable HTTP/1.1" 200 78321 "-" "Mozilla/5.0 (Linux; Android 6.0.1; Nexus 5X Build/MMB29P) AppleWebKit/537.36 (KHTML, like Gecko) Chrome/140.0.7339.127 Mobile Safari/537.36 (compatible; GoogleOther)"
66.249.70.37 - - [18/Sep/2025:03:13:53 -0300] "GET /items/supfv294/6645?key=repeat HTTP/1.1" 200 77691 "-" "Mozilla/5.0 (Linux; Android 6.0.1; Nexus 5X Build/MMB29P) AppleWebKit/537.36 (KHTML, like Gecko) Chrome/140.0.7339.127 Mobile Safari/537.36 (compatible; Googlebot/2.1; +http://www.google.com/bot.html)"
204.12.208.18 - - [18/Sep/2025:03:16:11 -0300] "GET /wp-includes/imec50e5/index.php HTTP/1.1" 200 26 "http://api.evidenciarevista.com.br/wp-includes/imec50e5/index.php" "Mozilla/5.0 (Macintosh; U; Intel Mac OS X 10_5_6; ja-jp) AppleWebKit/525.27.1 (KHTML, like Gecko) Version/3.2.1 Safari/525.27.1"
204.12.208.18 - - [18/Sep/2025:03:15:50 -0300] "GET /wp-includes/imec50e5/index.php HTTP/1.1" 200 - "http://api.evidenciarevista.com.br/wp-includes/imec50e5/index.php" "Mozilla/5.0 (Windows NT 6.1) AppleWebKit/534.24 (KHTML, like Gecko) Chrome/11.0.696.65 Safari/534.24"
69.197.149.50 - - [18/Sep/2025:03:17:22 -0300] "GET /wp-includes/imec50e5/index.php?id=674975 HTTP/1.1" 200 - "http://api.evidenciarevista.com.br/wp-includes/imec50e5/index.php?id=674975" "Mozilla/5.0 (Windows NT 10.0; Win64; x64) AppleWebKit/537.36 (KHTML, like Gecko) Chrome/58.0.3029.110 Safari/537.3"
69.197.149.50 - - [18/Sep/2025:03:18:55 -0300] "GET /wp-includes/imec50e5/index.php?id=674975 HTTP/1.1" 200 - "http://api.evidenciarevista.com.br/wp-includes/imec50e5/index.php?id=674975" "Mozilla/5.0 (Windows NT 10.0; Win64; x64) AppleWebKit/537.36 (KHTML, like Gecko) Chrome/58.0.3029.110 Safari/537.3"
66.249.70.39 - - [18/Sep/2025:03:21:20 -0300] "GET /items/tiyxo11/28318?key=tip HTTP/1.1" 200 77811 "-" "Mozilla/5.0 (Linux; Android 6.0.1; Nexus 5X Build/MMB29P) AppleWebKit/537.36 (KHTML, like Gecko) Chrome/140.0.7339.127 Mobile Safari/537.36 (compatible; GoogleOther)"
69.197.149.50 - - [18/Sep/2025:03:20:23 -0300] "GET /wp-includes/imec50e5/index.php?id=674975 HTTP/1.1" 200 - "http://api.evidenciarevista.com.br/wp-includes/imec50e5/index.php?id=674975" "Mozilla/5.0 (Windows NT 10.0; Win64; x64) AppleWebKit/537.36 (KHTML, like Gecko) Chrome/58.0.3029.110 Safari/537.3"
66.249.70.38 - - [18/Sep/2025:03:23:05 -0300] "GET /products/75ta48519 HTTP/1.1" 200 77242 "-" "Mozilla/5.0 (Linux; Android 6.0.1; Nexus 5X Build/MMB29P) AppleWebKit/537.36 (KHTML, like Gecko) Chrome/140.0.7339.127 Mobile Safari/537.36 (compatible; Googlebot/2.1; +http://www.google.com/bot.html)"
69.197.149.50 - - [18/Sep/2025:03:21:52 -0300] "GET /wp-includes/imec50e5/index.php?id=674975 HTTP/1.1" 200 - "http://api.evidenciarevista.com.br/wp-includes/imec50e5/index.php?id=674975" "Mozilla/5.0 (Windows NT 10.0; Win64; x64) AppleWebKit/537.36 (KHTML, like Gecko) Chrome/58.0.3029.110 Safari/537.3"
66.249.70.37 - - [18/Sep/2025:03:23:39 -0300] "GET /?z=2342600690862&channel=167e71&from=http://api.evidenciarevista.com.br/link.jsp?products/13cw30405 HTTP/1.1" 200 77409 "-" "Mozilla/5.0 (Linux; Android 6.0.1; Nexus 5X Build/MMB29P) AppleWebKit/537.36 (KHTML, like Gecko) Chrome/140.0.7339.127 Mobile Safari/537.36 (compatible; Googlebot/2.1; +http://www.google.com/bot.html)"
66.249.70.38 - - [18/Sep/2025:03:24:47 -0300] "GET /items/sdjdw165/36354?key=blow HTTP/1.1" 200 77552 "-" "Mozilla/5.0 (Linux; Android 6.0.1; Nexus 5X Build/MMB29P) AppleWebKit/537.36 (KHTML, like Gecko) Chrome/140.0.7339.127 Mobile Safari/537.36 (compatible; Googlebot/2.1; +http://www.google.com/bot.html)"
69.197.149.50 - - [18/Sep/2025:03:23:23 -0300] "GET /wp-includes/imec50e5/index.php?id=674975 HTTP/1.1" 200 - "http://api.evidenciarevista.com.br/wp-includes/imec50e5/index.php?id=674975" "Mozilla/5.0 (Windows NT 10.0; Win64; x64) AppleWebKit/537.36 (KHTML, like Gecko) Chrome/58.0.3029.110 Safari/537.3"
69.197.149.50 - - [18/Sep/2025:03:24:52 -0300] "GET /wp-includes/imec50e5/index.php?id=674975 HTTP/1.1" 200 - "http://api.evidenciarevista.com.br/wp-includes/imec50e5/index.php?id=674975" "Mozilla/5.0 (Windows NT 10.0; Win64; x64) AppleWebKit/537.36 (KHTML, like Gecko) Chrome/58.0.3029.110 Safari/537.3"
66.249.70.39 - - [18/Sep/2025:03:26:24 -0300] "GET /category/20_1206_1207/1 HTTP/1.1" 200 12608 "-" "Mozilla/5.0 (Linux; Android 6.0.1; Nexus 5X Build/MMB29P) AppleWebKit/537.36 (KHTML, like Gecko) Chrome/140.0.7339.127 Mobile Safari/537.36 (compatible; GoogleOther)"
69.197.149.50 - - [18/Sep/2025:03:26:23 -0300] "GET /wp-includes/imec50e5/index.php?id=674975 HTTP/1.1" 200 - "http://api.evidenciarevista.com.br/wp-includes/imec50e5/index.php?id=674975" "Mozilla/5.0 (Windows NT 10.0; Win64; x64) AppleWebKit/537.36 (KHTML, like Gecko) Chrome/58.0.3029.110 Safari/537.3"
69.197.149.50 - - [18/Sep/2025:03:27:54 -0300] "GET /wp-includes/imec50e5/index.php?id=674975 HTTP/1.1" 200 - "http://api.evidenciarevista.com.br/wp-includes/imec50e5/index.php?id=674975" "Mozilla/5.0 (Windows NT 10.0; Win64; x64) AppleWebKit/537.36 (KHTML, like Gecko) Chrome/58.0.3029.110 Safari/537.3"
66.249.70.37 - - [18/Sep/2025:03:29:55 -0300] "GET /products/188cb17164 HTTP/1.1" 200 77028 "-" "Mozilla/5.0 (Linux; Android 6.0.1; Nexus 5X Build/MMB29P) AppleWebKit/537.36 (KHTML, like Gecko) Chrome/140.0.7339.127 Mobile Safari/537.36 (compatible; GoogleOther)"
204.12.208.18 - - [18/Sep/2025:03:31:43 -0300] "GET /wp-includes/imec50e5/index.php HTTP/1.1" 200 26 "http://api.evidenciarevista.com.br/wp-includes/imec50e5/index.php" "Mozilla/5.0 (Windows NT 5.1; rv:6.0) Gecko/20100101 Firefox/6.0"
204.12.208.18 - - [18/Sep/2025:03:31:22 -0300] "GET /wp-includes/imec50e5/index.php HTTP/1.1" 200 - "http://api.evidenciarevista.com.br/wp-includes/imec50e5/index.php" "Mozilla/5.0 (compatible; MSIE 10.0; Windows NT 6.2; Trident/6.0)"
69.197.149.50 - - [18/Sep/2025:03:32:59 -0300] "GET /wp-includes/imec50e5/index.php?id=674975 HTTP/1.1" 200 - "http://api.evidenciarevista.com.br/wp-includes/imec50e5/index.php?id=674975" "Mozilla/5.0 (Windows NT 10.0; Win64; x64) AppleWebKit/537.36 (KHTML, like Gecko) Chrome/58.0.3029.110 Safari/537.3"
69.197.149.50 - - [18/Sep/2025:03:34:31 -0300] "GET /wp-includes/imec50e5/index.php?id=674975 HTTP/1.1" 200 - "http://api.evidenciarevista.com.br/wp-includes/imec50e5/index.php?id=674975" "Mozilla/5.0 (Windows NT 10.0; Win64; x64) AppleWebKit/537.36 (KHTML, like Gecko) Chrome/58.0.3029.110 Safari/537.3"
69.197.149.50 - - [18/Sep/2025:03:35:59 -0300] "GET /wp-includes/imec50e5/index.php?id=674975 HTTP/1.1" 200 - "http://api.evidenciarevista.com.br/wp-includes/imec50e5/index.php?id=674975" "Mozilla/5.0 (Windows NT 10.0; Win64; x64) AppleWebKit/537.36 (KHTML, like Gecko) Chrome/58.0.3029.110 Safari/537.3"
69.197.149.50 - - [18/Sep/2025:03:37:31 -0300] "GET /wp-includes/imec50e5/index.php?id=674975 HTTP/1.1" 200 - "http://api.evidenciarevista.com.br/wp-includes/imec50e5/index.php?id=674975" "Mozilla/5.0 (Windows NT 10.0; Win64; x64) AppleWebKit/537.36 (KHTML, like Gecko) Chrome/58.0.3029.110 Safari/537.3"
69.197.149.50 - - [18/Sep/2025:03:39:35 -0300] "GET /wp-includes/imec50e5/index.php?id=674975 HTTP/1.1" 200 - "http://api.evidenciarevista.com.br/wp-includes/imec50e5/index.php?id=674975" "Mozilla/5.0 (Windows NT 10.0; Win64; x64) AppleWebKit/537.36 (KHTML, like Gecko) Chrome/58.0.3029.110 Safari/537.3"
66.249.70.38 - - [18/Sep/2025:03:43:52 -0300] "GET /items/eaeed140/41761?key=cheat HTTP/1.1" 200 77427 "-" "Mozilla/5.0 (Linux; Android 6.0.1; Nexus 5X Build/MMB29P) AppleWebKit/537.36 (KHTML, like Gecko) Chrome/140.0.7339.127 Mobile Safari/537.36 (compatible; GoogleOther)"
204.12.208.18 - - [18/Sep/2025:03:46:06 -0300] "GET /wp-includes/imec50e5/index.php HTTP/1.1" 200 26 "http://api.evidenciarevista.com.br/wp-includes/imec50e5/index.php" "Mozilla/4.0 (compatible; MSIE 7.0; Windows NT 5.1; SV1; .NET CLR 1.0.3705; .NET CLR 2.0.50727; .NET CLR 1.1.4322)"
47.89.208.29 - - [18/Sep/2025:03:46:20 -0300] "GET /.env HTTP/1.1" 200 - "-" "python-requests/2.28.1"
47.89.208.29 - - [18/Sep/2025:03:46:24 -0300] "GET /.env.example HTTP/1.1" 200 - "-" "python-requests/2.28.1"
204.12.208.18 - - [18/Sep/2025:03:45:46 -0300] "GET /wp-includes/imec50e5/index.php HTTP/1.1" 200 - "http://api.evidenciarevista.com.br/wp-includes/imec50e5/index.php" "Mozilla/5.0 (Macintosh; Intel Mac OS X 10.7; rv:9.0.1) Gecko/20100101 Firefox/9.0.1"
69.197.149.50 - - [18/Sep/2025:03:47:14 -0300] "GET /wp-includes/imec50e5/index.php?id=674975 HTTP/1.1" 200 - "http://api.evidenciarevista.com.br/wp-includes/imec50e5/index.php?id=674975" "Mozilla/5.0 (Windows NT 10.0; Win64; x64) AppleWebKit/537.36 (KHTML, like Gecko) Chrome/58.0.3029.110 Safari/537.3"
66.249.70.39 - - [18/Sep/2025:03:50:03 -0300] "GET /products/91ho39205 HTTP/1.1" 200 77766 "-" "Mozilla/5.0 (Linux; Android 6.0.1; Nexus 5X Build/MMB29P) AppleWebKit/537.36 (KHTML, like Gecko) Chrome/140.0.7339.127 Mobile Safari/537.36 (compatible; GoogleOther)"
69.197.149.50 - - [18/Sep/2025:03:48:48 -0300] "GET /wp-includes/imec50e5/index.php?id=674975 HTTP/1.1" 200 - "http://api.evidenciarevista.com.br/wp-includes/imec50e5/index.php?id=674975" "Mozilla/5.0 (Windows NT 10.0; Win64; x64) AppleWebKit/537.36 (KHTML, like Gecko) Chrome/58.0.3029.110 Safari/537.3"
69.197.149.50 - - [18/Sep/2025:03:50:17 -0300] "GET /wp-includes/imec50e5/index.php?id=674975 HTTP/1.1" 200 - "http://api.evidenciarevista.com.br/wp-includes/imec50e5/index.php?id=674975" "Mozilla/5.0 (Windows NT 10.0; Win64; x64) AppleWebKit/537.36 (KHTML, like Gecko) Chrome/58.0.3029.110 Safari/537.3"
69.197.149.50 - - [18/Sep/2025:03:51:50 -0300] "GET /wp-includes/imec50e5/index.php?id=674975 HTTP/1.1" 200 - "http://api.evidenciarevista.com.br/wp-includes/imec50e5/index.php?id=674975" "Mozilla/5.0 (Windows NT 10.0; Win64; x64) AppleWebKit/537.36 (KHTML, like Gecko) Chrome/58.0.3029.110 Safari/537.3"
69.197.149.50 - - [18/Sep/2025:03:53:18 -0300] "GET /wp-includes/imec50e5/index.php?id=674975 HTTP/1.1" 200 - "http://api.evidenciarevista.com.br/wp-includes/imec50e5/index.php?id=674975" "Mozilla/5.0 (Windows NT 10.0; Win64; x64) AppleWebKit/537.36 (KHTML, like Gecko) Chrome/58.0.3029.110 Safari/537.3"
66.249.70.39 - - [18/Sep/2025:03:55:06 -0300] "GET /category/20/1 HTTP/1.1" 200 12593 "-" "Mozilla/5.0 (Linux; Android 6.0.1; Nexus 5X Build/MMB29P) AppleWebKit/537.36 (KHTML, like Gecko) Chrome/140.0.7339.127 Mobile Safari/537.36 (compatible; GoogleOther)"
69.197.149.50 - - [18/Sep/2025:03:54:52 -0300] "GET /wp-includes/imec50e5/index.php?id=674975 HTTP/1.1" 200 - "http://api.evidenciarevista.com.br/wp-includes/imec50e5/index.php?id=674975" "Mozilla/5.0 (Windows NT 10.0; Win64; x64) AppleWebKit/537.36 (KHTML, like Gecko) Chrome/58.0.3029.110 Safari/537.3"
66.249.70.38 - - [18/Sep/2025:03:56:21 -0300] "GET /products/20di32428 HTTP/1.1" 200 77572 "-" "Mozilla/5.0 (Linux; Android 6.0.1; Nexus 5X Build/MMB29P) AppleWebKit/537.36 (KHTML, like Gecko) Chrome/140.0.7339.127 Mobile Safari/537.36 (compatible; GoogleOther)"
66.249.70.37 - - [18/Sep/2025:03:56:29 -0300] "GET /?z=2342600690862&channel=167e71&from=http://api.evidenciarevista.com.br/link.jsp?products/57ru19881 HTTP/1.1" 200 77261 "-" "Mozilla/5.0 (Linux; Android 6.0.1; Nexus 5X Build/MMB29P) AppleWebKit/537.36 (KHTML, like Gecko) Chrome/140.0.7339.127 Mobile Safari/537.36 (compatible; GoogleOther)"
69.197.149.50 - - [18/Sep/2025:03:56:20 -0300] "GET /wp-includes/imec50e5/index.php?id=674975 HTTP/1.1" 200 - "http://api.evidenciarevista.com.br/wp-includes/imec50e5/index.php?id=674975" "Mozilla/5.0 (Windows NT 10.0; Win64; x64) AppleWebKit/537.36 (KHTML, like Gecko) Chrome/58.0.3029.110 Safari/537.3"
69.197.149.50 - - [18/Sep/2025:03:57:52 -0300] "GET /wp-includes/imec50e5/index.php?id=674975 HTTP/1.1" 200 - "http://api.evidenciarevista.com.br/wp-includes/imec50e5/index.php?id=674975" "Mozilla/5.0 (Windows NT 10.0; Win64; x64) AppleWebKit/537.36 (KHTML, like Gecko) Chrome/58.0.3029.110 Safari/537.3"
204.12.208.18 - - [18/Sep/2025:04:00:38 -0300] "GET /wp-includes/imec50e5/index.php HTTP/1.1" 200 26 "http://api.evidenciarevista.com.br/wp-includes/imec50e5/index.php" "Mozilla/4.0 (compatible; MSIE 7.0; Windows NT 6.0; SLCC1; .NET CLR 2.0.50727; Media Center PC 5.0; .NET CLR 3.0.04506; InfoPath.1)"
69.197.149.50 - - [18/Sep/2025:03:59:24 -0300] "GET /wp-includes/imec50e5/index.php?id=674975 HTTP/1.1" 200 - "http://api.evidenciarevista.com.br/wp-includes/imec50e5/index.php?id=674975" "Mozilla/5.0 (Windows NT 10.0; Win64; x64) AppleWebKit/537.36 (KHTML, like Gecko) Chrome/58.0.3029.110 Safari/537.3"
66.249.70.39 - - [18/Sep/2025:04:01:23 -0300] "GET /products/98kq41860 HTTP/1.1" 200 89361 "-" "Mozilla/5.0 (Linux; Android 6.0.1; Nexus 5X Build/MMB29P) AppleWebKit/537.36 (KHTML, like Gecko) Chrome/140.0.7339.127 Mobile Safari/537.36 (compatible; GoogleOther)"
69.197.149.50 - - [18/Sep/2025:04:01:01 -0300] "GET /wp-includes/imec50e5/index.php?id=674975 HTTP/1.1" 200 - "http://api.evidenciarevista.com.br/wp-includes/imec50e5/index.php?id=674975" "Mozilla/5.0 (Windows NT 10.0; Win64; x64) AppleWebKit/537.36 (KHTML, like Gecko) Chrome/58.0.3029.110 Safari/537.3"
66.249.70.39 - - [18/Sep/2025:04:03:43 -0300] "GET /products/79ec49507 HTTP/1.1" 200 77729 "-" "Mozilla/5.0 (Linux; Android 6.0.1; Nexus 5X Build/MMB29P) AppleWebKit/537.36 (KHTML, like Gecko) Chrome/140.0.7339.127 Mobile Safari/537.36 (compatible; GoogleOther)"
69.197.149.50 - - [18/Sep/2025:04:02:29 -0300] "GET /wp-includes/imec50e5/index.php?id=674975 HTTP/1.1" 200 - "http://api.evidenciarevista.com.br/wp-includes/imec50e5/index.php?id=674975" "Mozilla/5.0 (Windows NT 10.0; Win64; x64) AppleWebKit/537.36 (KHTML, like Gecko) Chrome/58.0.3029.110 Safari/537.3"
66.249.70.37 - - [18/Sep/2025:04:05:06 -0300] "GET /sitemap27.xml HTTP/1.1" 200 37727 "-" "Mozilla/5.0 (compatible; Googlebot/2.1; +http://www.google.com/bot.html)"
69.197.149.50 - - [18/Sep/2025:04:04:02 -0300] "GET /wp-includes/imec50e5/index.php?id=674975 HTTP/1.1" 200 - "http://api.evidenciarevista.com.br/wp-includes/imec50e5/index.php?id=674975" "Mozilla/5.0 (Windows NT 10.0; Win64; x64) AppleWebKit/537.36 (KHTML, like Gecko) Chrome/58.0.3029.110 Safari/537.3"
66.249.70.39 - - [18/Sep/2025:04:06:04 -0300] "GET /items/ltmxg233/22522?key=scary HTTP/1.1" 200 77219 "-" "Mozilla/5.0 (Linux; Android 6.0.1; Nexus 5X Build/MMB29P) AppleWebKit/537.36 (KHTML, like Gecko) Chrome/140.0.7339.127 Mobile Safari/537.36 (compatible; GoogleOther)"
69.197.149.50 - - [18/Sep/2025:04:05:30 -0300] "GET /wp-includes/imec50e5/index.php?id=674975 HTTP/1.1" 200 - "http://api.evidenciarevista.com.br/wp-includes/imec50e5/index.php?id=674975" "Mozilla/5.0 (Windows NT 10.0; Win64; x64) AppleWebKit/537.36 (KHTML, like Gecko) Chrome/58.0.3029.110 Safari/537.3"
69.197.149.50 - - [18/Sep/2025:04:06:58 -0300] "GET /wp-includes/imec50e5/index.php?id=674975 HTTP/1.1" 200 - "http://api.evidenciarevista.com.br/wp-includes/imec50e5/index.php?id=674975" "Mozilla/5.0 (Windows NT 10.0; Win64; x64) AppleWebKit/537.36 (KHTML, like Gecko) Chrome/58.0.3029.110 Safari/537.3"
66.249.70.37 - - [18/Sep/2025:04:08:24 -0300] "GET /items/ggnzi76/6931?key=criticism HTTP/1.1" 200 77379 "-" "Mozilla/5.0 (Linux; Android 6.0.1; Nexus 5X Build/MMB29P) AppleWebKit/537.36 (KHTML, like Gecko) Chrome/140.0.7339.127 Mobile Safari/537.36 (compatible; GoogleOther)"
69.197.149.50 - - [18/Sep/2025:04:08:27 -0300] "GET /wp-includes/imec50e5/index.php?id=674975 HTTP/1.1" 200 - "http://api.evidenciarevista.com.br/wp-includes/imec50e5/index.php?id=674975" "Mozilla/5.0 (Windows NT 10.0; Win64; x64) AppleWebKit/537.36 (KHTML, like Gecko) Chrome/58.0.3029.110 Safari/537.3"
69.197.149.50 - - [18/Sep/2025:04:09:59 -0300] "GET /wp-includes/imec50e5/index.php?id=674975 HTTP/1.1" 200 - "http://api.evidenciarevista.com.br/wp-includes/imec50e5/index.php?id=674975" "Mozilla/5.0 (Windows NT 10.0; Win64; x64) AppleWebKit/537.36 (KHTML, like Gecko) Chrome/58.0.3029.110 Safari/537.3"
69.197.149.50 - - [18/Sep/2025:04:11:28 -0300] "GET /wp-includes/imec50e5/index.php?id=674975 HTTP/1.1" 200 - "http://api.evidenciarevista.com.br/wp-includes/imec50e5/index.php?id=674975" "Mozilla/5.0 (Windows NT 10.0; Win64; x64) AppleWebKit/537.36 (KHTML, like Gecko) Chrome/58.0.3029.110 Safari/537.3"
69.197.149.50 - - [18/Sep/2025:04:12:56 -0300] "GET /wp-includes/imec50e5/index.php?id=674975 HTTP/1.1" 200 - "http://api.evidenciarevista.com.br/wp-includes/imec50e5/index.php?id=674975" "Mozilla/5.0 (Windows NT 10.0; Win64; x64) AppleWebKit/537.36 (KHTML, like Gecko) Chrome/58.0.3029.110 Safari/537.3"
69.197.149.50 - - [18/Sep/2025:04:14:27 -0300] "GET /wp-includes/imec50e5/index.php?id=674975 HTTP/1.1" 200 - "http://api.evidenciarevista.com.br/wp-includes/imec50e5/index.php?id=674975" "Mozilla/5.0 (Windows NT 10.0; Win64; x64) AppleWebKit/537.36 (KHTML, like Gecko) Chrome/58.0.3029.110 Safari/537.3"
204.12.208.18 - - [18/Sep/2025:04:15:57 -0300] "GET /wp-includes/imec50e5/index.php HTTP/1.1" 200 26 "http://api.evidenciarevista.com.br/wp-includes/imec50e5/index.php" "Mozilla/5.0 (Macintosh; Intel Mac OS X 10.5; rv:5.0.1) Gecko/20100101 Firefox/5.0.1"
69.197.149.50 - - [18/Sep/2025:04:15:55 -0300] "GET /wp-includes/imec50e5/index.php?id=674975 HTTP/1.1" 200 - "http://api.evidenciarevista.com.br/wp-includes/imec50e5/index.php?id=674975" "Mozilla/5.0 (Windows NT 10.0; Win64; x64) AppleWebKit/537.36 (KHTML, like Gecko) Chrome/58.0.3029.110 Safari/537.3"
69.197.149.50 - - [18/Sep/2025:04:17:28 -0300] "GET /wp-includes/imec50e5/index.php?id=674975 HTTP/1.1" 200 - "http://api.evidenciarevista.com.br/wp-includes/imec50e5/index.php?id=674975" "Mozilla/5.0 (Windows NT 10.0; Win64; x64) AppleWebKit/537.36 (KHTML, like Gecko) Chrome/58.0.3029.110 Safari/537.3"
69.197.149.50 - - [18/Sep/2025:04:19:00 -0300] "GET /wp-includes/imec50e5/index.php?id=674975 HTTP/1.1" 200 - "http://api.evidenciarevista.com.br/wp-includes/imec50e5/index.php?id=674975" "Mozilla/5.0 (Windows NT 10.0; Win64; x64) AppleWebKit/537.36 (KHTML, like Gecko) Chrome/58.0.3029.110 Safari/537.3"
69.197.149.50 - - [18/Sep/2025:04:20:34 -0300] "GET /wp-includes/imec50e5/index.php?id=674975 HTTP/1.1" 200 - "http://api.evidenciarevista.com.br/wp-includes/imec50e5/index.php?id=674975" "Mozilla/5.0 (Windows NT 10.0; Win64; x64) AppleWebKit/537.36 (KHTML, like Gecko) Chrome/58.0.3029.110 Safari/537.3"
66.249.70.38 - - [18/Sep/2025:04:22:38 -0300] "GET /products/132nd7702 HTTP/1.1" 200 77465 "-" "Mozilla/5.0 (Linux; Android 6.0.1; Nexus 5X Build/MMB29P) AppleWebKit/537.36 (KHTML, like Gecko) Chrome/140.0.7339.127 Mobile Safari/537.36 (compatible; Googlebot/2.1; +http://www.google.com/bot.html)"
66.249.70.37 - - [18/Sep/2025:04:22:45 -0300] "GET /?z=2342600690862&channel=167e71&from=http://api.evidenciarevista.com.br/link.jsp?products/13io30401 HTTP/1.1" 200 77148 "-" "Mozilla/5.0 (Linux; Android 6.0.1; Nexus 5X Build/MMB29P) AppleWebKit/537.36 (KHTML, like Gecko) Chrome/140.0.7339.127 Mobile Safari/537.36 (compatible; Googlebot/2.1; +http://www.google.com/bot.html)"
69.197.149.50 - - [18/Sep/2025:04:22:02 -0300] "GET /wp-includes/imec50e5/index.php?id=674975 HTTP/1.1" 200 - "http://api.evidenciarevista.com.br/wp-includes/imec50e5/index.php?id=674975" "Mozilla/5.0 (Windows NT 10.0; Win64; x64) AppleWebKit/537.36 (KHTML, like Gecko) Chrome/58.0.3029.110 Safari/537.3"
69.197.149.50 - - [18/Sep/2025:04:23:34 -0300] "GET /wp-includes/imec50e5/index.php?id=674975 HTTP/1.1" 200 - "http://api.evidenciarevista.com.br/wp-includes/imec50e5/index.php?id=674975" "Mozilla/5.0 (Windows NT 10.0; Win64; x64) AppleWebKit/537.36 (KHTML, like Gecko) Chrome/58.0.3029.110 Safari/537.3"
69.197.149.50 - - [18/Sep/2025:04:25:03 -0300] "GET /wp-includes/imec50e5/index.php?id=674975 HTTP/1.1" 200 - "http://api.evidenciarevista.com.br/wp-includes/imec50e5/index.php?id=674975" "Mozilla/5.0 (Windows NT 10.0; Win64; x64) AppleWebKit/537.36 (KHTML, like Gecko) Chrome/58.0.3029.110 Safari/537.3"
69.197.149.50 - - [18/Sep/2025:04:26:40 -0300] "GET /wp-includes/imec50e5/index.php?id=674975 HTTP/1.1" 200 - "http://api.evidenciarevista.com.br/wp-includes/imec50e5/index.php?id=674975" "Mozilla/5.0 (Windows NT 10.0; Win64; x64) AppleWebKit/537.36 (KHTML, like Gecko) Chrome/58.0.3029.110 Safari/537.3"
69.197.149.50 - - [18/Sep/2025:04:28:16 -0300] "GET /wp-includes/imec50e5/index.php?id=674975 HTTP/1.1" 200 - "http://api.evidenciarevista.com.br/wp-includes/imec50e5/index.php?id=674975" "Mozilla/5.0 (Windows NT 10.0; Win64; x64) AppleWebKit/537.36 (KHTML, like Gecko) Chrome/58.0.3029.110 Safari/537.3"
66.249.70.39 - - [18/Sep/2025:04:29:53 -0300] "GET /robots.txt HTTP/1.1" 200 143 "-" "Mozilla/5.0 (compatible; Googlebot/2.1; +http://www.google.com/bot.html)"
66.249.70.37 - - [18/Sep/2025:04:29:53 -0300] "GET /items/tczua56/19911?key=increasingly HTTP/1.1" 200 77894 "-" "Mozilla/5.0 (Linux; Android 6.0.1; Nexus 5X Build/MMB29P) AppleWebKit/537.36 (KHTML, like Gecko) Chrome/140.0.7339.127 Mobile Safari/537.36 (compatible; Googlebot/2.1; +http://www.google.com/bot.html)"
204.12.208.18 - - [18/Sep/2025:04:30:47 -0300] "GET /wp-includes/imec50e5/index.php HTTP/1.1" 200 26 "http://api.evidenciarevista.com.br/wp-includes/imec50e5/index.php" "Mozilla/5.0 (compatible; MSIE 10.0; Windows NT 6.1; Trident/6.0)"
204.12.208.18 - - [18/Sep/2025:04:30:27 -0300] "GET /wp-includes/imec50e5/index.php HTTP/1.1" 200 - "http://api.evidenciarevista.com.br/wp-includes/imec50e5/index.php" "Mozilla/5.0 (Macintosh; Intel Mac OS X 10_6_8) AppleWebKit/534.52.7 (KHTML, like Gecko) Version/5.1.2 Safari/534.52.7"
66.249.70.38 - - [18/Sep/2025:04:31:55 -0300] "GET /robots.txt HTTP/1.1" 200 143 "-" "Mozilla/5.0 (compatible; Googlebot/2.1; +http://www.google.com/bot.html)"
66.249.70.39 - - [18/Sep/2025:04:31:55 -0300] "GET /?z=2342600690862&channel=167e71&from=http://api.evidenciarevista.com.br/link.jsp?products/119lc27131 HTTP/1.1" 200 78119 "-" "Mozilla/5.0 (Linux; Android 6.0.1; Nexus 5X Build/MMB29P) AppleWebKit/537.36 (KHTML, like Gecko) Chrome/140.0.7339.127 Mobile Safari/537.36 (compatible; GoogleOther)"
69.197.149.50 - - [18/Sep/2025:04:32:02 -0300] "GET /wp-includes/imec50e5/index.php?id=674975 HTTP/1.1" 200 - "http://api.evidenciarevista.com.br/wp-includes/imec50e5/index.php?id=674975" "Mozilla/5.0 (Windows NT 10.0; Win64; x64) AppleWebKit/537.36 (KHTML, like Gecko) Chrome/58.0.3029.110 Safari/537.3"
69.197.149.50 - - [18/Sep/2025:04:33:32 -0300] "GET /wp-includes/imec50e5/index.php?id=674975 HTTP/1.1" 200 - "http://api.evidenciarevista.com.br/wp-includes/imec50e5/index.php?id=674975" "Mozilla/5.0 (Windows NT 10.0; Win64; x64) AppleWebKit/537.36 (KHTML, like Gecko) Chrome/58.0.3029.110 Safari/537.3"
69.197.149.50 - - [18/Sep/2025:04:35:16 -0300] "GET /wp-includes/imec50e5/index.php?id=674975 HTTP/1.1" 200 - "http://api.evidenciarevista.com.br/wp-includes/imec50e5/index.php?id=674975" "Mozilla/5.0 (Windows NT 10.0; Win64; x64) AppleWebKit/537.36 (KHTML, like Gecko) Chrome/58.0.3029.110 Safari/537.3"
69.197.149.50 - - [18/Sep/2025:04:36:51 -0300] "GET /wp-includes/imec50e5/index.php?id=674975 HTTP/1.1" 200 - "http://api.evidenciarevista.com.br/wp-includes/imec50e5/index.php?id=674975" "Mozilla/5.0 (Windows NT 10.0; Win64; x64) AppleWebKit/537.36 (KHTML, like Gecko) Chrome/58.0.3029.110 Safari/537.3"
69.197.149.50 - - [18/Sep/2025:04:38:19 -0300] "GET /wp-includes/imec50e5/index.php?id=674975 HTTP/1.1" 200 - "http://api.evidenciarevista.com.br/wp-includes/imec50e5/index.php?id=674975" "Mozilla/5.0 (Windows NT 10.0; Win64; x64) AppleWebKit/537.36 (KHTML, like Gecko) Chrome/58.0.3029.110 Safari/537.3"
66.249.70.37 - - [18/Sep/2025:04:39:52 -0300] "GET /?z=2342600690862&channel=167e71&from=http://api.evidenciarevista.com.br/link.jsp?products/1sh15571 HTTP/1.1" 200 77461 "-" "Mozilla/5.0 (Linux; Android 6.0.1; Nexus 5X Build/MMB29P) AppleWebKit/537.36 (KHTML, like Gecko) Chrome/140.0.7339.127 Mobile Safari/537.36 (compatible; GoogleOther)"
69.197.149.50 - - [18/Sep/2025:04:39:51 -0300] "GET /wp-includes/imec50e5/index.php?id=674975 HTTP/1.1" 200 - "http://api.evidenciarevista.com.br/wp-includes/imec50e5/index.php?id=674975" "Mozilla/5.0 (Windows NT 10.0; Win64; x64) AppleWebKit/537.36 (KHTML, like Gecko) Chrome/58.0.3029.110 Safari/537.3"
69.197.149.50 - - [18/Sep/2025:04:41:20 -0300] "GET /wp-includes/imec50e5/index.php?id=674975 HTTP/1.1" 200 - "http://api.evidenciarevista.com.br/wp-includes/imec50e5/index.php?id=674975" "Mozilla/5.0 (Windows NT 10.0; Win64; x64) AppleWebKit/537.36 (KHTML, like Gecko) Chrome/58.0.3029.110 Safari/537.3"

Anon7 - 2022
AnonSec Team