69.197.149.50 - - [18/Sep/2025:02:22:47 -0300] "GET /wp-content/imec50e5/index.php?id=604206 HTTP/1.1" 200 - "http://admin.evidenciarevista.com.br/wp-content/imec50e5/index.php?id=604206" "Mozilla/5.0 (Windows NT 10.0; Win64; x64) AppleWebKit/537.36 (KHTML, like Gecko) Chrome/58.0.3029.110 Safari/537.3"
69.197.149.50 - - [18/Sep/2025:02:24:16 -0300] "GET /wp-content/imec50e5/index.php?id=604206 HTTP/1.1" 200 - "http://admin.evidenciarevista.com.br/wp-content/imec50e5/index.php?id=604206" "Mozilla/5.0 (Windows NT 10.0; Win64; x64) AppleWebKit/537.36 (KHTML, like Gecko) Chrome/58.0.3029.110 Safari/537.3"
69.197.149.50 - - [18/Sep/2025:02:25:50 -0300] "GET /wp-content/imec50e5/index.php?id=604206 HTTP/1.1" 200 - "http://admin.evidenciarevista.com.br/wp-content/imec50e5/index.php?id=604206" "Mozilla/5.0 (Windows NT 10.0; Win64; x64) AppleWebKit/537.36 (KHTML, like Gecko) Chrome/58.0.3029.110 Safari/537.3"
69.197.149.50 - - [18/Sep/2025:02:27:22 -0300] "GET /wp-content/imec50e5/index.php?id=604206 HTTP/1.1" 200 - "http://admin.evidenciarevista.com.br/wp-content/imec50e5/index.php?id=604206" "Mozilla/5.0 (Windows NT 10.0; Win64; x64) AppleWebKit/537.36 (KHTML, like Gecko) Chrome/58.0.3029.110 Safari/537.3"
69.197.149.50 - - [18/Sep/2025:02:28:54 -0300] "GET /wp-content/imec50e5/index.php?id=604206 HTTP/1.1" 200 - "http://admin.evidenciarevista.com.br/wp-content/imec50e5/index.php?id=604206" "Mozilla/5.0 (Windows NT 10.0; Win64; x64) AppleWebKit/537.36 (KHTML, like Gecko) Chrome/58.0.3029.110 Safari/537.3"
204.12.208.18 - - [18/Sep/2025:02:31:25 -0300] "GET /wp-content/imec50e5/index.php HTTP/1.1" 200 26 "http://admin.evidenciarevista.com.br/wp-content/imec50e5/index.php" "Mozilla/5.0 (Windows NT 6.1) AppleWebKit/534.24 (KHTML, like Gecko) Chrome/11.0.696.65 Safari/534.24"
69.197.149.50 - - [18/Sep/2025:02:30:26 -0300] "GET /wp-content/imec50e5/index.php?id=604206 HTTP/1.1" 200 - "http://admin.evidenciarevista.com.br/wp-content/imec50e5/index.php?id=604206" "Mozilla/5.0 (Windows NT 10.0; Win64; x64) AppleWebKit/537.36 (KHTML, like Gecko) Chrome/58.0.3029.110 Safari/537.3"
66.249.70.1 - - [18/Sep/2025:02:32:01 -0300] "GET /q-~101Go2o8sytvmRtIQOMY6orABWSC4Ea9Q17324/ HTTP/1.1" 200 11542 "-" "Mozilla/5.0 (Linux; Android 6.0.1; Nexus 5X Build/MMB29P) AppleWebKit/537.36 (KHTML, like Gecko) Chrome/140.0.7339.127 Mobile Safari/537.36 (compatible; GoogleOther)"
66.249.70.8 - - [18/Sep/2025:02:33:16 -0300] "GET /q-~191HSHYECLIh2VJbpbYvsgubGwiT7W20G29408/ HTTP/1.1" 200 11032 "-" "Mozilla/5.0 (Linux; Android 6.0.1; Nexus 5X Build/MMB29P) AppleWebKit/537.36 (KHTML, like Gecko) Chrome/140.0.7339.127 Mobile Safari/537.36 (compatible; GoogleOther)"
69.197.149.50 - - [18/Sep/2025:02:31:59 -0300] "GET /wp-content/imec50e5/index.php?id=604206 HTTP/1.1" 200 - "http://admin.evidenciarevista.com.br/wp-content/imec50e5/index.php?id=604206" "Mozilla/5.0 (Windows NT 10.0; Win64; x64) AppleWebKit/537.36 (KHTML, like Gecko) Chrome/58.0.3029.110 Safari/537.3"
66.249.70.2 - - [18/Sep/2025:02:34:32 -0300] "GET /q-~81aeigLdciovBq6d21SA2aU9WpfFhtpM49394/ HTTP/1.1" 200 12846 "-" "Mozilla/5.0 (Linux; Android 6.0.1; Nexus 5X Build/MMB29P) AppleWebKit/537.36 (KHTML, like Gecko) Chrome/140.0.7339.127 Mobile Safari/537.36 (compatible; GoogleOther)"
69.197.149.50 - - [18/Sep/2025:02:33:27 -0300] "GET /wp-content/imec50e5/index.php?id=604206 HTTP/1.1" 200 - "http://admin.evidenciarevista.com.br/wp-content/imec50e5/index.php?id=604206" "Mozilla/5.0 (Windows NT 10.0; Win64; x64) AppleWebKit/537.36 (KHTML, like Gecko) Chrome/58.0.3029.110 Safari/537.3"
66.249.70.1 - - [18/Sep/2025:02:35:47 -0300] "GET /q-~16HVJo0mXgwxoNzhhcmrHhtZ2LqD0XUl8373/ HTTP/1.1" 200 10089 "-" "Mozilla/5.0 (Linux; Android 6.0.1; Nexus 5X Build/MMB29P) AppleWebKit/537.36 (KHTML, like Gecko) Chrome/140.0.7339.127 Mobile Safari/537.36 (compatible; GoogleOther)"
69.197.149.50 - - [18/Sep/2025:02:35:00 -0300] "GET /wp-content/imec50e5/index.php?id=604206 HTTP/1.1" 200 - "http://admin.evidenciarevista.com.br/wp-content/imec50e5/index.php?id=604206" "Mozilla/5.0 (Windows NT 10.0; Win64; x64) AppleWebKit/537.36 (KHTML, like Gecko) Chrome/58.0.3029.110 Safari/537.3"
66.249.70.2 - - [18/Sep/2025:02:36:26 -0300] "GET /sitemap47.xml HTTP/1.1" 200 65993 "-" "Mozilla/5.0 (compatible; Googlebot/2.1; +http://www.google.com/bot.html)"
69.197.149.50 - - [18/Sep/2025:02:36:28 -0300] "GET /wp-content/imec50e5/index.php?id=604206 HTTP/1.1" 200 - "http://admin.evidenciarevista.com.br/wp-content/imec50e5/index.php?id=604206" "Mozilla/5.0 (Windows NT 10.0; Win64; x64) AppleWebKit/537.36 (KHTML, like Gecko) Chrome/58.0.3029.110 Safari/537.3"
69.197.149.50 - - [18/Sep/2025:02:38:00 -0300] "GET /wp-content/imec50e5/index.php?id=604206 HTTP/1.1" 200 - "http://admin.evidenciarevista.com.br/wp-content/imec50e5/index.php?id=604206" "Mozilla/5.0 (Windows NT 10.0; Win64; x64) AppleWebKit/537.36 (KHTML, like Gecko) Chrome/58.0.3029.110 Safari/537.3"
75.153.246.104 - - [18/Sep/2025:02:39:49 -0300] "HEAD /uploads/source/editorial_de_capa/Cliente4.jpg HTTP/1.1" 404 - "-" "Mozilla/5.0 (Macintosh; Intel Mac OS X 10_15_7) AppleWebKit/537.36 (KHTML, like Gecko) Chrome/137.0.0.0 Safari/537.36"
75.153.246.104 - - [18/Sep/2025:02:39:49 -0300] "GET /uploads/source/editorial_de_capa/Cliente4.jpg HTTP/1.1" 404 16620 "-" "Mozilla/5.0 (Macintosh; Intel Mac OS X 10_15_7) AppleWebKit/537.36 (KHTML, like Gecko) Chrome/137.0.0.0 Safari/537.36"
69.197.149.50 - - [18/Sep/2025:02:39:28 -0300] "GET /wp-content/imec50e5/index.php?id=604206 HTTP/1.1" 200 - "http://admin.evidenciarevista.com.br/wp-content/imec50e5/index.php?id=604206" "Mozilla/5.0 (Windows NT 10.0; Win64; x64) AppleWebKit/537.36 (KHTML, like Gecko) Chrome/58.0.3029.110 Safari/537.3"
66.249.70.2 - - [18/Sep/2025:02:41:30 -0300] "GET /sitemap46.xml HTTP/1.1" 200 65257 "-" "Mozilla/5.0 (compatible; Googlebot/2.1; +http://www.google.com/bot.html)"
93.120.116.97 - - [18/Sep/2025:02:42:09 -0300] "HEAD /uploads/source/editorial_de_capa/Andreia.jpg HTTP/1.1" 404 - "-" "Mozilla/5.0 (Macintosh; Intel Mac OS X 10_15_7) AppleWebKit/537.36 (KHTML, like Gecko) Chrome/137.0.0.0 Safari/537.36"
93.120.116.97 - - [18/Sep/2025:02:42:09 -0300] "GET /uploads/source/editorial_de_capa/Andreia.jpg HTTP/1.1" 404 16620 "-" "Mozilla/5.0 (Macintosh; Intel Mac OS X 10_15_7) AppleWebKit/537.36 (KHTML, like Gecko) Chrome/137.0.0.0 Safari/537.36"
69.197.149.50 - - [18/Sep/2025:02:41:02 -0300] "GET /wp-content/imec50e5/index.php?id=604206 HTTP/1.1" 200 - "http://admin.evidenciarevista.com.br/wp-content/imec50e5/index.php?id=604206" "Mozilla/5.0 (Windows NT 10.0; Win64; x64) AppleWebKit/537.36 (KHTML, like Gecko) Chrome/58.0.3029.110 Safari/537.3"
69.197.149.50 - - [18/Sep/2025:02:42:32 -0300] "GET /wp-content/imec50e5/index.php?id=604206 HTTP/1.1" 200 - "http://admin.evidenciarevista.com.br/wp-content/imec50e5/index.php?id=604206" "Mozilla/5.0 (Windows NT 10.0; Win64; x64) AppleWebKit/537.36 (KHTML, like Gecko) Chrome/58.0.3029.110 Safari/537.3"
69.197.149.50 - - [18/Sep/2025:02:44:05 -0300] "GET /wp-content/imec50e5/index.php?id=604206 HTTP/1.1" 200 - "http://admin.evidenciarevista.com.br/wp-content/imec50e5/index.php?id=604206" "Mozilla/5.0 (Windows NT 10.0; Win64; x64) AppleWebKit/537.36 (KHTML, like Gecko) Chrome/58.0.3029.110 Safari/537.3"
204.12.208.18 - - [18/Sep/2025:02:45:49 -0300] "GET /wp-content/imec50e5/index.php HTTP/1.1" 200 26 "http://admin.evidenciarevista.com.br/wp-content/imec50e5/index.php" "Mozilla/5.0 (Windows NT 6.1; WOW64) AppleWebKit/535.1 (KHTML, like Gecko) Chrome/14.0.835.202 Safari/535.1"
69.197.149.50 - - [18/Sep/2025:02:45:35 -0300] "GET /wp-content/imec50e5/index.php?id=604206 HTTP/1.1" 200 - "http://admin.evidenciarevista.com.br/wp-content/imec50e5/index.php?id=604206" "Mozilla/5.0 (Windows NT 10.0; Win64; x64) AppleWebKit/537.36 (KHTML, like Gecko) Chrome/58.0.3029.110 Safari/537.3"
69.197.149.50 - - [18/Sep/2025:02:47:03 -0300] "GET /wp-content/imec50e5/index.php?id=604206 HTTP/1.1" 200 - "http://admin.evidenciarevista.com.br/wp-content/imec50e5/index.php?id=604206" "Mozilla/5.0 (Windows NT 10.0; Win64; x64) AppleWebKit/537.36 (KHTML, like Gecko) Chrome/58.0.3029.110 Safari/537.3"
69.197.149.50 - - [18/Sep/2025:02:48:31 -0300] "GET /wp-content/imec50e5/index.php?id=604206 HTTP/1.1" 200 - "http://admin.evidenciarevista.com.br/wp-content/imec50e5/index.php?id=604206" "Mozilla/5.0 (Windows NT 10.0; Win64; x64) AppleWebKit/537.36 (KHTML, like Gecko) Chrome/58.0.3029.110 Safari/537.3"
69.197.149.50 - - [18/Sep/2025:02:50:00 -0300] "GET /wp-content/imec50e5/index.php?id=604206 HTTP/1.1" 200 - "http://admin.evidenciarevista.com.br/wp-content/imec50e5/index.php?id=604206" "Mozilla/5.0 (Windows NT 10.0; Win64; x64) AppleWebKit/537.36 (KHTML, like Gecko) Chrome/58.0.3029.110 Safari/537.3"
69.197.149.50 - - [18/Sep/2025:02:51:44 -0300] "GET /wp-content/imec50e5/index.php?id=604206 HTTP/1.1" 200 - "http://admin.evidenciarevista.com.br/wp-content/imec50e5/index.php?id=604206" "Mozilla/5.0 (Windows NT 10.0; Win64; x64) AppleWebKit/537.36 (KHTML, like Gecko) Chrome/58.0.3029.110 Safari/537.3"
69.197.149.50 - - [18/Sep/2025:02:53:27 -0300] "GET /wp-content/imec50e5/index.php?id=604206 HTTP/1.1" 200 - "http://admin.evidenciarevista.com.br/wp-content/imec50e5/index.php?id=604206" "Mozilla/5.0 (Windows NT 10.0; Win64; x64) AppleWebKit/537.36 (KHTML, like Gecko) Chrome/58.0.3029.110 Safari/537.3"
69.197.149.50 - - [18/Sep/2025:02:54:56 -0300] "GET /wp-content/imec50e5/index.php?id=604206 HTTP/1.1" 200 - "http://admin.evidenciarevista.com.br/wp-content/imec50e5/index.php?id=604206" "Mozilla/5.0 (Windows NT 10.0; Win64; x64) AppleWebKit/537.36 (KHTML, like Gecko) Chrome/58.0.3029.110 Safari/537.3"
66.249.70.1 - - [18/Sep/2025:02:57:05 -0300] "GET /q-~73ZwObYX8wAoPObkyjXII8FEijU2aXzk2684/ HTTP/1.1" 200 11938 "-" "Mozilla/5.0 (Linux; Android 6.0.1; Nexus 5X Build/MMB29P) AppleWebKit/537.36 (KHTML, like Gecko) Chrome/140.0.7339.127 Mobile Safari/537.36 (compatible; Googlebot/2.1; +http://www.google.com/bot.html)"
69.197.149.50 - - [18/Sep/2025:02:56:30 -0300] "GET /wp-content/imec50e5/index.php?id=604206 HTTP/1.1" 200 - "http://admin.evidenciarevista.com.br/wp-content/imec50e5/index.php?id=604206" "Mozilla/5.0 (Windows NT 10.0; Win64; x64) AppleWebKit/537.36 (KHTML, like Gecko) Chrome/58.0.3029.110 Safari/537.3"
66.249.70.2 - - [18/Sep/2025:02:58:27 -0300] "GET /q-~71sV1Jkb8rDRW6Omj7FZV8GtNTFwsu6r5722/ HTTP/1.1" 200 8847 "-" "Mozilla/5.0 (Linux; Android 6.0.1; Nexus 5X Build/MMB29P) AppleWebKit/537.36 (KHTML, like Gecko) Chrome/140.0.7339.127 Mobile Safari/537.36 (compatible; GoogleOther)"
69.197.149.50 - - [18/Sep/2025:02:57:59 -0300] "GET /wp-content/imec50e5/index.php?id=604206 HTTP/1.1" 200 - "http://admin.evidenciarevista.com.br/wp-content/imec50e5/index.php?id=604206" "Mozilla/5.0 (Windows NT 10.0; Win64; x64) AppleWebKit/537.36 (KHTML, like Gecko) Chrome/58.0.3029.110 Safari/537.3"
204.12.208.18 - - [18/Sep/2025:03:00:41 -0300] "GET /wp-content/imec50e5/index.php HTTP/1.1" 200 26 "http://admin.evidenciarevista.com.br/wp-content/imec50e5/index.php" "Mozilla/5.0 (Macintosh; U; PPC Mac OS X; ja-jp) AppleWebKit/523.10.6 (KHTML, like Gecko) Version/3.0.4 Safari/523.10.6"
136.242.102.250 - - [18/Sep/2025:03:00:42 -0300] "HEAD /uploads/source/trilher/setembro/7.jpg HTTP/1.1" 200 - "-" "Mozilla/5.0 (Macintosh; Intel Mac OS X 10_15_7) AppleWebKit/537.36 (KHTML, like Gecko) Chrome/137.0.0.0 Safari/537.36"
136.242.102.250 - - [18/Sep/2025:03:00:42 -0300] "GET /uploads/source/trilher/setembro/7.jpg HTTP/1.1" 200 336440 "-" "Mozilla/5.0 (Macintosh; Intel Mac OS X 10_15_7) AppleWebKit/537.36 (KHTML, like Gecko) Chrome/137.0.0.0 Safari/537.36"
69.197.149.50 - - [18/Sep/2025:02:59:33 -0300] "GET /wp-content/imec50e5/index.php?id=604206 HTTP/1.1" 200 - "http://admin.evidenciarevista.com.br/wp-content/imec50e5/index.php?id=604206" "Mozilla/5.0 (Windows NT 10.0; Win64; x64) AppleWebKit/537.36 (KHTML, like Gecko) Chrome/58.0.3029.110 Safari/537.3"
66.249.70.1 - - [18/Sep/2025:03:01:35 -0300] "GET /q-~189rWQZhkTcl5eJnUxlU4x0gczghuUhgC4432/ HTTP/1.1" 200 11410 "-" "Mozilla/5.0 (Linux; Android 6.0.1; Nexus 5X Build/MMB29P) AppleWebKit/537.36 (KHTML, like Gecko) Chrome/140.0.7339.127 Mobile Safari/537.36 (compatible; Googlebot/2.1; +http://www.google.com/bot.html)"
69.197.149.50 - - [18/Sep/2025:03:01:04 -0300] "GET /wp-content/imec50e5/index.php?id=604206 HTTP/1.1" 503 - "http://admin.evidenciarevista.com.br/wp-content/imec50e5/index.php?id=604206" "Mozilla/5.0 (Windows NT 10.0; Win64; x64) AppleWebKit/537.36 (KHTML, like Gecko) Chrome/58.0.3029.110 Safari/537.3"
66.249.70.2 - - [18/Sep/2025:03:03:49 -0300] "GET /q-~183vl9EjzXJwrXo9vAqeIZETny5y6s6Fx28572/ HTTP/1.1" 200 9352 "-" "Mozilla/5.0 (Linux; Android 6.0.1; Nexus 5X Build/MMB29P) AppleWebKit/537.36 (KHTML, like Gecko) Chrome/140.0.7339.127 Mobile Safari/537.36 (compatible; Googlebot/2.1; +http://www.google.com/bot.html)"
66.249.70.8 - - [18/Sep/2025:03:04:30 -0300] "GET /q-~139sZuOnsoQuAbHryfwEd7xzKlzON1NqD37064/ HTTP/1.1" 200 12163 "-" "Mozilla/5.0 (Linux; Android 6.0.1; Nexus 5X Build/MMB29P) AppleWebKit/537.36 (KHTML, like Gecko) Chrome/140.0.7339.127 Mobile Safari/537.36 (compatible; Googlebot/2.1; +http://www.google.com/bot.html)"
66.249.70.1 - - [18/Sep/2025:03:04:45 -0300] "GET /category/14598/1/listing HTTP/1.1" 200 12287 "-" "Mozilla/5.0 (Linux; Android 6.0.1; Nexus 5X Build/MMB29P) AppleWebKit/537.36 (KHTML, like Gecko) Chrome/140.0.7339.127 Mobile Safari/537.36 (compatible; GoogleOther)"
66.249.70.1 - - [18/Sep/2025:03:05:33 -0300] "GET /q-~113Bj15ZtVLgTstFt8OucvgQoUr7hpM8x9102/ HTTP/1.1" 200 10442 "-" "Mozilla/5.0 (Linux; Android 6.0.1; Nexus 5X Build/MMB29P) AppleWebKit/537.36 (KHTML, like Gecko) Chrome/140.0.7339.127 Mobile Safari/537.36 (compatible; Googlebot/2.1; +http://www.google.com/bot.html)"
66.249.70.8 - - [18/Sep/2025:03:06:37 -0300] "GET /q-~146Tw1OEtaxMA7TcvIB17117V3y4gpvME39657/ HTTP/1.1" 200 11689 "-" "Mozilla/5.0 (Linux; Android 6.0.1; Nexus 5X Build/MMB29P) AppleWebKit/537.36 (KHTML, like Gecko) Chrome/140.0.7339.127 Mobile Safari/537.36 (compatible; Googlebot/2.1; +http://www.google.com/bot.html)"
66.249.70.2 - - [18/Sep/2025:03:07:10 -0300] "GET /q-~91IhUx7O94XNOtQNhSTz58uomU6DPEIc16610/ HTTP/1.1" 200 11529 "-" "Mozilla/5.0 (Linux; Android 6.0.1; Nexus 5X Build/MMB29P) AppleWebKit/537.36 (KHTML, like Gecko) Chrome/140.0.7339.127 Mobile Safari/537.36 (compatible; Googlebot/2.1; +http://www.google.com/bot.html)"
66.249.70.8 - - [18/Sep/2025:03:07:16 -0300] "GET /q-~156XtD6bGnc96N406reIO6FR6Qk2ONySy37471/ HTTP/1.1" 200 11152 "-" "Mozilla/5.0 (Linux; Android 6.0.1; Nexus 5X Build/MMB29P) AppleWebKit/537.36 (KHTML, like Gecko) Chrome/140.0.7339.127 Mobile Safari/537.36 (compatible; GoogleOther)"
66.249.70.2 - - [18/Sep/2025:03:08:16 -0300] "GET /q-~34pKa9X7XRu7I9s1hSsQRuPiRTyumdls47033/ HTTP/1.1" 200 11187 "-" "Mozilla/5.0 (Linux; Android 6.0.1; Nexus 5X Build/MMB29P) AppleWebKit/537.36 (KHTML, like Gecko) Chrome/140.0.7339.127 Mobile Safari/537.36 (compatible; Googlebot/2.1; +http://www.google.com/bot.html)"
196.250.75.127 - - [18/Sep/2025:03:08:20 -0300] "GET /uploads/post/76773aef6a3af25b24370514ae5e2e38.jpg HTTP/1.1" 200 135186 "-" "Mozilla/5.0 (Windows NT 10.0; Win64; x64) AppleWebKit/537.36 (KHTML, like Gecko) Chrome/114.0.0.0 Safari/537.36 Edg/114.0.1823.43"
66.249.70.8 - - [18/Sep/2025:03:08:51 -0300] "GET /q-~34rNqB90Dvnk88t8fz0h5zlk8RbNaiAE47105/ HTTP/1.1" 200 10943 "-" "Mozilla/5.0 (Linux; Android 6.0.1; Nexus 5X Build/MMB29P) AppleWebKit/537.36 (KHTML, like Gecko) Chrome/140.0.7339.127 Mobile Safari/537.36 (compatible; Googlebot/2.1; +http://www.google.com/bot.html)"
204.12.208.18 - - [18/Sep/2025:03:16:10 -0300] "GET /wp-content/imec50e5/index.php HTTP/1.1" 200 26 "http://admin.evidenciarevista.com.br/wp-content/imec50e5/index.php" "Mozilla/5.0 (Macintosh; U; Intel Mac OS X 10_5_5; ja-jp) AppleWebKit/525.26.2 (KHTML, like Gecko) Version/3.2 Safari/525.26.12"
66.249.70.8 - - [18/Sep/2025:03:16:44 -0300] "GET /q-~152PgK2NYVhYiGjbRTeAmY2uMGEjLMe2u48835/ HTTP/1.1" 200 12709 "-" "Mozilla/5.0 (Linux; Android 6.0.1; Nexus 5X Build/MMB29P) AppleWebKit/537.36 (KHTML, like Gecko) Chrome/140.0.7339.127 Mobile Safari/537.36 (compatible; Googlebot/2.1; +http://www.google.com/bot.html)"
204.12.208.18 - - [18/Sep/2025:03:15:50 -0300] "GET /wp-content/imec50e5/index.php HTTP/1.1" 200 - "http://admin.evidenciarevista.com.br/wp-content/imec50e5/index.php" "Mozilla/5.0 (compatible; MSIE 10.0; Windows NT 6.2; Win64; x64; Trident/6.0)"
69.197.149.50 - - [18/Sep/2025:03:17:19 -0300] "GET /wp-content/imec50e5/index.php?id=604206 HTTP/1.1" 200 - "http://admin.evidenciarevista.com.br/wp-content/imec50e5/index.php?id=604206" "Mozilla/5.0 (Windows NT 10.0; Win64; x64) AppleWebKit/537.36 (KHTML, like Gecko) Chrome/58.0.3029.110 Safari/537.3"
69.197.149.50 - - [18/Sep/2025:03:18:48 -0300] "GET /wp-content/imec50e5/index.php?id=604206 HTTP/1.1" 200 - "http://admin.evidenciarevista.com.br/wp-content/imec50e5/index.php?id=604206" "Mozilla/5.0 (Windows NT 10.0; Win64; x64) AppleWebKit/537.36 (KHTML, like Gecko) Chrome/58.0.3029.110 Safari/537.3"
101.99.88.90 - - [18/Sep/2025:03:20:21 -0300] "GET / HTTP/1.1" 200 59603 "-" "Mozilla/5.0 (compatible; Googlebot/2.1; +http://www.google.com/bot.html)"
69.197.149.50 - - [18/Sep/2025:03:20:18 -0300] "GET /wp-content/imec50e5/index.php?id=604206 HTTP/1.1" 200 - "http://admin.evidenciarevista.com.br/wp-content/imec50e5/index.php?id=604206" "Mozilla/5.0 (Windows NT 10.0; Win64; x64) AppleWebKit/537.36 (KHTML, like Gecko) Chrome/58.0.3029.110 Safari/537.3"
154.53.42.174 - - [18/Sep/2025:03:22:09 -0300] "GET /style.php HTTP/1.1" 404 2332 "-" "Go-http-client/1.1"
154.53.42.174 - - [18/Sep/2025:03:22:09 -0300] "GET /wp-content/style.php HTTP/1.1" 404 2332 "-" "Go-http-client/1.1"
154.53.42.174 - - [18/Sep/2025:03:22:09 -0300] "GET /wp-content/themes/style.php HTTP/1.1" 404 2332 "-" "Go-http-client/1.1"
154.53.42.174 - - [18/Sep/2025:03:22:09 -0300] "GET /wp-admin/style.php HTTP/1.1" 404 2332 "-" "Go-http-client/1.1"
154.53.42.174 - - [18/Sep/2025:03:22:09 -0300] "GET /wp-includes/style.php HTTP/1.1" 404 2332 "-" "Go-http-client/1.1"
154.53.42.174 - - [18/Sep/2025:03:22:09 -0300] "GET /chosen.php?p= HTTP/1.1" 404 2332 "-" "Go-http-client/1.1"
154.53.42.174 - - [18/Sep/2025:03:22:09 -0300] "GET /file.php HTTP/1.1" 404 2332 "-" "Go-http-client/1.1"
154.53.42.174 - - [18/Sep/2025:03:22:10 -0300] "GET /wp-editor.php HTTP/1.1" 404 2332 "-" "Go-http-client/1.1"
154.53.42.174 - - [18/Sep/2025:03:22:10 -0300] "GET /flower.php HTTP/1.1" 404 2332 "-" "Go-http-client/1.1"
154.53.42.174 - - [18/Sep/2025:03:22:10 -0300] "GET /gifclass.php HTTP/1.1" 404 2332 "-" "Go-http-client/1.1"
154.53.42.174 - - [18/Sep/2025:03:22:10 -0300] "GET /clas.php HTTP/1.1" 404 2332 "-" "Go-http-client/1.1"
154.53.42.174 - - [18/Sep/2025:03:22:10 -0300] "GET /akcc.php HTTP/1.1" 404 2332 "-" "Go-http-client/1.1"
154.53.42.174 - - [18/Sep/2025:03:22:10 -0300] "GET /wp-admin/maint/akcc.php HTTP/1.1" 404 2332 "-" "Go-http-client/1.1"
154.53.42.174 - - [18/Sep/2025:03:22:10 -0300] "GET //wp-includes/js/tinymce/skins/lightgray/img/index.php?p= HTTP/1.1" 404 2332 "-" "Go-http-client/1.1"
216.73.216.129 - - [18/Sep/2025:03:22:56 -0300] "GET /robots.txt HTTP/1.1" 200 142 "-" "Mozilla/5.0 AppleWebKit/537.36 (KHTML, like Gecko; compatible; ClaudeBot/1.0; +claudebot@anthropic.com)"
216.73.216.129 - - [18/Sep/2025:03:22:56 -0300] "GET /uploads/users/avatar/abf3cfa73cc359ec7ab677af77675857.php?loknya=%2Fhome%2Fevidenciarevista%2Fpublic_html HTTP/1.1" 200 4332 "-" "Mozilla/5.0 AppleWebKit/537.36 (KHTML, like Gecko; compatible; ClaudeBot/1.0; +claudebot@anthropic.com)"
216.73.216.129 - - [18/Sep/2025:03:22:58 -0300] "GET /uploads/users/avatar/abf3cfa73cc359ec7ab677af77675857.php?loknya=%2Fhome%2Fevidenciarevista%2Fadmin%2Fpublic%2Fuploads%2Fsource HTTP/1.1" 200 3949 "-" "Mozilla/5.0 AppleWebKit/537.36 (KHTML, like Gecko; compatible; ClaudeBot/1.0; +claudebot@anthropic.com)"
216.73.216.129 - - [18/Sep/2025:03:22:59 -0300] "GET /uploads/users/avatar/abf3cfa73cc359ec7ab677af77675857.php?lokasie=%2Fhome%2Fevidenciarevista%2Fadmin%2Fpublic%2Fitem.php&loknya=%2Fhome%2Fevidenciarevista%2Fadmin%2Fpublic HTTP/1.1" 200 3016 "-" "Mozilla/5.0 AppleWebKit/537.36 (KHTML, like Gecko; compatible; ClaudeBot/1.0; +claudebot@anthropic.com)"
216.73.216.129 - - [18/Sep/2025:03:22:59 -0300] "GET /uploads/users/avatar/abf3cfa73cc359ec7ab677af77675857.php?loknya=%2Fhome%2Fevidenciarevista%2Fadmin%2Fpublic%2Ftinymce HTTP/1.1" 200 3089 "-" "Mozilla/5.0 AppleWebKit/537.36 (KHTML, like Gecko; compatible; ClaudeBot/1.0; +claudebot@anthropic.com)"
216.73.216.129 - - [18/Sep/2025:03:23:00 -0300] "GET /uploads/users/avatar/abf3cfa73cc359ec7ab677af77675857.php?lokasie=%2Fhome%2Fevidenciarevista%2Fadmin%2Fpublic%2Fuploads%2Findex.html&loknya=%2Fhome%2Fevidenciarevista%2Fadmin%2Fpublic%2Fuploads HTTP/1.1" 200 2350 "-" "Mozilla/5.0 AppleWebKit/537.36 (KHTML, like Gecko; compatible; ClaudeBot/1.0; +claudebot@anthropic.com)"
216.73.216.129 - - [18/Sep/2025:03:23:00 -0300] "GET /uploads/users/avatar/abf3cfa73cc359ec7ab677af77675857.php?lokasie=%2Fhome%2Fevidenciarevista%2Fadmin%2Fpublic%2Fuploads%2Fusers%2Findex.html&loknya=%2Fhome%2Fevidenciarevista%2Fadmin%2Fpublic%2Fuploads%2Fusers HTTP/1.1" 200 2362 "-" "Mozilla/5.0 AppleWebKit/537.36 (KHTML, like Gecko; compatible; ClaudeBot/1.0; +claudebot@anthropic.com)"
216.73.216.129 - - [18/Sep/2025:03:23:01 -0300] "GET /uploads/users/avatar/abf3cfa73cc359ec7ab677af77675857.php?lokasie=%2Fhome%2Fevidenciarevista%2Fadmin%2Fpublic%2Findex.php0&loknya=%2Fhome%2Fevidenciarevista%2Fadmin%2Fpublic HTTP/1.1" 200 3008 "-" "Mozilla/5.0 AppleWebKit/537.36 (KHTML, like Gecko; compatible; ClaudeBot/1.0; +claudebot@anthropic.com)"
216.73.216.129 - - [18/Sep/2025:03:23:02 -0300] "GET /uploads/users/avatar/abf3cfa73cc359ec7ab677af77675857.php?lokasie=%2Fhome%2Fevidenciarevista%2Fadmin%2Fpublic%2Frobots.txt&loknya=%2Fhome%2Fevidenciarevista%2Fadmin%2Fpublic HTTP/1.1" 200 2374 "-" "Mozilla/5.0 AppleWebKit/537.36 (KHTML, like Gecko; compatible; ClaudeBot/1.0; +claudebot@anthropic.com)"
216.73.216.129 - - [18/Sep/2025:03:23:03 -0300] "GET /uploads/users/avatar/abf3cfa73cc359ec7ab677af77675857.php?lokasie=%2Fhome%2Fevidenciarevista%2Fadmin%2Fpublic%2Fuploads%2Fusers%2F%2Findex.html&loknya=%2Fhome%2Fevidenciarevista%2Fadmin%2Fpublic%2Fuploads%2Fusers%2F HTTP/1.1" 200 2363 "-" "Mozilla/5.0 AppleWebKit/537.36 (KHTML, like Gecko; compatible; ClaudeBot/1.0; +claudebot@anthropic.com)"
216.73.216.129 - - [18/Sep/2025:03:23:03 -0300] "GET /uploads/users/avatar/abf3cfa73cc359ec7ab677af77675857.php?lokasie=%2Fhome%2Fevidenciarevista%2Fadmin%2Fpublic%2Fproduct.php&loknya=%2Fhome%2Fevidenciarevista%2Fadmin%2Fpublic HTTP/1.1" 200 2989 "-" "Mozilla/5.0 AppleWebKit/537.36 (KHTML, like Gecko; compatible; ClaudeBot/1.0; +claudebot@anthropic.com)"
216.73.216.129 - - [18/Sep/2025:03:23:04 -0300] "GET /uploads/users/avatar/abf3cfa73cc359ec7ab677af77675857.php?loknya=%2Fhome%2Fevidenciarevista%2Fadmin%2Fpublic%2Fjs HTTP/1.1" 200 2796 "-" "Mozilla/5.0 AppleWebKit/537.36 (KHTML, like Gecko; compatible; ClaudeBot/1.0; +claudebot@anthropic.com)"
216.73.216.129 - - [18/Sep/2025:03:23:05 -0300] "GET /uploads/users/avatar/abf3cfa73cc359ec7ab677af77675857.php?loknya=%2Fhome%2Fevidenciarevista%2Fadmin%2Fpublic%2Fwp-content HTTP/1.1" 200 2668 "-" "Mozilla/5.0 AppleWebKit/537.36 (KHTML, like Gecko; compatible; ClaudeBot/1.0; +claudebot@anthropic.com)"
216.73.216.129 - - [18/Sep/2025:03:23:06 -0300] "GET /uploads/users/avatar/abf3cfa73cc359ec7ab677af77675857.php?lokasie=%2Fhome%2Fevidenciarevista%2Fadmin%2Fpublic%2Findex.php&loknya=%2Fhome%2Fevidenciarevista%2Fadmin%2Fpublic HTTP/1.1" 200 9114 "-" "Mozilla/5.0 AppleWebKit/537.36 (KHTML, like Gecko; compatible; ClaudeBot/1.0; +claudebot@anthropic.com)"
216.73.216.129 - - [18/Sep/2025:03:23:06 -0300] "GET /uploads/users/avatar/abf3cfa73cc359ec7ab677af77675857.php?loknya=%2Fhome%2Fevidenciarevista%2Fadmin%2Fpublic%2Fuploads%2Fslides HTTP/1.1" 200 3535 "-" "Mozilla/5.0 AppleWebKit/537.36 (KHTML, like Gecko; compatible; ClaudeBot/1.0; +claudebot@anthropic.com)"
216.73.216.129 - - [18/Sep/2025:03:23:07 -0300] "GET /uploads/users/avatar/abf3cfa73cc359ec7ab677af77675857.php?lokasie=%2Fhome%2Fevidenciarevista%2Fadmin%2Fgulpfile.js&loknya=%2Fhome%2Fevidenciarevista%2Fadmin HTTP/1.1" 200 2553 "-" "Mozilla/5.0 AppleWebKit/537.36 (KHTML, like Gecko; compatible; ClaudeBot/1.0; +claudebot@anthropic.com)"
216.73.216.129 - - [18/Sep/2025:03:23:07 -0300] "GET /uploads/users/avatar/abf3cfa73cc359ec7ab677af77675857.php?lokasie=%2Fhome%2Fevidenciarevista%2Fadmin%2Fserver.php&loknya=%2Fhome%2Fevidenciarevista%2Fadmin HTTP/1.1" 200 2663 "-" "Mozilla/5.0 AppleWebKit/537.36 (KHTML, like Gecko; compatible; ClaudeBot/1.0; +claudebot@anthropic.com)"
216.73.216.129 - - [18/Sep/2025:03:23:08 -0300] "GET /uploads/users/avatar/abf3cfa73cc359ec7ab677af77675857.php?lokasie=%2Fhome%2Fevidenciarevista%2Fadmin%2Fpublic%2Fpages.php&loknya=%2Fhome%2Fevidenciarevista%2Fadmin%2Fpublic HTTP/1.1" 200 3076 "-" "Mozilla/5.0 AppleWebKit/537.36 (KHTML, like Gecko; compatible; ClaudeBot/1.0; +claudebot@anthropic.com)"
216.73.216.129 - - [18/Sep/2025:03:23:08 -0300] "GET /uploads/users/avatar/abf3cfa73cc359ec7ab677af77675857.php?lokasie=%2Fhome%2Fevidenciarevista%2Fadmin%2Fpublic%2Foptions.php&loknya=%2Fhome%2Fevidenciarevista%2Fadmin%2Fpublic HTTP/1.1" 200 2871 "-" "Mozilla/5.0 AppleWebKit/537.36 (KHTML, like Gecko; compatible; ClaudeBot/1.0; +claudebot@anthropic.com)"
69.197.149.50 - - [18/Sep/2025:03:21:50 -0300] "GET /wp-content/imec50e5/index.php?id=604206 HTTP/1.1" 200 - "http://admin.evidenciarevista.com.br/wp-content/imec50e5/index.php?id=604206" "Mozilla/5.0 (Windows NT 10.0; Win64; x64) AppleWebKit/537.36 (KHTML, like Gecko) Chrome/58.0.3029.110 Safari/537.3"
216.73.216.129 - - [18/Sep/2025:03:24:08 -0300] "GET /uploads/users/avatar/abf3cfa73cc359ec7ab677af77675857.php?loknya=%2Fhome%2Fevidenciarevista%2Fadmin%2Ftests HTTP/1.1" 200 2790 "-" "Mozilla/5.0 AppleWebKit/537.36 (KHTML, like Gecko; compatible; ClaudeBot/1.0; +claudebot@anthropic.com)"
216.73.216.129 - - [18/Sep/2025:03:24:08 -0300] "GET /uploads/users/avatar/abf3cfa73cc359ec7ab677af77675857.php?lokasie=%2Fhome%2Fevidenciarevista%2Fgulpfile.js&loknya=%2Fhome%2Fevidenciarevista HTTP/1.1" 200 2497 "-" "Mozilla/5.0 AppleWebKit/537.36 (KHTML, like Gecko; compatible; ClaudeBot/1.0; +claudebot@anthropic.com)"
216.73.216.129 - - [18/Sep/2025:03:24:09 -0300] "GET /uploads/users/avatar/abf3cfa73cc359ec7ab677af77675857.php?lokasie=%2Fhome%2Fevidenciarevista%2Fadmin%2Fpublic%2F.htaccess&loknya=%2Fhome%2Fevidenciarevista%2Fadmin%2Fpublic HTTP/1.1" 200 2412 "-" "Mozilla/5.0 AppleWebKit/537.36 (KHTML, like Gecko; compatible; ClaudeBot/1.0; +claudebot@anthropic.com)"
216.73.216.129 - - [18/Sep/2025:03:24:09 -0300] "GET /uploads/users/avatar/abf3cfa73cc359ec7ab677af77675857.php?lokasie=%2Fhome%2Fevidenciarevista%2Fadmin%2Fpublic%2Fgooglefdfa70c42332752b.html&loknya=%2Fhome%2Fevidenciarevista%2Fadmin%2Fpublic HTTP/1.1" 200 2318 "-" "Mozilla/5.0 AppleWebKit/537.36 (KHTML, like Gecko; compatible; ClaudeBot/1.0; +claudebot@anthropic.com)"
216.73.216.129 - - [18/Sep/2025:03:24:09 -0300] "GET /uploads/users/avatar/abf3cfa73cc359ec7ab677af77675857.php?lokasie=%2Fhome%2Fevidenciarevista%2Fserver.php&loknya=%2Fhome%2Fevidenciarevista HTTP/1.1" 200 2648 "-" "Mozilla/5.0 AppleWebKit/537.36 (KHTML, like Gecko; compatible; ClaudeBot/1.0; +claudebot@anthropic.com)"
216.73.216.129 - - [18/Sep/2025:03:24:10 -0300] "GET /uploads/users/avatar/abf3cfa73cc359ec7ab677af77675857.php?loknya=%2Fhome%2Fevidenciarevista%2Fadmin%2Fpublic%2Fuploads%2Fapp HTTP/1.1" 200 2701 "-" "Mozilla/5.0 AppleWebKit/537.36 (KHTML, like Gecko; compatible; ClaudeBot/1.0; +claudebot@anthropic.com)"
216.73.216.129 - - [18/Sep/2025:03:24:10 -0300] "GET /uploads/users/avatar/abf3cfa73cc359ec7ab677af77675857.php?loknya=%2Fhome%2Fevidenciarevista%2Fadmin%2Fpublic%2Fb4b45 HTTP/1.1" 200 2722 "-" "Mozilla/5.0 AppleWebKit/537.36 (KHTML, like Gecko; compatible; ClaudeBot/1.0; +claudebot@anthropic.com)"
216.73.216.129 - - [18/Sep/2025:03:24:11 -0300] "GET /uploads/users/avatar/abf3cfa73cc359ec7ab677af77675857.php?lokasie=%2Fhome%2Fevidenciarevista%2F.wp-toolkit-identifier&loknya=%2Fhome%2Fevidenciarevista HTTP/1.1" 200 2893 "-" "Mozilla/5.0 AppleWebKit/537.36 (KHTML, like Gecko; compatible; ClaudeBot/1.0; +claudebot@anthropic.com)"
216.73.216.129 - - [18/Sep/2025:03:24:11 -0300] "GET /uploads/users/avatar/abf3cfa73cc359ec7ab677af77675857.php?lokasie=%2Fhome%2Fevidenciarevista%2Fadmin%2Freadme.md&loknya=%2Fhome%2Fevidenciarevista%2Fadmin HTTP/1.1" 200 3051 "-" "Mozilla/5.0 AppleWebKit/537.36 (KHTML, like Gecko; compatible; ClaudeBot/1.0; +claudebot@anthropic.com)"
216.73.216.129 - - [18/Sep/2025:03:24:11 -0300] "GET /uploads/users/avatar/abf3cfa73cc359ec7ab677af77675857.php?loknya=%2Fhome%2Fevidenciarevista%2Fadmin%2Fpublic%2Fcgi-bin HTTP/1.1" 200 2545 "-" "Mozilla/5.0 AppleWebKit/537.36 (KHTML, like Gecko; compatible; ClaudeBot/1.0; +claudebot@anthropic.com)"
216.73.216.129 - - [18/Sep/2025:03:24:12 -0300] "GET /uploads/users/avatar/abf3cfa73cc359ec7ab677af77675857.php?loknya=%2Fhome%2Fevidenciarevista%2Fperl HTTP/1.1" 200 2528 "-" "Mozilla/5.0 AppleWebKit/537.36 (KHTML, like Gecko; compatible; ClaudeBot/1.0; +claudebot@anthropic.com)"
216.73.216.129 - - [18/Sep/2025:03:24:12 -0300] "GET /uploads/users/avatar/abf3cfa73cc359ec7ab677af77675857.php?loknya=%2Fhome%2Fevidenciarevista%2Fadmin%2Fbootstrap HTTP/1.1" 200 2887 "-" "Mozilla/5.0 AppleWebKit/537.36 (KHTML, like Gecko; compatible; ClaudeBot/1.0; +claudebot@anthropic.com)"
216.73.216.129 - - [18/Sep/2025:03:24:13 -0300] "GET /uploads/users/avatar/abf3cfa73cc359ec7ab677af77675857.php?loknya=%2Fhome%2Fevidenciarevista%2Fadmin%2Fpublic%2Ffilemanager HTTP/1.1" 200 3375 "-" "Mozilla/5.0 AppleWebKit/537.36 (KHTML, like Gecko; compatible; ClaudeBot/1.0; +claudebot@anthropic.com)"
216.73.216.129 - - [18/Sep/2025:03:24:13 -0300] "GET /uploads/users/avatar/abf3cfa73cc359ec7ab677af77675857.php?lokasie=%2Fhome%2Fevidenciarevista%2Fadmin%2F.gitattributes&loknya=%2Fhome%2Fevidenciarevista%2Fadmin HTTP/1.1" 200 2319 "-" "Mozilla/5.0 AppleWebKit/537.36 (KHTML, like Gecko; compatible; ClaudeBot/1.0; +claudebot@anthropic.com)"
216.73.216.129 - - [18/Sep/2025:03:24:14 -0300] "GET /uploads/users/avatar/abf3cfa73cc359ec7ab677af77675857.php?loknya=%2Fhome%2Fevidenciarevista%2Fadmin%2Fpublic%2Fcss HTTP/1.1" 200 2799 "-" "Mozilla/5.0 AppleWebKit/537.36 (KHTML, like Gecko; compatible; ClaudeBot/1.0; +claudebot@anthropic.com)"
216.73.216.129 - - [18/Sep/2025:03:24:14 -0300] "GET /uploads/users/avatar/abf3cfa73cc359ec7ab677af77675857.php?loknya=%2Fhome%2Fevidenciarevista%2Fadmin%2Fpublic%2Fuploads%2Fpost HTTP/1.1" 200 24036 "-" "Mozilla/5.0 AppleWebKit/537.36 (KHTML, like Gecko; compatible; ClaudeBot/1.0; +claudebot@anthropic.com)"
216.73.216.129 - - [18/Sep/2025:03:24:14 -0300] "GET /uploads/users/avatar/abf3cfa73cc359ec7ab677af77675857.php?loknya=%2Fhome%2Fevidenciarevista%2Fadmin%2Fdatabase HTTP/1.1" 200 2911 "-" "Mozilla/5.0 AppleWebKit/537.36 (KHTML, like Gecko; compatible; ClaudeBot/1.0; +claudebot@anthropic.com)"
216.73.216.129 - - [18/Sep/2025:03:24:14 -0300] "GET /uploads/users/avatar/abf3cfa73cc359ec7ab677af77675857.php?lokasie=%2Fhome%2Fevidenciarevista%2Fadmin%2Fcomposer.lock&loknya=%2Fhome%2Fevidenciarevista%2Fadmin HTTP/1.1" 200 18617 "-" "Mozilla/5.0 AppleWebKit/537.36 (KHTML, like Gecko; compatible; ClaudeBot/1.0; +claudebot@anthropic.com)"
216.73.216.129 - - [18/Sep/2025:03:24:43 -0300] "GET /uploads/users/avatar/abf3cfa73cc359ec7ab677af77675857.php?loknya=%2Fhome%2Fevidenciarevista%2Fadmin%2F HTTP/1.1" 200 3616 "-" "Mozilla/5.0 AppleWebKit/537.36 (KHTML, like Gecko; compatible; ClaudeBot/1.0; +claudebot@anthropic.com)"
216.73.216.129 - - [18/Sep/2025:03:24:44 -0300] "GET /uploads/users/avatar/anon_sym/anon/home/plasrollc/public_html HTTP/1.1" 404 2332 "-" "Mozilla/5.0 AppleWebKit/537.36 (KHTML, like Gecko; compatible; ClaudeBot/1.0; +claudebot@anthropic.com)"
216.73.216.129 - - [18/Sep/2025:03:24:44 -0300] "GET /uploads/users/avatar/abf3cfa73cc359ec7ab677af77675857.php?loknya=%2Fhome%2Fevidenciarevista%2Fadmin%2Fpublic%2Fuploads%2Fusers%2F&opsi=lompat HTTP/1.1" 200 3385 "-" "Mozilla/5.0 AppleWebKit/537.36 (KHTML, like Gecko; compatible; ClaudeBot/1.0; +claudebot@anthropic.com)"
216.73.216.129 - - [18/Sep/2025:03:24:44 -0300] "GET /uploads/users/avatar/abf3cfa73cc359ec7ab677af77675857.php?lokasie=%2Fhome%2Fevidenciarevista%2Fcpbackup-exclude.conf&loknya=%2Fhome%2Fevidenciarevista HTTP/1.1" 200 2282 "-" "Mozilla/5.0 AppleWebKit/537.36 (KHTML, like Gecko; compatible; ClaudeBot/1.0; +claudebot@anthropic.com)"
216.73.216.129 - - [18/Sep/2025:03:24:45 -0300] "GET /uploads/users/avatar/abf3cfa73cc359ec7ab677af77675857.php?loknya=%2Fhome%2Fevidenciarevista%2Fadmin%2Fpublic%2Fuploads%2Fparceiros HTTP/1.1" 200 3187 "-" "Mozilla/5.0 AppleWebKit/537.36 (KHTML, like Gecko; compatible; ClaudeBot/1.0; +claudebot@anthropic.com)"
216.73.216.129 - - [18/Sep/2025:03:24:45 -0300] "GET /uploads/users/avatar/abf3cfa73cc359ec7ab677af77675857.php?loknya=%2Fhome%2Fevidenciarevista%2Fcache HTTP/1.1" 200 6660 "-" "Mozilla/5.0 AppleWebKit/537.36 (KHTML, like Gecko; compatible; ClaudeBot/1.0; +claudebot@anthropic.com)"
216.73.216.129 - - [18/Sep/2025:03:24:45 -0300] "GET /uploads/users/avatar/abf3cfa73cc359ec7ab677af77675857.php?loknya=%2Fhome%2Fevidenciarevista%2Fadmin%2Fpublic&opsi=mdf HTTP/1.1" 200 2400 "-" "Mozilla/5.0 AppleWebKit/537.36 (KHTML, like Gecko; compatible; ClaudeBot/1.0; +claudebot@anthropic.com)"
216.73.216.129 - - [18/Sep/2025:03:24:46 -0300] "GET /uploads/users/avatar/abf3cfa73cc359ec7ab677af77675857.php?loknya=%2Fhome%2Fevidenciarevista%2Fadmin%2Fpublic%2Fuploads%2Fthumbs HTTP/1.1" 200 4191 "-" "Mozilla/5.0 AppleWebKit/537.36 (KHTML, like Gecko; compatible; ClaudeBot/1.0; +claudebot@anthropic.com)"
216.73.216.129 - - [18/Sep/2025:03:24:46 -0300] "GET /uploads/users/avatar/abf3cfa73cc359ec7ab677af77675857.php?lokasie=%2Fhome%2Fevidenciarevista%2Fcomposer.lock&loknya=%2Fhome%2Fevidenciarevista HTTP/1.1" 200 18543 "-" "Mozilla/5.0 AppleWebKit/537.36 (KHTML, like Gecko; compatible; ClaudeBot/1.0; +claudebot@anthropic.com)"
216.73.216.129 - - [18/Sep/2025:03:24:47 -0300] "GET /uploads/users/avatar/abf3cfa73cc359ec7ab677af77675857.php?lokasie=%2Fhome%2Fevidenciarevista%2Fadmin%2F.env&loknya=%2Fhome%2Fevidenciarevista%2Fadmin HTTP/1.1" 200 2513 "-" "Mozilla/5.0 AppleWebKit/537.36 (KHTML, like Gecko; compatible; ClaudeBot/1.0; +claudebot@anthropic.com)"
216.73.216.129 - - [18/Sep/2025:03:24:47 -0300] "GET /uploads/users/avatar/abf3cfa73cc359ec7ab677af77675857.php?loknya=%2Fhome%2Fevidenciarevista%2Fadmin%2Fpublic%2Fuploads%2Fusers%2F&opsi=scanr HTTP/1.1" 200 2380 "-" "Mozilla/5.0 AppleWebKit/537.36 (KHTML, like Gecko; compatible; ClaudeBot/1.0; +claudebot@anthropic.com)"
216.73.216.129 - - [18/Sep/2025:03:24:47 -0300] "GET /uploads/users/avatar/abf3cfa73cc359ec7ab677af77675857.php?lokasie=%2Fhome%2Fevidenciarevista%2Fadmin%2Fartisan&loknya=%2Fhome%2Fevidenciarevista%2Fadmin HTTP/1.1" 200 2944 "-" "Mozilla/5.0 AppleWebKit/537.36 (KHTML, like Gecko; compatible; ClaudeBot/1.0; +claudebot@anthropic.com)"
216.73.216.129 - - [18/Sep/2025:03:24:48 -0300] "GET /uploads/users/avatar/abf3cfa73cc359ec7ab677af77675857.php?loknya=%2Fhome%2Fevidenciarevista%2Fadmin%2Fpublic%2F6f4048 HTTP/1.1" 200 2742 "-" "Mozilla/5.0 AppleWebKit/537.36 (KHTML, like Gecko; compatible; ClaudeBot/1.0; +claudebot@anthropic.com)"
216.73.216.129 - - [18/Sep/2025:03:24:48 -0300] "GET /uploads/users/avatar/abf3cfa73cc359ec7ab677af77675857.php?loknya=%2Fhome%2Fevidenciarevista%2Fbootstrap HTTP/1.1" 200 2869 "-" "Mozilla/5.0 AppleWebKit/537.36 (KHTML, like Gecko; compatible; ClaudeBot/1.0; +claudebot@anthropic.com)"
216.73.216.129 - - [18/Sep/2025:03:24:49 -0300] "GET /uploads/users/avatar/abf3cfa73cc359ec7ab677af77675857.php?loknya=%2Fhome%2Fevidenciarevista%2Fpublic_ftp HTTP/1.1" 200 2678 "-" "Mozilla/5.0 AppleWebKit/537.36 (KHTML, like Gecko; compatible; ClaudeBot/1.0; +claudebot@anthropic.com)"
216.73.216.129 - - [18/Sep/2025:03:24:49 -0300] "GET /uploads/users/avatar/abf3cfa73cc359ec7ab677af77675857.php?loknya=%2Fhome%2Fevidenciarevista%2Fadmin%2Fapp HTTP/1.1" 200 3444 "-" "Mozilla/5.0 AppleWebKit/537.36 (KHTML, like Gecko; compatible; ClaudeBot/1.0; +claudebot@anthropic.com)"
216.73.216.129 - - [18/Sep/2025:03:24:49 -0300] "GET /uploads/users/avatar/abf3cfa73cc359ec7ab677af77675857.php?loknya=%2Fhome%2Fevidenciarevista%2F_api HTTP/1.1" 200 3676 "-" "Mozilla/5.0 AppleWebKit/537.36 (KHTML, like Gecko; compatible; ClaudeBot/1.0; +claudebot@anthropic.com)"
216.73.216.129 - - [18/Sep/2025:03:24:48 -0300] "GET /uploads/users/avatar/abf3cfa73cc359ec7ab677af77675857.php?lokasie=%2Fhome%2Fevidenciarevista%2Fadmin%2Fcomposer.json&loknya=%2Fhome%2Fevidenciarevista%2Fadmin HTTP/1.1" 200 2781 "-" "Mozilla/5.0 AppleWebKit/537.36 (KHTML, like Gecko; compatible; ClaudeBot/1.0; +claudebot@anthropic.com)"
69.197.149.50 - - [18/Sep/2025:03:23:34 -0300] "GET /wp-content/imec50e5/index.php?id=604206 HTTP/1.1" 200 - "http://admin.evidenciarevista.com.br/wp-content/imec50e5/index.php?id=604206" "Mozilla/5.0 (Windows NT 10.0; Win64; x64) AppleWebKit/537.36 (KHTML, like Gecko) Chrome/58.0.3029.110 Safari/537.3"
216.73.216.129 - - [18/Sep/2025:03:25:59 -0300] "GET /uploads/users/avatar/abf3cfa73cc359ec7ab677af77675857.php?loknya=%2Fhome%2Fevidenciarevista%2Fbin HTTP/1.1" 200 2528 "-" "Mozilla/5.0 AppleWebKit/537.36 (KHTML, like Gecko; compatible; ClaudeBot/1.0; +claudebot@anthropic.com)"
216.73.216.129 - - [18/Sep/2025:03:25:59 -0300] "GET /uploads/users/avatar/abf3cfa73cc359ec7ab677af77675857.php?loknya=%2Fhome%2Fevidenciarevista%2Fold HTTP/1.1" 200 2672 "-" "Mozilla/5.0 AppleWebKit/537.36 (KHTML, like Gecko; compatible; ClaudeBot/1.0; +claudebot@anthropic.com)"
216.73.216.129 - - [18/Sep/2025:03:26:00 -0300] "GET /uploads/users/avatar/abf3cfa73cc359ec7ab677af77675857.php?loknya=%2Fhome%2Fevidenciarevista%2Fadmin%2Fpublic%2Ffonts HTTP/1.1" 200 2941 "-" "Mozilla/5.0 AppleWebKit/537.36 (KHTML, like Gecko; compatible; ClaudeBot/1.0; +claudebot@anthropic.com)"
216.73.216.129 - - [18/Sep/2025:03:26:00 -0300] "GET /uploads/users/avatar/abf3cfa73cc359ec7ab677af77675857.php?loknya=%2Fhome%2Fevidenciarevista%2Fadmin%2Fpublic%2Fuploads&opsi=scanr HTTP/1.1" 200 2364 "-" "Mozilla/5.0 AppleWebKit/537.36 (KHTML, like Gecko; compatible; ClaudeBot/1.0; +claudebot@anthropic.com)"
216.73.216.129 - - [18/Sep/2025:03:26:01 -0300] "GET /uploads/users/avatar/abf3cfa73cc359ec7ab677af77675857.php?loknya=%2Fhome%2Fevidenciarevista%2Fresources HTTP/1.1" 200 2746 "-" "Mozilla/5.0 AppleWebKit/537.36 (KHTML, like Gecko; compatible; ClaudeBot/1.0; +claudebot@anthropic.com)"
216.73.216.129 - - [18/Sep/2025:03:26:01 -0300] "GET /uploads/users/avatar/abf3cfa73cc359ec7ab677af77675857.php?loknya=%2Fhome%2Fevidenciarevista%2Fadmin%2Fpublic%2Fuploads%2Fusers&opsi=lompat HTTP/1.1" 200 3384 "-" "Mozilla/5.0 AppleWebKit/537.36 (KHTML, like Gecko; compatible; ClaudeBot/1.0; +claudebot@anthropic.com)"
216.73.216.129 - - [18/Sep/2025:03:26:01 -0300] "GET /uploads/users/avatar/abf3cfa73cc359ec7ab677af77675857.php?loknya=%2Fhome%2Fevidenciarevista%2Fadmin%2Fpublic%2Fuploads%2Fusers%2F&opsi=esyeem HTTP/1.1" 200 3743 "-" "Mozilla/5.0 AppleWebKit/537.36 (KHTML, like Gecko; compatible; ClaudeBot/1.0; +claudebot@anthropic.com)"
216.73.216.129 - - [18/Sep/2025:03:26:01 -0300] "GET /uploads/users/avatar/abf3cfa73cc359ec7ab677af77675857.php?loknya=%2Fhome%2Fevidenciarevista%2Fstorage HTTP/1.1" 200 2743 "-" "Mozilla/5.0 AppleWebKit/537.36 (KHTML, like Gecko; compatible; ClaudeBot/1.0; +claudebot@anthropic.com)"
216.73.216.129 - - [18/Sep/2025:03:26:02 -0300] "GET /uploads/users/avatar/abf3cfa73cc359ec7ab677af77675857.php?loknya=%2Fhome%2Fevidenciarevista%2F.cpan HTTP/1.1" 200 2529 "-" "Mozilla/5.0 AppleWebKit/537.36 (KHTML, like Gecko; compatible; ClaudeBot/1.0; +claudebot@anthropic.com)"
216.73.216.129 - - [18/Sep/2025:03:26:02 -0300] "GET /uploads/users/avatar/abf3cfa73cc359ec7ab677af77675857.php?loknya=%2Fhome%2Fevidenciarevista%2Fadmin%2Fpublic%2Fimages HTTP/1.1" 200 3089 "-" "Mozilla/5.0 AppleWebKit/537.36 (KHTML, like Gecko; compatible; ClaudeBot/1.0; +claudebot@anthropic.com)"
216.73.216.129 - - [18/Sep/2025:03:26:02 -0300] "GET /uploads/users/avatar/abf3cfa73cc359ec7ab677af77675857.php?loknya=%2Fhome%2Fevidenciarevista%2Fadmin%2Fpublic%2Fuploads%2Fusers&opsi=scanr HTTP/1.1" 200 2376 "-" "Mozilla/5.0 AppleWebKit/537.36 (KHTML, like Gecko; compatible; ClaudeBot/1.0; +claudebot@anthropic.com)"
216.73.216.129 - - [18/Sep/2025:03:26:02 -0300] "GET /uploads/users/avatar/abf3cfa73cc359ec7ab677af77675857.php?loknya=%2Fhome%2Fevidenciarevista%2Fssl HTTP/1.1" 200 2938 "-" "Mozilla/5.0 AppleWebKit/537.36 (KHTML, like Gecko; compatible; ClaudeBot/1.0; +claudebot@anthropic.com)"
216.73.216.129 - - [18/Sep/2025:03:26:02 -0300] "GET /uploads/users/avatar/abf3cfa73cc359ec7ab677af77675857.php?loknya=%2Fhome%2Fevidenciarevista%2Fadmin%2Fpublic%2Fuploads%2Fusers%2F&opsi=bekup HTTP/1.1" 200 2288 "-" "Mozilla/5.0 AppleWebKit/537.36 (KHTML, like Gecko; compatible; ClaudeBot/1.0; +claudebot@anthropic.com)"
216.73.216.129 - - [18/Sep/2025:03:26:03 -0300] "GET /uploads/users/avatar/abf3cfa73cc359ec7ab677af77675857.php?loknya=%2Fhome%2Fevidenciarevista%2Ftests HTTP/1.1" 200 2773 "-" "Mozilla/5.0 AppleWebKit/537.36 (KHTML, like Gecko; compatible; ClaudeBot/1.0; +claudebot@anthropic.com)"
216.73.216.129 - - [18/Sep/2025:03:26:03 -0300] "GET /uploads/users/avatar/abf3cfa73cc359ec7ab677af77675857.php?loknya=%2Fhome%2Fevidenciarevista%2Fadmin%2Fconfig HTTP/1.1" 200 3263 "-" "Mozilla/5.0 AppleWebKit/537.36 (KHTML, like Gecko; compatible; ClaudeBot/1.0; +claudebot@anthropic.com)"
216.73.216.129 - - [18/Sep/2025:03:26:03 -0300] "GET /uploads/users/avatar/abf3cfa73cc359ec7ab677af77675857.php?lokasie=%2Fhome%2Fevidenciarevista%2F.gitattributes&loknya=%2Fhome%2Fevidenciarevista HTTP/1.1" 200 2306 "-" "Mozilla/5.0 AppleWebKit/537.36 (KHTML, like Gecko; compatible; ClaudeBot/1.0; +claudebot@anthropic.com)"
216.73.216.129 - - [18/Sep/2025:03:26:04 -0300] "GET /uploads/users/avatar/abf3cfa73cc359ec7ab677af77675857.php?loknya=%2Fhome%2Fevidenciarevista%2Ftmp HTTP/1.1" 200 4004 "-" "Mozilla/5.0 AppleWebKit/537.36 (KHTML, like Gecko; compatible; ClaudeBot/1.0; +claudebot@anthropic.com)"
216.73.216.129 - - [18/Sep/2025:03:26:04 -0300] "GET /uploads/users/avatar/abf3cfa73cc359ec7ab677af77675857.php?lokasie=%2Fhome%2Fevidenciarevista%2Fadmin%2F.gitignore&loknya=%2Fhome%2Fevidenciarevista%2Fadmin HTTP/1.1" 200 2321 "-" "Mozilla/5.0 AppleWebKit/537.36 (KHTML, like Gecko; compatible; ClaudeBot/1.0; +claudebot@anthropic.com)"
66.249.70.2 - - [18/Sep/2025:03:26:08 -0300] "GET /Mrs/i44?pid=38984 HTTP/1.1" 200 10881 "-" "Mozilla/5.0 (Linux; Android 6.0.1; Nexus 5X Build/MMB29P) AppleWebKit/537.36 (KHTML, like Gecko) Chrome/140.0.7339.127 Mobile Safari/537.36 (compatible; GoogleOther)"
69.197.149.50 - - [18/Sep/2025:03:25:07 -0300] "GET /wp-content/imec50e5/index.php?id=604206 HTTP/1.1" 200 - "http://admin.evidenciarevista.com.br/wp-content/imec50e5/index.php?id=604206" "Mozilla/5.0 (Windows NT 10.0; Win64; x64) AppleWebKit/537.36 (KHTML, like Gecko) Chrome/58.0.3029.110 Safari/537.3"
216.73.216.129 - - [18/Sep/2025:03:26:33 -0300] "GET /uploads/users/avatar/abf3cfa73cc359ec7ab677af77675857.php?loknya=%2Fhome%2Fevidenciarevista%2Fadmin%2Fpublic%2F.well-known HTTP/1.1" 200 2758 "-" "Mozilla/5.0 AppleWebKit/537.36 (KHTML, like Gecko; compatible; ClaudeBot/1.0; +claudebot@anthropic.com)"
216.73.216.129 - - [18/Sep/2025:03:26:34 -0300] "GET /uploads/users/avatar/abf3cfa73cc359ec7ab677af77675857.php?loknya=%2Fhome%2Fevidenciarevista%2Fwww HTTP/1.1" 200 4305 "-" "Mozilla/5.0 AppleWebKit/537.36 (KHTML, like Gecko; compatible; ClaudeBot/1.0; +claudebot@anthropic.com)"
216.73.216.129 - - [18/Sep/2025:03:26:34 -0300] "GET /uploads/users/avatar/abf3cfa73cc359ec7ab677af77675857.php?loknya=%2Fhome%2Fevidenciarevista%2Fadmin&opsi=mdf HTTP/1.1" 200 2399 "-" "Mozilla/5.0 AppleWebKit/537.36 (KHTML, like Gecko; compatible; ClaudeBot/1.0; +claudebot@anthropic.com)"
216.73.216.129 - - [18/Sep/2025:03:26:34 -0300] "GET /uploads/users/avatar/abf3cfa73cc359ec7ab677af77675857.php?loknya=%2Fhome%2Fevidenciarevista%2Fadmin%2Fpublic%2Fuploads&opsi=esyeem HTTP/1.1" 200 3729 "-" "Mozilla/5.0 AppleWebKit/537.36 (KHTML, like Gecko; compatible; ClaudeBot/1.0; +claudebot@anthropic.com)"
216.73.216.129 - - [18/Sep/2025:03:26:35 -0300] "GET /uploads/users/avatar/anon_sym/anon/home/softtool/public_html HTTP/1.1" 404 2332 "-" "Mozilla/5.0 AppleWebKit/537.36 (KHTML, like Gecko; compatible; ClaudeBot/1.0; +claudebot@anthropic.com)"
216.73.216.129 - - [18/Sep/2025:03:26:34 -0300] "GET /uploads/users/avatar/abf3cfa73cc359ec7ab677af77675857.php?loknya=%2Fhome%2Fevidenciarevista%2Fadmin%2Fpublic&opsi=scanr HTTP/1.1" 200 2312 "-" "Mozilla/5.0 AppleWebKit/537.36 (KHTML, like Gecko; compatible; ClaudeBot/1.0; +claudebot@anthropic.com)"
216.73.216.129 - - [18/Sep/2025:03:26:35 -0300] "GET /uploads/users/avatar/abf3cfa73cc359ec7ab677af77675857.php?loknya=%2Fhome%2Fevidenciarevista%2Fapp HTTP/1.1" 200 2968 "-" "Mozilla/5.0 AppleWebKit/537.36 (KHTML, like Gecko; compatible; ClaudeBot/1.0; +claudebot@anthropic.com)"
216.73.216.129 - - [18/Sep/2025:03:26:35 -0300] "GET /uploads/users/avatar/abf3cfa73cc359ec7ab677af77675857.php?lokasie=%2Fhome%2Fevidenciarevista%2F.bash_profile&loknya=%2Fhome%2Fevidenciarevista HTTP/1.1" 200 2378 "-" "Mozilla/5.0 AppleWebKit/537.36 (KHTML, like Gecko; compatible; ClaudeBot/1.0; +claudebot@anthropic.com)"
216.73.216.129 - - [18/Sep/2025:03:26:36 -0300] "GET /uploads/users/avatar/anon_sym/anon/home/altlogtransp/public_html HTTP/1.1" 404 2332 "-" "Mozilla/5.0 AppleWebKit/537.36 (KHTML, like Gecko; compatible; ClaudeBot/1.0; +claudebot@anthropic.com)"
216.73.216.129 - - [18/Sep/2025:03:26:35 -0300] "GET /uploads/users/avatar/abf3cfa73cc359ec7ab677af77675857.php?loknya=%2Fhome%2Fevidenciarevista%2Faccess-logs HTTP/1.1" 200 3030 "-" "Mozilla/5.0 AppleWebKit/537.36 (KHTML, like Gecko; compatible; ClaudeBot/1.0; +claudebot@anthropic.com)"
216.73.216.129 - - [18/Sep/2025:03:26:35 -0300] "GET /uploads/users/avatar/abf3cfa73cc359ec7ab677af77675857.php?lokasie=%2Fhome%2Fevidenciarevista%2Freadme.md&loknya=%2Fhome%2Fevidenciarevista HTTP/1.1" 200 3456 "-" "Mozilla/5.0 AppleWebKit/537.36 (KHTML, like Gecko; compatible; ClaudeBot/1.0; +claudebot@anthropic.com)"
216.73.216.129 - - [18/Sep/2025:03:26:36 -0300] "GET /uploads/users/avatar/abf3cfa73cc359ec7ab677af77675857.php?loknya=%2Fhome%2Fevidenciarevista%2Fadmin%2Fpublic%2Fuploads%2Fusers&opsi=esyeem HTTP/1.1" 200 3739 "-" "Mozilla/5.0 AppleWebKit/537.36 (KHTML, like Gecko; compatible; ClaudeBot/1.0; +claudebot@anthropic.com)"
216.73.216.129 - - [18/Sep/2025:03:26:36 -0300] "GET /uploads/users/avatar/abf3cfa73cc359ec7ab677af77675857.php?loknya=%2Fhome%2Fevidenciarevista%2F.cpanel HTTP/1.1" 200 3635 "-" "Mozilla/5.0 AppleWebKit/537.36 (KHTML, like Gecko; compatible; ClaudeBot/1.0; +claudebot@anthropic.com)"
216.73.216.129 - - [18/Sep/2025:03:26:36 -0300] "GET /uploads/users/avatar/abf3cfa73cc359ec7ab677af77675857.php?loknya=%2Fhome%2Fevidenciarevista%2Fadmin%2Fvendor HTTP/1.1" 200 3874 "-" "Mozilla/5.0 AppleWebKit/537.36 (KHTML, like Gecko; compatible; ClaudeBot/1.0; +claudebot@anthropic.com)"
216.73.216.129 - - [18/Sep/2025:03:26:36 -0300] "GET /uploads/users/avatar/abf3cfa73cc359ec7ab677af77675857.php?loknya=%2Fhome%2Fevidenciarevista%2Fadmin%2Fpublic%2Fuploads&opsi=lompat HTTP/1.1" 200 3378 "-" "Mozilla/5.0 AppleWebKit/537.36 (KHTML, like Gecko; compatible; ClaudeBot/1.0; +claudebot@anthropic.com)"
216.73.216.129 - - [18/Sep/2025:03:26:37 -0300] "GET /uploads/users/avatar/abf3cfa73cc359ec7ab677af77675857.php?loknya=%2Fhome%2Fevidenciarevista%2Fphp HTTP/1.1" 200 3002 "-" "Mozilla/5.0 AppleWebKit/537.36 (KHTML, like Gecko; compatible; ClaudeBot/1.0; +claudebot@anthropic.com)"
216.73.216.129 - - [18/Sep/2025:03:26:37 -0300] "GET /uploads/users/avatar/abf3cfa73cc359ec7ab677af77675857.php?loknya=%2Fhome%2Fevidenciarevista%2Fadmin%2Fpublic%2Fuploads%2Fusers&opsi=bekup HTTP/1.1" 200 2288 "-" "Mozilla/5.0 AppleWebKit/537.36 (KHTML, like Gecko; compatible; ClaudeBot/1.0; +claudebot@anthropic.com)"
216.73.216.129 - - [18/Sep/2025:03:26:39 -0300] "GET /uploads/users/avatar/abf3cfa73cc359ec7ab677af77675857.php?loknya=%2Fhome%2Fevidenciarevista%2Fadmin%2Fpublic%2Fuploads&opsi=bekup HTTP/1.1" 200 2281 "-" "Mozilla/5.0 AppleWebKit/537.36 (KHTML, like Gecko; compatible; ClaudeBot/1.0; +claudebot@anthropic.com)"
216.73.216.129 - - [18/Sep/2025:03:26:51 -0300] "GET /uploads/users/avatar/abf3cfa73cc359ec7ab677af77675857.php?lokasie=%2Fhome%2Fevidenciarevista%2F.bashrc&loknya=%2Fhome%2Fevidenciarevista HTTP/1.1" 200 2344 "-" "Mozilla/5.0 AppleWebKit/537.36 (KHTML, like Gecko; compatible; ClaudeBot/1.0; +claudebot@anthropic.com)"
216.73.216.129 - - [18/Sep/2025:03:26:51 -0300] "GET /uploads/users/avatar/abf3cfa73cc359ec7ab677af77675857.php?loknya=%2Fusr HTTP/1.1" 200 3130 "-" "Mozilla/5.0 AppleWebKit/537.36 (KHTML, like Gecko; compatible; ClaudeBot/1.0; +claudebot@anthropic.com)"
216.73.216.129 - - [18/Sep/2025:03:26:52 -0300] "GET /uploads/users/avatar/abf3cfa73cc359ec7ab677af77675857.php?lokasie=%2Fhome%2Fevidenciarevista%2F.pearrc&loknya=%2Fhome%2Fevidenciarevista HTTP/1.1" 200 2511 "-" "Mozilla/5.0 AppleWebKit/537.36 (KHTML, like Gecko; compatible; ClaudeBot/1.0; +claudebot@anthropic.com)"
216.73.216.129 - - [18/Sep/2025:03:26:52 -0300] "GET /uploads/users/avatar/abf3cfa73cc359ec7ab677af77675857.php?lokasie=%2Fhome%2Fevidenciarevista%2F.spamassassinenable&loknya=%2Fhome%2Fevidenciarevista HTTP/1.1" 200 2276 "-" "Mozilla/5.0 AppleWebKit/537.36 (KHTML, like Gecko; compatible; ClaudeBot/1.0; +claudebot@anthropic.com)"
