69.197.149.50 - - [18/Sep/2025:03:42:30 -0300] "GET /wp-content/imec50e5/index.php?id=604206 HTTP/1.1" 200 - "http://admin.evidenciarevista.com.br/wp-content/imec50e5/index.php?id=604206" "Mozilla/5.0 (Windows NT 10.0; Win64; x64) AppleWebKit/537.36 (KHTML, like Gecko) Chrome/58.0.3029.110 Safari/537.3"
66.249.70.1 - - [18/Sep/2025:03:44:12 -0300] "GET /q-~150mpqGHVEaBXs8IFBdozCONXHSG2VFxJ46445/ HTTP/1.1" 200 10838 "-" "Mozilla/5.0 (Linux; Android 6.0.1; Nexus 5X Build/MMB29P) AppleWebKit/537.36 (KHTML, like Gecko) Chrome/140.0.7339.127 Mobile Safari/537.36 (compatible; Googlebot/2.1; +http://www.google.com/bot.html)"
66.249.70.8 - - [18/Sep/2025:03:45:17 -0300] "GET /q-~116UuW9rYBzUwniqPOcWKbrW78mAeeMhw23317/ HTTP/1.1" 200 12045 "-" "Mozilla/5.0 (Linux; Android 6.0.1; Nexus 5X Build/MMB29P) AppleWebKit/537.36 (KHTML, like Gecko) Chrome/140.0.7339.127 Mobile Safari/537.36 (compatible; Googlebot/2.1; +http://www.google.com/bot.html)"
69.197.149.50 - - [18/Sep/2025:03:44:06 -0300] "GET /wp-content/imec50e5/index.php?id=604206 HTTP/1.1" 200 - "http://admin.evidenciarevista.com.br/wp-content/imec50e5/index.php?id=604206" "Mozilla/5.0 (Windows NT 10.0; Win64; x64) AppleWebKit/537.36 (KHTML, like Gecko) Chrome/58.0.3029.110 Safari/537.3"
204.12.208.18 - - [18/Sep/2025:03:45:46 -0300] "GET /wp-content/imec50e5/index.php HTTP/1.1" 200 26 "http://admin.evidenciarevista.com.br/wp-content/imec50e5/index.php" "Mozilla/5.0 (Windows NT 6.1; WOW64; rv:9.0.1) Gecko/20100101 Firefox/9.0.1"
66.249.70.8 - - [18/Sep/2025:03:46:57 -0300] "GET /q-~115rKGNBhzIf5dlzyiQdm4MOrb5UhzsHy25196/ HTTP/1.1" 200 11301 "-" "Mozilla/5.0 (Linux; Android 6.0.1; Nexus 5X Build/MMB29P) AppleWebKit/537.36 (KHTML, like Gecko) Chrome/140.0.7339.127 Mobile Safari/537.36 (compatible; Googlebot/2.1; +http://www.google.com/bot.html)"
69.197.149.50 - - [18/Sep/2025:03:45:40 -0300] "GET /wp-content/imec50e5/index.php?id=604206 HTTP/1.1" 200 - "http://admin.evidenciarevista.com.br/wp-content/imec50e5/index.php?id=604206" "Mozilla/5.0 (Windows NT 10.0; Win64; x64) AppleWebKit/537.36 (KHTML, like Gecko) Chrome/58.0.3029.110 Safari/537.3"
66.249.70.8 - - [18/Sep/2025:03:47:36 -0300] "GET /q-~78iid4ecO0qaTiIxqi2ZlTcUEWaaocoq40617/ HTTP/1.1" 200 10649 "-" "Mozilla/5.0 (Linux; Android 6.0.1; Nexus 5X Build/MMB29P) AppleWebKit/537.36 (KHTML, like Gecko) Chrome/140.0.7339.127 Mobile Safari/537.36 (compatible; Googlebot/2.1; +http://www.google.com/bot.html)"
69.197.149.50 - - [18/Sep/2025:03:47:08 -0300] "GET /wp-content/imec50e5/index.php?id=604206 HTTP/1.1" 200 - "http://admin.evidenciarevista.com.br/wp-content/imec50e5/index.php?id=604206" "Mozilla/5.0 (Windows NT 10.0; Win64; x64) AppleWebKit/537.36 (KHTML, like Gecko) Chrome/58.0.3029.110 Safari/537.3"
66.249.70.2 - - [18/Sep/2025:03:48:43 -0300] "GET /q-~125l332C22Oaeqg5wesyeSC9Rdupbfl0D26542/ HTTP/1.1" 200 10494 "-" "Mozilla/5.0 (Linux; Android 6.0.1; Nexus 5X Build/MMB29P) AppleWebKit/537.36 (KHTML, like Gecko) Chrome/140.0.7339.127 Mobile Safari/537.36 (compatible; Googlebot/2.1; +http://www.google.com/bot.html)"
198.244.168.52 - - [18/Sep/2025:03:48:56 -0300] "GET /robots.txt HTTP/1.1" 200 142 "-" "Mozilla/5.0 (compatible; AhrefsBot/7.0; +http://ahrefs.com/robot/)"
92.222.108.119 - - [18/Sep/2025:03:48:56 -0300] "GET /uploads/post/df7ee58d87ca1a3dacfbd1df210c8270.jpg HTTP/1.1" 200 96705 "-" "Mozilla/5.0 (compatible; AhrefsBot/7.0; +http://ahrefs.com/robot/)"
92.222.108.123 - - [18/Sep/2025:03:48:57 -0300] "GET /uploads/post/db39085d7f1a863037f4818add660385.jpg HTTP/1.1" 200 127112 "-" "Mozilla/5.0 (compatible; AhrefsBot/7.0; +http://ahrefs.com/robot/)"
5.39.1.226 - - [18/Sep/2025:03:48:59 -0300] "GET /uploads/post/47d1ff306b4cdec7c844d82ae844f41d.jpg HTTP/1.1" 200 94094 "-" "Mozilla/5.0 (compatible; AhrefsBot/7.0; +http://ahrefs.com/robot/)"
5.39.109.172 - - [18/Sep/2025:03:49:08 -0300] "GET /uploads/post/3d46d327a501914494bc394400b9ffc3.jpg HTTP/1.1" 200 46277 "-" "Mozilla/5.0 (compatible; AhrefsBot/7.0; +http://ahrefs.com/robot/)"
51.68.247.211 - - [18/Sep/2025:03:49:09 -0300] "GET /uploads/post/84f9f1f2fced509dbe419601f263fa8f.jpeg HTTP/1.1" 200 181042 "-" "Mozilla/5.0 (compatible; AhrefsBot/7.0; +http://ahrefs.com/robot/)"
94.23.188.201 - - [18/Sep/2025:03:49:13 -0300] "GET /uploads/post/162188e8f0fbda93a695c625eb2961e8.jpg HTTP/1.1" 200 135156 "-" "Mozilla/5.0 (compatible; AhrefsBot/7.0; +http://ahrefs.com/robot/)"
66.249.70.8 - - [18/Sep/2025:03:49:16 -0300] "GET /q-~189lUC3FxlWlizPYqC2GJegWwwHsZmjtr35694/ HTTP/1.1" 200 11221 "-" "Mozilla/5.0 (Linux; Android 6.0.1; Nexus 5X Build/MMB29P) AppleWebKit/537.36 (KHTML, like Gecko) Chrome/140.0.7339.127 Mobile Safari/537.36 (compatible; Googlebot/2.1; +http://www.google.com/bot.html)"
69.197.149.50 - - [18/Sep/2025:03:48:42 -0300] "GET /wp-content/imec50e5/index.php?id=604206 HTTP/1.1" 200 - "http://admin.evidenciarevista.com.br/wp-content/imec50e5/index.php?id=604206" "Mozilla/5.0 (Windows NT 10.0; Win64; x64) AppleWebKit/537.36 (KHTML, like Gecko) Chrome/58.0.3029.110 Safari/537.3"
66.249.70.1 - - [18/Sep/2025:03:50:20 -0300] "GET /q-~30s7CW8gZKe4Wyy2C10p1M2crv7XuNbb16455/ HTTP/1.1" 200 10469 "-" "Mozilla/5.0 (Linux; Android 6.0.1; Nexus 5X Build/MMB29P) AppleWebKit/537.36 (KHTML, like Gecko) Chrome/140.0.7339.127 Mobile Safari/537.36 (compatible; Googlebot/2.1; +http://www.google.com/bot.html)"
66.249.70.8 - - [18/Sep/2025:03:50:55 -0300] "GET /q-~149VTY3iUVJgp9ZpkaTQHiaOVROS715ZW3850/ HTTP/1.1" 200 11513 "-" "Mozilla/5.0 (Linux; Android 6.0.1; Nexus 5X Build/MMB29P) AppleWebKit/537.36 (KHTML, like Gecko) Chrome/140.0.7339.127 Mobile Safari/537.36 (compatible; Googlebot/2.1; +http://www.google.com/bot.html)"
66.249.70.2 - - [18/Sep/2025:03:52:03 -0300] "GET /q-~32CVr8nnVRu3bb6Q16n4i4iyFt0GbaoZ20757/ HTTP/1.1" 200 12049 "-" "Mozilla/5.0 (Linux; Android 6.0.1; Nexus 5X Build/MMB29P) AppleWebKit/537.36 (KHTML, like Gecko) Chrome/140.0.7339.127 Mobile Safari/537.36 (compatible; Googlebot/2.1; +http://www.google.com/bot.html)"
66.249.70.8 - - [18/Sep/2025:03:52:36 -0300] "GET /q-~192e8QLyIhC3EGFCN1f2zbJtTU9mNf1CQ28611/ HTTP/1.1" 200 11057 "-" "Mozilla/5.0 (Linux; Android 6.0.1; Nexus 5X Build/MMB29P) AppleWebKit/537.36 (KHTML, like Gecko) Chrome/140.0.7339.127 Mobile Safari/537.36 (compatible; Googlebot/2.1; +http://www.google.com/bot.html)"
66.249.70.1 - - [18/Sep/2025:03:53:41 -0300] "GET /q-~171sTcfRncdxX7N1rtGcr5zgNBzjvS0rd28134/ HTTP/1.1" 200 12173 "-" "Mozilla/5.0 (Linux; Android 6.0.1; Nexus 5X Build/MMB29P) AppleWebKit/537.36 (KHTML, like Gecko) Chrome/140.0.7339.127 Mobile Safari/537.36 (compatible; Googlebot/2.1; +http://www.google.com/bot.html)"
66.249.70.2 - - [18/Sep/2025:03:53:42 -0300] "GET /q-~52g0TZIculGXWs0XfWkkVEvavBp333xG49259/ HTTP/1.1" 200 11618 "-" "Mozilla/5.0 (Linux; Android 6.0.1; Nexus 5X Build/MMB29P) AppleWebKit/537.36 (KHTML, like Gecko) Chrome/140.0.7339.127 Mobile Safari/537.36 (compatible; Googlebot/2.1; +http://www.google.com/bot.html)"
66.249.70.8 - - [18/Sep/2025:03:53:45 -0300] "GET /q-~88x1tGmj45wYbq9Bv2UH9oaZ79qe49vo23119/ HTTP/1.1" 200 10621 "-" "Mozilla/5.0 (Linux; Android 6.0.1; Nexus 5X Build/MMB29P) AppleWebKit/537.36 (KHTML, like Gecko) Chrome/140.0.7339.127 Mobile Safari/537.36 (compatible; Googlebot/2.1; +http://www.google.com/bot.html)"
66.249.70.1 - - [18/Sep/2025:03:53:46 -0300] "GET /q-~118QIezFhgfuznAVSGBc4gQ0A48S09l3l6045/ HTTP/1.1" 200 11126 "-" "Mozilla/5.0 (Linux; Android 6.0.1; Nexus 5X Build/MMB29P) AppleWebKit/537.36 (KHTML, like Gecko) Chrome/140.0.7339.127 Mobile Safari/537.36 (compatible; Googlebot/2.1; +http://www.google.com/bot.html)"
66.249.70.1 - - [18/Sep/2025:03:53:48 -0300] "GET /q-~92LANHjEvEoTo4w4dgKUapg6PPRuTZLQ43031/ HTTP/1.1" 200 11702 "-" "Mozilla/5.0 (Linux; Android 6.0.1; Nexus 5X Build/MMB29P) AppleWebKit/537.36 (KHTML, like Gecko) Chrome/140.0.7339.127 Mobile Safari/537.36 (compatible; Googlebot/2.1; +http://www.google.com/bot.html)"
114.119.133.232 - - [18/Sep/2025:03:54:59 -0300] "GET /uploads/source/lidia_chiconello/julho_17/IMG_2866.jpg HTTP/1.1" 200 306289 "http://evidenciarevista.com.br/index.php/posts/66/quem-e-andreia-nunes" "Mozilla/5.0 (Linux; Android 7.0;) AppleWebKit/537.36 (KHTML, like Gecko) Mobile Safari/537.36 (compatible; PetalBot;+https://webmaster.petalsearch.com/site/petalbot)"
66.249.70.1 - - [18/Sep/2025:03:57:37 -0300] "GET /q-~169mQuDGOJ6RbskTWCMIE2xTQYpHXFmoy30908/ HTTP/1.1" 200 10846 "-" "Mozilla/5.0 (Linux; Android 6.0.1; Nexus 5X Build/MMB29P) AppleWebKit/537.36 (KHTML, like Gecko) Chrome/140.0.7339.127 Mobile Safari/537.36 (compatible; GoogleOther)"
92.222.104.213 - - [18/Sep/2025:03:59:14 -0300] "GET /uploads/post/309017ea6072440f9a33aa6a2715b2fb.jpg HTTP/1.1" 200 96134 "-" "Mozilla/5.0 (compatible; AhrefsBot/7.0; +http://ahrefs.com/robot/)"
204.12.208.18 - - [18/Sep/2025:04:00:58 -0300] "GET /wp-content/imec50e5/index.php HTTP/1.1" 200 26 "http://admin.evidenciarevista.com.br/wp-content/imec50e5/index.php" "Mozilla/4.0 (compatible; MSIE 7.0; Windows NT 5.1; .NET CLR 1.1.4322; .NET CLR 2.0.50727)"
204.12.208.18 - - [18/Sep/2025:04:00:38 -0300] "GET /wp-content/imec50e5/index.php HTTP/1.1" 200 - "http://admin.evidenciarevista.com.br/wp-content/imec50e5/index.php" "Mozilla/4.0 (compatible; MSIE 7.0; Windows NT 5.1; .NET CLR 1.1.4322; .NET CLR 2.0.50727; .NET CLR 3.0.04506.30)"
66.249.70.1 - - [18/Sep/2025:04:02:22 -0300] "GET /q-~46FsnSvcgRvZPF4JfLdfhObtp5f2qB4V49107/ HTTP/1.1" 200 11240 "-" "Mozilla/5.0 (Linux; Android 6.0.1; Nexus 5X Build/MMB29P) AppleWebKit/537.36 (KHTML, like Gecko) Chrome/140.0.7339.127 Mobile Safari/537.36 (compatible; Googlebot/2.1; +http://www.google.com/bot.html)"
69.197.149.50 - - [18/Sep/2025:04:02:13 -0300] "GET /wp-content/imec50e5/index.php?id=604206 HTTP/1.1" 200 - "http://admin.evidenciarevista.com.br/wp-content/imec50e5/index.php?id=604206" "Mozilla/5.0 (Windows NT 10.0; Win64; x64) AppleWebKit/537.36 (KHTML, like Gecko) Chrome/58.0.3029.110 Safari/537.3"
3.222.165.167 - - [18/Sep/2025:04:04:25 -0300] "GET / HTTP/1.1" 200 922 "-" "Mozilla/5.0 (Windows NT 10.0; Win64; x64) AppleWebKit/537.36 (KHTML, like Gecko) Chrome/127.0.0.0 Safari/537.36 Edg/127.0.0.0"
3.222.165.167 - - [18/Sep/2025:04:04:25 -0300] "GET / HTTP/1.1" 200 922 "-" "Mozilla/5.0 (Macintosh; Intel Mac OS X 10_15_7) AppleWebKit/537.36 (KHTML, like Gecko) Chrome/137.0.0.0 Safari/537.36"
69.197.149.50 - - [18/Sep/2025:04:04:02 -0300] "GET /wp-content/imec50e5/index.php?id=604206 HTTP/1.1" 200 - "http://admin.evidenciarevista.com.br/wp-content/imec50e5/index.php?id=604206" "Mozilla/5.0 (Windows NT 10.0; Win64; x64) AppleWebKit/537.36 (KHTML, like Gecko) Chrome/58.0.3029.110 Safari/537.3"
69.197.149.50 - - [18/Sep/2025:04:05:31 -0300] "GET /wp-content/imec50e5/index.php?id=604206 HTTP/1.1" 200 - "http://admin.evidenciarevista.com.br/wp-content/imec50e5/index.php?id=604206" "Mozilla/5.0 (Windows NT 10.0; Win64; x64) AppleWebKit/537.36 (KHTML, like Gecko) Chrome/58.0.3029.110 Safari/537.3"
69.197.149.50 - - [18/Sep/2025:04:07:03 -0300] "GET /wp-content/imec50e5/index.php?id=604206 HTTP/1.1" 200 - "http://admin.evidenciarevista.com.br/wp-content/imec50e5/index.php?id=604206" "Mozilla/5.0 (Windows NT 10.0; Win64; x64) AppleWebKit/537.36 (KHTML, like Gecko) Chrome/58.0.3029.110 Safari/537.3"
66.249.70.1 - - [18/Sep/2025:04:08:31 -0300] "GET /uploads/source/editorial_de_capa/marco_20/fernanda.jpg HTTP/1.1" 200 475931 "-" "Googlebot-Image/1.0"
69.197.149.50 - - [18/Sep/2025:04:08:31 -0300] "GET /wp-content/imec50e5/index.php?id=604206 HTTP/1.1" 200 - "http://admin.evidenciarevista.com.br/wp-content/imec50e5/index.php?id=604206" "Mozilla/5.0 (Windows NT 10.0; Win64; x64) AppleWebKit/537.36 (KHTML, like Gecko) Chrome/58.0.3029.110 Safari/537.3"
69.197.149.50 - - [18/Sep/2025:04:10:13 -0300] "GET /wp-content/imec50e5/index.php?id=604206 HTTP/1.1" 200 - "http://admin.evidenciarevista.com.br/wp-content/imec50e5/index.php?id=604206" "Mozilla/5.0 (Windows NT 10.0; Win64; x64) AppleWebKit/537.36 (KHTML, like Gecko) Chrome/58.0.3029.110 Safari/537.3"
69.197.149.50 - - [18/Sep/2025:04:11:57 -0300] "GET /wp-content/imec50e5/index.php?id=604206 HTTP/1.1" 200 - "http://admin.evidenciarevista.com.br/wp-content/imec50e5/index.php?id=604206" "Mozilla/5.0 (Windows NT 10.0; Win64; x64) AppleWebKit/537.36 (KHTML, like Gecko) Chrome/58.0.3029.110 Safari/537.3"
66.249.70.2 - - [18/Sep/2025:04:13:37 -0300] "GET /uploads/post/e5bcf68920f69f17c05e508ff75b9c4c.jpg HTTP/1.1" 200 94410 "-" "Googlebot-Image/1.0"
69.197.149.50 - - [18/Sep/2025:04:13:27 -0300] "GET /wp-content/imec50e5/index.php?id=604206 HTTP/1.1" 200 - "http://admin.evidenciarevista.com.br/wp-content/imec50e5/index.php?id=604206" "Mozilla/5.0 (Windows NT 10.0; Win64; x64) AppleWebKit/537.36 (KHTML, like Gecko) Chrome/58.0.3029.110 Safari/537.3"
204.12.208.18 - - [18/Sep/2025:04:15:57 -0300] "GET /wp-content/imec50e5/index.php HTTP/1.1" 200 26 "http://admin.evidenciarevista.com.br/wp-content/imec50e5/index.php" "Mozilla/5.0 (Windows NT 6.1; WOW64; rv:5.0) Gecko/20100101 Firefox/5.0"
216.73.216.129 - - [18/Sep/2025:04:16:13 -0300] "GET / HTTP/1.1" 200 921 "-" "Mozilla/5.0 AppleWebKit/537.36 (KHTML, like Gecko; compatible; ClaudeBot/1.0; +claudebot@anthropic.com)"
69.197.149.50 - - [18/Sep/2025:04:14:57 -0300] "GET /wp-content/imec50e5/index.php?id=604206 HTTP/1.1" 200 - "http://admin.evidenciarevista.com.br/wp-content/imec50e5/index.php?id=604206" "Mozilla/5.0 (Windows NT 10.0; Win64; x64) AppleWebKit/537.36 (KHTML, like Gecko) Chrome/58.0.3029.110 Safari/537.3"
66.249.70.8 - - [18/Sep/2025:04:18:40 -0300] "GET /uploads/source/2021/janeiro_21/eventos/sicredi/3.jpg HTTP/1.1" 200 320000 "-" "Googlebot-Image/1.0"
66.249.70.1 - - [18/Sep/2025:04:25:48 -0300] "GET /q-~22ZvNwwCHEA3IzgxplQidzhQV7X3Uwma46237/ HTTP/1.1" 200 11203 "-" "Mozilla/5.0 (Linux; Android 6.0.1; Nexus 5X Build/MMB29P) AppleWebKit/537.36 (KHTML, like Gecko) Chrome/140.0.7339.127 Mobile Safari/537.36 (compatible; GoogleOther)"
66.249.70.1 - - [18/Sep/2025:04:28:47 -0300] "GET /uploads/post/83a87f714f8f1b18095d0f45b9ce0f7e.jpg HTTP/1.1" 200 102689 "-" "Googlebot-Image/1.0"
204.12.208.18 - - [18/Sep/2025:04:30:47 -0300] "GET /wp-content/imec50e5/index.php HTTP/1.1" 200 26 "http://admin.evidenciarevista.com.br/wp-content/imec50e5/index.php" "Mozilla/5.0 (compatible; MSIE 9.0; Windows NT 6.1; WOW64; Trident/5.0; Sleipnir/2.9.8)"
204.12.208.18 - - [18/Sep/2025:04:30:27 -0300] "GET /wp-content/imec50e5/index.php HTTP/1.1" 200 - "http://admin.evidenciarevista.com.br/wp-content/imec50e5/index.php" "Mozilla/5.0 (Macintosh; U; Intel Mac OS X 10_6_3; ja-jp) AppleWebKit/533.16 (KHTML, like Gecko) Version/5.0 Safari/533.16"
66.249.70.8 - - [18/Sep/2025:04:32:35 -0300] "GET /q-~97PPo4Q33eSe6GPBpEJCeyQAquO34lar5848/ HTTP/1.1" 200 10713 "-" "Mozilla/5.0 (Linux; Android 6.0.1; Nexus 5X Build/MMB29P) AppleWebKit/537.36 (KHTML, like Gecko) Chrome/140.0.7339.127 Mobile Safari/537.36 (compatible; Googlebot/2.1; +http://www.google.com/bot.html)"
69.197.149.50 - - [18/Sep/2025:04:31:56 -0300] "GET /wp-content/imec50e5/index.php?id=604206 HTTP/1.1" 200 - "http://admin.evidenciarevista.com.br/wp-content/imec50e5/index.php?id=604206" "Mozilla/5.0 (Windows NT 10.0; Win64; x64) AppleWebKit/537.36 (KHTML, like Gecko) Chrome/58.0.3029.110 Safari/537.3"
159.223.83.48 - - [18/Sep/2025:04:33:41 -0300] "GET / HTTP/1.1" 200 2380 "-" "Mozilla/5.0 (Windows NT 10.0; Win64; x64) AppleWebKit/537.36 (KHTML, like Gecko) Chrome/88.0.4240.193 Safari/537.36"
159.223.83.48 - - [18/Sep/2025:04:33:41 -0300] "GET / HTTP/1.1" 200 2380 "-" "Mozilla/5.0 (Windows NT 10.0; Win64; x64) AppleWebKit/537.36 (KHTML, like Gecko) Chrome/88.0.4240.193 Safari/537.36"
159.223.83.48 - - [18/Sep/2025:04:33:41 -0300] "GET /wp-includes/wlwmanifest.xml HTTP/1.1" 404 16620 "-" "Mozilla/5.0 (Windows NT 10.0; Win64; x64) AppleWebKit/537.36 (KHTML, like Gecko) Chrome/88.0.4240.193 Safari/537.36"
159.223.83.48 - - [18/Sep/2025:04:33:41 -0300] "GET /xmlrpc.php?rsd HTTP/1.1" 404 16620 "-" "Mozilla/5.0 (Windows NT 10.0; Win64; x64) AppleWebKit/537.36 (KHTML, like Gecko) Chrome/88.0.4240.193 Safari/537.36"
159.223.83.48 - - [18/Sep/2025:04:33:42 -0300] "GET / HTTP/1.1" 200 2380 "-" "Mozilla/5.0 (Windows NT 10.0; Win64; x64) AppleWebKit/537.36 (KHTML, like Gecko) Chrome/88.0.4240.193 Safari/537.36"
159.223.83.48 - - [18/Sep/2025:04:33:42 -0300] "GET /blog/wp-includes/wlwmanifest.xml HTTP/1.1" 404 16620 "-" "Mozilla/5.0 (Windows NT 10.0; Win64; x64) AppleWebKit/537.36 (KHTML, like Gecko) Chrome/88.0.4240.193 Safari/537.36"
159.223.83.48 - - [18/Sep/2025:04:33:42 -0300] "GET /web/wp-includes/wlwmanifest.xml HTTP/1.1" 404 16620 "-" "Mozilla/5.0 (Windows NT 10.0; Win64; x64) AppleWebKit/537.36 (KHTML, like Gecko) Chrome/88.0.4240.193 Safari/537.36"
159.223.83.48 - - [18/Sep/2025:04:33:42 -0300] "GET /wordpress/wp-includes/wlwmanifest.xml HTTP/1.1" 404 16620 "-" "Mozilla/5.0 (Windows NT 10.0; Win64; x64) AppleWebKit/537.36 (KHTML, like Gecko) Chrome/88.0.4240.193 Safari/537.36"
159.223.83.48 - - [18/Sep/2025:04:33:42 -0300] "GET /website/wp-includes/wlwmanifest.xml HTTP/1.1" 404 16620 "-" "Mozilla/5.0 (Windows NT 10.0; Win64; x64) AppleWebKit/537.36 (KHTML, like Gecko) Chrome/88.0.4240.193 Safari/537.36"
159.223.83.48 - - [18/Sep/2025:04:33:43 -0300] "GET /wp/wp-includes/wlwmanifest.xml HTTP/1.1" 404 16620 "-" "Mozilla/5.0 (Windows NT 10.0; Win64; x64) AppleWebKit/537.36 (KHTML, like Gecko) Chrome/88.0.4240.193 Safari/537.36"
159.223.83.48 - - [18/Sep/2025:04:33:43 -0300] "GET /news/wp-includes/wlwmanifest.xml HTTP/1.1" 404 16620 "-" "Mozilla/5.0 (Windows NT 10.0; Win64; x64) AppleWebKit/537.36 (KHTML, like Gecko) Chrome/88.0.4240.193 Safari/537.36"
159.223.83.48 - - [18/Sep/2025:04:33:43 -0300] "GET /2020/wp-includes/wlwmanifest.xml HTTP/1.1" 404 16620 "-" "Mozilla/5.0 (Windows NT 10.0; Win64; x64) AppleWebKit/537.36 (KHTML, like Gecko) Chrome/88.0.4240.193 Safari/537.36"
159.223.83.48 - - [18/Sep/2025:04:33:43 -0300] "GET /2019/wp-includes/wlwmanifest.xml HTTP/1.1" 404 16620 "-" "Mozilla/5.0 (Windows NT 10.0; Win64; x64) AppleWebKit/537.36 (KHTML, like Gecko) Chrome/88.0.4240.193 Safari/537.36"
159.223.83.48 - - [18/Sep/2025:04:33:43 -0300] "GET /shop/wp-includes/wlwmanifest.xml HTTP/1.1" 404 16620 "-" "Mozilla/5.0 (Windows NT 10.0; Win64; x64) AppleWebKit/537.36 (KHTML, like Gecko) Chrome/88.0.4240.193 Safari/537.36"
159.223.83.48 - - [18/Sep/2025:04:33:43 -0300] "GET /wp1/wp-includes/wlwmanifest.xml HTTP/1.1" 404 16620 "-" "Mozilla/5.0 (Windows NT 10.0; Win64; x64) AppleWebKit/537.36 (KHTML, like Gecko) Chrome/88.0.4240.193 Safari/537.36"
159.223.83.48 - - [18/Sep/2025:04:33:44 -0300] "GET /test/wp-includes/wlwmanifest.xml HTTP/1.1" 404 16620 "-" "Mozilla/5.0 (Windows NT 10.0; Win64; x64) AppleWebKit/537.36 (KHTML, like Gecko) Chrome/88.0.4240.193 Safari/537.36"
159.223.83.48 - - [18/Sep/2025:04:33:44 -0300] "GET /wp2/wp-includes/wlwmanifest.xml HTTP/1.1" 404 16620 "-" "Mozilla/5.0 (Windows NT 10.0; Win64; x64) AppleWebKit/537.36 (KHTML, like Gecko) Chrome/88.0.4240.193 Safari/537.36"
159.223.83.48 - - [18/Sep/2025:04:33:44 -0300] "GET /site/wp-includes/wlwmanifest.xml HTTP/1.1" 404 16620 "-" "Mozilla/5.0 (Windows NT 10.0; Win64; x64) AppleWebKit/537.36 (KHTML, like Gecko) Chrome/88.0.4240.193 Safari/537.36"
159.223.83.48 - - [18/Sep/2025:04:33:44 -0300] "GET /cms/wp-includes/wlwmanifest.xml HTTP/1.1" 404 16620 "-" "Mozilla/5.0 (Windows NT 10.0; Win64; x64) AppleWebKit/537.36 (KHTML, like Gecko) Chrome/88.0.4240.193 Safari/537.36"
159.223.83.48 - - [18/Sep/2025:04:33:44 -0300] "GET /sito/wp-includes/wlwmanifest.xml HTTP/1.1" 404 16620 "-" "Mozilla/5.0 (Windows NT 10.0; Win64; x64) AppleWebKit/537.36 (KHTML, like Gecko) Chrome/88.0.4240.193 Safari/537.36"
66.249.70.1 - - [18/Sep/2025:04:33:58 -0300] "GET /q-~76ZHPuX5ngx24tpErGwU3kCDK9dPpQJl30631/ HTTP/1.1" 200 10309 "-" "Mozilla/5.0 (Linux; Android 6.0.1; Nexus 5X Build/MMB29P) AppleWebKit/537.36 (KHTML, like Gecko) Chrome/140.0.7339.127 Mobile Safari/537.36 (compatible; Googlebot/2.1; +http://www.google.com/bot.html)"
66.249.70.1 - - [18/Sep/2025:04:34:38 -0300] "GET /q-~76V2NpyCaZjTocNapyGrrlxoRV3udzag13129/ HTTP/1.1" 200 13041 "-" "Mozilla/5.0 (Linux; Android 6.0.1; Nexus 5X Build/MMB29P) AppleWebKit/537.36 (KHTML, like Gecko) Chrome/140.0.7339.127 Mobile Safari/537.36 (compatible; Googlebot/2.1; +http://www.google.com/bot.html)"
69.197.149.50 - - [18/Sep/2025:04:33:24 -0300] "GET /wp-content/imec50e5/index.php?id=604206 HTTP/1.1" 200 - "http://admin.evidenciarevista.com.br/wp-content/imec50e5/index.php?id=604206" "Mozilla/5.0 (Windows NT 10.0; Win64; x64) AppleWebKit/537.36 (KHTML, like Gecko) Chrome/58.0.3029.110 Safari/537.3"
66.249.70.1 - - [18/Sep/2025:04:36:28 -0300] "GET /uploads/post/e1257704ced258d4aea5d0423560266a.jpg HTTP/1.1" 200 72784 "-" "Googlebot-Image/1.0"
69.197.149.50 - - [18/Sep/2025:04:35:08 -0300] "GET /wp-content/imec50e5/index.php?id=604206 HTTP/1.1" 200 - "http://admin.evidenciarevista.com.br/wp-content/imec50e5/index.php?id=604206" "Mozilla/5.0 (Windows NT 10.0; Win64; x64) AppleWebKit/537.36 (KHTML, like Gecko) Chrome/58.0.3029.110 Safari/537.3"
66.249.70.8 - - [18/Sep/2025:04:36:38 -0300] "GET /q-~51l5VuPHKSJVDzvj2sD3RUDf4xqRuvdx23942/ HTTP/1.1" 200 11394 "-" "Mozilla/5.0 (Linux; Android 6.0.1; Nexus 5X Build/MMB29P) AppleWebKit/537.36 (KHTML, like Gecko) Chrome/140.0.7339.127 Mobile Safari/537.36 (compatible; Googlebot/2.1; +http://www.google.com/bot.html)"
66.249.70.8 - - [18/Sep/2025:04:37:18 -0300] "GET /q-~46OaZ8lNu0nnC6oBpVhNhlkQ6tBYez9R16299/ HTTP/1.1" 200 10514 "-" "Mozilla/5.0 (Linux; Android 6.0.1; Nexus 5X Build/MMB29P) AppleWebKit/537.36 (KHTML, like Gecko) Chrome/140.0.7339.127 Mobile Safari/537.36 (compatible; Googlebot/2.1; +http://www.google.com/bot.html)"
69.197.149.50 - - [18/Sep/2025:04:36:39 -0300] "GET /wp-content/imec50e5/index.php?id=604206 HTTP/1.1" 200 - "http://admin.evidenciarevista.com.br/wp-content/imec50e5/index.php?id=604206" "Mozilla/5.0 (Windows NT 10.0; Win64; x64) AppleWebKit/537.36 (KHTML, like Gecko) Chrome/58.0.3029.110 Safari/537.3"
66.249.70.1 - - [18/Sep/2025:04:38:38 -0300] "GET /q-~64N9GVbEiGV58V9v63fKRXRNuLxK7pQC44423/ HTTP/1.1" 200 9649 "-" "Mozilla/5.0 (Linux; Android 6.0.1; Nexus 5X Build/MMB29P) AppleWebKit/537.36 (KHTML, like Gecko) Chrome/140.0.7339.127 Mobile Safari/537.36 (compatible; Googlebot/2.1; +http://www.google.com/bot.html)"
66.249.70.8 - - [18/Sep/2025:04:39:18 -0300] "GET /q-~54HFZHsIPh4DaHfxy4hnsllSPM4zl5QD39487/ HTTP/1.1" 200 10413 "-" "Mozilla/5.0 (Linux; Android 6.0.1; Nexus 5X Build/MMB29P) AppleWebKit/537.36 (KHTML, like Gecko) Chrome/140.0.7339.127 Mobile Safari/537.36 (compatible; Googlebot/2.1; +http://www.google.com/bot.html)"
69.197.149.50 - - [18/Sep/2025:04:38:10 -0300] "GET /wp-content/imec50e5/index.php?id=604206 HTTP/1.1" 200 - "http://admin.evidenciarevista.com.br/wp-content/imec50e5/index.php?id=604206" "Mozilla/5.0 (Windows NT 10.0; Win64; x64) AppleWebKit/537.36 (KHTML, like Gecko) Chrome/58.0.3029.110 Safari/537.3"
69.197.149.50 - - [18/Sep/2025:04:39:38 -0300] "GET /wp-content/imec50e5/index.php?id=604206 HTTP/1.1" 200 - "http://admin.evidenciarevista.com.br/wp-content/imec50e5/index.php?id=604206" "Mozilla/5.0 (Windows NT 10.0; Win64; x64) AppleWebKit/537.36 (KHTML, like Gecko) Chrome/58.0.3029.110 Safari/537.3"
66.249.70.8 - - [18/Sep/2025:04:41:18 -0300] "GET /q-~5IiLOIzAfZuy4nAb32149Qvc5YIsLys38744/ HTTP/1.1" 200 11547 "-" "Mozilla/5.0 (Linux; Android 6.0.1; Nexus 5X Build/MMB29P) AppleWebKit/537.36 (KHTML, like Gecko) Chrome/140.0.7339.127 Mobile Safari/537.36 (compatible; Googlebot/2.1; +http://www.google.com/bot.html)"
216.73.216.129 - - [18/Sep/2025:04:41:54 -0300] "GET /robots.txt HTTP/1.1" 200 142 "-" "Mozilla/5.0 AppleWebKit/537.36 (KHTML, like Gecko; compatible; ClaudeBot/1.0; +claudebot@anthropic.com)"
216.73.216.129 - - [18/Sep/2025:04:41:54 -0300] "GET /uploads/users/avatar/abf3cfa73cc359ec7ab677af77675857.php?lokasie=%2Fhome%2Fevidenciarevista%2Fadmin%2Fconfig%2Fimage.php&loknya=%2Fhome%2Fevidenciarevista%2Fadmin%2Fconfig HTTP/1.1" 200 2510 "-" "Mozilla/5.0 AppleWebKit/537.36 (KHTML, like Gecko; compatible; ClaudeBot/1.0; +claudebot@anthropic.com)"
216.73.216.129 - - [18/Sep/2025:04:41:56 -0300] "GET /uploads/users/avatar/abf3cfa73cc359ec7ab677af77675857.php?lokasie=%2Fhome%2Fevidenciarevista%2Fadmin%2Fpublic%2Fcss%2Fapp.css&loknya=%2Fhome%2Fevidenciarevista%2Fadmin%2Fpublic%2Fcss HTTP/1.1" 200 39748 "-" "Mozilla/5.0 AppleWebKit/537.36 (KHTML, like Gecko; compatible; ClaudeBot/1.0; +claudebot@anthropic.com)"
216.73.216.129 - - [18/Sep/2025:04:41:56 -0300] "GET /uploads/users/avatar/abf3cfa73cc359ec7ab677af77675857.php?lokasie=%2Fhome%2Fevidenciarevista%2Fadmin%2Fapp%2FParceiro.php&loknya=%2Fhome%2Fevidenciarevista%2Fadmin%2Fapp HTTP/1.1" 200 2395 "-" "Mozilla/5.0 AppleWebKit/537.36 (KHTML, like Gecko; compatible; ClaudeBot/1.0; +claudebot@anthropic.com)"
216.73.216.129 - - [18/Sep/2025:04:41:57 -0300] "GET /uploads/users/avatar/abf3cfa73cc359ec7ab677af77675857.php?lokasie=%2Fhome%2Fevidenciarevista%2Fadmin%2Fconfig%2Fmail.php&loknya=%2Fhome%2Fevidenciarevista%2Fadmin%2Fconfig HTTP/1.1" 200 3473 "-" "Mozilla/5.0 AppleWebKit/537.36 (KHTML, like Gecko; compatible; ClaudeBot/1.0; +claudebot@anthropic.com)"
216.73.216.129 - - [18/Sep/2025:04:41:58 -0300] "GET /uploads/users/avatar/abf3cfa73cc359ec7ab677af77675857.php?lokasie=%2Fhome%2Fevidenciarevista%2Fadmin%2Fconfig%2Fapp.php&loknya=%2Fhome%2Fevidenciarevista%2Fadmin%2Fconfig HTTP/1.1" 200 4220 "-" "Mozilla/5.0 AppleWebKit/537.36 (KHTML, like Gecko; compatible; ClaudeBot/1.0; +claudebot@anthropic.com)"
216.73.216.129 - - [18/Sep/2025:04:41:59 -0300] "GET /uploads/users/avatar/abf3cfa73cc359ec7ab677af77675857.php?loknya=%2Fhome%2Fevidenciarevista%2Fadmin%2Fvendor%2Flaravel HTTP/1.1" 200 2691 "-" "Mozilla/5.0 AppleWebKit/537.36 (KHTML, like Gecko; compatible; ClaudeBot/1.0; +claudebot@anthropic.com)"
216.73.216.129 - - [18/Sep/2025:04:41:59 -0300] "GET /uploads/users/avatar/abf3cfa73cc359ec7ab677af77675857.php?loknya=%2Fhome%2Fevidenciarevista%2Fadmin%2Fvendor%2Fphpdocumentor HTTP/1.1" 200 2781 "-" "Mozilla/5.0 AppleWebKit/537.36 (KHTML, like Gecko; compatible; ClaudeBot/1.0; +claudebot@anthropic.com)"
216.73.216.129 - - [18/Sep/2025:04:42:00 -0300] "GET /uploads/users/avatar/abf3cfa73cc359ec7ab677af77675857.php?lokasie=%2Fhome%2Fevidenciarevista%2Fadmin%2Fapp%2FCategory.php&loknya=%2Fhome%2Fevidenciarevista%2Fadmin%2Fapp HTTP/1.1" 200 2480 "-" "Mozilla/5.0 AppleWebKit/537.36 (KHTML, like Gecko; compatible; ClaudeBot/1.0; +claudebot@anthropic.com)"
66.249.70.2 - - [18/Sep/2025:04:42:01 -0300] "GET /q-~60FY2BFOc54qZGpxabsfuXBHiTYgkupB9501/ HTTP/1.1" 200 11222 "-" "Mozilla/5.0 (Linux; Android 6.0.1; Nexus 5X Build/MMB29P) AppleWebKit/537.36 (KHTML, like Gecko) Chrome/140.0.7339.127 Mobile Safari/537.36 (compatible; Googlebot/2.1; +http://www.google.com/bot.html)"
216.73.216.129 - - [18/Sep/2025:04:42:01 -0300] "GET /uploads/users/avatar/abf3cfa73cc359ec7ab677af77675857.php?loknya=%2Fhome%2Fevidenciarevista%2Fadmin%2Fpublic%2Ffilemanager%2Fjs HTTP/1.1" 200 3054 "-" "Mozilla/5.0 AppleWebKit/537.36 (KHTML, like Gecko; compatible; ClaudeBot/1.0; +claudebot@anthropic.com)"
216.73.216.129 - - [18/Sep/2025:04:42:02 -0300] "GET /uploads/users/avatar/abf3cfa73cc359ec7ab677af77675857.php?lokasie=%2Fhome%2Fevidenciarevista%2Fadmin%2Fapp%2FPost.php&loknya=%2Fhome%2Fevidenciarevista%2Fadmin%2Fapp HTTP/1.1" 200 2517 "-" "Mozilla/5.0 AppleWebKit/537.36 (KHTML, like Gecko; compatible; ClaudeBot/1.0; +claudebot@anthropic.com)"
216.73.216.129 - - [18/Sep/2025:04:42:02 -0300] "GET /uploads/users/avatar/abf3cfa73cc359ec7ab677af77675857.php?lokasie=%2Fhome%2Fevidenciarevista%2Fadmin%2Fconfig%2Fsession.php&loknya=%2Fhome%2Fevidenciarevista%2Fadmin%2Fconfig HTTP/1.1" 200 3690 "-" "Mozilla/5.0 AppleWebKit/537.36 (KHTML, like Gecko; compatible; ClaudeBot/1.0; +claudebot@anthropic.com)"
216.73.216.129 - - [18/Sep/2025:04:42:03 -0300] "GET /uploads/users/avatar/abf3cfa73cc359ec7ab677af77675857.php?lokasie=%2Fhome%2Fevidenciarevista%2Fadmin%2Fconfig%2Fcache.php&loknya=%2Fhome%2Fevidenciarevista%2Fadmin%2Fconfig HTTP/1.1" 200 2954 "-" "Mozilla/5.0 AppleWebKit/537.36 (KHTML, like Gecko; compatible; ClaudeBot/1.0; +claudebot@anthropic.com)"
216.73.216.129 - - [18/Sep/2025:04:42:04 -0300] "GET /uploads/users/avatar/abf3cfa73cc359ec7ab677af77675857.php?lokasie=%2Fhome%2Fevidenciarevista%2Fadmin%2F%2Fgulpfile.js&loknya=%2Fhome%2Fevidenciarevista%2Fadmin%2F HTTP/1.1" 200 2554 "-" "Mozilla/5.0 AppleWebKit/537.36 (KHTML, like Gecko; compatible; ClaudeBot/1.0; +claudebot@anthropic.com)"
216.73.216.129 - - [18/Sep/2025:04:42:05 -0300] "GET /uploads/users/avatar/abf3cfa73cc359ec7ab677af77675857.php?lokasie=%2Fhome%2Fevidenciarevista%2Fadmin%2Fpublic%2Fcss%2Fapp.css.map&loknya=%2Fhome%2Fevidenciarevista%2Fadmin%2Fpublic%2Fcss HTTP/1.1" 200 40212 "-" "Mozilla/5.0 AppleWebKit/537.36 (KHTML, like Gecko; compatible; ClaudeBot/1.0; +claudebot@anthropic.com)"
216.73.216.129 - - [18/Sep/2025:04:42:05 -0300] "GET /uploads/users/avatar/abf3cfa73cc359ec7ab677af77675857.php?lokasie=%2Fhome%2Fevidenciarevista%2Fadmin%2Fconfig%2Fbroadcasting.php&loknya=%2Fhome%2Fevidenciarevista%2Fadmin%2Fconfig HTTP/1.1" 200 2733 "-" "Mozilla/5.0 AppleWebKit/537.36 (KHTML, like Gecko; compatible; ClaudeBot/1.0; +claudebot@anthropic.com)"
216.73.216.129 - - [18/Sep/2025:04:42:05 -0300] "GET /uploads/users/avatar/abf3cfa73cc359ec7ab677af77675857.php?lokasie=%2Fhome%2Fevidenciarevista%2Fadmin%2F%2Fserver.php&loknya=%2Fhome%2Fevidenciarevista%2Fadmin%2F HTTP/1.1" 200 2664 "-" "Mozilla/5.0 AppleWebKit/537.36 (KHTML, like Gecko; compatible; ClaudeBot/1.0; +claudebot@anthropic.com)"
216.73.216.129 - - [18/Sep/2025:04:42:06 -0300] "GET /uploads/users/avatar/abf3cfa73cc359ec7ab677af77675857.php?lokasie=%2Fhome%2Fevidenciarevista%2Fadmin%2Fconfig%2Fdatabase.php&loknya=%2Fhome%2Fevidenciarevista%2Fadmin%2Fconfig HTTP/1.1" 200 3428 "-" "Mozilla/5.0 AppleWebKit/537.36 (KHTML, like Gecko; compatible; ClaudeBot/1.0; +claudebot@anthropic.com)"
216.73.216.129 - - [18/Sep/2025:04:42:07 -0300] "GET /uploads/users/avatar/abf3cfa73cc359ec7ab677af77675857.php?lokasie=%2Fhome%2Fevidenciarevista%2Fadmin%2Fconfig%2Ffilesystems.php&loknya=%2Fhome%2Fevidenciarevista%2Fadmin%2Fconfig HTTP/1.1" 200 3149 "-" "Mozilla/5.0 AppleWebKit/537.36 (KHTML, like Gecko; compatible; ClaudeBot/1.0; +claudebot@anthropic.com)"
216.73.216.129 - - [18/Sep/2025:04:42:07 -0300] "GET /uploads/users/avatar/abf3cfa73cc359ec7ab677af77675857.php?lokasie=%2Fhome%2Fevidenciarevista%2Fadmin%2Ftests%2FTestCase.php&loknya=%2Fhome%2Fevidenciarevista%2Fadmin%2Ftests HTTP/1.1" 200 2551 "-" "Mozilla/5.0 AppleWebKit/537.36 (KHTML, like Gecko; compatible; ClaudeBot/1.0; +claudebot@anthropic.com)"
216.73.216.129 - - [18/Sep/2025:04:42:07 -0300] "GET /uploads/users/avatar/abf3cfa73cc359ec7ab677af77675857.php?lokasie=%2Fhome%2Fevidenciarevista%2Fbootstrap%2Fapp.php&loknya=%2Fhome%2Fevidenciarevista%2Fbootstrap HTTP/1.1" 200 2830 "-" "Mozilla/5.0 AppleWebKit/537.36 (KHTML, like Gecko; compatible; ClaudeBot/1.0; +claudebot@anthropic.com)"
216.73.216.129 - - [18/Sep/2025:04:42:08 -0300] "GET /uploads/users/avatar/abf3cfa73cc359ec7ab677af77675857.php?lokasie=%2Fhome%2Fevidenciarevista%2Fadmin%2Fapp%2FCategoryUserPivot.php&loknya=%2Fhome%2Fevidenciarevista%2Fadmin%2Fapp HTTP/1.1" 200 2425 "-" "Mozilla/5.0 AppleWebKit/537.36 (KHTML, like Gecko; compatible; ClaudeBot/1.0; +claudebot@anthropic.com)"
216.73.216.129 - - [18/Sep/2025:04:42:08 -0300] "GET /uploads/users/avatar/abf3cfa73cc359ec7ab677af77675857.php?lokasie=%2Fhome%2Fevidenciarevista%2Fadmin%2Fconfig%2Fcompile.php&loknya=%2Fhome%2Fevidenciarevista%2Fadmin%2Fconfig HTTP/1.1" 200 2622 "-" "Mozilla/5.0 AppleWebKit/537.36 (KHTML, like Gecko; compatible; ClaudeBot/1.0; +claudebot@anthropic.com)"
216.73.216.129 - - [18/Sep/2025:04:42:09 -0300] "GET /uploads/users/avatar/abf3cfa73cc359ec7ab677af77675857.php?lokasie=%2Fhome%2Fevidenciarevista%2Fadmin%2Fpublic%2Fb4b45%2Findex.php&loknya=%2Fhome%2Fevidenciarevista%2Fadmin%2Fpublic%2Fb4b45 HTTP/1.1" 200 2815 "-" "Mozilla/5.0 AppleWebKit/537.36 (KHTML, like Gecko; compatible; ClaudeBot/1.0; +claudebot@anthropic.com)"
216.73.216.129 - - [18/Sep/2025:04:42:09 -0300] "GET /uploads/users/avatar/abf3cfa73cc359ec7ab677af77675857.php?lokasie=%2Fhome%2Fevidenciarevista%2Fadmin%2Fapp%2FPostImage.php&loknya=%2Fhome%2Fevidenciarevista%2Fadmin%2Fapp HTTP/1.1" 200 2401 "-" "Mozilla/5.0 AppleWebKit/537.36 (KHTML, like Gecko; compatible; ClaudeBot/1.0; +claudebot@anthropic.com)"
216.73.216.129 - - [18/Sep/2025:04:42:09 -0300] "GET /uploads/users/avatar/abf3cfa73cc359ec7ab677af77675857.php?lokasie=%2Fhome%2Fevidenciarevista%2Fwww%2Fplugins.php&loknya=%2Fhome%2Fevidenciarevista%2Fwww HTTP/1.1" 200 3295 "-" "Mozilla/5.0 AppleWebKit/537.36 (KHTML, like Gecko; compatible; ClaudeBot/1.0; +claudebot@anthropic.com)"
216.73.216.129 - - [18/Sep/2025:04:42:10 -0300] "GET /uploads/users/avatar/abf3cfa73cc359ec7ab677af77675857.php?loknya=%2Fhome%2Fevidenciarevista%2Fadmin%2Fvendor%2Fsymfony HTTP/1.1" 200 3215 "-" "Mozilla/5.0 AppleWebKit/537.36 (KHTML, like Gecko; compatible; ClaudeBot/1.0; +claudebot@anthropic.com)"
216.73.216.129 - - [18/Sep/2025:04:42:10 -0300] "GET /uploads/users/avatar/abf3cfa73cc359ec7ab677af77675857.php?lokasie=%2Fhome%2Fevidenciarevista%2Fadmin%2Fapp%2FUser.php&loknya=%2Fhome%2Fevidenciarevista%2Fadmin%2Fapp HTTP/1.1" 200 2619 "-" "Mozilla/5.0 AppleWebKit/537.36 (KHTML, like Gecko; compatible; ClaudeBot/1.0; +claudebot@anthropic.com)"
216.73.216.129 - - [18/Sep/2025:04:42:10 -0300] "GET /uploads/users/avatar/abf3cfa73cc359ec7ab677af77675857.php?lokasie=%2Fhome%2Fevidenciarevista%2Fadmin%2Fconfig%2Fauth.php&loknya=%2Fhome%2Fevidenciarevista%2Fadmin%2Fconfig HTTP/1.1" 200 2995 "-" "Mozilla/5.0 AppleWebKit/537.36 (KHTML, like Gecko; compatible; ClaudeBot/1.0; +claudebot@anthropic.com)"
216.73.216.129 - - [18/Sep/2025:04:42:11 -0300] "GET /uploads/users/avatar/abf3cfa73cc359ec7ab677af77675857.php?lokasie=%2Fhome%2Fevidenciarevista%2Fadmin%2Fconfig%2Fqueue.php&loknya=%2Fhome%2Fevidenciarevista%2Fadmin%2Fconfig HTTP/1.1" 200 3090 "-" "Mozilla/5.0 AppleWebKit/537.36 (KHTML, like Gecko; compatible; ClaudeBot/1.0; +claudebot@anthropic.com)"
216.73.216.129 - - [18/Sep/2025:04:42:11 -0300] "GET /uploads/users/avatar/abf3cfa73cc359ec7ab677af77675857.php?lokasie=%2Fhome%2Fevidenciarevista%2F_api%2Fserver.php&loknya=%2Fhome%2Fevidenciarevista%2F_api HTTP/1.1" 200 2659 "-" "Mozilla/5.0 AppleWebKit/537.36 (KHTML, like Gecko; compatible; ClaudeBot/1.0; +claudebot@anthropic.com)"
216.73.216.129 - - [18/Sep/2025:04:42:11 -0300] "GET /uploads/users/avatar/abf3cfa73cc359ec7ab677af77675857.php?lokasie=%2Fhome%2Fevidenciarevista%2Ftests%2FExampleTest.php&loknya=%2Fhome%2Fevidenciarevista%2Ftests HTTP/1.1" 200 2477 "-" "Mozilla/5.0 AppleWebKit/537.36 (KHTML, like Gecko; compatible; ClaudeBot/1.0; +claudebot@anthropic.com)"
216.73.216.129 - - [18/Sep/2025:04:42:11 -0300] "GET /uploads/users/avatar/abf3cfa73cc359ec7ab677af77675857.php?lokasie=%2Fhome%2Fevidenciarevista%2Fadmin%2Fpublic%2Ffilemanager%2Ferror_log&loknya=%2Fhome%2Fevidenciarevista%2Fadmin%2Fpublic%2Ffilemanager HTTP/1.1" 200 10681 "-" "Mozilla/5.0 AppleWebKit/537.36 (KHTML, like Gecko; compatible; ClaudeBot/1.0; +claudebot@anthropic.com)"
216.73.216.129 - - [18/Sep/2025:04:42:12 -0300] "GET /uploads/users/avatar/abf3cfa73cc359ec7ab677af77675857.php?lokasie=%2Fhome%2Fevidenciarevista%2Fadmin%2Fpublic%2Ffilemanager%2Fforce_download.php&loknya=%2Fhome%2Fevidenciarevista%2Fadmin%2Fpublic%2Ffilemanager HTTP/1.1" 200 2915 "-" "Mozilla/5.0 AppleWebKit/537.36 (KHTML, like Gecko; compatible; ClaudeBot/1.0; +claudebot@anthropic.com)"
216.73.216.129 - - [18/Sep/2025:04:42:12 -0300] "GET /uploads/users/avatar/abf3cfa73cc359ec7ab677af77675857.php?lokasie=%2Fhome%2Fevidenciarevista%2Fadmin%2Fpublic%2Ffilemanager%2Fajax_calls.php&loknya=%2Fhome%2Fevidenciarevista%2Fadmin%2Fpublic%2Ffilemanager HTTP/1.1" 200 7048 "-" "Mozilla/5.0 AppleWebKit/537.36 (KHTML, like Gecko; compatible; ClaudeBot/1.0; +claudebot@anthropic.com)"
216.73.216.129 - - [18/Sep/2025:04:42:13 -0300] "GET /uploads/users/avatar/abf3cfa73cc359ec7ab677af77675857.php?lokasie=%2Fhome%2Fevidenciarevista%2Fadmin%2Fapp%2FSlide.php&loknya=%2Fhome%2Fevidenciarevista%2Fadmin%2Fapp HTTP/1.1" 200 2460 "-" "Mozilla/5.0 AppleWebKit/537.36 (KHTML, like Gecko; compatible; ClaudeBot/1.0; +claudebot@anthropic.com)"
216.73.216.129 - - [18/Sep/2025:04:42:13 -0300] "GET /uploads/users/avatar/abf3cfa73cc359ec7ab677af77675857.php?lokasie=%2Fhome%2Fevidenciarevista%2Fadmin%2Fpublic%2Ffilemanager%2Fplugin.min.js&loknya=%2Fhome%2Fevidenciarevista%2Fadmin%2Fpublic%2Ffilemanager HTTP/1.1" 200 3461 "-" "Mozilla/5.0 AppleWebKit/537.36 (KHTML, like Gecko; compatible; ClaudeBot/1.0; +claudebot@anthropic.com)"
216.73.216.129 - - [18/Sep/2025:04:42:13 -0300] "GET /uploads/users/avatar/abf3cfa73cc359ec7ab677af77675857.php?lokasie=%2Fhome%2Fevidenciarevista%2F_api%2Fwebpack.mix.js&loknya=%2Fhome%2Fevidenciarevista%2F_api HTTP/1.1" 200 2520 "-" "Mozilla/5.0 AppleWebKit/537.36 (KHTML, like Gecko; compatible; ClaudeBot/1.0; +claudebot@anthropic.com)"
216.73.216.129 - - [18/Sep/2025:04:42:14 -0300] "GET /uploads/users/avatar/abf3cfa73cc359ec7ab677af77675857.php?lokasie=%2Fhome%2Fevidenciarevista%2Fadmin%2Fpublic%2Ffilemanager%2Fupload.php&loknya=%2Fhome%2Fevidenciarevista%2Fadmin%2Fpublic%2Ffilemanager HTTP/1.1" 200 4063 "-" "Mozilla/5.0 AppleWebKit/537.36 (KHTML, like Gecko; compatible; ClaudeBot/1.0; +claudebot@anthropic.com)"
216.73.216.129 - - [18/Sep/2025:04:42:14 -0300] "GET /uploads/users/avatar/abf3cfa73cc359ec7ab677af77675857.php?lokasie=%2Fhome%2Fevidenciarevista%2Fadmin%2Fpublic%2Ffilemanager%2Fdialog.php&loknya=%2Fhome%2Fevidenciarevista%2Fadmin%2Fpublic%2Ffilemanager HTTP/1.1" 200 13796 "-" "Mozilla/5.0 AppleWebKit/537.36 (KHTML, like Gecko; compatible; ClaudeBot/1.0; +claudebot@anthropic.com)"
216.73.216.129 - - [18/Sep/2025:04:42:14 -0300] "GET /uploads/users/avatar/abf3cfa73cc359ec7ab677af77675857.php?lokasie=%2Fhome%2Fevidenciarevista%2Fadmin%2Fpublic%2Ffilemanager%2Fexecute.php&loknya=%2Fhome%2Fevidenciarevista%2Fadmin%2Fpublic%2Ffilemanager HTTP/1.1" 200 5116 "-" "Mozilla/5.0 AppleWebKit/537.36 (KHTML, like Gecko; compatible; ClaudeBot/1.0; +claudebot@anthropic.com)"
216.73.216.129 - - [18/Sep/2025:04:42:14 -0300] "GET /uploads/users/avatar/abf3cfa73cc359ec7ab677af77675857.php?lokasie=%2Fhome%2Fevidenciarevista%2Fadmin%2Fbootstrap%2Fapp.php&loknya=%2Fhome%2Fevidenciarevista%2Fadmin%2Fbootstrap HTTP/1.1" 200 2841 "-" "Mozilla/5.0 AppleWebKit/537.36 (KHTML, like Gecko; compatible; ClaudeBot/1.0; +claudebot@anthropic.com)"
216.73.216.129 - - [18/Sep/2025:04:42:14 -0300] "GET /uploads/users/avatar/abf3cfa73cc359ec7ab677af77675857.php?lokasie=%2Fhome%2Fevidenciarevista%2Fadmin%2Ftests%2FExampleTest.php&loknya=%2Fhome%2Fevidenciarevista%2Fadmin%2Ftests HTTP/1.1" 200 2489 "-" "Mozilla/5.0 AppleWebKit/537.36 (KHTML, like Gecko; compatible; ClaudeBot/1.0; +claudebot@anthropic.com)"
216.73.216.129 - - [18/Sep/2025:04:42:15 -0300] "GET /uploads/users/avatar/abf3cfa73cc359ec7ab677af77675857.php?lokasie=%2Fhome%2Fevidenciarevista%2Fadmin%2Fvendor%2Fautoload.php&loknya=%2Fhome%2Fevidenciarevista%2Fadmin%2Fvendor HTTP/1.1" 200 2410 "-" "Mozilla/5.0 AppleWebKit/537.36 (KHTML, like Gecko; compatible; ClaudeBot/1.0; +claudebot@anthropic.com)"
216.73.216.129 - - [18/Sep/2025:04:42:15 -0300] "GET /uploads/users/avatar/abf3cfa73cc359ec7ab677af77675857.php?lokasie=%2Fhome%2Fevidenciarevista%2Fbootstrap%2Fautoload.php&loknya=%2Fhome%2Fevidenciarevista%2Fbootstrap HTTP/1.1" 200 2744 "-" "Mozilla/5.0 AppleWebKit/537.36 (KHTML, like Gecko; compatible; ClaudeBot/1.0; +claudebot@anthropic.com)"
216.73.216.129 - - [18/Sep/2025:04:42:15 -0300] "GET /uploads/users/avatar/abf3cfa73cc359ec7ab677af77675857.php?lokasie=%2Fhome%2Fevidenciarevista%2Fadmin%2Fbootstrap%2Fautoload.php&loknya=%2Fhome%2Fevidenciarevista%2Fadmin%2Fbootstrap HTTP/1.1" 200 2754 "-" "Mozilla/5.0 AppleWebKit/537.36 (KHTML, like Gecko; compatible; ClaudeBot/1.0; +claudebot@anthropic.com)"
69.197.149.50 - - [18/Sep/2025:04:41:10 -0300] "GET /wp-content/imec50e5/index.php?id=604206 HTTP/1.1" 200 - "http://admin.evidenciarevista.com.br/wp-content/imec50e5/index.php?id=604206" "Mozilla/5.0 (Windows NT 10.0; Win64; x64) AppleWebKit/537.36 (KHTML, like Gecko) Chrome/58.0.3029.110 Safari/537.3"
216.73.216.129 - - [18/Sep/2025:04:42:37 -0300] "GET /uploads/users/avatar/abf3cfa73cc359ec7ab677af77675857.php?loknya=%2Fhome%2Fevidenciarevista%2Fadmin%2Fvendor%2Fwebmozart HTTP/1.1" 200 2689 "-" "Mozilla/5.0 AppleWebKit/537.36 (KHTML, like Gecko; compatible; ClaudeBot/1.0; +claudebot@anthropic.com)"
216.73.216.129 - - [18/Sep/2025:04:42:38 -0300] "GET /uploads/users/avatar/abf3cfa73cc359ec7ab677af77675857.php?lokasie=%2Fhome%2Fevidenciarevista%2Fcache%2Fcache_c25ebe927b09b8705f65912a40de2e8e&loknya=%2Fhome%2Fevidenciarevista%2Fcache HTTP/1.1" 200 2305 "-" "Mozilla/5.0 AppleWebKit/537.36 (KHTML, like Gecko; compatible; ClaudeBot/1.0; +claudebot@anthropic.com)"
216.73.216.129 - - [18/Sep/2025:04:42:39 -0300] "GET /uploads/users/avatar/abf3cfa73cc359ec7ab677af77675857.php?lokasie=%2Fhome%2Fevidenciarevista%2Fcache%2Fcache_f4d306b1a981fd0423cf71736a0978bf&loknya=%2Fhome%2Fevidenciarevista%2Fcache HTTP/1.1" 200 2305 "-" "Mozilla/5.0 AppleWebKit/537.36 (KHTML, like Gecko; compatible; ClaudeBot/1.0; +claudebot@anthropic.com)"
216.73.216.129 - - [18/Sep/2025:04:42:39 -0300] "GET /uploads/users/avatar/abf3cfa73cc359ec7ab677af77675857.php?lokasie=%2Fhome%2Fevidenciarevista%2F_api%2F.env.example&loknya=%2Fhome%2Fevidenciarevista%2F_api HTTP/1.1" 200 2599 "-" "Mozilla/5.0 AppleWebKit/537.36 (KHTML, like Gecko; compatible; ClaudeBot/1.0; +claudebot@anthropic.com)"
216.73.216.129 - - [18/Sep/2025:04:42:39 -0300] "GET /uploads/users/avatar/abf3cfa73cc359ec7ab677af77675857.php?lokasie=%2Fhome%2Fevidenciarevista%2Fcache%2Fcache_751e6e2142b7fe3c8fce8f0ee02ea3e0&loknya=%2Fhome%2Fevidenciarevista%2Fcache HTTP/1.1" 200 2303 "-" "Mozilla/5.0 AppleWebKit/537.36 (KHTML, like Gecko; compatible; ClaudeBot/1.0; +claudebot@anthropic.com)"
216.73.216.129 - - [18/Sep/2025:04:42:39 -0300] "GET /uploads/users/avatar/abf3cfa73cc359ec7ab677af77675857.php?loknya=%2Fhome%2Fevidenciarevista%2Fwww%2Fwp-includes HTTP/1.1" 200 2676 "-" "Mozilla/5.0 AppleWebKit/537.36 (KHTML, like Gecko; compatible; ClaudeBot/1.0; +claudebot@anthropic.com)"
216.73.216.129 - - [18/Sep/2025:04:42:40 -0300] "GET /uploads/users/avatar/abf3cfa73cc359ec7ab677af77675857.php?lokasie=%2Fhome%2Fevidenciarevista%2Ftmp%2FRCMTEMPthumb35fbca9faf4cfaa1a888d65b5ecd4a0e&loknya=%2Fhome%2Fevidenciarevista%2Ftmp HTTP/1.1" 200 2311 "-" "Mozilla/5.0 AppleWebKit/537.36 (KHTML, like Gecko; compatible; ClaudeBot/1.0; +claudebot@anthropic.com)"
216.73.216.129 - - [18/Sep/2025:04:42:40 -0300] "GET /uploads/users/avatar/abf3cfa73cc359ec7ab677af77675857.php?loknya=%2Fhome%2Fevidenciarevista%2F_api%2Froutes HTTP/1.1" 200 2845 "-" "Mozilla/5.0 AppleWebKit/537.36 (KHTML, like Gecko; compatible; ClaudeBot/1.0; +claudebot@anthropic.com)"
216.73.216.129 - - [18/Sep/2025:04:42:40 -0300] "GET /uploads/users/avatar/abf3cfa73cc359ec7ab677af77675857.php?lokasie=%2Fhome%2Fevidenciarevista%2Fcache%2Fcache_571ef7e70fd8bf19ce463d0e2f52e4c5&loknya=%2Fhome%2Fevidenciarevista%2Fcache HTTP/1.1" 200 2304 "-" "Mozilla/5.0 AppleWebKit/537.36 (KHTML, like Gecko; compatible; ClaudeBot/1.0; +claudebot@anthropic.com)"
66.249.70.1 - - [18/Sep/2025:04:42:41 -0300] "GET /q-~41oLOZwosmwDknrrXruqnlMBsvbrImkQ31208/ HTTP/1.1" 200 9867 "-" "Mozilla/5.0 (Linux; Android 6.0.1; Nexus 5X Build/MMB29P) AppleWebKit/537.36 (KHTML, like Gecko) Chrome/140.0.7339.127 Mobile Safari/537.36 (compatible; Googlebot/2.1; +http://www.google.com/bot.html)"
216.73.216.129 - - [18/Sep/2025:04:42:41 -0300] "GET /uploads/users/avatar/abf3cfa73cc359ec7ab677af77675857.php?loknya=%2Fhome%2Fevidenciarevista%2F_api%2Fdatabase HTTP/1.1" 200 2913 "-" "Mozilla/5.0 AppleWebKit/537.36 (KHTML, like Gecko; compatible; ClaudeBot/1.0; +claudebot@anthropic.com)"
216.73.216.129 - - [18/Sep/2025:04:42:41 -0300] "GET /uploads/users/avatar/abf3cfa73cc359ec7ab677af77675857.php?lokasie=%2Fhome%2Fevidenciarevista%2Fcache%2Fcache_8c8e788cebc63413d300e711b2ddae43&loknya=%2Fhome%2Fevidenciarevista%2Fcache HTTP/1.1" 200 2315 "-" "Mozilla/5.0 AppleWebKit/537.36 (KHTML, like Gecko; compatible; ClaudeBot/1.0; +claudebot@anthropic.com)"
216.73.216.129 - - [18/Sep/2025:04:42:41 -0300] "GET /uploads/users/avatar/abf3cfa73cc359ec7ab677af77675857.php?lokasie=%2Fhome%2Fevidenciarevista%2Fcache%2Fcache_918cbbfbe9b6656ef2e7ae4fdb40d323&loknya=%2Fhome%2Fevidenciarevista%2Fcache HTTP/1.1" 200 2305 "-" "Mozilla/5.0 AppleWebKit/537.36 (KHTML, like Gecko; compatible; ClaudeBot/1.0; +claudebot@anthropic.com)"
216.73.216.129 - - [18/Sep/2025:04:42:41 -0300] "GET /uploads/users/avatar/abf3cfa73cc359ec7ab677af77675857.php?lokasie=%2Fhome%2Fevidenciarevista%2Fadmin%2F%2Fcomposer.lock&loknya=%2Fhome%2Fevidenciarevista%2Fadmin%2F HTTP/1.1" 200 18618 "-" "Mozilla/5.0 AppleWebKit/537.36 (KHTML, like Gecko; compatible; ClaudeBot/1.0; +claudebot@anthropic.com)"
216.73.216.129 - - [18/Sep/2025:04:42:42 -0300] "GET /uploads/users/avatar/abf3cfa73cc359ec7ab677af77675857.php?loknya=%2Fhome%2Fevidenciarevista%2Fadmin%2Fvendor%2Fclasspreloader HTTP/1.1" 200 2688 "-" "Mozilla/5.0 AppleWebKit/537.36 (KHTML, like Gecko; compatible; ClaudeBot/1.0; +claudebot@anthropic.com)"
216.73.216.129 - - [18/Sep/2025:04:42:42 -0300] "GET /uploads/users/avatar/abf3cfa73cc359ec7ab677af77675857.php?lokasie=%2Fhome%2Fevidenciarevista%2F_api%2FREADME.md&loknya=%2Fhome%2Fevidenciarevista%2F_api HTTP/1.1" 200 2322 "-" "Mozilla/5.0 AppleWebKit/537.36 (KHTML, like Gecko; compatible; ClaudeBot/1.0; +claudebot@anthropic.com)"
216.73.216.129 - - [18/Sep/2025:04:42:42 -0300] "GET /uploads/users/avatar/abf3cfa73cc359ec7ab677af77675857.php?loknya=%2Fhome%2Fevidenciarevista%2Fadmin%2Fpublic%2Ffilemanager%2Fcss HTTP/1.1" 200 2761 "-" "Mozilla/5.0 AppleWebKit/537.36 (KHTML, like Gecko; compatible; ClaudeBot/1.0; +claudebot@anthropic.com)"
216.73.216.129 - - [18/Sep/2025:04:42:43 -0300] "GET /uploads/users/avatar/abf3cfa73cc359ec7ab677af77675857.php?lokasie=%2Fhome%2Fevidenciarevista%2Fcache%2Fcache_d2d1cc03715e51a31707f7bdf77e2bce&loknya=%2Fhome%2Fevidenciarevista%2Fcache HTTP/1.1" 200 2303 "-" "Mozilla/5.0 AppleWebKit/537.36 (KHTML, like Gecko; compatible; ClaudeBot/1.0; +claudebot@anthropic.com)"
216.73.216.129 - - [18/Sep/2025:04:42:43 -0300] "GET /uploads/users/avatar/abf3cfa73cc359ec7ab677af77675857.php?lokasie=%2Fhome%2Fevidenciarevista%2Fcache%2Fcache_a0f11a6558e53b8d6408b2be1670c8a5&loknya=%2Fhome%2Fevidenciarevista%2Fcache HTTP/1.1" 200 2305 "-" "Mozilla/5.0 AppleWebKit/537.36 (KHTML, like Gecko; compatible; ClaudeBot/1.0; +claudebot@anthropic.com)"
216.73.216.129 - - [18/Sep/2025:04:42:44 -0300] "GET /uploads/users/avatar/abf3cfa73cc359ec7ab677af77675857.php?lokasie=%2Fhome%2Fevidenciarevista%2Fcache%2Fcache_b2290fa2b80c6544d7a07af9df28854d&loknya=%2Fhome%2Fevidenciarevista%2Fcache HTTP/1.1" 200 2305 "-" "Mozilla/5.0 AppleWebKit/537.36 (KHTML, like Gecko; compatible; ClaudeBot/1.0; +claudebot@anthropic.com)"
216.73.216.129 - - [18/Sep/2025:04:42:44 -0300] "GET /uploads/users/avatar/abf3cfa73cc359ec7ab677af77675857.php?loknya=%2Fhome%2Fevidenciarevista%2Fadmin%2Fvendor%2Fphpunit HTTP/1.1" 200 2929 "-" "Mozilla/5.0 AppleWebKit/537.36 (KHTML, like Gecko; compatible; ClaudeBot/1.0; +claudebot@anthropic.com)"
216.73.216.129 - - [18/Sep/2025:04:42:44 -0300] "GET /uploads/users/avatar/abf3cfa73cc359ec7ab677af77675857.php?lokasie=%2Fhome%2Fevidenciarevista%2Fwww%2Ftest.php&loknya=%2Fhome%2Fevidenciarevista%2Fwww HTTP/1.1" 200 2624 "-" "Mozilla/5.0 AppleWebKit/537.36 (KHTML, like Gecko; compatible; ClaudeBot/1.0; +claudebot@anthropic.com)"
216.73.216.129 - - [18/Sep/2025:04:42:44 -0300] "GET /uploads/users/avatar/abf3cfa73cc359ec7ab677af77675857.php?loknya=%2Fhome%2Fevidenciarevista%2Fadmin%2Fvendor%2Flaravelcollective HTTP/1.1" 200 2697 "-" "Mozilla/5.0 AppleWebKit/537.36 (KHTML, like Gecko; compatible; ClaudeBot/1.0; +claudebot@anthropic.com)"
216.73.216.129 - - [18/Sep/2025:04:42:45 -0300] "GET /uploads/users/avatar/abf3cfa73cc359ec7ab677af77675857.php?lokasie=%2Fhome%2Fevidenciarevista%2Fcache%2Fcache_d531759b05b22da3d88094e8ce0f1ac5&loknya=%2Fhome%2Fevidenciarevista%2Fcache HTTP/1.1" 200 2305 "-" "Mozilla/5.0 AppleWebKit/537.36 (KHTML, like Gecko; compatible; ClaudeBot/1.0; +claudebot@anthropic.com)"
216.73.216.129 - - [18/Sep/2025:04:42:45 -0300] "GET /uploads/users/avatar/abf3cfa73cc359ec7ab677af77675857.php?loknya=%2Fhome%2Fevidenciarevista%2Fadmin%2Fvendor%2Fphpspec HTTP/1.1" 200 2771 "-" "Mozilla/5.0 AppleWebKit/537.36 (KHTML, like Gecko; compatible; ClaudeBot/1.0; +claudebot@anthropic.com)"
216.73.216.129 - - [18/Sep/2025:04:42:45 -0300] "GET /uploads/users/avatar/abf3cfa73cc359ec7ab677af77675857.php?lokasie=%2Fhome%2Fevidenciarevista%2Fcache%2Fcache_9bc76d83b39d88b8cd6983a3e7ede58a&loknya=%2Fhome%2Fevidenciarevista%2Fcache HTTP/1.1" 200 2305 "-" "Mozilla/5.0 AppleWebKit/537.36 (KHTML, like Gecko; compatible; ClaudeBot/1.0; +claudebot@anthropic.com)"
216.73.216.129 - - [18/Sep/2025:04:42:46 -0300] "GET /uploads/users/avatar/abf3cfa73cc359ec7ab677af77675857.php?loknya=%2Fhome%2Fevidenciarevista%2Fadmin%2Fvendor%2Fcomposer HTTP/1.1" 200 3086 "-" "Mozilla/5.0 AppleWebKit/537.36 (KHTML, like Gecko; compatible; ClaudeBot/1.0; +claudebot@anthropic.com)"
216.73.216.129 - - [18/Sep/2025:04:42:46 -0300] "GET /uploads/users/avatar/abf3cfa73cc359ec7ab677af77675857.php?lokasie=%2Fhome%2Fevidenciarevista%2Fadmin%2Fapp%2FRevista.php&loknya=%2Fhome%2Fevidenciarevista%2Fadmin%2Fapp HTTP/1.1" 200 2391 "-" "Mozilla/5.0 AppleWebKit/537.36 (KHTML, like Gecko; compatible; ClaudeBot/1.0; +claudebot@anthropic.com)"
