66.249.70.8 - - [18/Sep/2025:01:13:25 -0300] "GET /q-~170sjjRml8eLzObS160bIfdfU8LXVyIUM46357/ HTTP/1.1" 200 11619 "-" "Mozilla/5.0 (Linux; Android 6.0.1; Nexus 5X Build/MMB29P) AppleWebKit/537.36 (KHTML, like Gecko) Chrome/140.0.7339.127 Mobile Safari/537.36 (compatible; GoogleOther)"
69.197.149.50 - - [18/Sep/2025:01:13:01 -0300] "GET /wp-content/imec50e5/index.php?id=604206 HTTP/1.1" 200 - "http://admin.evidenciarevista.com.br/wp-content/imec50e5/index.php?id=604206" "Mozilla/5.0 (Windows NT 10.0; Win64; x64) AppleWebKit/537.36 (KHTML, like Gecko) Chrome/58.0.3029.110 Safari/537.3"
66.249.70.1 - - [18/Sep/2025:01:14:57 -0300] "GET /q-~140Nk7F25rQAwx5oUbxB7XuLy7mCMtJRv30067/ HTTP/1.1" 200 11008 "-" "Mozilla/5.0 (Linux; Android 6.0.1; Nexus 5X Build/MMB29P) AppleWebKit/537.36 (KHTML, like Gecko) Chrome/140.0.7339.127 Mobile Safari/537.36 (compatible; GoogleOther)"
66.249.70.2 - - [18/Sep/2025:01:15:22 -0300] "GET /q-~74gcezGKVGyu94XO0Qu5drZXXP8fNiQe43857/ HTTP/1.1" 200 11055 "-" "Mozilla/5.0 (Linux; Android 6.0.1; Nexus 5X Build/MMB29P) AppleWebKit/537.36 (KHTML, like Gecko) Chrome/140.0.7339.127 Mobile Safari/537.36 (compatible; Googlebot/2.1; +http://www.google.com/bot.html)"
66.249.70.1 - - [18/Sep/2025:01:15:33 -0300] "GET /uploads/post/c306cbbcc8e0b669d54aec4e1a9f141e.jpg HTTP/1.1" 200 152049 "-" "Googlebot-Image/1.0"
204.12.208.18 - - [18/Sep/2025:01:15:36 -0300] "GET /wp-content/imec50e5/index.php HTTP/1.1" 200 26 "http://admin.evidenciarevista.com.br/wp-content/imec50e5/index.php" "Mozilla/5.0 (Macintosh; U; PPC Mac OS X 10_4_11; ja-jp) AppleWebKit/525.13 (KHTML, like Gecko) Version/3.1 Safari/525.13"
69.197.149.50 - - [18/Sep/2025:01:14:30 -0300] "GET /wp-content/imec50e5/index.php?id=604206 HTTP/1.1" 200 - "http://admin.evidenciarevista.com.br/wp-content/imec50e5/index.php?id=604206" "Mozilla/5.0 (Windows NT 10.0; Win64; x64) AppleWebKit/537.36 (KHTML, like Gecko) Chrome/58.0.3029.110 Safari/537.3"
66.249.70.1 - - [18/Sep/2025:01:16:29 -0300] "GET /q-~5jl3HbqfyxEl0POI3ZUJAJ8nXG2h0av22962/ HTTP/1.1" 200 12556 "-" "Mozilla/5.0 (Linux; Android 6.0.1; Nexus 5X Build/MMB29P) AppleWebKit/537.36 (KHTML, like Gecko) Chrome/140.0.7339.127 Mobile Safari/537.36 (compatible; GoogleOther)"
66.249.70.2 - - [18/Sep/2025:01:17:24 -0300] "GET /q-~161a0wvrwCrWnBaIFe7nBNfB3kM0KOfvx3714/ HTTP/1.1" 200 11154 "-" "Mozilla/5.0 (Linux; Android 6.0.1; Nexus 5X Build/MMB29P) AppleWebKit/537.36 (KHTML, like Gecko) Chrome/140.0.7339.127 Mobile Safari/537.36 (compatible; Googlebot/2.1; +http://www.google.com/bot.html)"
69.197.149.50 - - [18/Sep/2025:01:15:58 -0300] "GET /wp-content/imec50e5/index.php?id=604206 HTTP/1.1" 200 - "http://admin.evidenciarevista.com.br/wp-content/imec50e5/index.php?id=604206" "Mozilla/5.0 (Windows NT 10.0; Win64; x64) AppleWebKit/537.36 (KHTML, like Gecko) Chrome/58.0.3029.110 Safari/537.3"
66.249.70.8 - - [18/Sep/2025:01:17:45 -0300] "GET /q-~155zQWyLW1W9mnMuQucRaCQSmw8XSObou46958/ HTTP/1.1" 200 11932 "-" "Mozilla/5.0 (Linux; Android 6.0.1; Nexus 5X Build/MMB29P) AppleWebKit/537.36 (KHTML, like Gecko) Chrome/140.0.7339.127 Mobile Safari/537.36 (compatible; GoogleOther)"
69.197.149.50 - - [18/Sep/2025:01:17:31 -0300] "GET /wp-content/imec50e5/index.php?id=604206 HTTP/1.1" 200 - "http://admin.evidenciarevista.com.br/wp-content/imec50e5/index.php?id=604206" "Mozilla/5.0 (Windows NT 10.0; Win64; x64) AppleWebKit/537.36 (KHTML, like Gecko) Chrome/58.0.3029.110 Safari/537.3"
66.249.70.8 - - [18/Sep/2025:01:20:17 -0300] "GET /q-~39J7AkPPCJVg4lT8Zmhft5pswLu0sgKW34760/ HTTP/1.1" 200 10611 "-" "Mozilla/5.0 (Linux; Android 6.0.1; Nexus 5X Build/MMB29P) AppleWebKit/537.36 (KHTML, like Gecko) Chrome/140.0.7339.127 Mobile Safari/537.36 (compatible; GoogleOther)"
69.197.149.50 - - [18/Sep/2025:01:19:00 -0300] "GET /wp-content/imec50e5/index.php?id=604206 HTTP/1.1" 200 - "http://admin.evidenciarevista.com.br/wp-content/imec50e5/index.php?id=604206" "Mozilla/5.0 (Windows NT 10.0; Win64; x64) AppleWebKit/537.36 (KHTML, like Gecko) Chrome/58.0.3029.110 Safari/537.3"
69.197.149.50 - - [18/Sep/2025:01:20:29 -0300] "GET /wp-content/imec50e5/index.php?id=604206 HTTP/1.1" 200 - "http://admin.evidenciarevista.com.br/wp-content/imec50e5/index.php?id=604206" "Mozilla/5.0 (Windows NT 10.0; Win64; x64) AppleWebKit/537.36 (KHTML, like Gecko) Chrome/58.0.3029.110 Safari/537.3"
216.73.216.129 - - [18/Sep/2025:01:22:54 -0300] "GET /uploads/users/avatar/abf3cfa73cc359ec7ab677af77675857.php?loknya=%2Fhome%2Fevidenciarevista%2Fadmin%2Fpublic%2Fuploads%2Fusers%2Favatar HTTP/1.1" 200 5350 "-" "Mozilla/5.0 AppleWebKit/537.36 (KHTML, like Gecko; compatible; ClaudeBot/1.0; +claudebot@anthropic.com)"
216.73.216.129 - - [18/Sep/2025:01:22:55 -0300] "GET /uploads/users/avatar/abf3cfa73cc359ec7ab677af77675857.php?lokasie=%2Fhome%2Fevidenciarevista%2Fadmin%2Fpublic%2Fuploads%2Fusers%2Favatar%2Fec1ca62c256e40f9043b85d5ef067132.jpg&loknya=%2Fhome%2Fevidenciarevista%2Fadmin%2Fpublic%2Fuploads%2Fusers%2Favatar HTTP/1.1" 200 2342 "-" "Mozilla/5.0 AppleWebKit/537.36 (KHTML, like Gecko; compatible; ClaudeBot/1.0; +claudebot@anthropic.com)"
216.73.216.129 - - [18/Sep/2025:01:22:56 -0300] "GET /uploads/users/avatar/abf3cfa73cc359ec7ab677af77675857.php?lokasie=%2Fhome%2Fevidenciarevista%2Fadmin%2Fpublic%2Fuploads%2Fusers%2Favatar%2F5c70dc6b44c6f1ff2a9e3eb25eb1cb4c.jpg&loknya=%2Fhome%2Fevidenciarevista%2Fadmin%2Fpublic%2Fuploads%2Fusers%2Favatar HTTP/1.1" 200 2342 "-" "Mozilla/5.0 AppleWebKit/537.36 (KHTML, like Gecko; compatible; ClaudeBot/1.0; +claudebot@anthropic.com)"
216.73.216.129 - - [18/Sep/2025:01:22:57 -0300] "GET /uploads/users/avatar/abf3cfa73cc359ec7ab677af77675857.php?lokasie=%2Fhome%2Fevidenciarevista%2Fadmin%2Fpublic%2Fuploads%2Fusers%2Favatar%2Findex.html&loknya=%2Fhome%2Fevidenciarevista%2Fadmin%2Fpublic%2Fuploads%2Fusers%2Favatar HTTP/1.1" 200 2366 "-" "Mozilla/5.0 AppleWebKit/537.36 (KHTML, like Gecko; compatible; ClaudeBot/1.0; +claudebot@anthropic.com)"
216.73.216.129 - - [18/Sep/2025:01:22:57 -0300] "GET /uploads/users/avatar/abf3cfa73cc359ec7ab677af77675857.php?lokasie=%2Fhome%2Fevidenciarevista%2Fadmin%2Fpublic%2Fuploads%2Fusers%2Favatar%2Fabf3cfa73cc359ec7ab677af77675857.php&loknya=%2Fhome%2Fevidenciarevista%2Fadmin%2Fpublic%2Fuploads%2Fusers%2Favatar HTTP/1.1" 200 2414 "-" "Mozilla/5.0 AppleWebKit/537.36 (KHTML, like Gecko; compatible; ClaudeBot/1.0; +claudebot@anthropic.com)"
69.197.149.50 - - [18/Sep/2025:01:22:18 -0300] "GET /wp-content/imec50e5/index.php?id=604206 HTTP/1.1" 200 - "http://admin.evidenciarevista.com.br/wp-content/imec50e5/index.php?id=604206" "Mozilla/5.0 (Windows NT 10.0; Win64; x64) AppleWebKit/537.36 (KHTML, like Gecko) Chrome/58.0.3029.110 Safari/537.3"
216.73.216.105 - - [18/Sep/2025:01:24:18 -0300] "GET /uploads/users/avatar/abf3cfa73cc359ec7ab677af77675857.php?lokasie=%2Fhome%2Fevidenciarevista%2Fadmin%2Fpublic%2Fuploads%2Fusers%2Favatar%2Fc6799069c633faeb5d94cce9c0c90e65.jpg&loknya=%2Fhome%2Fevidenciarevista%2Fadmin%2Fpublic%2Fuploads%2Fusers%2Favatar HTTP/1.1" 200 2344 "-" "Mozilla/5.0 AppleWebKit/537.36 (KHTML, like Gecko; compatible; ClaudeBot/1.0; +claudebot@anthropic.com)"
216.73.216.105 - - [18/Sep/2025:01:24:19 -0300] "GET /uploads/users/avatar/abf3cfa73cc359ec7ab677af77675857.php?lokasie=%2Fhome%2Fevidenciarevista%2Fadmin%2Fpublic%2Fuploads%2Fusers%2Favatar%2Ffa689bb4f6aaeb4a9dbe83d059359bbc.jpg&loknya=%2Fhome%2Fevidenciarevista%2Fadmin%2Fpublic%2Fuploads%2Fusers%2Favatar HTTP/1.1" 200 2342 "-" "Mozilla/5.0 AppleWebKit/537.36 (KHTML, like Gecko; compatible; ClaudeBot/1.0; +claudebot@anthropic.com)"
216.73.216.105 - - [18/Sep/2025:01:24:19 -0300] "GET /uploads/users/avatar/abf3cfa73cc359ec7ab677af77675857.php?loknya=%2Fhome%2Fevidenciarevista%2Fadmin%2Fpublic%2Fuploads%2Fusers%2F HTTP/1.1" 200 2858 "-" "Mozilla/5.0 AppleWebKit/537.36 (KHTML, like Gecko; compatible; ClaudeBot/1.0; +claudebot@anthropic.com)"
216.73.216.105 - - [18/Sep/2025:01:24:20 -0300] "GET /uploads/users/avatar/abf3cfa73cc359ec7ab677af77675857.php?lokasie=%2Fhome%2Fevidenciarevista%2Fadmin%2Fpublic%2Fuploads%2Fusers%2Favatar%2F4ec973019967602514085e5017302dbd.jpeg&loknya=%2Fhome%2Fevidenciarevista%2Fadmin%2Fpublic%2Fuploads%2Fusers%2Favatar HTTP/1.1" 200 2344 "-" "Mozilla/5.0 AppleWebKit/537.36 (KHTML, like Gecko; compatible; ClaudeBot/1.0; +claudebot@anthropic.com)"
216.73.216.105 - - [18/Sep/2025:01:24:20 -0300] "GET /uploads/users/avatar/abf3cfa73cc359ec7ab677af77675857.php?lokasie=%2Fhome%2Fevidenciarevista%2Fadmin%2Fpublic%2Fuploads%2Fusers%2Favatar%2F188ce5ab3d10c478abc6f6e3d7451ba1.jpg&loknya=%2Fhome%2Fevidenciarevista%2Fadmin%2Fpublic%2Fuploads%2Fusers%2Favatar HTTP/1.1" 200 2343 "-" "Mozilla/5.0 AppleWebKit/537.36 (KHTML, like Gecko; compatible; ClaudeBot/1.0; +claudebot@anthropic.com)"
66.249.70.2 - - [18/Sep/2025:01:24:29 -0300] "GET /q-~148vLCBCy6QgJMCxZL9PTWnI5FKwUKcLt12231/ HTTP/1.1" 200 10845 "-" "Mozilla/5.0 (Linux; Android 6.0.1; Nexus 5X Build/MMB29P) AppleWebKit/537.36 (KHTML, like Gecko) Chrome/140.0.7339.127 Mobile Safari/537.36 (compatible; Googlebot/2.1; +http://www.google.com/bot.html)"
216.73.216.129 - - [18/Sep/2025:01:24:51 -0300] "GET /uploads/users/avatar/abf3cfa73cc359ec7ab677af77675857.php?lokasie=%2Fhome%2Fevidenciarevista%2Fadmin%2Fpublic%2Fuploads%2Fusers%2Favatar%2Ffd9c4b10af51486b4dce5b9b3863fd71.jpg&loknya=%2Fhome%2Fevidenciarevista%2Fadmin%2Fpublic%2Fuploads%2Fusers%2Favatar HTTP/1.1" 200 2343 "-" "Mozilla/5.0 AppleWebKit/537.36 (KHTML, like Gecko; compatible; ClaudeBot/1.0; +claudebot@anthropic.com)"
216.73.216.129 - - [18/Sep/2025:01:24:51 -0300] "GET /uploads/users/avatar/abf3cfa73cc359ec7ab677af77675857.php?loknya=%2Fhome%2Fevidenciarevista%2Fadmin%2Fpublic%2Fuploads%2Fusers%2Favatar&opsi=mdf HTTP/1.1" 200 2434 "-" "Mozilla/5.0 AppleWebKit/537.36 (KHTML, like Gecko; compatible; ClaudeBot/1.0; +claudebot@anthropic.com)"
216.73.216.129 - - [18/Sep/2025:01:24:52 -0300] "GET /uploads/users/avatar/abf3cfa73cc359ec7ab677af77675857.php?lokasie=%2Fhome%2Fevidenciarevista%2Fadmin%2Fpublic%2Fuploads%2Fusers%2Favatar%2F3c52da46accfbb38b96db555a23593b4.jpg&loknya=%2Fhome%2Fevidenciarevista%2Fadmin%2Fpublic%2Fuploads%2Fusers%2Favatar HTTP/1.1" 200 2341 "-" "Mozilla/5.0 AppleWebKit/537.36 (KHTML, like Gecko; compatible; ClaudeBot/1.0; +claudebot@anthropic.com)"
216.73.216.129 - - [18/Sep/2025:01:24:52 -0300] "GET /uploads/users/avatar/abf3cfa73cc359ec7ab677af77675857.php?loknya=%2Fhome%2Fevidenciarevista%2Fadmin%2Fpublic%2Fuploads HTTP/1.1" 200 3152 "-" "Mozilla/5.0 AppleWebKit/537.36 (KHTML, like Gecko; compatible; ClaudeBot/1.0; +claudebot@anthropic.com)"
216.73.216.129 - - [18/Sep/2025:01:24:53 -0300] "GET /uploads/users/avatar/abf3cfa73cc359ec7ab677af77675857.php?lokasie=%2Fhome%2Fevidenciarevista%2Fadmin%2Fpublic%2Fuploads%2Fusers%2Favatar%2F08464df838e7c6a7f67729fcddbec337.jpg&loknya=%2Fhome%2Fevidenciarevista%2Fadmin%2Fpublic%2Fuploads%2Fusers%2Favatar HTTP/1.1" 200 2342 "-" "Mozilla/5.0 AppleWebKit/537.36 (KHTML, like Gecko; compatible; ClaudeBot/1.0; +claudebot@anthropic.com)"
101.99.88.90 - - [18/Sep/2025:01:24:59 -0300] "GET / HTTP/1.1" 200 59182 "-" "Mozilla/5.0 (compatible; Googlebot/2.1; +http://www.google.com/bot.html)"
69.197.149.50 - - [18/Sep/2025:01:23:47 -0300] "GET /wp-content/imec50e5/index.php?id=604206 HTTP/1.1" 200 - "http://admin.evidenciarevista.com.br/wp-content/imec50e5/index.php?id=604206" "Mozilla/5.0 (Windows NT 10.0; Win64; x64) AppleWebKit/537.36 (KHTML, like Gecko) Chrome/58.0.3029.110 Safari/537.3"
66.249.70.1 - - [18/Sep/2025:01:25:18 -0300] "GET /q-~30q0JM1xZFpH2NdfRzHE3uFeKuypFIXz23597/ HTTP/1.1" 200 11626 "-" "Mozilla/5.0 (Linux; Android 6.0.1; Nexus 5X Build/MMB29P) AppleWebKit/537.36 (KHTML, like Gecko) Chrome/140.0.7339.127 Mobile Safari/537.36 (compatible; GoogleOther)"
216.73.216.129 - - [18/Sep/2025:01:25:58 -0300] "GET /uploads/users/avatar/abf3cfa73cc359ec7ab677af77675857.php?lokasie=%2Fhome%2Fevidenciarevista%2Fadmin%2Fpublic%2Fuploads%2Fusers%2Favatar%2F6855e021cb4d953e2e35e66ffeee49ce.jpg&loknya=%2Fhome%2Fevidenciarevista%2Fadmin%2Fpublic%2Fuploads%2Fusers%2Favatar HTTP/1.1" 200 2342 "-" "Mozilla/5.0 AppleWebKit/537.36 (KHTML, like Gecko; compatible; ClaudeBot/1.0; +claudebot@anthropic.com)"
216.73.216.129 - - [18/Sep/2025:01:26:00 -0300] "GET /uploads/users/avatar/abf3cfa73cc359ec7ab677af77675857.php?lokasie=%2Fhome%2Fevidenciarevista%2Fadmin%2Fpublic%2Fuploads%2Fusers%2Favatar%2Ff0ffecaae5ffa698dbe426ecd53d0760.jpg&loknya=%2Fhome%2Fevidenciarevista%2Fadmin%2Fpublic%2Fuploads%2Fusers%2Favatar HTTP/1.1" 200 2341 "-" "Mozilla/5.0 AppleWebKit/537.36 (KHTML, like Gecko; compatible; ClaudeBot/1.0; +claudebot@anthropic.com)"
216.73.216.129 - - [18/Sep/2025:01:26:00 -0300] "GET /uploads/users/avatar/abf3cfa73cc359ec7ab677af77675857.php?lokasie=%2Fhome%2Fevidenciarevista%2Fadmin%2Fpublic%2Fuploads%2Fusers%2Favatar%2Fbf24cbef2b8027c5b433f45fb797457b.jpg&loknya=%2Fhome%2Fevidenciarevista%2Fadmin%2Fpublic%2Fuploads%2Fusers%2Favatar HTTP/1.1" 200 2343 "-" "Mozilla/5.0 AppleWebKit/537.36 (KHTML, like Gecko; compatible; ClaudeBot/1.0; +claudebot@anthropic.com)"
216.73.216.129 - - [18/Sep/2025:01:26:01 -0300] "GET /uploads/users/avatar/abf3cfa73cc359ec7ab677af77675857.php?lokasie=%2Fhome%2Fevidenciarevista%2Fadmin%2Fpublic%2Fuploads%2Fusers%2Favatar%2Fbf2d5b2452d82bfea8ae2954f4a50abe.jpg&loknya=%2Fhome%2Fevidenciarevista%2Fadmin%2Fpublic%2Fuploads%2Fusers%2Favatar HTTP/1.1" 200 2342 "-" "Mozilla/5.0 AppleWebKit/537.36 (KHTML, like Gecko; compatible; ClaudeBot/1.0; +claudebot@anthropic.com)"
216.73.216.129 - - [18/Sep/2025:01:26:02 -0300] "GET /uploads/users/avatar/abf3cfa73cc359ec7ab677af77675857.php?lokasie=%2Fhome%2Fevidenciarevista%2Fadmin%2Fpublic%2Fuploads%2Fusers%2Favatar%2F13c33c38124c1d951d188ff2e6866fed.jpg&loknya=%2Fhome%2Fevidenciarevista%2Fadmin%2Fpublic%2Fuploads%2Fusers%2Favatar HTTP/1.1" 200 2342 "-" "Mozilla/5.0 AppleWebKit/537.36 (KHTML, like Gecko; compatible; ClaudeBot/1.0; +claudebot@anthropic.com)"
69.197.149.50 - - [18/Sep/2025:01:25:20 -0300] "GET /wp-content/imec50e5/index.php?id=604206 HTTP/1.1" 200 - "http://admin.evidenciarevista.com.br/wp-content/imec50e5/index.php?id=604206" "Mozilla/5.0 (Windows NT 10.0; Win64; x64) AppleWebKit/537.36 (KHTML, like Gecko) Chrome/58.0.3029.110 Safari/537.3"
216.73.216.129 - - [18/Sep/2025:01:27:06 -0300] "GET /uploads/users/avatar/abf3cfa73cc359ec7ab677af77675857.php?lokasie=%2Fhome%2Fevidenciarevista%2Fadmin%2Fpublic%2Fuploads%2Fusers%2Favatar%2F80baf15e226766ac8ddb818856549729.jpg&loknya=%2Fhome%2Fevidenciarevista%2Fadmin%2Fpublic%2Fuploads%2Fusers%2Favatar HTTP/1.1" 200 2343 "-" "Mozilla/5.0 AppleWebKit/537.36 (KHTML, like Gecko; compatible; ClaudeBot/1.0; +claudebot@anthropic.com)"
216.73.216.129 - - [18/Sep/2025:01:27:07 -0300] "GET /uploads/users/avatar/abf3cfa73cc359ec7ab677af77675857.php?lokasie=%2Fhome%2Fevidenciarevista%2Fadmin%2Fpublic%2Fuploads%2Fusers%2Favatar%2F88f7d7a58cc21831adec8281c31ea926.jpg&loknya=%2Fhome%2Fevidenciarevista%2Fadmin%2Fpublic%2Fuploads%2Fusers%2Favatar HTTP/1.1" 200 2342 "-" "Mozilla/5.0 AppleWebKit/537.36 (KHTML, like Gecko; compatible; ClaudeBot/1.0; +claudebot@anthropic.com)"
216.73.216.129 - - [18/Sep/2025:01:27:08 -0300] "GET /uploads/users/avatar/abf3cfa73cc359ec7ab677af77675857.php?lokasie=%2Fhome%2Fevidenciarevista%2Fadmin%2Fpublic%2Fuploads%2Fusers%2Favatar%2F4814c1753e519ec53c1140a05dca79d8.jpg&loknya=%2Fhome%2Fevidenciarevista%2Fadmin%2Fpublic%2Fuploads%2Fusers%2Favatar HTTP/1.1" 200 2342 "-" "Mozilla/5.0 AppleWebKit/537.36 (KHTML, like Gecko; compatible; ClaudeBot/1.0; +claudebot@anthropic.com)"
216.73.216.129 - - [18/Sep/2025:01:27:09 -0300] "GET /uploads/users/avatar/abf3cfa73cc359ec7ab677af77675857.php?lokasie=%2Fhome%2Fevidenciarevista%2Fadmin%2Fpublic%2Fuploads%2Fusers%2Favatar%2Fb503d328c3452621b5655ba7c7bb996e.jpg&loknya=%2Fhome%2Fevidenciarevista%2Fadmin%2Fpublic%2Fuploads%2Fusers%2Favatar HTTP/1.1" 200 2343 "-" "Mozilla/5.0 AppleWebKit/537.36 (KHTML, like Gecko; compatible; ClaudeBot/1.0; +claudebot@anthropic.com)"
216.73.216.129 - - [18/Sep/2025:01:27:09 -0300] "GET /uploads/users/avatar/abf3cfa73cc359ec7ab677af77675857.php?loknya=%2Fhome%2Fevidenciarevista%2Fadmin%2Fpublic%2Fuploads%2Fusers HTTP/1.1" 200 2854 "-" "Mozilla/5.0 AppleWebKit/537.36 (KHTML, like Gecko; compatible; ClaudeBot/1.0; +claudebot@anthropic.com)"
216.73.216.129 - - [18/Sep/2025:01:27:48 -0300] "GET /uploads/users/avatar/abf3cfa73cc359ec7ab677af77675857.php?lokasie=%2Fhome%2Fevidenciarevista%2Fadmin%2Fpublic%2Fuploads%2Fusers%2Favatar%2Faa5ae0564ae41cb0465814d0e163f230.jpg&loknya=%2Fhome%2Fevidenciarevista%2Fadmin%2Fpublic%2Fuploads%2Fusers%2Favatar HTTP/1.1" 200 2342 "-" "Mozilla/5.0 AppleWebKit/537.36 (KHTML, like Gecko; compatible; ClaudeBot/1.0; +claudebot@anthropic.com)"
216.73.216.129 - - [18/Sep/2025:01:27:49 -0300] "GET /uploads/users/avatar/abf3cfa73cc359ec7ab677af77675857.php?lokasie=%2Fhome%2Fevidenciarevista%2Fadmin%2Fpublic%2Fuploads%2Fusers%2Favatar%2F863beb5398cc20dca92adbae746d6f61.jpg&loknya=%2Fhome%2Fevidenciarevista%2Fadmin%2Fpublic%2Fuploads%2Fusers%2Favatar HTTP/1.1" 200 2342 "-" "Mozilla/5.0 AppleWebKit/537.36 (KHTML, like Gecko; compatible; ClaudeBot/1.0; +claudebot@anthropic.com)"
216.73.216.129 - - [18/Sep/2025:01:27:49 -0300] "GET /uploads/users/avatar/abf3cfa73cc359ec7ab677af77675857.php?lokasie=%2Fhome%2Fevidenciarevista%2Fadmin%2Fpublic%2Fuploads%2Fusers%2Favatar%2F070214a4bf71bb21a4add3af85d8eddf.jpg&loknya=%2Fhome%2Fevidenciarevista%2Fadmin%2Fpublic%2Fuploads%2Fusers%2Favatar HTTP/1.1" 200 2342 "-" "Mozilla/5.0 AppleWebKit/537.36 (KHTML, like Gecko; compatible; ClaudeBot/1.0; +claudebot@anthropic.com)"
66.249.70.8 - - [18/Sep/2025:01:27:50 -0300] "GET /q-~170b2aBl3D2x27iWWI4OLwsnV1NOMUBzf10989/ HTTP/1.1" 200 10762 "-" "Mozilla/5.0 (Linux; Android 6.0.1; Nexus 5X Build/MMB29P) AppleWebKit/537.36 (KHTML, like Gecko) Chrome/140.0.7339.127 Mobile Safari/537.36 (compatible; GoogleOther)"
216.73.216.129 - - [18/Sep/2025:01:27:50 -0300] "GET /uploads/users/avatar/abf3cfa73cc359ec7ab677af77675857.php?lokasie=%2Fhome%2Fevidenciarevista%2Fadmin%2Fpublic%2Fuploads%2Fusers%2Favatar%2F89ce452c937e185d87955446d90fd151.jpg&loknya=%2Fhome%2Fevidenciarevista%2Fadmin%2Fpublic%2Fuploads%2Fusers%2Favatar HTTP/1.1" 200 2344 "-" "Mozilla/5.0 AppleWebKit/537.36 (KHTML, like Gecko; compatible; ClaudeBot/1.0; +claudebot@anthropic.com)"
216.73.216.129 - - [18/Sep/2025:01:27:51 -0300] "GET /uploads/users/avatar/abf3cfa73cc359ec7ab677af77675857.php?lokasie=%2Fhome%2Fevidenciarevista%2Fadmin%2Fpublic%2Fuploads%2Fusers%2Favatar%2Fd53f23b95a05098d84d4919c750dd507.jpg&loknya=%2Fhome%2Fevidenciarevista%2Fadmin%2Fpublic%2Fuploads%2Fusers%2Favatar HTTP/1.1" 200 2344 "-" "Mozilla/5.0 AppleWebKit/537.36 (KHTML, like Gecko; compatible; ClaudeBot/1.0; +claudebot@anthropic.com)"
69.197.149.50 - - [18/Sep/2025:01:26:49 -0300] "GET /wp-content/imec50e5/index.php?id=604206 HTTP/1.1" 200 - "http://admin.evidenciarevista.com.br/wp-content/imec50e5/index.php?id=604206" "Mozilla/5.0 (Windows NT 10.0; Win64; x64) AppleWebKit/537.36 (KHTML, like Gecko) Chrome/58.0.3029.110 Safari/537.3"
216.73.216.129 - - [18/Sep/2025:01:28:25 -0300] "GET /uploads/users/avatar/abf3cfa73cc359ec7ab677af77675857.php?lokasie=%2Fhome%2Fevidenciarevista%2Fadmin%2Fpublic%2Fuploads%2Fusers%2Favatar%2F3917623b21254aad50c19f774d20dbf7.jpg&loknya=%2Fhome%2Fevidenciarevista%2Fadmin%2Fpublic%2Fuploads%2Fusers%2Favatar HTTP/1.1" 200 2342 "-" "Mozilla/5.0 AppleWebKit/537.36 (KHTML, like Gecko; compatible; ClaudeBot/1.0; +claudebot@anthropic.com)"
216.73.216.129 - - [18/Sep/2025:01:28:27 -0300] "GET /uploads/users/avatar/abf3cfa73cc359ec7ab677af77675857.php?lokasie=%2Fhome%2Fevidenciarevista%2Fadmin%2Fpublic%2Fuploads%2Fusers%2Favatar%2F5fbf574ed8500400a29d5c9d8b6d37ec.jpg&loknya=%2Fhome%2Fevidenciarevista%2Fadmin%2Fpublic%2Fuploads%2Fusers%2Favatar HTTP/1.1" 200 2343 "-" "Mozilla/5.0 AppleWebKit/537.36 (KHTML, like Gecko; compatible; ClaudeBot/1.0; +claudebot@anthropic.com)"
216.73.216.129 - - [18/Sep/2025:01:28:27 -0300] "GET /uploads/users/avatar/abf3cfa73cc359ec7ab677af77675857.php?lokasie=%2Fhome%2Fevidenciarevista%2Fadmin%2Fpublic%2Fuploads%2Fusers%2Favatar%2F47e1452b3981345c9b1af9e54571825b.jpg&loknya=%2Fhome%2Fevidenciarevista%2Fadmin%2Fpublic%2Fuploads%2Fusers%2Favatar HTTP/1.1" 200 2344 "-" "Mozilla/5.0 AppleWebKit/537.36 (KHTML, like Gecko; compatible; ClaudeBot/1.0; +claudebot@anthropic.com)"
216.73.216.129 - - [18/Sep/2025:01:28:28 -0300] "GET /uploads/users/avatar/abf3cfa73cc359ec7ab677af77675857.php?loknya=%2Fhome%2Fevidenciarevista%2Fadmin%2Fpublic%2Fuploads%2Fusers%2Favatar&opsi=scanr HTTP/1.1" 200 2386 "-" "Mozilla/5.0 AppleWebKit/537.36 (KHTML, like Gecko; compatible; ClaudeBot/1.0; +claudebot@anthropic.com)"
66.249.70.8 - - [18/Sep/2025:01:29:05 -0300] "GET /q-~102nF51i5cZ2gF2Wqv1rsCcfG3iQz5o2D9415/ HTTP/1.1" 200 11511 "-" "Mozilla/5.0 (Linux; Android 6.0.1; Nexus 5X Build/MMB29P) AppleWebKit/537.36 (KHTML, like Gecko) Chrome/140.0.7339.127 Mobile Safari/537.36 (compatible; GoogleOther)"
69.197.149.50 - - [18/Sep/2025:01:28:20 -0300] "GET /wp-content/imec50e5/index.php?id=604206 HTTP/1.1" 200 - "http://admin.evidenciarevista.com.br/wp-content/imec50e5/index.php?id=604206" "Mozilla/5.0 (Windows NT 10.0; Win64; x64) AppleWebKit/537.36 (KHTML, like Gecko) Chrome/58.0.3029.110 Safari/537.3"
216.73.216.129 - - [18/Sep/2025:01:29:50 -0300] "GET /uploads/users/avatar/abf3cfa73cc359ec7ab677af77675857.php?lokasie=%2Fhome%2Fevidenciarevista%2Fadmin%2Fpublic%2Fuploads%2Fusers%2Favatar%2F7664313430334c895993373a68647ef8.jpg&loknya=%2Fhome%2Fevidenciarevista%2Fadmin%2Fpublic%2Fuploads%2Fusers%2Favatar HTTP/1.1" 200 2344 "-" "Mozilla/5.0 AppleWebKit/537.36 (KHTML, like Gecko; compatible; ClaudeBot/1.0; +claudebot@anthropic.com)"
216.73.216.129 - - [18/Sep/2025:01:29:51 -0300] "GET /uploads/users/avatar/abf3cfa73cc359ec7ab677af77675857.php?lokasie=%2Fhome%2Fevidenciarevista%2Fadmin%2Fpublic%2Fuploads%2Fusers%2Favatar%2Fe7586ef7161bf27365036786a864e9ba.jpg&loknya=%2Fhome%2Fevidenciarevista%2Fadmin%2Fpublic%2Fuploads%2Fusers%2Favatar HTTP/1.1" 200 2342 "-" "Mozilla/5.0 AppleWebKit/537.36 (KHTML, like Gecko; compatible; ClaudeBot/1.0; +claudebot@anthropic.com)"
216.73.216.129 - - [18/Sep/2025:01:29:53 -0300] "GET /uploads/users/avatar/abf3cfa73cc359ec7ab677af77675857.php?loknya=%2Fhome%2Fevidenciarevista%2Fadmin%2Fpublic HTTP/1.1" 200 3701 "-" "Mozilla/5.0 AppleWebKit/537.36 (KHTML, like Gecko; compatible; ClaudeBot/1.0; +claudebot@anthropic.com)"
216.73.216.129 - - [18/Sep/2025:01:29:54 -0300] "GET /uploads/users/avatar/abf3cfa73cc359ec7ab677af77675857.php?loknya=%2Fhome%2Fevidenciarevista%2Fadmin%2Fpublic%2Fuploads%2Fusers%2Favatar&opsi=lompat HTTP/1.1" 200 3392 "-" "Mozilla/5.0 AppleWebKit/537.36 (KHTML, like Gecko; compatible; ClaudeBot/1.0; +claudebot@anthropic.com)"
66.249.70.8 - - [18/Sep/2025:01:30:20 -0300] "GET /q-~161WDggzhYTiWmsWPrp70le6SzYtaGHDZ48774/ HTTP/1.1" 200 10009 "-" "Mozilla/5.0 (Linux; Android 6.0.1; Nexus 5X Build/MMB29P) AppleWebKit/537.36 (KHTML, like Gecko) Chrome/140.0.7339.127 Mobile Safari/537.36 (compatible; GoogleOther)"
216.73.216.129 - - [18/Sep/2025:01:30:21 -0300] "GET /uploads/users/avatar/abf3cfa73cc359ec7ab677af77675857.php?loknya=%2Fhome HTTP/1.1" 200 2489 "-" "Mozilla/5.0 AppleWebKit/537.36 (KHTML, like Gecko; compatible; ClaudeBot/1.0; +claudebot@anthropic.com)"
216.73.216.129 - - [18/Sep/2025:01:30:21 -0300] "GET /uploads/users/avatar/abf3cfa73cc359ec7ab677af77675857.php?loknya=%2Fhome%2Fevidenciarevista%2Fadmin HTTP/1.1" 200 3609 "-" "Mozilla/5.0 AppleWebKit/537.36 (KHTML, like Gecko; compatible; ClaudeBot/1.0; +claudebot@anthropic.com)"
216.73.216.129 - - [18/Sep/2025:01:30:22 -0300] "GET /uploads/users/avatar/abf3cfa73cc359ec7ab677af77675857.php?loknya=%2Fhome%2Fevidenciarevista%2Fadmin%2Fpublic%2Fuploads%2Fusers%2Favatar&opsi=esyeem HTTP/1.1" 200 3750 "-" "Mozilla/5.0 AppleWebKit/537.36 (KHTML, like Gecko; compatible; ClaudeBot/1.0; +claudebot@anthropic.com)"
216.73.216.129 - - [18/Sep/2025:01:30:23 -0300] "GET /uploads/users/avatar/abf3cfa73cc359ec7ab677af77675857.php?loknya=%2Fhome%2Fevidenciarevista%2Fadmin%2Fpublic%2Fuploads%2Fusers%2Favatar&opsi=bekup HTTP/1.1" 200 2296 "-" "Mozilla/5.0 AppleWebKit/537.36 (KHTML, like Gecko; compatible; ClaudeBot/1.0; +claudebot@anthropic.com)"
204.12.208.18 - - [18/Sep/2025:01:31:07 -0300] "GET /wp-content/imec50e5/index.php HTTP/1.1" 200 26 "http://admin.evidenciarevista.com.br/wp-content/imec50e5/index.php" "Mozilla/5.0 (Macintosh; U; Intel Mac OS X 10_6_3; ja-jp) AppleWebKit/531.21.11 (KHTML, like Gecko) Version/4.0.4 Safari/531.21.10"
69.197.149.50 - - [18/Sep/2025:01:29:48 -0300] "GET /wp-content/imec50e5/index.php?id=604206 HTTP/1.1" 200 - "http://admin.evidenciarevista.com.br/wp-content/imec50e5/index.php?id=604206" "Mozilla/5.0 (Windows NT 10.0; Win64; x64) AppleWebKit/537.36 (KHTML, like Gecko) Chrome/58.0.3029.110 Safari/537.3"
216.73.216.129 - - [18/Sep/2025:01:31:28 -0300] "GET /uploads/users/avatar/abf3cfa73cc359ec7ab677af77675857.php?loknya=%2F HTTP/1.1" 200 3818 "-" "Mozilla/5.0 AppleWebKit/537.36 (KHTML, like Gecko; compatible; ClaudeBot/1.0; +claudebot@anthropic.com)"
216.73.216.129 - - [18/Sep/2025:01:31:28 -0300] "GET /uploads/users/avatar/abf3cfa73cc359ec7ab677af77675857.php?opsi=repip HTTP/1.1" 200 2278 "-" "Mozilla/5.0 AppleWebKit/537.36 (KHTML, like Gecko; compatible; ClaudeBot/1.0; +claudebot@anthropic.com)"
216.73.216.129 - - [18/Sep/2025:01:31:29 -0300] "GET /uploads/users/avatar/abf3cfa73cc359ec7ab677af77675857.php?loknya=%2Fhome%2Fevidenciarevista HTTP/1.1" 200 5499 "-" "Mozilla/5.0 AppleWebKit/537.36 (KHTML, like Gecko; compatible; ClaudeBot/1.0; +claudebot@anthropic.com)"
66.249.70.1 - - [18/Sep/2025:01:31:36 -0300] "GET /q-~46WwLzl3q0jdSJYLfv7jAD3EZE2YXLsM12883/ HTTP/1.1" 200 10565 "-" "Mozilla/5.0 (Linux; Android 6.0.1; Nexus 5X Build/MMB29P) AppleWebKit/537.36 (KHTML, like Gecko) Chrome/140.0.7339.127 Mobile Safari/537.36 (compatible; GoogleOther)"
216.73.216.129 - - [18/Sep/2025:01:32:13 -0300] "GET /uploads/users/avatar/abf3cfa73cc359ec7ab677af77675857.php?lokasie=%2Fhome%2Fevidenciarevista%2Fadmin%2Fpublic%2Fuploads%2Fusers%2Favatar%2F9105426380d39e7f8824e950c2ff60d1.jpg&loknya=%2Fhome%2Fevidenciarevista%2Fadmin%2Fpublic%2Fuploads%2Fusers%2Favatar HTTP/1.1" 200 2344 "-" "Mozilla/5.0 AppleWebKit/537.36 (KHTML, like Gecko; compatible; ClaudeBot/1.0; +claudebot@anthropic.com)"
216.73.216.129 - - [18/Sep/2025:01:32:12 -0300] "GET /uploads/users/avatar/abf3cfa73cc359ec7ab677af77675857.php?lokasie=%2Fhome%2Fevidenciarevista%2Fadmin%2Fpublic%2Fuploads%2Fusers%2Favatar%2F2865aac029196c1ec603940410a3d1bf.jpg&loknya=%2Fhome%2Fevidenciarevista%2Fadmin%2Fpublic%2Fuploads%2Fusers%2Favatar HTTP/1.1" 200 2343 "-" "Mozilla/5.0 AppleWebKit/537.36 (KHTML, like Gecko; compatible; ClaudeBot/1.0; +claudebot@anthropic.com)"
216.73.216.129 - - [18/Sep/2025:01:32:15 -0300] "GET /uploads/users/avatar/abf3cfa73cc359ec7ab677af77675857.php?lokasie=%2Fhome%2Fevidenciarevista%2Fadmin%2Fpublic%2Fuploads%2Fusers%2Favatar%2F5def1921644e373b0dd7343baaf54d5e.jpg&loknya=%2Fhome%2Fevidenciarevista%2Fadmin%2Fpublic%2Fuploads%2Fusers%2Favatar HTTP/1.1" 200 2342 "-" "Mozilla/5.0 AppleWebKit/537.36 (KHTML, like Gecko; compatible; ClaudeBot/1.0; +claudebot@anthropic.com)"
216.73.216.129 - - [18/Sep/2025:01:32:15 -0300] "GET /uploads/users/avatar/abf3cfa73cc359ec7ab677af77675857.php?lokasie=%2Fhome%2Fevidenciarevista%2Fadmin%2Fpublic%2Fuploads%2Fusers%2Favatar%2F031345e3d6a240c6e22b326c950c314c.jpg&loknya=%2Fhome%2Fevidenciarevista%2Fadmin%2Fpublic%2Fuploads%2Fusers%2Favatar HTTP/1.1" 200 2343 "-" "Mozilla/5.0 AppleWebKit/537.36 (KHTML, like Gecko; compatible; ClaudeBot/1.0; +claudebot@anthropic.com)"
69.197.149.50 - - [18/Sep/2025:01:31:18 -0300] "GET /wp-content/imec50e5/index.php?id=604206 HTTP/1.1" 200 - "http://admin.evidenciarevista.com.br/wp-content/imec50e5/index.php?id=604206" "Mozilla/5.0 (Windows NT 10.0; Win64; x64) AppleWebKit/537.36 (KHTML, like Gecko) Chrome/58.0.3029.110 Safari/537.3"
66.249.70.8 - - [18/Sep/2025:01:32:51 -0300] "GET /q-~32y5ROl9oXAQlbaA4WodWnEVdEsmL9cI18391/ HTTP/1.1" 200 12171 "-" "Mozilla/5.0 (Linux; Android 6.0.1; Nexus 5X Build/MMB29P) AppleWebKit/537.36 (KHTML, like Gecko) Chrome/140.0.7339.127 Mobile Safari/537.36 (compatible; GoogleOther)"
216.73.216.129 - - [18/Sep/2025:01:33:47 -0300] "GET /uploads/users/avatar/abf3cfa73cc359ec7ab677af77675857.php?lokasie=%2Fhome%2Fevidenciarevista%2Fadmin%2Fpublic%2Fuploads%2Fusers%2Favatar%2Fb4419e9b2e965356a546122badcde7db.jpg&loknya=%2Fhome%2Fevidenciarevista%2Fadmin%2Fpublic%2Fuploads%2Fusers%2Favatar HTTP/1.1" 200 2342 "-" "Mozilla/5.0 AppleWebKit/537.36 (KHTML, like Gecko; compatible; ClaudeBot/1.0; +claudebot@anthropic.com)"
216.73.216.129 - - [18/Sep/2025:01:33:48 -0300] "GET /uploads/users/avatar/abf3cfa73cc359ec7ab677af77675857.php?lokasie=%2Fhome%2Fevidenciarevista%2Fadmin%2Fpublic%2Fuploads%2Fusers%2Favatar%2F04a0ee5cd5ce8a387d127470e737130d.jpg&loknya=%2Fhome%2Fevidenciarevista%2Fadmin%2Fpublic%2Fuploads%2Fusers%2Favatar HTTP/1.1" 200 2342 "-" "Mozilla/5.0 AppleWebKit/537.36 (KHTML, like Gecko; compatible; ClaudeBot/1.0; +claudebot@anthropic.com)"
216.73.216.129 - - [18/Sep/2025:01:33:49 -0300] "GET /uploads/users/avatar/abf3cfa73cc359ec7ab677af77675857.php?lokasie=%2Fhome%2Fevidenciarevista%2Fadmin%2Fpublic%2Fuploads%2Fusers%2Favatar%2Fe7211a9db94b52ae634d323d733f5638.jpg&loknya=%2Fhome%2Fevidenciarevista%2Fadmin%2Fpublic%2Fuploads%2Fusers%2Favatar HTTP/1.1" 200 2343 "-" "Mozilla/5.0 AppleWebKit/537.36 (KHTML, like Gecko; compatible; ClaudeBot/1.0; +claudebot@anthropic.com)"
216.73.216.129 - - [18/Sep/2025:01:33:50 -0300] "GET /uploads/users/avatar/abf3cfa73cc359ec7ab677af77675857.php?lokasie=%2Fhome%2Fevidenciarevista%2Fadmin%2Fpublic%2Fuploads%2Fusers%2Favatar%2F9bf03a6708e8da3e6ed716cf97e77533.jpg&loknya=%2Fhome%2Fevidenciarevista%2Fadmin%2Fpublic%2Fuploads%2Fusers%2Favatar HTTP/1.1" 200 2342 "-" "Mozilla/5.0 AppleWebKit/537.36 (KHTML, like Gecko; compatible; ClaudeBot/1.0; +claudebot@anthropic.com)"
66.249.70.2 - - [18/Sep/2025:01:34:07 -0300] "GET /q-~80i38T0np3Q2E5aT2FTJCV4RBEslfF7Y45521/ HTTP/1.1" 200 11246 "-" "Mozilla/5.0 (Linux; Android 6.0.1; Nexus 5X Build/MMB29P) AppleWebKit/537.36 (KHTML, like Gecko) Chrome/140.0.7339.127 Mobile Safari/537.36 (compatible; GoogleOther)"
69.197.149.50 - - [18/Sep/2025:01:32:47 -0300] "GET /wp-content/imec50e5/index.php?id=604206 HTTP/1.1" 200 - "http://admin.evidenciarevista.com.br/wp-content/imec50e5/index.php?id=604206" "Mozilla/5.0 (Windows NT 10.0; Win64; x64) AppleWebKit/537.36 (KHTML, like Gecko) Chrome/58.0.3029.110 Safari/537.3"
66.249.70.8 - - [18/Sep/2025:01:35:22 -0300] "GET /q-~35mKQ8FC2QUO0dwa69wmJtYkyCdoH9nk13618/ HTTP/1.1" 200 11456 "-" "Mozilla/5.0 (Linux; Android 6.0.1; Nexus 5X Build/MMB29P) AppleWebKit/537.36 (KHTML, like Gecko) Chrome/140.0.7339.127 Mobile Safari/537.36 (compatible; GoogleOther)"
69.197.149.50 - - [18/Sep/2025:01:34:16 -0300] "GET /wp-content/imec50e5/index.php?id=604206 HTTP/1.1" 200 - "http://admin.evidenciarevista.com.br/wp-content/imec50e5/index.php?id=604206" "Mozilla/5.0 (Windows NT 10.0; Win64; x64) AppleWebKit/537.36 (KHTML, like Gecko) Chrome/58.0.3029.110 Safari/537.3"
66.249.70.8 - - [18/Sep/2025:01:36:38 -0300] "GET /q-~116NctkfU5ZnxlT3YpBHnRcCrbVZ1q0dP22919/ HTTP/1.1" 200 11407 "-" "Mozilla/5.0 (Linux; Android 6.0.1; Nexus 5X Build/MMB29P) AppleWebKit/537.36 (KHTML, like Gecko) Chrome/140.0.7339.127 Mobile Safari/537.36 (compatible; GoogleOther)"
69.197.149.50 - - [18/Sep/2025:01:35:46 -0300] "GET /wp-content/imec50e5/index.php?id=604206 HTTP/1.1" 200 - "http://admin.evidenciarevista.com.br/wp-content/imec50e5/index.php?id=604206" "Mozilla/5.0 (Windows NT 10.0; Win64; x64) AppleWebKit/537.36 (KHTML, like Gecko) Chrome/58.0.3029.110 Safari/537.3"
66.249.70.2 - - [18/Sep/2025:01:37:53 -0300] "GET /q-~57RWKAdgxmnHI0N9yacUvqlbzKWCvnAl49898/ HTTP/1.1" 200 9744 "-" "Mozilla/5.0 (Linux; Android 6.0.1; Nexus 5X Build/MMB29P) AppleWebKit/537.36 (KHTML, like Gecko) Chrome/140.0.7339.127 Mobile Safari/537.36 (compatible; GoogleOther)"
92.222.108.127 - - [18/Sep/2025:01:39:00 -0300] "GET /uploads/post/9c296e25a5a3f66ec418e819af0e97b7.jpg HTTP/1.1" 200 67270 "-" "Mozilla/5.0 (compatible; AhrefsBot/7.0; +http://ahrefs.com/robot/)"
69.197.149.50 - - [18/Sep/2025:01:37:33 -0300] "GET /wp-content/imec50e5/index.php?id=604206 HTTP/1.1" 200 - "http://admin.evidenciarevista.com.br/wp-content/imec50e5/index.php?id=604206" "Mozilla/5.0 (Windows NT 10.0; Win64; x64) AppleWebKit/537.36 (KHTML, like Gecko) Chrome/58.0.3029.110 Safari/537.3"
66.249.70.2 - - [18/Sep/2025:01:39:09 -0300] "GET /q-~79tqSNFhIao0e1D6PAKwHK4mta5L93Kp33300/ HTTP/1.1" 200 11301 "-" "Mozilla/5.0 (Linux; Android 6.0.1; Nexus 5X Build/MMB29P) AppleWebKit/537.36 (KHTML, like Gecko) Chrome/140.0.7339.127 Mobile Safari/537.36 (compatible; GoogleOther)"
69.197.149.50 - - [18/Sep/2025:01:39:18 -0300] "GET /wp-content/imec50e5/index.php?id=604206 HTTP/1.1" 200 - "http://admin.evidenciarevista.com.br/wp-content/imec50e5/index.php?id=604206" "Mozilla/5.0 (Windows NT 10.0; Win64; x64) AppleWebKit/537.36 (KHTML, like Gecko) Chrome/58.0.3029.110 Safari/537.3"
66.249.70.2 - - [18/Sep/2025:01:41:29 -0300] "GET /short-term/t31?pid=36477 HTTP/1.1" 200 10877 "-" "Mozilla/5.0 (Linux; Android 6.0.1; Nexus 5X Build/MMB29P) AppleWebKit/537.36 (KHTML, like Gecko) Chrome/140.0.7339.127 Mobile Safari/537.36 (compatible; Googlebot/2.1; +http://www.google.com/bot.html)"
66.249.70.1 - - [18/Sep/2025:01:41:40 -0300] "GET /q-~167Q72adobnN67UvlZICidvddvOVwQsxT39634/ HTTP/1.1" 200 10896 "-" "Mozilla/5.0 (Linux; Android 6.0.1; Nexus 5X Build/MMB29P) AppleWebKit/537.36 (KHTML, like Gecko) Chrome/140.0.7339.127 Mobile Safari/537.36 (compatible; GoogleOther)"
66.249.70.1 - - [18/Sep/2025:01:42:02 -0300] "GET /American/k31?pid=36373 HTTP/1.1" 200 10599 "-" "Mozilla/5.0 (Linux; Android 6.0.1; Nexus 5X Build/MMB29P) AppleWebKit/537.36 (KHTML, like Gecko) Chrome/140.0.7339.127 Mobile Safari/537.36 (compatible; Googlebot/2.1; +http://www.google.com/bot.html)"
69.197.149.50 - - [18/Sep/2025:01:40:48 -0300] "GET /wp-content/imec50e5/index.php?id=604206 HTTP/1.1" 200 - "http://admin.evidenciarevista.com.br/wp-content/imec50e5/index.php?id=604206" "Mozilla/5.0 (Windows NT 10.0; Win64; x64) AppleWebKit/537.36 (KHTML, like Gecko) Chrome/58.0.3029.110 Safari/537.3"
66.249.70.1 - - [18/Sep/2025:01:42:35 -0300] "GET /q-~73igihtrwLvL25Yb4zkNV9Mi04E5UfOZ7742/ HTTP/1.1" 200 11475 "-" "Mozilla/5.0 (Linux; Android 6.0.1; Nexus 5X Build/MMB29P) AppleWebKit/537.36 (KHTML, like Gecko) Chrome/140.0.7339.127 Mobile Safari/537.36 (compatible; Googlebot/2.1; +http://www.google.com/bot.html)"
66.249.70.8 - - [18/Sep/2025:01:42:55 -0300] "GET /q-~66V4jxMmzMrHraQ9zoxn8XnmCIvKk9nn11315/ HTTP/1.1" 200 11744 "-" "Mozilla/5.0 (Linux; Android 6.0.1; Nexus 5X Build/MMB29P) AppleWebKit/537.36 (KHTML, like Gecko) Chrome/140.0.7339.127 Mobile Safari/537.36 (compatible; GoogleOther)"
66.249.70.1 - - [18/Sep/2025:01:43:08 -0300] "GET /American/k55?pid=7393 HTTP/1.1" 200 10903 "-" "Mozilla/5.0 (Linux; Android 6.0.1; Nexus 5X Build/MMB29P) AppleWebKit/537.36 (KHTML, like Gecko) Chrome/140.0.7339.127 Mobile Safari/537.36 (compatible; Googlebot/2.1; +http://www.google.com/bot.html)"
69.197.149.50 - - [18/Sep/2025:01:42:33 -0300] "GET /wp-content/imec50e5/index.php?id=604206 HTTP/1.1" 200 - "http://admin.evidenciarevista.com.br/wp-content/imec50e5/index.php?id=604206" "Mozilla/5.0 (Windows NT 10.0; Win64; x64) AppleWebKit/537.36 (KHTML, like Gecko) Chrome/58.0.3029.110 Safari/537.3"
66.249.70.8 - - [18/Sep/2025:01:44:11 -0300] "GET /q-~169v9bc6xqwhsYIH70b8zNquQw5Tgqwyy19788/ HTTP/1.1" 200 10264 "-" "Mozilla/5.0 (Linux; Android 6.0.1; Nexus 5X Build/MMB29P) AppleWebKit/537.36 (KHTML, like Gecko) Chrome/140.0.7339.127 Mobile Safari/537.36 (compatible; GoogleOther)"
66.249.70.1 - - [18/Sep/2025:01:44:46 -0300] "GET /nation/k17?pid=21 HTTP/1.1" 200 11414 "-" "Mozilla/5.0 (Linux; Android 6.0.1; Nexus 5X Build/MMB29P) AppleWebKit/537.36 (KHTML, like Gecko) Chrome/140.0.7339.127 Mobile Safari/537.36 (compatible; Googlebot/2.1; +http://www.google.com/bot.html)"
66.249.70.8 - - [18/Sep/2025:01:45:19 -0300] "GET /Democrat/i19?pid=3401 HTTP/1.1" 200 11418 "-" "Mozilla/5.0 (Linux; Android 6.0.1; Nexus 5X Build/MMB29P) AppleWebKit/537.36 (KHTML, like Gecko) Chrome/140.0.7339.127 Mobile Safari/537.36 (compatible; Googlebot/2.1; +http://www.google.com/bot.html)"
66.249.70.8 - - [18/Sep/2025:01:45:27 -0300] "GET /q-~153YdSHQpyEStEvgclNKwzpP3ts2eb6OL45018/ HTTP/1.1" 200 11297 "-" "Mozilla/5.0 (Linux; Android 6.0.1; Nexus 5X Build/MMB29P) AppleWebKit/537.36 (KHTML, like Gecko) Chrome/140.0.7339.127 Mobile Safari/537.36 (compatible; GoogleOther)"
69.197.149.50 - - [18/Sep/2025:01:44:02 -0300] "GET /wp-content/imec50e5/index.php?id=604206 HTTP/1.1" 200 - "http://admin.evidenciarevista.com.br/wp-content/imec50e5/index.php?id=604206" "Mozilla/5.0 (Windows NT 10.0; Win64; x64) AppleWebKit/537.36 (KHTML, like Gecko) Chrome/58.0.3029.110 Safari/537.3"
204.12.208.18 - - [18/Sep/2025:01:45:51 -0300] "GET /wp-content/imec50e5/index.php HTTP/1.1" 200 26 "http://admin.evidenciarevista.com.br/wp-content/imec50e5/index.php" "Mozilla/4.0 (compatible; MSIE 8.0; Windows NT 5.1; Trident/4.0; .NET CLR 2.0.50727; .NET CLR 3.0.04506.30; .NET CLR 3.0.04506.648)"
66.249.70.1 - - [18/Sep/2025:01:46:26 -0300] "GET /Islamic/a95?pid=19491 HTTP/1.1" 200 10186 "-" "Mozilla/5.0 (Linux; Android 6.0.1; Nexus 5X Build/MMB29P) AppleWebKit/537.36 (KHTML, like Gecko) Chrome/140.0.7339.127 Mobile Safari/537.36 (compatible; Googlebot/2.1; +http://www.google.com/bot.html)"
66.249.70.1 - - [18/Sep/2025:01:46:42 -0300] "GET /q-~42rWF0A0BAQA2YqcpPWBd5tlCoDWwQxf46591/ HTTP/1.1" 200 9889 "-" "Mozilla/5.0 (Linux; Android 6.0.1; Nexus 5X Build/MMB29P) AppleWebKit/537.36 (KHTML, like Gecko) Chrome/140.0.7339.127 Mobile Safari/537.36 (compatible; GoogleOther)"
69.197.149.50 - - [18/Sep/2025:01:45:30 -0300] "GET /wp-content/imec50e5/index.php?id=604206 HTTP/1.1" 200 - "http://admin.evidenciarevista.com.br/wp-content/imec50e5/index.php?id=604206" "Mozilla/5.0 (Windows NT 10.0; Win64; x64) AppleWebKit/537.36 (KHTML, like Gecko) Chrome/58.0.3029.110 Safari/537.3"
154.37.111.64 - - [18/Sep/2025:01:47:19 -0300] "HEAD /uploads/source/personalidades/junho_17/_MG_4573.jpg HTTP/1.1" 200 - "-" "Mozilla/5.0 (Macintosh; Intel Mac OS X 10_15_7) AppleWebKit/537.36 (KHTML, like Gecko) Chrome/137.0.0.0 Safari/537.36"
154.37.111.64 - - [18/Sep/2025:01:47:19 -0300] "GET /uploads/source/personalidades/junho_17/_MG_4573.jpg HTTP/1.1" 200 303410 "-" "Mozilla/5.0 (Macintosh; Intel Mac OS X 10_15_7) AppleWebKit/537.36 (KHTML, like Gecko) Chrome/137.0.0.0 Safari/537.36"
66.249.70.1 - - [18/Sep/2025:01:47:58 -0300] "GET /q-~122w2SolhJ1USBMMyIRvH0wn7sTGnOcMi46441/ HTTP/1.1" 200 10987 "-" "Mozilla/5.0 (Linux; Android 6.0.1; Nexus 5X Build/MMB29P) AppleWebKit/537.36 (KHTML, like Gecko) Chrome/140.0.7339.127 Mobile Safari/537.36 (compatible; GoogleOther)"
69.197.149.50 - - [18/Sep/2025:01:47:14 -0300] "GET /wp-content/imec50e5/index.php?id=604206 HTTP/1.1" 200 - "http://admin.evidenciarevista.com.br/wp-content/imec50e5/index.php?id=604206" "Mozilla/5.0 (Windows NT 10.0; Win64; x64) AppleWebKit/537.36 (KHTML, like Gecko) Chrome/58.0.3029.110 Safari/537.3"
54.37.118.64 - - [18/Sep/2025:01:48:59 -0300] "GET /uploads/post/9f569ea5615406f7163df32a32762d7c.jpg HTTP/1.1" 200 103834 "-" "Mozilla/5.0 (compatible; AhrefsBot/7.0; +http://ahrefs.com/robot/)"
66.249.70.1 - - [18/Sep/2025:01:49:13 -0300] "GET /q-~169EXiPBV0kqTFmXcbWrtYiuWuUDCG8dC19646/ HTTP/1.1" 200 12004 "-" "Mozilla/5.0 (Linux; Android 6.0.1; Nexus 5X Build/MMB29P) AppleWebKit/537.36 (KHTML, like Gecko) Chrome/140.0.7339.127 Mobile Safari/537.36 (compatible; GoogleOther)"
66.249.70.1 - - [18/Sep/2025:01:49:54 -0300] "GET /q-~39GQWH7G6dIsd71u9qjC1J5Um6wkCjeM39168/ HTTP/1.1" 200 10486 "-" "Mozilla/5.0 (Linux; Android 6.0.1; Nexus 5X Build/MMB29P) AppleWebKit/537.36 (KHTML, like Gecko) Chrome/140.0.7339.127 Mobile Safari/537.36 (compatible; Googlebot/2.1; +http://www.google.com/bot.html)"
69.197.149.50 - - [18/Sep/2025:01:48:48 -0300] "GET /wp-content/imec50e5/index.php?id=604206 HTTP/1.1" 200 - "http://admin.evidenciarevista.com.br/wp-content/imec50e5/index.php?id=604206" "Mozilla/5.0 (Windows NT 10.0; Win64; x64) AppleWebKit/537.36 (KHTML, like Gecko) Chrome/58.0.3029.110 Safari/537.3"
66.249.70.1 - - [18/Sep/2025:01:50:29 -0300] "GET /q-~88utNeoshFJbpcez1zp6WceFZXZ0JELZ30093/ HTTP/1.1" 200 11206 "-" "Mozilla/5.0 (Linux; Android 6.0.1; Nexus 5X Build/MMB29P) AppleWebKit/537.36 (KHTML, like Gecko) Chrome/140.0.7339.127 Mobile Safari/537.36 (compatible; GoogleOther)"
69.197.149.50 - - [18/Sep/2025:01:50:16 -0300] "GET /wp-content/imec50e5/index.php?id=604206 HTTP/1.1" 200 - "http://admin.evidenciarevista.com.br/wp-content/imec50e5/index.php?id=604206" "Mozilla/5.0 (Windows NT 10.0; Win64; x64) AppleWebKit/537.36 (KHTML, like Gecko) Chrome/58.0.3029.110 Safari/537.3"
66.249.70.1 - - [18/Sep/2025:01:53:00 -0300] "GET /q-~128PgbFHaWyvkyFbsMSAQBkfxDdO6C8ob8647/ HTTP/1.1" 200 13815 "-" "Mozilla/5.0 (Linux; Android 6.0.1; Nexus 5X Build/MMB29P) AppleWebKit/537.36 (KHTML, like Gecko) Chrome/140.0.7339.127 Mobile Safari/537.36 (compatible; GoogleOther)"
69.197.149.50 - - [18/Sep/2025:01:51:47 -0300] "GET /wp-content/imec50e5/index.php?id=604206 HTTP/1.1" 200 - "http://admin.evidenciarevista.com.br/wp-content/imec50e5/index.php?id=604206" "Mozilla/5.0 (Windows NT 10.0; Win64; x64) AppleWebKit/537.36 (KHTML, like Gecko) Chrome/58.0.3029.110 Safari/537.3"
66.249.70.1 - - [18/Sep/2025:01:53:15 -0300] "GET /q-~35sTNVzCd6bhIXLgybm5zAtmcw7DB5GB45450/ HTTP/1.1" 200 12123 "-" "Mozilla/5.0 (Linux; Android 6.0.1; Nexus 5X Build/MMB29P) AppleWebKit/537.36 (KHTML, like Gecko) Chrome/140.0.7339.127 Mobile Safari/537.36 (compatible; Googlebot/2.1; +http://www.google.com/bot.html)"
104.252.203.236 - - [18/Sep/2025:01:53:31 -0300] "HEAD /uploads/source/editorial_de_capa/Cliente3.jpg HTTP/1.1" 404 - "-" "Mozilla/5.0 (Macintosh; Intel Mac OS X 10_15_7) AppleWebKit/537.36 (KHTML, like Gecko) Chrome/137.0.0.0 Safari/537.36"
104.252.203.236 - - [18/Sep/2025:01:53:31 -0300] "GET /uploads/source/editorial_de_capa/Cliente3.jpg HTTP/1.1" 404 16620 "-" "Mozilla/5.0 (Macintosh; Intel Mac OS X 10_15_7) AppleWebKit/537.36 (KHTML, like Gecko) Chrome/137.0.0.0 Safari/537.36"
66.249.70.8 - - [18/Sep/2025:01:56:46 -0300] "GET /q-~126FF8hJvCTrQBPbnFofJtautEbN0KEvR48131/ HTTP/1.1" 200 10979 "-" "Mozilla/5.0 (Linux; Android 6.0.1; Nexus 5X Build/MMB29P) AppleWebKit/537.36 (KHTML, like Gecko) Chrome/140.0.7339.127 Mobile Safari/537.36 (compatible; GoogleOther)"
204.12.208.18 - - [18/Sep/2025:02:00:39 -0300] "GET /wp-content/imec50e5/index.php HTTP/1.1" 200 26 "http://admin.evidenciarevista.com.br/wp-content/imec50e5/index.php" "Mozilla/5.0 (Macintosh; Intel Mac OS X 10_6_8) AppleWebKit/535.1 (KHTML, like Gecko) Chrome/13.0.782.112 Safari/535.1"
66.249.70.8 - - [18/Sep/2025:02:00:55 -0300] "GET /q-~127H0eNqdWnM41i6ahgBkVVmSHJTxCMqR36688/ HTTP/1.1" 200 11097 "-" "Mozilla/5.0 (Linux; Android 6.0.1; Nexus 5X Build/MMB29P) AppleWebKit/537.36 (KHTML, like Gecko) Chrome/140.0.7339.127 Mobile Safari/537.36 (compatible; Googlebot/2.1; +http://www.google.com/bot.html)"
204.12.208.18 - - [18/Sep/2025:02:00:19 -0300] "GET /wp-content/imec50e5/index.php HTTP/1.1" 200 - "http://admin.evidenciarevista.com.br/wp-content/imec50e5/index.php" "Mozilla/5.0 (Macintosh; Intel Mac OS X 10_6_8) AppleWebKit/534.24 (KHTML, like Gecko) Iron/11.0.700.2 Chrome/11.0.700.2 Safari/534.24"
94.23.188.214 - - [18/Sep/2025:02:04:03 -0300] "GET /uploads/post/122b4266802e7785a15bb2918050ced8.jpg HTTP/1.1" 200 80987 "-" "Mozilla/5.0 (compatible; AhrefsBot/7.0; +http://ahrefs.com/robot/)"
66.249.70.8 - - [18/Sep/2025:02:05:35 -0300] "GET /q-~194l4HxmLC1GBKqfWVwPbRhSGo3IZvHhR3835/ HTTP/1.1" 200 12175 "-" "Mozilla/5.0 (Linux; Android 6.0.1; Nexus 5X Build/MMB29P) AppleWebKit/537.36 (KHTML, like Gecko) Chrome/140.0.7339.127 Mobile Safari/537.36 (compatible; GoogleOther)"
66.249.70.1 - - [18/Sep/2025:02:06:50 -0300] "GET /q-~179snJiB9uuso4syexRw5e6cGLre5K1MT41358/ HTTP/1.1" 200 11739 "-" "Mozilla/5.0 (Linux; Android 6.0.1; Nexus 5X Build/MMB29P) AppleWebKit/537.36 (KHTML, like Gecko) Chrome/140.0.7339.127 Mobile Safari/537.36 (compatible; GoogleOther)"
66.249.70.1 - - [18/Sep/2025:02:08:06 -0300] "GET /q-~154RwwiGp9nD30i9STTlyfX4xTBFhSvrW37155/ HTTP/1.1" 200 11949 "-" "Mozilla/5.0 (Linux; Android 6.0.1; Nexus 5X Build/MMB29P) AppleWebKit/537.36 (KHTML, like Gecko) Chrome/140.0.7339.127 Mobile Safari/537.36 (compatible; GoogleOther)"
66.249.70.2 - - [18/Sep/2025:02:09:22 -0300] "GET /q-~3f9P3zm3X1XTtfCQPyLO6bSJomBdOQM43270/ HTTP/1.1" 200 9714 "-" "Mozilla/5.0 (Linux; Android 6.0.1; Nexus 5X Build/MMB29P) AppleWebKit/537.36 (KHTML, like Gecko) Chrome/140.0.7339.127 Mobile Safari/537.36 (compatible; GoogleOther)"
66.249.70.8 - - [18/Sep/2025:02:10:37 -0300] "GET /q-~12ZTFc3Es7p2jz9PqxbaZzFobIsdZbar18589/ HTTP/1.1" 200 11122 "-" "Mozilla/5.0 (Linux; Android 6.0.1; Nexus 5X Build/MMB29P) AppleWebKit/537.36 (KHTML, like Gecko) Chrome/140.0.7339.127 Mobile Safari/537.36 (compatible; GoogleOther)"
66.249.70.2 - - [18/Sep/2025:02:11:14 -0300] "GET /q-~142OJMz12qQPssm3Z0talAXX78GyshjEa40361/ HTTP/1.1" 200 10983 "-" "Mozilla/5.0 (Linux; Android 6.0.1; Nexus 5X Build/MMB29P) AppleWebKit/537.36 (KHTML, like Gecko) Chrome/140.0.7339.127 Mobile Safari/537.36 (compatible; Googlebot/2.1; +http://www.google.com/bot.html)"
66.249.70.8 - - [18/Sep/2025:02:11:53 -0300] "GET /q-~29uVDloZvXMon1uLi4XRjPpCbfM1W89S19682/ HTTP/1.1" 200 13106 "-" "Mozilla/5.0 (Linux; Android 6.0.1; Nexus 5X Build/MMB29P) AppleWebKit/537.36 (KHTML, like Gecko) Chrome/140.0.7339.127 Mobile Safari/537.36 (compatible; GoogleOther)"
66.249.70.1 - - [18/Sep/2025:02:12:24 -0300] "GET /q-~73k6QVVkV6IED6pQiVmUBrEWH6crMUuk2666/ HTTP/1.1" 200 11323 "-" "Mozilla/5.0 (Linux; Android 6.0.1; Nexus 5X Build/MMB29P) AppleWebKit/537.36 (KHTML, like Gecko) Chrome/140.0.7339.127 Mobile Safari/537.36 (compatible; Googlebot/2.1; +http://www.google.com/bot.html)"
66.249.70.8 - - [18/Sep/2025:02:13:13 -0300] "GET /q-~83BceM9vwHfpEPWh0MwZ5oKByqqkwX8M14872/ HTTP/1.1" 200 10817 "-" "Mozilla/5.0 (Linux; Android 6.0.1; Nexus 5X Build/MMB29P) AppleWebKit/537.36 (KHTML, like Gecko) Chrome/140.0.7339.127 Mobile Safari/537.36 (compatible; GoogleOther)"
66.249.70.8 - - [18/Sep/2025:02:15:39 -0300] "GET /q-~180ig82ADz1Eo92LfnpbAfP5HimxQr2Aj9399/ HTTP/1.1" 200 12227 "-" "Mozilla/5.0 (Linux; Android 6.0.1; Nexus 5X Build/MMB29P) AppleWebKit/537.36 (KHTML, like Gecko) Chrome/140.0.7339.127 Mobile Safari/537.36 (compatible; GoogleOther)"
66.249.70.1 - - [18/Sep/2025:02:16:55 -0300] "GET /q-~135NxOdsBNnYsfB0emQKV3G0grpGzSQfS22376/ HTTP/1.1" 200 11689 "-" "Mozilla/5.0 (Linux; Android 6.0.1; Nexus 5X Build/MMB29P) AppleWebKit/537.36 (KHTML, like Gecko) Chrome/140.0.7339.127 Mobile Safari/537.36 (compatible; GoogleOther)"
204.12.208.18 - - [18/Sep/2025:02:17:06 -0300] "GET /wp-content/imec50e5/index.php HTTP/1.1" 200 26 "http://admin.evidenciarevista.com.br/wp-content/imec50e5/index.php" "Mozilla/5.0 (Macintosh; Intel Mac OS X 10_6_8) AppleWebKit/534.24 (KHTML, like Gecko) Iron/11.0.700.2 Chrome/11.0.700.2 Safari/534.24"
66.249.70.1 - - [18/Sep/2025:02:18:10 -0300] "GET /q-~110VReFYQQNDQDNukRx1noO2JooTrlfsF44993/ HTTP/1.1" 200 13208 "-" "Mozilla/5.0 (Linux; Android 6.0.1; Nexus 5X Build/MMB29P) AppleWebKit/537.36 (KHTML, like Gecko) Chrome/140.0.7339.127 Mobile Safari/537.36 (compatible; GoogleOther)"
204.12.208.18 - - [18/Sep/2025:02:16:46 -0300] "GET /wp-content/imec50e5/index.php HTTP/1.1" 200 - "http://admin.evidenciarevista.com.br/wp-content/imec50e5/index.php" "Mozilla/4.0 (compatible; MSIE 7.0; Windows NT 6.0; SLCC1; .NET CLR 2.0.50727; Media Center PC 5.0; .NET CLR 3.0.04506)"
69.197.149.50 - - [18/Sep/2025:02:18:14 -0300] "GET /wp-content/imec50e5/index.php?id=604206 HTTP/1.1" 200 - "http://admin.evidenciarevista.com.br/wp-content/imec50e5/index.php?id=604206" "Mozilla/5.0 (Windows NT 10.0; Win64; x64) AppleWebKit/537.36 (KHTML, like Gecko) Chrome/58.0.3029.110 Safari/537.3"
204.12.208.18 - - [18/Sep/2025:02:20:57 -0300] "GET /wp-content/imec50e5/index.php HTTP/1.1" 200 26 "http://admin.evidenciarevista.com.br/wp-content/imec50e5/index.php" "Mozilla/4.0 (compatible; MSIE 7.0; Windows NT 5.1; SV1; .NET CLR 1.1.4322; .NET CLR 2.0.50727; InfoPath.1)"
69.197.149.50 - - [18/Sep/2025:02:19:45 -0300] "GET /wp-content/imec50e5/index.php?id=604206 HTTP/1.1" 200 - "http://admin.evidenciarevista.com.br/wp-content/imec50e5/index.php?id=604206" "Mozilla/5.0 (Windows NT 10.0; Win64; x64) AppleWebKit/537.36 (KHTML, like Gecko) Chrome/58.0.3029.110 Safari/537.3"
66.249.70.2 - - [18/Sep/2025:02:21:56 -0300] "GET /q-~175CbuavqxGixTU8S4ABBgxvNP1ZWd7aQ7900/ HTTP/1.1" 200 10103 "-" "Mozilla/5.0 (Linux; Android 6.0.1; Nexus 5X Build/MMB29P) AppleWebKit/537.36 (KHTML, like Gecko) Chrome/140.0.7339.127 Mobile Safari/537.36 (compatible; Googlebot/2.1; +http://www.google.com/bot.html)"
69.197.149.50 - - [18/Sep/2025:02:21:14 -0300] "GET /wp-content/imec50e5/index.php?id=604206 HTTP/1.1" 200 - "http://admin.evidenciarevista.com.br/wp-content/imec50e5/index.php?id=604206" "Mozilla/5.0 (Windows NT 10.0; Win64; x64) AppleWebKit/537.36 (KHTML, like Gecko) Chrome/58.0.3029.110 Safari/537.3"
66.249.70.1 - - [18/Sep/2025:02:23:46 -0300] "GET /q-~156XtD6bGnc96N406reIO6FR6Qk2ONySy37471/ HTTP/1.1" 200 11381 "-" "Mozilla/5.0 (Linux; Android 6.0.1; Nexus 5X Build/MMB29P) AppleWebKit/537.36 (KHTML, like Gecko) Chrome/140.0.7339.127 Mobile Safari/537.36 (compatible; Googlebot/2.1; +http://www.google.com/bot.html)"
